216.73.216.213 - - [05/Nov/2025:03:36:46 +0700] "GET /storage/uploads/file-renstra/1761960249.php?path=%2F%2F..%2Flib%2Ffile%2F..%2Fcrda HTTP/1.1" 200 4916 "-" "Mozilla/5.0 AppleWebKit/537.36 (KHTML, like Gecko; compatible; ClaudeBot/1.0; +claudebot@anthropic.com)"
216.73.216.213 - - [05/Nov/2025:03:36:46 +0700] "GET /storage/uploads/file-renstra/1761960249.php?path=%2F%2F..%2Flib%2Fenvironment.d%2F..%2Fhdparm HTTP/1.1" 200 4711 "-" "Mozilla/5.0 AppleWebKit/537.36 (KHTML, like Gecko; compatible; ClaudeBot/1.0; +claudebot@anthropic.com)"
216.73.216.213 - - [05/Nov/2025:03:36:46 +0700] "GET /storage/uploads/file-renstra/1761960249.php?komend=gaskan&path=%2F%2F..%2Flib%2Fpm-utils%2Fpower.d HTTP/1.1" 200 4825 "-" "Mozilla/5.0 AppleWebKit/537.36 (KHTML, like Gecko; compatible; ClaudeBot/1.0; +claudebot@anthropic.com)"
216.73.216.213 - - [05/Nov/2025:03:36:47 +0700] "GET /storage/uploads/file-renstra/1761960249.php?komend=gaskan&path=%2F%2Flibx32%2F..%2Flib%2Fvalgrind HTTP/1.1" 500 5 "-" "Mozilla/5.0 AppleWebKit/537.36 (KHTML, like Gecko; compatible; ClaudeBot/1.0; +claudebot@anthropic.com)"
216.73.216.213 - - [05/Nov/2025:03:36:47 +0700] "GET /storage/uploads/file-renstra/1761960249.php?fileloc=%2F%2Fusr%2F..%2Fproc%2F976%2Fsched&path=%2F%2Fusr%2F..%2Fproc%2F976 HTTP/1.1" 200 4650 "-" "Mozilla/5.0 AppleWebKit/537.36 (KHTML, like Gecko; compatible; ClaudeBot/1.0; +claudebot@anthropic.com)"
216.73.216.213 - - [05/Nov/2025:03:36:47 +0700] "GET /storage/uploads/file-renstra/1761960249.php?komend=gaskan&path=%2F%2Flib%2F..%2Fshare%2Fdbus-1 HTTP/1.1" 200 5092 "-" "Mozilla/5.0 AppleWebKit/537.36 (KHTML, like Gecko; compatible; ClaudeBot/1.0; +claudebot@anthropic.com)"
216.73.216.213 - - [05/Nov/2025:03:36:48 +0700] "GET /storage/uploads/file-renstra/1761960249.php?path=%2F%2Flib%2Ffirmware%2Fi915%2F..%2Fttusb-budget HTTP/1.1" 200 4728 "-" "Mozilla/5.0 AppleWebKit/537.36 (KHTML, like Gecko; compatible; ClaudeBot/1.0; +claudebot@anthropic.com)"
216.73.216.213 - - [05/Nov/2025:03:36:48 +0700] "GET /storage/uploads/file-renstra/1761960249.php?path=%2F%2F..%2Fetc%2Fcryptsetup-initramfs%2F..%2Fdconf HTTP/1.1" 200 4568 "-" "Mozilla/5.0 AppleWebKit/537.36 (KHTML, like Gecko; compatible; ClaudeBot/1.0; +claudebot@anthropic.com)"
216.73.216.213 - - [05/Nov/2025:03:36:48 +0700] "GET /storage/uploads/file-renstra/1761960249.php?memek=gaskan&path=%2F%2Ftmp%2F..%2Ftmp%2Fsystemd-private-6f7c0e7e4948432c8974cde5f43a97cb-systemd-resolved.service-n6Vx8h HTTP/1.1" 200 4238 "-" "Mozilla/5.0 AppleWebKit/537.36 (KHTML, like Gecko; compatible; ClaudeBot/1.0; +claudebot@anthropic.com)"
216.73.216.213 - - [05/Nov/2025:03:36:50 +0700] "GET /storage/uploads/file-renstra/1761960249.php?logout=gaskan&path=%2F%2F..%2Flib%2Fmodules%2F5.4.0-177-generic HTTP/1.1" 200 4097 "-" "Mozilla/5.0 AppleWebKit/537.36 (KHTML, like Gecko; compatible; ClaudeBot/1.0; +claudebot@anthropic.com)"
216.73.216.213 - - [05/Nov/2025:03:36:50 +0700] "GET /storage/uploads/file-renstra/1761960249.php?komend=gaskan&path=%2F%2Fvar%2F..%2Flib%2F.. HTTP/1.1" 500 5 "-" "Mozilla/5.0 AppleWebKit/537.36 (KHTML, like Gecko; compatible; ClaudeBot/1.0; +claudebot@anthropic.com)"
216.73.216.213 - - [05/Nov/2025:03:36:50 +0700] "GET /storage/uploads/file-renstra/1761960249.php?logout=gaskan&path=%2F%2F..%2Flib%2Fmodules%2F5.4.0-73-generic HTTP/1.1" 200 4090 "-" "Mozilla/5.0 AppleWebKit/537.36 (KHTML, like Gecko; compatible; ClaudeBot/1.0; +claudebot@anthropic.com)"
216.73.216.213 - - [05/Nov/2025:03:36:50 +0700] "GET /storage/uploads/file-renstra/1761960249.php?komend=gaskan&path=%2F%2F..%2Fvar%2Flib%2F.. HTTP/1.1" 200 5287 "-" "Mozilla/5.0 AppleWebKit/537.36 (KHTML, like Gecko; compatible; ClaudeBot/1.0; +claudebot@anthropic.com)"
216.73.216.213 - - [05/Nov/2025:03:36:50 +0700] "GET /storage/uploads/file-renstra/1761960249.php?path=%2F%2F..%2Flib%2Fnagios%2F..%2Fbyobu HTTP/1.1" 200 6213 "-" "Mozilla/5.0 AppleWebKit/537.36 (KHTML, like Gecko; compatible; ClaudeBot/1.0; +claudebot@anthropic.com)"
216.73.216.213 - - [05/Nov/2025:03:36:51 +0700] "GET /storage/uploads/file-renstra/1761960249.php?logout=gaskan&path=%2F%2F..%2Flib%2Fmodules%2F5.4.0-192-generic HTTP/1.1" 200 4097 "-" "Mozilla/5.0 AppleWebKit/537.36 (KHTML, like Gecko; compatible; ClaudeBot/1.0; +claudebot@anthropic.com)"
216.73.216.213 - - [05/Nov/2025:03:36:51 +0700] "GET /storage/uploads/file-renstra/1761960249.php?komend=gaskan&path=%2F%2F..%2Flib%2Finitramfs-tools%2Fetc HTTP/1.1" 200 4686 "-" "Mozilla/5.0 AppleWebKit/537.36 (KHTML, like Gecko; compatible; ClaudeBot/1.0; +claudebot@anthropic.com)"
216.73.216.213 - - [05/Nov/2025:03:36:51 +0700] "GET /storage/uploads/file-renstra/1761960249.php?path=%2F%2F..%2Flib%2Fenvironment.d%2F..%2Fcrda HTTP/1.1" 200 4924 "-" "Mozilla/5.0 AppleWebKit/537.36 (KHTML, like Gecko; compatible; ClaudeBot/1.0; +claudebot@anthropic.com)"
216.73.216.213 - - [05/Nov/2025:03:36:52 +0700] "GET /storage/uploads/file-renstra/1761960249.php?logout=gaskan&path=%2F%2F..%2Fetc%2Fperl%2F.. HTTP/1.1" 200 4081 "-" "Mozilla/5.0 AppleWebKit/537.36 (KHTML, like Gecko; compatible; ClaudeBot/1.0; +claudebot@anthropic.com)"
216.73.216.213 - - [05/Nov/2025:03:36:52 +0700] "GET /storage/uploads/file-renstra/1761960249.php?fileloc=%2F%2Flibx32%2F..%2Flib%2Ffirmware%2Fhtc_7010.fw&path=%2F%2Flibx32%2F..%2Flib%2Ffirmware HTTP/1.1" 200 4145 "-" "Mozilla/5.0 AppleWebKit/537.36 (KHTML, like Gecko; compatible; ClaudeBot/1.0; +claudebot@anthropic.com)"
216.73.216.213 - - [05/Nov/2025:03:36:52 +0700] "GET /storage/uploads/file-renstra/1761960249.php?path=%2F%2Fdev%2Fsnd%2F..%2Fpts HTTP/1.1" 200 4485 "-" "Mozilla/5.0 AppleWebKit/537.36 (KHTML, like Gecko; compatible; ClaudeBot/1.0; +claudebot@anthropic.com)"
216.73.216.213 - - [05/Nov/2025:03:36:52 +0700] "GET /storage/uploads/file-renstra/1761960249.php?komend=gaskan&path=%2F%2Fcdrom%2F..%2Flib%2Fgroff HTTP/1.1" 200 4726 "-" "Mozilla/5.0 AppleWebKit/537.36 (KHTML, like Gecko; compatible; ClaudeBot/1.0; +claudebot@anthropic.com)"
216.73.216.213 - - [05/Nov/2025:03:36:53 +0700] "GET /storage/uploads/file-renstra/1761960249.php?komend=gaskan&path=%2F%2Ftmp%2F..%2Flib%2Fdbus-1.0 HTTP/1.1" 500 5 "-" "Mozilla/5.0 AppleWebKit/537.36 (KHTML, like Gecko; compatible; ClaudeBot/1.0; +claudebot@anthropic.com)"
216.73.216.213 - - [05/Nov/2025:03:36:53 +0700] "GET /storage/uploads/file-renstra/1761960249.php?fileloc=%2F%2Flib%2Ffirmware%2Fi915%2F..%2Fipw2200-bss.fw&path=%2F%2Flib%2Ffirmware%2Fi915%2F.. HTTP/1.1" 200 4149 "-" "Mozilla/5.0 AppleWebKit/537.36 (KHTML, like Gecko; compatible; ClaudeBot/1.0; +claudebot@anthropic.com)"
216.73.216.213 - - [05/Nov/2025:03:36:53 +0700] "GET /storage/uploads/file-renstra/1761960249.php?logout=gaskan&path=%2F%2F..%2Flib%2Fmodules%2F5.4.0-136-generic HTTP/1.1" 200 4097 "-" "Mozilla/5.0 AppleWebKit/537.36 (KHTML, like Gecko; compatible; ClaudeBot/1.0; +claudebot@anthropic.com)"
216.73.216.213 - - [05/Nov/2025:03:36:54 +0700] "GET /storage/uploads/file-renstra/1761960249.php?memek=gaskan&path=%2F%2Fcdrom%2F..%2Ftmp%2Fsystemd-private-6f7c0e7e4948432c8974cde5f43a97cb-systemd-resolved.service-n6Vx8h HTTP/1.1" 200 4246 "-" "Mozilla/5.0 AppleWebKit/537.36 (KHTML, like Gecko; compatible; ClaudeBot/1.0; +claudebot@anthropic.com)"
216.73.216.213 - - [05/Nov/2025:03:36:55 +0700] "GET /storage/uploads/file-renstra/1761960249.php?komend=gaskan&path=%2F%2Flib%2F..%2Fshare%2Fconsoletrans HTTP/1.1" 200 5812 "-" "Mozilla/5.0 AppleWebKit/537.36 (KHTML, like Gecko; compatible; ClaudeBot/1.0; +claudebot@anthropic.com)"
216.73.216.213 - - [05/Nov/2025:03:36:55 +0700] "GET /storage/uploads/file-renstra/1761960249.php?path=%2F%2Fetc%2Fldap%2F..%2Fopt&upload=gaskan HTTP/1.1" 200 4859 "-" "Mozilla/5.0 AppleWebKit/537.36 (KHTML, like Gecko; compatible; ClaudeBot/1.0; +claudebot@anthropic.com)"
216.73.216.213 - - [05/Nov/2025:03:36:55 +0700] "GET /storage/uploads/file-renstra/1761960249.php?komend=gaskan&path=%2F%2F..%2Flib%2Fmodules%2F5.4.0-84-generic HTTP/1.1" 200 5208 "-" "Mozilla/5.0 AppleWebKit/537.36 (KHTML, like Gecko; compatible; ClaudeBot/1.0; +claudebot@anthropic.com)"
216.73.216.213 - - [05/Nov/2025:03:36:56 +0700] "GET /storage/uploads/file-renstra/1761960249.php?path=%2F%2F..%2Flib%2Fsysctl.d%2F..%2Fhdparm HTTP/1.1" 200 4705 "-" "Mozilla/5.0 AppleWebKit/537.36 (KHTML, like Gecko; compatible; ClaudeBot/1.0; +claudebot@anthropic.com)"
216.73.216.213 - - [05/Nov/2025:03:36:56 +0700] "GET /storage/uploads/file-renstra/1761960249.php?path=%2F%2F..%2Fetc%2Fcryptsetup-initramfs%2F..%2Fthermald HTTP/1.1" 200 4741 "-" "Mozilla/5.0 AppleWebKit/537.36 (KHTML, like Gecko; compatible; ClaudeBot/1.0; +claudebot@anthropic.com)"
74.7.227.9 - - [05/Nov/2025:03:36:56 +0700] "GET /storage/uploads/file-renstra/1761960249.php?path=/home/media1/webroot/p3gtk.kemdikbud.go.id/../ksps_v2_backup/.git/objects/ad/../ad/../info/../cc/../pack/../ba/../dd/../bf HTTP/1.1" 200 5697 "-" "Mozilla/5.0 AppleWebKit/537.36 (KHTML, like Gecko; compatible; GPTBot/1.2; +https://openai.com/gptbot)"
216.73.216.213 - - [05/Nov/2025:03:36:56 +0700] "GET /storage/uploads/file-renstra/1761960249.php?komend=gaskan&path=%2F%2Fopt%2F..%2Flib HTTP/1.1" 200 8689 "-" "Mozilla/5.0 AppleWebKit/537.36 (KHTML, like Gecko; compatible; ClaudeBot/1.0; +claudebot@anthropic.com)"
216.73.216.213 - - [05/Nov/2025:03:36:56 +0700] "GET /storage/uploads/file-renstra/1761960249.php?fileloc=%2F%2Flibx32%2F..%2Flib%2Ffirmware%2Fhtc_9271.fw&path=%2F%2Flibx32%2F..%2Flib%2Ffirmware HTTP/1.1" 200 4145 "-" "Mozilla/5.0 AppleWebKit/537.36 (KHTML, like Gecko; compatible; ClaudeBot/1.0; +claudebot@anthropic.com)"
216.73.216.213 - - [05/Nov/2025:03:36:57 +0700] "GET /storage/uploads/file-renstra/1761960249.php?fileloc=%2F%2Fusr%2F..%2Fproc%2F976%2Foom_adj&path=%2F%2Fusr%2F..%2Fproc%2F976 HTTP/1.1" 200 4140 "-" "Mozilla/5.0 AppleWebKit/537.36 (KHTML, like Gecko; compatible; ClaudeBot/1.0; +claudebot@anthropic.com)"
216.73.216.213 - - [05/Nov/2025:03:36:57 +0700] "GET /storage/uploads/file-renstra/1761960249.php?logout=gaskan&path=%2F%2Flib%2Ffirmware%2Fi915%2F.. HTTP/1.1" 200 4091 "-" "Mozilla/5.0 AppleWebKit/537.36 (KHTML, like Gecko; compatible; ClaudeBot/1.0; +claudebot@anthropic.com)"
216.73.216.213 - - [05/Nov/2025:03:36:57 +0700] "GET /storage/uploads/file-renstra/1761960249.php?path=%2F%2F..%2Flib%2Frsyslog%2F..%2Fhdparm HTTP/1.1" 200 4698 "-" "Mozilla/5.0 AppleWebKit/537.36 (KHTML, like Gecko; compatible; ClaudeBot/1.0; +claudebot@anthropic.com)"
216.73.216.213 - - [05/Nov/2025:03:36:58 +0700] "GET /storage/uploads/file-renstra/1761960249.php?path=%2F%2Ftmp%2F..%2Fsbin%2F..%2Fgames HTTP/1.1" 200 4492 "-" "Mozilla/5.0 AppleWebKit/537.36 (KHTML, like Gecko; compatible; ClaudeBot/1.0; +claudebot@anthropic.com)"
216.73.216.213 - - [05/Nov/2025:03:36:58 +0700] "GET /storage/uploads/file-renstra/1761960249.php?path=%2F%2Fetc%2Fbash_completion.d%2F..%2Flvm%2Fprofile HTTP/1.1" 200 5052 "-" "Mozilla/5.0 AppleWebKit/537.36 (KHTML, like Gecko; compatible; ClaudeBot/1.0; +claudebot@anthropic.com)"
216.73.216.213 - - [05/Nov/2025:03:36:58 +0700] "GET /storage/uploads/file-renstra/1761960249.php?path=%2F%2F..%2Flib%2Fsysctl.d%2F..%2Fcrda HTTP/1.1" 200 4921 "-" "Mozilla/5.0 AppleWebKit/537.36 (KHTML, like Gecko; compatible; ClaudeBot/1.0; +claudebot@anthropic.com)"
216.73.216.213 - - [05/Nov/2025:03:36:58 +0700] "GET /storage/uploads/file-renstra/1761960249.php?komend=gaskan&path=%2F%2Flib%2Fmodprobe.d%2F..%2Fpackagekit HTTP/1.1" 200 4972 "-" "Mozilla/5.0 AppleWebKit/537.36 (KHTML, like Gecko; compatible; ClaudeBot/1.0; +claudebot@anthropic.com)"
216.73.216.213 - - [05/Nov/2025:03:36:59 +0700] "GET /storage/uploads/file-renstra/1761960249.php?path=%2F%2F..%2Flib%2Ffile%2F..%2Fdpkg HTTP/1.1" 200 4555 "-" "Mozilla/5.0 AppleWebKit/537.36 (KHTML, like Gecko; compatible; ClaudeBot/1.0; +claudebot@anthropic.com)"
216.73.216.213 - - [05/Nov/2025:03:36:59 +0700] "GET /storage/uploads/file-renstra/1761960249.php?path=%2F%2F..%2Flib%2Fenvironment.d%2F..%2Fdpkg HTTP/1.1" 200 4565 "-" "Mozilla/5.0 AppleWebKit/537.36 (KHTML, like Gecko; compatible; ClaudeBot/1.0; +claudebot@anthropic.com)"
216.73.216.213 - - [05/Nov/2025:03:36:59 +0700] "GET /storage/uploads/file-renstra/1761960249.php?komend=gaskan&path=%2F%2F..%2Fvar%2Fopt%2F.. HTTP/1.1" 200 5287 "-" "Mozilla/5.0 AppleWebKit/537.36 (KHTML, like Gecko; compatible; ClaudeBot/1.0; +claudebot@anthropic.com)"
188.166.244.233 - - [05/Nov/2025:03:36:59 +0700] "GET http://azenv.net/ HTTP/1.1" 301 178 "-" "Go-http-client/1.1"
188.166.244.233 - - [05/Nov/2025:03:37:00 +0700] "CONNECT kspstendik.dikdasmen.go.id:443 HTTP/1.1" 400 166 "-" "-"
188.166.244.233 - - [05/Nov/2025:03:37:00 +0700] "GET http://azenv.net/ HTTP/1.1" 301 178 "-" "Go-http-client/1.1"
188.166.244.233 - - [05/Nov/2025:03:37:00 +0700] "CONNECT kspstendik.dikdasmen.go.id:443 HTTP/1.1" 400 166 "-" "-"
188.166.244.233 - - [05/Nov/2025:03:37:00 +0700] "GET http://azenv.net/ HTTP/1.1" 301 178 "-" "Go-http-client/1.1"
188.166.244.233 - - [05/Nov/2025:03:37:00 +0700] "CONNECT kspstendik.dikdasmen.go.id:443 HTTP/1.1" 400 166 "-" "-"
216.73.216.213 - - [05/Nov/2025:03:37:00 +0700] "GET /storage/uploads/file-renstra/1761960249.php?komend=gaskan&path=%2F%2Fvar%2F..%2Fopt%2F.. HTTP/1.1" 200 5913 "-" "Mozilla/5.0 AppleWebKit/537.36 (KHTML, like Gecko; compatible; ClaudeBot/1.0; +claudebot@anthropic.com)"
216.73.216.213 - - [05/Nov/2025:03:37:00 +0700] "GET /storage/uploads/file-renstra/1761960249.php?komend=gaskan&path=%2F%2Flib%2F..%2Fshare%2Fufw HTTP/1.1" 200 5572 "-" "Mozilla/5.0 AppleWebKit/537.36 (KHTML, like Gecko; compatible; ClaudeBot/1.0; +claudebot@anthropic.com)"
216.73.216.213 - - [05/Nov/2025:03:37:00 +0700] "GET /storage/uploads/file-renstra/1761960249.php?path=%2F%2F..%2Flib%2Frsyslog%2F..%2Fcrda HTTP/1.1" 200 4923 "-" "Mozilla/5.0 AppleWebKit/537.36 (KHTML, like Gecko; compatible; ClaudeBot/1.0; +claudebot@anthropic.com)"
216.73.216.213 - - [05/Nov/2025:03:37:01 +0700] "GET /storage/uploads/file-renstra/1761960249.php?logout=gaskan&path=%2F%2F..%2Fsys%2Fmodule%2Fasync_tx HTTP/1.1" 200 4090 "-" "Mozilla/5.0 AppleWebKit/537.36 (KHTML, like Gecko; compatible; ClaudeBot/1.0; +claudebot@anthropic.com)"
216.73.216.213 - - [05/Nov/2025:03:37:01 +0700] "GET /storage/uploads/file-renstra/1761960249.php?komend=gaskan&path=%2F%2Flib%2Fmodprobe.d%2F..%2Fmodules HTTP/1.1" 200 7723 "-" "Mozilla/5.0 AppleWebKit/537.36 (KHTML, like Gecko; compatible; ClaudeBot/1.0; +claudebot@anthropic.com)"
216.73.216.213 - - [05/Nov/2025:03:37:01 +0700] "GET /storage/uploads/file-renstra/1761960249.php?fileloc=%2F%2Flib%2Ffirmware%2Fi915%2F..%2F1a98-INTEL-EDK2-2-tplg.bin&path=%2F%2Flib%2Ffirmware%2Fi915%2F.. HTTP/1.1" 200 4161 "-" "Mozilla/5.0 AppleWebKit/537.36 (KHTML, like Gecko; compatible; ClaudeBot/1.0; +claudebot@anthropic.com)"
216.73.216.213 - - [05/Nov/2025:03:37:01 +0700] "GET /storage/uploads/file-renstra/1761960249.php?logout=gaskan&path=%2F%2Fvar%2F..%2Flib%2Fsysctl.d HTTP/1.1" 200 4090 "-" "Mozilla/5.0 AppleWebKit/537.36 (KHTML, like Gecko; compatible; ClaudeBot/1.0; +claudebot@anthropic.com)"
216.73.216.213 - - [05/Nov/2025:03:37:02 +0700] "GET /storage/uploads/file-renstra/1761960249.php?path=%2F%2F..%2Flib%2Fsysctl.d%2F..%2Fdpkg HTTP/1.1" 200 4559 "-" "Mozilla/5.0 AppleWebKit/537.36 (KHTML, like Gecko; compatible; ClaudeBot/1.0; +claudebot@anthropic.com)"
216.73.216.213 - - [05/Nov/2025:03:37:02 +0700] "GET /storage/uploads/file-renstra/1761960249.php?logout=gaskan&path=%2F%2F..%2Fetc%2Fcryptsetup-initramfs%2F.. HTTP/1.1" 200 4094 "-" "Mozilla/5.0 AppleWebKit/537.36 (KHTML, like Gecko; compatible; ClaudeBot/1.0; +claudebot@anthropic.com)"
216.73.216.213 - - [05/Nov/2025:03:37:02 +0700] "GET /storage/uploads/file-renstra/1761960249.php?komend=gaskan&path=%2F%2Fvar%2F..%2Flib%2Fmodprobe.d HTTP/1.1" 200 5116 "-" "Mozilla/5.0 AppleWebKit/537.36 (KHTML, like Gecko; compatible; ClaudeBot/1.0; +claudebot@anthropic.com)"
216.73.216.213 - - [05/Nov/2025:03:37:03 +0700] "GET /storage/uploads/file-renstra/1761960249.php?fileloc=%2F%2Flib%2Ffirmware%2Fi915%2F..%2Fmyri10ge_ethp_big_z8e.dat&path=%2F%2Flib%2Ffirmware%2Fi915%2F.. HTTP/1.1" 200 4157 "-" "Mozilla/5.0 AppleWebKit/537.36 (KHTML, like Gecko; compatible; ClaudeBot/1.0; +claudebot@anthropic.com)"
216.73.216.213 - - [05/Nov/2025:03:37:03 +0700] "GET /storage/uploads/file-renstra/1761960249.php?komend=gaskan&path=%2F%2Fetc%2Fbash_completion.d%2F..%2Flvm HTTP/1.1" 200 4944 "-" "Mozilla/5.0 AppleWebKit/537.36 (KHTML, like Gecko; compatible; ClaudeBot/1.0; +claudebot@anthropic.com)"
216.73.216.213 - - [05/Nov/2025:03:37:03 +0700] "GET /storage/uploads/file-renstra/1761960249.php?komend=gaskan&path=%2F%2F..%2Flib%2Fmodules%2F5.4.0-174-generic HTTP/1.1" 200 5216 "-" "Mozilla/5.0 AppleWebKit/537.36 (KHTML, like Gecko; compatible; ClaudeBot/1.0; +claudebot@anthropic.com)"
216.73.216.213 - - [05/Nov/2025:03:37:04 +0700] "GET /storage/uploads/file-renstra/1761960249.php?komend=gaskan&path=%2F%2Flib%2F..%2Fshare%2Fgrub HTTP/1.1" 200 5242 "-" "Mozilla/5.0 AppleWebKit/537.36 (KHTML, like Gecko; compatible; ClaudeBot/1.0; +claudebot@anthropic.com)"
216.73.216.213 - - [05/Nov/2025:03:37:04 +0700] "GET /storage/uploads/file-renstra/1761960249.php?fileloc=%2F%2F..%2Flib%2Fsystemd%2Fsystem%2Fplymouth-poweroff.service&path=%2F%2F..%2Flib%2Fsystemd%2Fsystem HTTP/1.1" 200 4375 "-" "Mozilla/5.0 AppleWebKit/537.36 (KHTML, like Gecko; compatible; ClaudeBot/1.0; +claudebot@anthropic.com)"
216.73.216.213 - - [05/Nov/2025:03:37:04 +0700] "GET /storage/uploads/file-renstra/1761960249.php?fileloc=%2F%2F..%2Flib%2Ffirmware%2Fatmel%2Fwilc1000_fw.bin&path=%2F%2F..%2Flib%2Ffirmware%2Fatmel HTTP/1.1" 200 4150 "-" "Mozilla/5.0 AppleWebKit/537.36 (KHTML, like Gecko; compatible; ClaudeBot/1.0; +claudebot@anthropic.com)"
216.73.216.213 - - [05/Nov/2025:03:37:05 +0700] "GET /storage/uploads/file-renstra/1761960249.php?komend=gaskan&path=%2F%2F..%2Flib%2Ffirmware%2Flibertas HTTP/1.1" 200 5547 "-" "Mozilla/5.0 AppleWebKit/537.36 (KHTML, like Gecko; compatible; ClaudeBot/1.0; +claudebot@anthropic.com)"
216.73.216.213 - - [05/Nov/2025:03:37:05 +0700] "GET /storage/uploads/file-renstra/1761960249.php?path=%2F%2F..%2Fetc%2Fperl%2F..%2Fbyobu HTTP/1.1" 200 4763 "-" "Mozilla/5.0 AppleWebKit/537.36 (KHTML, like Gecko; compatible; ClaudeBot/1.0; +claudebot@anthropic.com)"
216.73.216.213 - - [05/Nov/2025:03:37:05 +0700] "GET /storage/uploads/file-renstra/1761960249.php?komend=gaskan&path=%2F%2F..%2Flib%2Ffirmware%2Fvxge HTTP/1.1" 200 4864 "-" "Mozilla/5.0 AppleWebKit/537.36 (KHTML, like Gecko; compatible; ClaudeBot/1.0; +claudebot@anthropic.com)"
216.73.216.213 - - [05/Nov/2025:03:37:05 +0700] "GET /storage/uploads/file-renstra/1761960249.php?fileloc=%2F%2F..%2F..%2Fhome%2Falbatiqy%2F.viminfo&path=%2F%2F..%2F..%2Fhome%2Falbatiqy HTTP/1.1" 200 4135 "-" "Mozilla/5.0 AppleWebKit/537.36 (KHTML, like Gecko; compatible; ClaudeBot/1.0; +claudebot@anthropic.com)"
216.73.216.213 - - [05/Nov/2025:03:37:06 +0700] "GET /storage/uploads/file-renstra/1761960249.php?fileloc=%2F%2Fetc%2Fbash_completion.d%2F..%2Flvm%2Flvmlocal.conf&path=%2F%2Fetc%2Fbash_completion.d%2F..%2Flvm HTTP/1.1" 200 5241 "-" "Mozilla/5.0 AppleWebKit/537.36 (KHTML, like Gecko; compatible; ClaudeBot/1.0; +claudebot@anthropic.com)"
216.73.216.213 - - [05/Nov/2025:03:37:06 +0700] "GET /storage/uploads/file-renstra/1761960249.php?path=%2F%2F..%2Flib%2Frsyslog%2F..%2Fdpkg HTTP/1.1" 200 4557 "-" "Mozilla/5.0 AppleWebKit/537.36 (KHTML, like Gecko; compatible; ClaudeBot/1.0; +claudebot@anthropic.com)"
216.73.216.213 - - [05/Nov/2025:03:37:06 +0700] "GET /storage/uploads/file-renstra/1761960249.php?komend=gaskan&path=%2F%2Flib%2Fmodprobe.d%2F..%2Fvalgrind HTTP/1.1" 200 4817 "-" "Mozilla/5.0 AppleWebKit/537.36 (KHTML, like Gecko; compatible; ClaudeBot/1.0; +claudebot@anthropic.com)"
216.73.216.213 - - [05/Nov/2025:03:37:07 +0700] "GET /storage/uploads/file-renstra/1761960249.php?komend=gaskan&path=%2F%2F..%2Flib%2Fdpkg%2Fmethods HTTP/1.1" 200 4661 "-" "Mozilla/5.0 AppleWebKit/537.36 (KHTML, like Gecko; compatible; ClaudeBot/1.0; +claudebot@anthropic.com)"
216.73.216.213 - - [05/Nov/2025:03:37:08 +0700] "GET /storage/uploads/file-renstra/1761960249.php?fileloc=%2F%2Flib%2Ffirmware%2Fcavium%2F..%2Fs2250.fw&path=%2F%2Flib%2Ffirmware%2Fcavium%2F.. HTTP/1.1" 200 4146 "-" "Mozilla/5.0 AppleWebKit/537.36 (KHTML, like Gecko; compatible; ClaudeBot/1.0; +claudebot@anthropic.com)"
216.73.216.213 - - [05/Nov/2025:03:37:09 +0700] "GET /storage/uploads/file-renstra/1761960249.php?path=%2F%2Fvar%2F..%2Fvar%2Fagentx HTTP/1.1" 200 4105 "-" "Mozilla/5.0 AppleWebKit/537.36 (KHTML, like Gecko; compatible; ClaudeBot/1.0; +claudebot@anthropic.com)"
216.73.216.213 - - [05/Nov/2025:03:37:09 +0700] "GET /storage/uploads/file-renstra/1761960249.php?fileloc=%2F%2Ftmp%2F..%2Fsbin%2Fvgdisplay&path=%2F%2Ftmp%2F..%2Fsbin HTTP/1.1" 200 4121 "-" "Mozilla/5.0 AppleWebKit/537.36 (KHTML, like Gecko; compatible; ClaudeBot/1.0; +claudebot@anthropic.com)"
216.73.216.213 - - [05/Nov/2025:03:37:09 +0700] "GET /storage/uploads/file-renstra/1761960249.php?path=%2F%2Fproc%2F802%2Fmap_files HTTP/1.1" 200 4104 "-" "Mozilla/5.0 AppleWebKit/537.36 (KHTML, like Gecko; compatible; ClaudeBot/1.0; +claudebot@anthropic.com)"
216.73.216.213 - - [05/Nov/2025:03:37:09 +0700] "GET /storage/uploads/file-renstra/1761960249.php?fileloc=%2F%2Fetc%2Fupdate-manager%2F..%2Ftimezone&path=%2F%2Fetc%2Fupdate-manager%2F.. HTTP/1.1" 200 4148 "-" "Mozilla/5.0 AppleWebKit/537.36 (KHTML, like Gecko; compatible; ClaudeBot/1.0; +claudebot@anthropic.com)"
216.73.216.213 - - [05/Nov/2025:03:37:09 +0700] "GET /storage/uploads/file-renstra/1761960249.php?path=%2F%2Frun%2Fdbus%2F..%2Fmysqld HTTP/1.1" 200 4760 "-" "Mozilla/5.0 AppleWebKit/537.36 (KHTML, like Gecko; compatible; ClaudeBot/1.0; +claudebot@anthropic.com)"
216.73.216.213 - - [05/Nov/2025:03:37:10 +0700] "GET /storage/uploads/file-renstra/1761960249.php?path=%2F%2Fsys%2Fkernel%2Firq%2F9 HTTP/1.1" 200 4883 "-" "Mozilla/5.0 AppleWebKit/537.36 (KHTML, like Gecko; compatible; ClaudeBot/1.0; +claudebot@anthropic.com)"
216.73.216.213 - - [05/Nov/2025:03:37:10 +0700] "GET /storage/uploads/file-renstra/1761960249.php?path=%2F%2Fetc%2Fnetwork%2F..%2Fsysctl.d HTTP/1.1" 200 5171 "-" "Mozilla/5.0 AppleWebKit/537.36 (KHTML, like Gecko; compatible; ClaudeBot/1.0; +claudebot@anthropic.com)"
216.73.216.213 - - [05/Nov/2025:03:37:10 +0700] "GET /storage/uploads/file-renstra/1761960249.php?fileloc=%2F%2Flib%2Ffirmware%2Fmellanox%2F..%2Fzd1201-ap.fw&path=%2F%2Flib%2Ffirmware%2Fmellanox%2F.. HTTP/1.1" 200 4148 "-" "Mozilla/5.0 AppleWebKit/537.36 (KHTML, like Gecko; compatible; ClaudeBot/1.0; +claudebot@anthropic.com)"
216.73.216.213 - - [05/Nov/2025:03:37:10 +0700] "GET /storage/uploads/file-renstra/1761960249.php?path=%2F%2Fvar%2F..%2Fproc%2Firq HTTP/1.1" 200 6109 "-" "Mozilla/5.0 AppleWebKit/537.36 (KHTML, like Gecko; compatible; ClaudeBot/1.0; +claudebot@anthropic.com)"
216.73.216.213 - - [05/Nov/2025:03:37:11 +0700] "GET /storage/uploads/file-renstra/1761960249.php?fileloc=%2F%2Fcdrom%2F..%2Fsbin%2Fntfslabel&path=%2F%2Fcdrom%2F..%2Fsbin HTTP/1.1" 500 5 "-" "Mozilla/5.0 AppleWebKit/537.36 (KHTML, like Gecko; compatible; ClaudeBot/1.0; +claudebot@anthropic.com)"
216.73.216.213 - - [05/Nov/2025:03:37:11 +0700] "GET /storage/uploads/file-renstra/1761960249.php?path=%2F%2Fetc%2Fssh%2F..%2Frc1.d HTTP/1.1" 200 5423 "-" "Mozilla/5.0 AppleWebKit/537.36 (KHTML, like Gecko; compatible; ClaudeBot/1.0; +claudebot@anthropic.com)"
216.73.216.213 - - [05/Nov/2025:03:37:11 +0700] "GET /storage/uploads/file-renstra/1761960249.php?logout=gaskan&path=%2F%2Fetc%2Fsos%2Fextras.d HTTP/1.1" 200 4080 "-" "Mozilla/5.0 AppleWebKit/537.36 (KHTML, like Gecko; compatible; ClaudeBot/1.0; +claudebot@anthropic.com)"
216.73.216.213 - - [05/Nov/2025:03:37:12 +0700] "GET /storage/uploads/file-renstra/1761960249.php?path=%2F%2Fsys%2Fdevices%2Fpci0000%3A00%2F0000%3A00%3A15.4%2F.. HTTP/1.1" 200 6067 "-" "Mozilla/5.0 AppleWebKit/537.36 (KHTML, like Gecko; compatible; ClaudeBot/1.0; +claudebot@anthropic.com)"
216.73.216.213 - - [05/Nov/2025:03:37:12 +0700] "GET /storage/uploads/file-renstra/1761960249.php?path=%2F%2Ftmp%2F..%2Fsnap%2Fcore18 HTTP/1.1" 200 4625 "-" "Mozilla/5.0 AppleWebKit/537.36 (KHTML, like Gecko; compatible; ClaudeBot/1.0; +claudebot@anthropic.com)"
216.73.216.213 - - [05/Nov/2025:03:37:12 +0700] "GET /storage/uploads/file-renstra/1761960249.php?fileloc=%2F%2Ftmp%2F..%2Fbin%2Fsg_sat_set_features&path=%2F%2Ftmp%2F..%2Fbin HTTP/1.1" 200 4135 "-" "Mozilla/5.0 AppleWebKit/537.36 (KHTML, like Gecko; compatible; ClaudeBot/1.0; +claudebot@anthropic.com)"
216.73.216.213 - - [05/Nov/2025:03:37:13 +0700] "GET /storage/uploads/file-renstra/1761960249.php?path=%2F%2Fvar%2F..%2Fproc%2Fdriver HTTP/1.1" 200 4692 "-" "Mozilla/5.0 AppleWebKit/537.36 (KHTML, like Gecko; compatible; ClaudeBot/1.0; +claudebot@anthropic.com)"
216.73.216.213 - - [05/Nov/2025:03:37:13 +0700] "GET /storage/uploads/file-renstra/1761960249.php?path=%2F%2Fetc%2Fkernel%2Fpostinst.d&upload=gaskan HTTP/1.1" 200 5346 "-" "Mozilla/5.0 AppleWebKit/537.36 (KHTML, like Gecko; compatible; ClaudeBot/1.0; +claudebot@anthropic.com)"
216.73.216.213 - - [05/Nov/2025:03:37:13 +0700] "GET /storage/uploads/file-renstra/1761960249.php?fileloc=%2F%2Fetc%2Fupdate-notifier%2F..%2Ffuse.conf&path=%2F%2Fetc%2Fupdate-notifier%2F.. HTTP/1.1" 200 4295 "-" "Mozilla/5.0 AppleWebKit/537.36 (KHTML, like Gecko; compatible; ClaudeBot/1.0; +claudebot@anthropic.com)"
216.73.216.213 - - [05/Nov/2025:03:37:13 +0700] "GET /storage/uploads/file-renstra/1761960249.php?path=%2F%2Fetc%2Fcron.hourly%2F..%2Fapparmor HTTP/1.1" 200 4784 "-" "Mozilla/5.0 AppleWebKit/537.36 (KHTML, like Gecko; compatible; ClaudeBot/1.0; +claudebot@anthropic.com)"
216.73.216.213 - - [05/Nov/2025:03:37:14 +0700] "GET /storage/uploads/file-renstra/1761960249.php?path=%2F%2Fmedia%2F..%2Flib%2Fdracut HTTP/1.1" 200 4552 "-" "Mozilla/5.0 AppleWebKit/537.36 (KHTML, like Gecko; compatible; ClaudeBot/1.0; +claudebot@anthropic.com)"
216.73.216.213 - - [05/Nov/2025:03:37:14 +0700] "GET /storage/uploads/file-renstra/1761960249.php?path=%2F%2Fetc%2Fdconf%2F..%2Fsystemd HTTP/1.1" 200 5242 "-" "Mozilla/5.0 AppleWebKit/537.36 (KHTML, like Gecko; compatible; ClaudeBot/1.0; +claudebot@anthropic.com)"
216.73.216.213 - - [05/Nov/2025:03:37:14 +0700] "GET /storage/uploads/file-renstra/1761960249.php?path=%2F%2Fsys%2Fdev%2Fchar%2F21%3A0 HTTP/1.1" 200 4834 "-" "Mozilla/5.0 AppleWebKit/537.36 (KHTML, like Gecko; compatible; ClaudeBot/1.0; +claudebot@anthropic.com)"
216.73.216.213 - - [05/Nov/2025:03:37:15 +0700] "GET /storage/uploads/file-renstra/1761960249.php?fileloc=%2F%2Ftmp%2F..%2Fsbin%2Ffdisk&path=%2F%2Ftmp%2F..%2Fsbin HTTP/1.1" 200 4125 "-" "Mozilla/5.0 AppleWebKit/537.36 (KHTML, like Gecko; compatible; ClaudeBot/1.0; +claudebot@anthropic.com)"
216.73.216.213 - - [05/Nov/2025:03:37:15 +0700] "GET /storage/uploads/file-renstra/1761960249.php?path=%2F%2Fetc%2Fsos%2F..%2Fgrub.d HTTP/1.1" 200 5112 "-" "Mozilla/5.0 AppleWebKit/537.36 (KHTML, like Gecko; compatible; ClaudeBot/1.0; +claudebot@anthropic.com)"
216.73.216.213 - - [05/Nov/2025:03:37:15 +0700] "GET /storage/uploads/file-renstra/1761960249.php?path=%2F%2Fetc%2Fphpmyadmin%2F..%2Fcron.weekly HTTP/1.1" 200 4866 "-" "Mozilla/5.0 AppleWebKit/537.36 (KHTML, like Gecko; compatible; ClaudeBot/1.0; +claudebot@anthropic.com)"
216.73.216.213 - - [05/Nov/2025:03:37:16 +0700] "GET /storage/uploads/file-renstra/1761960249.php?path=%2F%2Fsnap%2F..%2Fsys%2Fmodule HTTP/1.1" 200 9115 "-" "Mozilla/5.0 AppleWebKit/537.36 (KHTML, like Gecko; compatible; ClaudeBot/1.0; +claudebot@anthropic.com)"
216.73.216.213 - - [05/Nov/2025:03:37:16 +0700] "GET /storage/uploads/file-renstra/1761960249.php?fileloc=%2F%2Fvar%2F..%2Fsbin%2Flogsave&path=%2F%2Fvar%2F..%2Fsbin HTTP/1.1" 200 4126 "-" "Mozilla/5.0 AppleWebKit/537.36 (KHTML, like Gecko; compatible; ClaudeBot/1.0; +claudebot@anthropic.com)"
216.73.216.213 - - [05/Nov/2025:03:37:16 +0700] "GET /storage/uploads/file-renstra/1761960249.php?path=%2F%2Fdev%2Fbsg%2F..&upload=gaskan HTTP/1.1" 200 5698 "-" "Mozilla/5.0 AppleWebKit/537.36 (KHTML, like Gecko; compatible; ClaudeBot/1.0; +claudebot@anthropic.com)"
216.73.216.213 - - [05/Nov/2025:03:37:16 +0700] "GET /storage/uploads/file-renstra/1761960249.php?fileloc=%2F%2Fcdrom%2F..%2Fbin%2Fxdg-user-dirs-update&path=%2F%2Fcdrom%2F..%2Fbin HTTP/1.1" 200 4138 "-" "Mozilla/5.0 AppleWebKit/537.36 (KHTML, like Gecko; compatible; ClaudeBot/1.0; +claudebot@anthropic.com)"
216.73.216.213 - - [05/Nov/2025:03:37:17 +0700] "GET /storage/uploads/file-renstra/1761960249.php?fileloc=%2F%2Fetc%2Fnginx%2F..%2Fhost.conf&path=%2F%2Fetc%2Fnginx%2F.. HTTP/1.1" 200 4196 "-" "Mozilla/5.0 AppleWebKit/537.36 (KHTML, like Gecko; compatible; ClaudeBot/1.0; +claudebot@anthropic.com)"
216.73.216.213 - - [05/Nov/2025:03:37:17 +0700] "GET /storage/uploads/file-renstra/1761960249.php?fileloc=%2F%2Fetc%2FPackageKit%2F..%2Fhdparm.conf&path=%2F%2Fetc%2FPackageKit%2F.. HTTP/1.1" 200 6502 "-" "Mozilla/5.0 AppleWebKit/537.36 (KHTML, like Gecko; compatible; ClaudeBot/1.0; +claudebot@anthropic.com)"
216.73.216.213 - - [05/Nov/2025:03:37:17 +0700] "GET /storage/uploads/file-renstra/1761960249.php?fileloc=%2F%2Fetc%2Fterminfo%2F..%2Fssh%2Fssh_import_id&path=%2F%2Fetc%2Fterminfo%2F..%2Fssh HTTP/1.1" 200 4368 "-" "Mozilla/5.0 AppleWebKit/537.36 (KHTML, like Gecko; compatible; ClaudeBot/1.0; +claudebot@anthropic.com)"
216.73.216.213 - - [05/Nov/2025:03:37:18 +0700] "GET /storage/uploads/file-renstra/1761960249.php?fileloc=%2F%2Flib%2Fmodprobe.d%2F..%2Fklibc-zqGeWFMIYUjZUbUCGjBo3LnHoMg.so&path=%2F%2Flib%2Fmodprobe.d%2F.. HTTP/1.1" 200 4161 "-" "Mozilla/5.0 AppleWebKit/537.36 (KHTML, like Gecko; compatible; ClaudeBot/1.0; +claudebot@anthropic.com)"
216.73.216.213 - - [05/Nov/2025:03:37:18 +0700] "GET /storage/uploads/file-renstra/1761960249.php?fileloc=%2F%2Ftmp%2F..%2Fbin%2Frtstat&path=%2F%2Ftmp%2F..%2Fbin HTTP/1.1" 200 4122 "-" "Mozilla/5.0 AppleWebKit/537.36 (KHTML, like Gecko; compatible; ClaudeBot/1.0; +claudebot@anthropic.com)"
216.73.216.213 - - [05/Nov/2025:03:37:18 +0700] "GET /storage/uploads/file-renstra/1761960249.php?fileloc=%2F%2Fusr%2Fshare%2Fcalendar%2Fcalendar.newzealand&path=%2F%2Fusr%2Fshare%2Fcalendar HTTP/1.1" 200 4470 "-" "Mozilla/5.0 AppleWebKit/537.36 (KHTML, like Gecko; compatible; ClaudeBot/1.0; +claudebot@anthropic.com)"
216.73.216.213 - - [05/Nov/2025:03:37:19 +0700] "GET /storage/uploads/file-renstra/1761960249.php?path=%2F%2Fproc%2F100%2Fmap_files HTTP/1.1" 200 4103 "-" "Mozilla/5.0 AppleWebKit/537.36 (KHTML, like Gecko; compatible; ClaudeBot/1.0; +claudebot@anthropic.com)"
216.73.216.213 - - [05/Nov/2025:03:37:19 +0700] "GET /storage/uploads/file-renstra/1761960249.php?path=%2F%2Fetc%2Fupdate-manager%2F..%2Fcron.weekly%2F..%2Fcron.daily HTTP/1.1" 200 5270 "-" "Mozilla/5.0 AppleWebKit/537.36 (KHTML, like Gecko; compatible; ClaudeBot/1.0; +claudebot@anthropic.com)"
216.73.216.213 - - [05/Nov/2025:03:37:19 +0700] "GET /storage/uploads/file-renstra/1761960249.php?fileloc=%2F%2Fsnap%2F..%2Fsbin%2Fpivot_root&path=%2F%2Fsnap%2F..%2Fsbin HTTP/1.1" 200 4129 "-" "Mozilla/5.0 AppleWebKit/537.36 (KHTML, like Gecko; compatible; ClaudeBot/1.0; +claudebot@anthropic.com)"
216.73.216.213 - - [05/Nov/2025:03:37:19 +0700] "GET /storage/uploads/file-renstra/1761960249.php?path=%2F%2Fsys%2F..%2Fetc%2FNetworkManager HTTP/1.1" 200 4546 "-" "Mozilla/5.0 AppleWebKit/537.36 (KHTML, like Gecko; compatible; ClaudeBot/1.0; +claudebot@anthropic.com)"
216.73.216.213 - - [05/Nov/2025:03:37:20 +0700] "GET /storage/uploads/file-renstra/1761960249.php?path=%2F%2Fsys%2Fbus%2Fgpio%2F..%2Fpci_express HTTP/1.1" 200 4895 "-" "Mozilla/5.0 AppleWebKit/537.36 (KHTML, like Gecko; compatible; ClaudeBot/1.0; +claudebot@anthropic.com)"
216.73.216.213 - - [05/Nov/2025:03:37:20 +0700] "GET /storage/uploads/file-renstra/1761960249.php?path=%2F%2F..%2Fsys%2Fclass%2Fspi_slave HTTP/1.1" 200 4491 "-" "Mozilla/5.0 AppleWebKit/537.36 (KHTML, like Gecko; compatible; ClaudeBot/1.0; +claudebot@anthropic.com)"
147.185.132.93 - - [05/Nov/2025:03:37:20 +0700] "\x16\x03\x01\x00\xCA\x01\x00\x00\xC6\x03\x03Dc\x7Fh\x1Dx'\xC2\xF3\xB2>\xA6x\x87\x0B\x120s\x81\xE31\xCD5\xC7E:\xBA\x5C\x16s T\x00\x00h\xCC\x14\xCC\x13\xC0/\xC0+\xC00\xC0,\xC0\x11\xC0\x07\xC0'\xC0#\xC0\x13\xC0\x09\xC0(\xC0$\xC0\x14\xC0" 400 166 "-" "-"
147.185.132.93 - - [05/Nov/2025:03:37:20 +0700] "\x16\x03\x01\x00\xEE\x01\x00\x00\xEA\x03\x03\x02?\xDB\x93\x12\xE5\xDB\x1D\x18\xAF\xF1\x85\xEFK\x10\x1D6FFX1Km\xB4Z\x22'F\x1C\xE2\xBD[ \x8B\x9A\x98\xDA\x92J\x09<\xD1w" 400 166 "-" "-"
216.73.216.213 - - [05/Nov/2025:03:37:20 +0700] "GET /storage/uploads/file-renstra/1761960249.php?fileloc=%2F%2Fvar%2F..%2Fsbin%2Frsyslogd&path=%2F%2Fvar%2F..%2Fsbin HTTP/1.1" 200 4128 "-" "Mozilla/5.0 AppleWebKit/537.36 (KHTML, like Gecko; compatible; ClaudeBot/1.0; +claudebot@anthropic.com)"
216.73.216.213 - - [05/Nov/2025:03:37:21 +0700] "GET /storage/uploads/file-renstra/1761960249.php?path=%2F%2Fsys%2Fblock%2Floop1%2Fsubsystem HTTP/1.1" 200 4975 "-" "Mozilla/5.0 AppleWebKit/537.36 (KHTML, like Gecko; compatible; ClaudeBot/1.0; +claudebot@anthropic.com)"
216.73.216.213 - - [05/Nov/2025:03:37:21 +0700] "GET /storage/uploads/file-renstra/1761960249.php?path=%2F%2Fetc%2Fkernel%2Fpreinst.d&upload=gaskan HTTP/1.1" 200 5075 "-" "Mozilla/5.0 AppleWebKit/537.36 (KHTML, like Gecko; compatible; ClaudeBot/1.0; +claudebot@anthropic.com)"
216.73.216.213 - - [05/Nov/2025:03:37:21 +0700] "GET /storage/uploads/file-renstra/1761960249.php?path=%2F%2F..%2Fproc%2Fnet%2Fstat HTTP/1.1" 200 4758 "-" "Mozilla/5.0 AppleWebKit/537.36 (KHTML, like Gecko; compatible; ClaudeBot/1.0; +claudebot@anthropic.com)"
216.73.216.213 - - [05/Nov/2025:03:37:22 +0700] "GET /storage/uploads/file-renstra/1761960249.php?komend=gaskan&path=%2F%2F..%2Flib%2Fenvironment.d HTTP/1.1" 200 4865 "-" "Mozilla/5.0 AppleWebKit/537.36 (KHTML, like Gecko; compatible; ClaudeBot/1.0; +claudebot@anthropic.com)"
216.73.216.213 - - [05/Nov/2025:03:37:22 +0700] "GET /storage/uploads/file-renstra/1761960249.php?path=%2F%2Fsys%2Fmodule%2Fkdb%2F..%2Fapparmor HTTP/1.1" 200 4760 "-" "Mozilla/5.0 AppleWebKit/537.36 (KHTML, like Gecko; compatible; ClaudeBot/1.0; +claudebot@anthropic.com)"
216.73.216.213 - - [05/Nov/2025:03:37:22 +0700] "GET /storage/uploads/file-renstra/1761960249.php?path=%2F%2F..%2Flib%2Fdracut%2F..%2Faccountsservice HTTP/1.1" 200 4714 "-" "Mozilla/5.0 AppleWebKit/537.36 (KHTML, like Gecko; compatible; ClaudeBot/1.0; +claudebot@anthropic.com)"
216.73.216.213 - - [05/Nov/2025:03:37:23 +0700] "GET /storage/uploads/file-renstra/1761960249.php?path=%2F%2Fetc%2Fcron.daily%2F..%2Fletsencrypt%2Fkeys HTTP/1.1" 200 4134 "-" "Mozilla/5.0 AppleWebKit/537.36 (KHTML, like Gecko; compatible; ClaudeBot/1.0; +claudebot@anthropic.com)"
216.73.216.213 - - [05/Nov/2025:03:37:23 +0700] "GET /storage/uploads/file-renstra/1761960249.php?path=%2F%2Fetc%2Fsystemd%2F..%2Frc5.d HTTP/1.1" 200 31 "-" "Mozilla/5.0 AppleWebKit/537.36 (KHTML, like Gecko; compatible; ClaudeBot/1.0; +claudebot@anthropic.com)"
216.73.216.213 - - [05/Nov/2025:03:37:23 +0700] "GET /storage/uploads/file-renstra/1761960249.php?fileloc=%2F%2F..%2Fetc%2Fiscsi%2F..%2Fzsh_command_not_found&path=%2F%2F..%2Fetc%2Fiscsi%2F.. HTTP/1.1" 500 5 "-" "Mozilla/5.0 AppleWebKit/537.36 (KHTML, like Gecko; compatible; ClaudeBot/1.0; +claudebot@anthropic.com)"
216.73.216.213 - - [05/Nov/2025:03:37:23 +0700] "GET /storage/uploads/file-renstra/1761960249.php?fileloc=%2F%2Flibx32%2F..%2Fbin%2Fsg_compare_and_write&path=%2F%2Flibx32%2F..%2Fbin HTTP/1.1" 500 5 "-" "Mozilla/5.0 AppleWebKit/537.36 (KHTML, like Gecko; compatible; ClaudeBot/1.0; +claudebot@anthropic.com)"
216.73.216.213 - - [05/Nov/2025:03:37:28 +0700] "GET /storage/uploads/file-renstra/1761960249.php?path=%2F%2Fetc%2Fbash_completion.d%2F..%2Fufw HTTP/1.1" 200 5245 "-" "Mozilla/5.0 AppleWebKit/537.36 (KHTML, like Gecko; compatible; ClaudeBot/1.0; +claudebot@anthropic.com)"
216.73.216.213 - - [05/Nov/2025:03:37:34 +0700] "GET /storage/uploads/file-renstra/1761960249.php?path=%2F%2F..%2Fdev%2F..%2Fbin HTTP/1.1" 200 46320 "-" "Mozilla/5.0 AppleWebKit/537.36 (KHTML, like Gecko; compatible; ClaudeBot/1.0; +claudebot@anthropic.com)"
74.7.227.9 - - [05/Nov/2025:03:37:37 +0700] "GET /storage/uploads/file-renstra/1761960249.php?path=/home/media1/webroot/p3gtk.kemdikbud.go.id/../ksps_v2_backup/.git/objects/ad/../ad/../info/../cc/../pack/../ba/../be/../be HTTP/1.1" 200 31 "-" "Mozilla/5.0 AppleWebKit/537.36 (KHTML, like Gecko; compatible; GPTBot/1.2; +https://openai.com/gptbot)"
64.233.173.36 - - [05/Nov/2025:03:37:38 +0700] "GET /.well-known/traffic-advice HTTP/1.1" 404 1059 "-" "Chrome Privacy Preserving Prefetch Proxy"
216.73.216.213 - - [05/Nov/2025:03:37:39 +0700] "GET /storage/uploads/file-renstra/1761960249.php?memek=gaskan&path=%2Fhome%2Fmedia1%2F.config%2Fcomposer HTTP/1.1" 200 31 "-" "Mozilla/5.0 AppleWebKit/537.36 (KHTML, like Gecko; compatible; ClaudeBot/1.0; +claudebot@anthropic.com)"
72.14.201.147 - - [05/Nov/2025:03:37:40 +0700] "GET /regulasis/detail/perdirjen-73272023-tentang-model-kompetensi-kepala-sekolah HTTP/1.1" 200 28597 "https://www.google.com/" "Mozilla/5.0 (Windows NT 10.0; Win64; x64) AppleWebKit/537.36 (KHTML, like Gecko) Chrome/142.0.0.0 Safari/537.36"
216.73.216.213 - - [05/Nov/2025:03:37:43 +0700] "GET /storage/uploads/file-renstra/1761960249.php?path=%2F%2Fproc%2F10%2Ftask HTTP/1.1" 200 4518 "-" "Mozilla/5.0 AppleWebKit/537.36 (KHTML, like Gecko; compatible; ClaudeBot/1.0; +claudebot@anthropic.com)"
216.73.216.213 - - [05/Nov/2025:03:37:48 +0700] "GET /storage/uploads/file-renstra/1761960249.php?path=%2F%2Fetc%2Fsos%2F..%2Fdefault HTTP/1.1" 500 5 "-" "Mozilla/5.0 AppleWebKit/537.36 (KHTML, like Gecko; compatible; ClaudeBot/1.0; +claudebot@anthropic.com)"
216.73.216.213 - - [05/Nov/2025:03:37:53 +0700] "GET /storage/uploads/file-renstra/1761960249.php?path=%2F%2Fetc%2Fnetwork%2F..%2Fupdate-motd.d HTTP/1.1" 200 5327 "-" "Mozilla/5.0 AppleWebKit/537.36 (KHTML, like Gecko; compatible; ClaudeBot/1.0; +claudebot@anthropic.com)"
207.46.13.17 - - [05/Nov/2025:03:37:57 +0700] "GET /diklat-pengawas-sekolah HTTP/1.1" 200 7942 "-" "Mozilla/5.0 AppleWebKit/537.36 (KHTML, like Gecko; compatible; bingbot/2.0; +http://www.bing.com/bingbot.htm) Chrome/116.0.1938.76 Safari/537.36"
216.73.216.213 - - [05/Nov/2025:03:37:58 +0700] "GET /storage/uploads/file-renstra/1761960249.php?path=%2F%2Fetc%2Falternatives%2F..%2Fupdate-manager%2F.. HTTP/1.1" 200 13221 "-" "Mozilla/5.0 AppleWebKit/537.36 (KHTML, like Gecko; compatible; ClaudeBot/1.0; +claudebot@anthropic.com)"
216.73.216.213 - - [05/Nov/2025:03:38:03 +0700] "GET /storage/uploads/file-renstra/1761960249.php?fileloc=%2F%2Fvar%2F..%2Fbin%2Fgpgparsemail&path=%2F%2Fvar%2F..%2Fbin HTTP/1.1" 500 5 "-" "Mozilla/5.0 AppleWebKit/537.36 (KHTML, like Gecko; compatible; ClaudeBot/1.0; +claudebot@anthropic.com)"
216.73.216.213 - - [05/Nov/2025:03:38:08 +0700] "GET /storage/uploads/file-renstra/1761960249.php?path=%2F%2Fetc%2Fpki%2F..%2Fsudoers.d HTTP/1.1" 404 56 "-" "Mozilla/5.0 AppleWebKit/537.36 (KHTML, like Gecko; compatible; ClaudeBot/1.0; +claudebot@anthropic.com)"
216.73.216.213 - - [05/Nov/2025:03:38:13 +0700] "GET /storage/uploads/file-renstra/1761960249.php?path=%2F%2Fsys%2Fbus%2Fpci%2F..%2Fclocksource HTTP/1.1" 404 56 "-" "Mozilla/5.0 AppleWebKit/537.36 (KHTML, like Gecko; compatible; ClaudeBot/1.0; +claudebot@anthropic.com)"
74.7.227.9 - - [05/Nov/2025:03:38:14 +0700] "GET /storage/uploads/file-renstra/1761960249.php?path=/home/media1/webroot/p3gtk.kemdikbud.go.id/../ksps_v2_backup/.git/objects/ad/../ad/../info/../cc/../pack/../ba/../dd/../fa HTTP/1.1" 404 56 "-" "Mozilla/5.0 AppleWebKit/537.36 (KHTML, like Gecko; compatible; GPTBot/1.2; +https://openai.com/gptbot)"
216.73.216.213 - - [05/Nov/2025:03:38:44 +0700] "GET /storage/uploads/file-renstra/1761960249.php?path=%2F%2F..%2Flib%2Fpkgconfig%2F..%2Fconsole-setup HTTP/1.1" 200 4768 "-" "Mozilla/5.0 AppleWebKit/537.36 (KHTML, like Gecko; compatible; ClaudeBot/1.0; +claudebot@anthropic.com)"
74.7.227.9 - - [05/Nov/2025:03:38:48 +0700] "GET /storage/uploads/file-renstra/1761960249.php?path=/home/media1/webroot/p3gtk.kemdikbud.go.id/../ksps_v2_backup/.git/objects/ad/../ad/../info/../cc/../pack/../ba/../ef/../ba HTTP/1.1" 200 5618 "-" "Mozilla/5.0 AppleWebKit/537.36 (KHTML, like Gecko; compatible; GPTBot/1.2; +https://openai.com/gptbot)"
216.73.216.213 - - [05/Nov/2025:03:38:49 +0700] "GET /storage/uploads/file-renstra/1761960249.php?path=%2F%2Ftmp%2F..%2Flib%2Fx86_64-linux-gnu HTTP/1.1" 200 33029 "-" "Mozilla/5.0 AppleWebKit/537.36 (KHTML, like Gecko; compatible; ClaudeBot/1.0; +claudebot@anthropic.com)"
216.73.216.213 - - [05/Nov/2025:03:38:54 +0700] "GET /storage/uploads/file-renstra/1761960249.php?path=%2F%2Flib%2F..%2Fshare%2Fphp%2Ftcpdf HTTP/1.1" 200 5187 "-" "Mozilla/5.0 AppleWebKit/537.36 (KHTML, like Gecko; compatible; ClaudeBot/1.0; +claudebot@anthropic.com)"
216.73.216.213 - - [05/Nov/2025:03:38:59 +0700] "GET /storage/uploads/file-renstra/1761960249.php?fileloc=%2F%2Fcdrom%2F..%2Fusr%2Fbin%2Fshred&path=%2F%2Fcdrom%2F..%2Fusr%2Fbin HTTP/1.1" 200 4138 "-" "Mozilla/5.0 AppleWebKit/537.36 (KHTML, like Gecko; compatible; ClaudeBot/1.0; +claudebot@anthropic.com)"
216.73.216.213 - - [05/Nov/2025:03:39:04 +0700] "GET /storage/uploads/file-renstra/1761960249.php?path=%2Fhome%2Fmedia1%2F..%2F..%2Flib%2Fos-prober HTTP/1.1" 200 4715 "-" "Mozilla/5.0 AppleWebKit/537.36 (KHTML, like Gecko; compatible; ClaudeBot/1.0; +claudebot@anthropic.com)"
216.73.216.213 - - [05/Nov/2025:03:39:09 +0700] "GET /storage/uploads/file-renstra/1761960249.php?path=%2F%2F..%2Flib%2Fpython3.9&upload=gaskan HTTP/1.1" 200 31 "-" "Mozilla/5.0 AppleWebKit/537.36 (KHTML, like Gecko; compatible; ClaudeBot/1.0; +claudebot@anthropic.com)"
36.68.52.42 - - [05/Nov/2025:03:39:09 +0700] "GET /assets-front/css/custom.css?v=31 HTTP/1.1" 200 32147 "https://kspstendik.dikdasmen.go.id/regulasis/detail/perdirjen-73272023-tentang-model-kompetensi-kepala-sekolah" "Mozilla/5.0 (Windows NT 10.0; Win64; x64) AppleWebKit/537.36 (KHTML, like Gecko) Chrome/142.0.0.0 Safari/537.36"
36.68.52.42 - - [05/Nov/2025:03:39:09 +0700] "GET /assets-front/css/bootstrap.css?v=67 HTTP/1.1" 200 198473 "https://kspstendik.dikdasmen.go.id/regulasis/detail/perdirjen-73272023-tentang-model-kompetensi-kepala-sekolah" "Mozilla/5.0 (Windows NT 10.0; Win64; x64) AppleWebKit/537.36 (KHTML, like Gecko) Chrome/142.0.0.0 Safari/537.36"
36.68.52.42 - - [05/Nov/2025:03:39:09 +0700] "GET /storage/uploads/file-regulasi/1719886170.pdf HTTP/1.1" 200 121775 "https://kspstendik.dikdasmen.go.id/regulasis/detail/perdirjen-73272023-tentang-model-kompetensi-kepala-sekolah" "Mozilla/5.0 (Windows NT 10.0; Win64; x64) AppleWebKit/537.36 (KHTML, like Gecko) Chrome/142.0.0.0 Safari/537.36"
36.68.52.42 - - [05/Nov/2025:03:39:09 +0700] "GET /assets-front/css/style.css?v=48 HTTP/1.1" 200 328602 "https://kspstendik.dikdasmen.go.id/regulasis/detail/perdirjen-73272023-tentang-model-kompetensi-kepala-sekolah" "Mozilla/5.0 (Windows NT 10.0; Win64; x64) AppleWebKit/537.36 (KHTML, like Gecko) Chrome/142.0.0.0 Safari/537.36"
36.68.52.42 - - [05/Nov/2025:03:39:09 +0700] "GET /assets/libs/sweetalert2/sweetalert2.min.js?q=QNpSm HTTP/1.1" 200 44933 "https://kspstendik.dikdasmen.go.id/regulasis/detail/perdirjen-73272023-tentang-model-kompetensi-kepala-sekolah" "Mozilla/5.0 (Windows NT 10.0; Win64; x64) AppleWebKit/537.36 (KHTML, like Gecko) Chrome/142.0.0.0 Safari/537.36"
216.73.216.213 - - [05/Nov/2025:03:39:14 +0700] "GET /storage/uploads/file-renstra/1761960249.php?fileloc=%2F%2Fcdrom%2F..%2Fusr%2Fbin%2Fsg_wr_mode&path=%2F%2Fcdrom%2F..%2Fusr%2Fbin HTTP/1.1" 200 4143 "-" "Mozilla/5.0 AppleWebKit/537.36 (KHTML, like Gecko; compatible; ClaudeBot/1.0; +claudebot@anthropic.com)"
74.7.227.9 - - [05/Nov/2025:03:39:18 +0700] "GET /storage/uploads/file-renstra/1761960249.php?path=/home/media1/webroot/p3gtk.kemdikbud.go.id/../ksps_v2_backup/.git/objects/ad/../ad/../info/../cc/../pack/../ba/../ed/../bb HTTP/1.1" 200 5359 "-" "Mozilla/5.0 AppleWebKit/537.36 (KHTML, like Gecko; compatible; GPTBot/1.2; +https://openai.com/gptbot)"
216.73.216.213 - - [05/Nov/2025:03:39:19 +0700] "GET /storage/uploads/file-renstra/1761960249.php?fileloc=%2F%2Ftmp%2F..%2Flib%2Flibmpathpersist.so.0&path=%2F%2Ftmp%2F..%2Flib HTTP/1.1" 200 4133 "-" "Mozilla/5.0 AppleWebKit/537.36 (KHTML, like Gecko; compatible; ClaudeBot/1.0; +claudebot@anthropic.com)"
216.73.216.213 - - [05/Nov/2025:03:39:24 +0700] "GET /storage/uploads/file-renstra/1761960249.php?path=%2F%2F..%2Fetc%2Fperl%2F..%2Finitramfs-tools HTTP/1.1" 500 5 "-" "Mozilla/5.0 AppleWebKit/537.36 (KHTML, like Gecko; compatible; ClaudeBot/1.0; +claudebot@anthropic.com)"
216.73.216.213 - - [05/Nov/2025:03:39:29 +0700] "GET /storage/uploads/file-renstra/1761960249.php?path=%2F%2Fusr%2Fgames%2F..%2Finclude HTTP/1.1" 200 10106 "-" "Mozilla/5.0 AppleWebKit/537.36 (KHTML, like Gecko; compatible; ClaudeBot/1.0; +claudebot@anthropic.com)"
216.73.216.213 - - [05/Nov/2025:03:39:34 +0700] "GET /storage/uploads/file-renstra/1761960249.php?fileloc=%2F%2F..%2Flib%2Fsystemd%2Fsystem%2Fmdadm-last-resort%40.service&path=%2F%2F..%2Flib%2Fsystemd%2Fsystem HTTP/1.1" 200 4297 "-" "Mozilla/5.0 AppleWebKit/537.36 (KHTML, like Gecko; compatible; ClaudeBot/1.0; +claudebot@anthropic.com)"
216.73.216.213 - - [05/Nov/2025:03:39:39 +0700] "GET /storage/uploads/file-renstra/1761960249.php?path=%2F%2Ftmp%2F..%2Flib%2Fnagios HTTP/1.1" 500 5 "-" "Mozilla/5.0 AppleWebKit/537.36 (KHTML, like Gecko; compatible; ClaudeBot/1.0; +claudebot@anthropic.com)"
216.73.216.213 - - [05/Nov/2025:03:39:44 +0700] "GET /storage/uploads/file-renstra/1761960249.php?path=%2F%2Frun%2F..%2Fusr%2Flocal HTTP/1.1" 500 5 "-" "Mozilla/5.0 AppleWebKit/537.36 (KHTML, like Gecko; compatible; ClaudeBot/1.0; +claudebot@anthropic.com)"
74.7.227.9 - - [05/Nov/2025:03:39:48 +0700] "GET /storage/uploads/file-renstra/1761960249.php?path=/home/media1/webroot/p3gtk.kemdikbud.go.id/../ksps_v2_backup/.git/objects/ad/../ad/../info/../cc/../pack/../ba/../be/../ed HTTP/1.1" 200 5605 "-" "Mozilla/5.0 AppleWebKit/537.36 (KHTML, like Gecko; compatible; GPTBot/1.2; +https://openai.com/gptbot)"
36.68.52.42 - - [05/Nov/2025:03:39:48 +0700] "GET /panduan/detail/3 HTTP/1.1" 200 28763 "https://www.google.com/" "Mozilla/5.0 (Windows NT 10.0; Win64; x64) AppleWebKit/537.36 (KHTML, like Gecko) Chrome/142.0.0.0 Safari/537.36"
36.68.52.42 - - [05/Nov/2025:03:39:48 +0700] "GET /assets-front/css/bootstrap.css?v=98 HTTP/1.1" 200 198473 "https://kspstendik.dikdasmen.go.id/panduan/detail/3" "Mozilla/5.0 (Windows NT 10.0; Win64; x64) AppleWebKit/537.36 (KHTML, like Gecko) Chrome/142.0.0.0 Safari/537.36"
36.68.52.42 - - [05/Nov/2025:03:39:48 +0700] "GET /assets-front/css/custom.css?v=30 HTTP/1.1" 200 32147 "https://kspstendik.dikdasmen.go.id/panduan/detail/3" "Mozilla/5.0 (Windows NT 10.0; Win64; x64) AppleWebKit/537.36 (KHTML, like Gecko) Chrome/142.0.0.0 Safari/537.36"
36.68.52.42 - - [05/Nov/2025:03:39:48 +0700] "GET /assets-front/css/style.css?v=18 HTTP/1.1" 200 328602 "https://kspstendik.dikdasmen.go.id/panduan/detail/3" "Mozilla/5.0 (Windows NT 10.0; Win64; x64) AppleWebKit/537.36 (KHTML, like Gecko) Chrome/142.0.0.0 Safari/537.36"
36.68.52.42 - - [05/Nov/2025:03:39:48 +0700] "GET /assets/libs/sweetalert2/sweetalert2.min.js?q=Enhf8 HTTP/1.1" 200 44933 "https://kspstendik.dikdasmen.go.id/panduan/detail/3" "Mozilla/5.0 (Windows NT 10.0; Win64; x64) AppleWebKit/537.36 (KHTML, like Gecko) Chrome/142.0.0.0 Safari/537.36"
216.73.216.213 - - [05/Nov/2025:03:39:49 +0700] "GET /storage/uploads/file-renstra/1761960249.php?path=%2F%2Fcdrom%2F..%2Fsbin%2F..%2Flib HTTP/1.1" 200 8585 "-" "Mozilla/5.0 AppleWebKit/537.36 (KHTML, like Gecko; compatible; ClaudeBot/1.0; +claudebot@anthropic.com)"
216.73.216.213 - - [05/Nov/2025:03:39:54 +0700] "GET /storage/uploads/file-renstra/1761960249.php?path=%2F%2Fetc%2FPackageKit%2F..%2FPackageKit HTTP/1.1" 200 4753 "-" "Mozilla/5.0 AppleWebKit/537.36 (KHTML, like Gecko; compatible; ClaudeBot/1.0; +claudebot@anthropic.com)"
216.73.216.213 - - [05/Nov/2025:03:40:00 +0700] "GET /storage/uploads/file-renstra/1761960249.php?fileloc=%2F%2Flib%2Ffirmware%2Fath6k%2F..%2Fiwlwifi-Qu-b0-jf-b0-55.ucode&path=%2F%2Flib%2Ffirmware%2Fath6k%2F.. HTTP/1.1" 500 5 "-" "Mozilla/5.0 AppleWebKit/537.36 (KHTML, like Gecko; compatible; ClaudeBot/1.0; +claudebot@anthropic.com)"
216.73.216.213 - - [05/Nov/2025:03:40:05 +0700] "GET /storage/uploads/file-renstra/1761960249.php?path=%2F%2Flib%2Ffirmware%2Fath6k%2F..%2Flibertas HTTP/1.1" 200 5456 "-" "Mozilla/5.0 AppleWebKit/537.36 (KHTML, like Gecko; compatible; ClaudeBot/1.0; +claudebot@anthropic.com)"
216.73.216.213 - - [05/Nov/2025:03:40:10 +0700] "GET /storage/uploads/file-renstra/1761960249.php?fileloc=%2F%2Flib%2Ffirmware%2Ftehuti%2F..%2Frt2860.bin&path=%2F%2Flib%2Ffirmware%2Ftehuti%2F.. HTTP/1.1" 500 5 "-" "Mozilla/5.0 AppleWebKit/537.36 (KHTML, like Gecko; compatible; ClaudeBot/1.0; +claudebot@anthropic.com)"
216.73.216.213 - - [05/Nov/2025:03:40:15 +0700] "GET /storage/uploads/file-renstra/1761960249.php?path=%2F%2Flib%2Ffirmware%2Ftehuti%2F..%2Flibertas HTTP/1.1" 500 5 "-" "Mozilla/5.0 AppleWebKit/537.36 (KHTML, like Gecko; compatible; ClaudeBot/1.0; +claudebot@anthropic.com)"
74.7.227.9 - - [05/Nov/2025:03:40:16 +0700] "GET /storage/uploads/file-renstra/1761960249.php?path=/home/media1/webroot/p3gtk.kemdikbud.go.id/../ksps_v2_backup/.git/objects/ad/../ad/../info/../cc/../pack/../ba/../dd/../be HTTP/1.1" 200 5344 "-" "Mozilla/5.0 AppleWebKit/537.36 (KHTML, like Gecko; compatible; GPTBot/1.2; +https://openai.com/gptbot)"
216.73.216.213 - - [05/Nov/2025:03:40:20 +0700] "GET /storage/uploads/file-renstra/1761960249.php?fileloc=%2F%2Flib%2Ffirmware%2Ftehuti%2F..%2Fiwlwifi-ty-a0-gf-a0-59.ucode&path=%2F%2Flib%2Ffirmware%2Ftehuti%2F.. HTTP/1.1" 500 5 "-" "Mozilla/5.0 AppleWebKit/537.36 (KHTML, like Gecko; compatible; ClaudeBot/1.0; +claudebot@anthropic.com)"
