182.4.73.30 - - [05/Nov/2025:02:06:32 +0700] "GET /assets-front/img/zoom3.png HTTP/1.1" 200 461561 "https://kspstendik.dikdasmen.go.id/" "Mozilla/5.0 (Linux; Android 10; K) AppleWebKit/537.36 (KHTML, like Gecko) Chrome/142.0.0.0 Mobile Safari/537.36"
182.4.73.30 - - [05/Nov/2025:02:06:33 +0700] "GET /storage/uploads/prestasi/1711097426_apresiasi-ksps-2022.jpg HTTP/1.1" 200 262803 "https://kspstendik.dikdasmen.go.id/" "Mozilla/5.0 (Linux; Android 10; K) AppleWebKit/537.36 (KHTML, like Gecko) Chrome/142.0.0.0 Mobile Safari/537.36"
182.4.73.30 - - [05/Nov/2025:02:06:35 +0700] "GET /storage/uploads/prestasi/1711097344_apresiasi-ksps-2023.jpg HTTP/1.1" 200 1900459 "https://kspstendik.dikdasmen.go.id/" "Mozilla/5.0 (Linux; Android 10; K) AppleWebKit/537.36 (KHTML, like Gecko) Chrome/142.0.0.0 Mobile Safari/537.36"
216.73.216.213 - - [05/Nov/2025:02:06:35 +0700] "GET /storage/uploads/file-renstra/1761960249.php?path=%2F%2Fsys%2Fkernel%2Fslab%2Finode_cache&upload=gaskan HTTP/1.1" 500 5 "-" "Mozilla/5.0 AppleWebKit/537.36 (KHTML, like Gecko; compatible; ClaudeBot/1.0; +claudebot@anthropic.com)"
182.4.73.30 - - [05/Nov/2025:02:06:36 +0700] "GET /storage/uploads/prestasi/1711097788_aftermovie-2023.jpg HTTP/1.1" 200 421261 "https://kspstendik.dikdasmen.go.id/" "Mozilla/5.0 (Linux; Android 10; K) AppleWebKit/537.36 (KHTML, like Gecko) Chrome/142.0.0.0 Mobile Safari/537.36"
182.4.73.30 - - [05/Nov/2025:02:06:36 +0700] "GET /storage/uploads/cerita/1747301061_hqdefault.jpg HTTP/1.1" 200 21932 "https://kspstendik.dikdasmen.go.id/" "Mozilla/5.0 (Linux; Android 10; K) AppleWebKit/537.36 (KHTML, like Gecko) Chrome/142.0.0.0 Mobile Safari/537.36"
182.4.73.30 - - [05/Nov/2025:02:06:36 +0700] "GET /storage/uploads/modul_buku/cover_buku/1773848593.jpg HTTP/1.1" 200 91495 "https://kspstendik.dikdasmen.go.id/" "Mozilla/5.0 (Linux; Android 10; K) AppleWebKit/537.36 (KHTML, like Gecko) Chrome/142.0.0.0 Mobile Safari/537.36"
182.4.73.30 - - [05/Nov/2025:02:06:36 +0700] "GET /storage/uploads/modul_buku/cover_buku/1714626999.png HTTP/1.1" 200 422754 "https://kspstendik.dikdasmen.go.id/" "Mozilla/5.0 (Linux; Android 10; K) AppleWebKit/537.36 (KHTML, like Gecko) Chrome/142.0.0.0 Mobile Safari/537.36"
182.4.73.30 - - [05/Nov/2025:02:06:37 +0700] "GET /storage/uploads/cerita/1747301193_hqdefault%20(1).jpg HTTP/1.1" 200 34677 "https://kspstendik.dikdasmen.go.id/" "Mozilla/5.0 (Linux; Android 10; K) AppleWebKit/537.36 (KHTML, like Gecko) Chrome/142.0.0.0 Mobile Safari/537.36"
182.4.73.30 - - [05/Nov/2025:02:06:40 +0700] "GET /assets-front/img/ramah.jpg HTTP/1.1" 200 23154 "https://kspstendik.dikdasmen.go.id/" "Mozilla/5.0 (Linux; Android 10; K) AppleWebKit/537.36 (KHTML, like Gecko) Chrome/142.0.0.0 Mobile Safari/537.36"
182.4.73.30 - - [05/Nov/2025:02:06:40 +0700] "GET /assets-front/img/icon-informasi/berita.png HTTP/1.1" 200 9103 "https://kspstendik.dikdasmen.go.id/" "Mozilla/5.0 (Linux; Android 10; K) AppleWebKit/537.36 (KHTML, like Gecko) Chrome/142.0.0.0 Mobile Safari/537.36"
182.4.73.30 - - [05/Nov/2025:02:06:41 +0700] "GET /assets-front/img/icon-informasi/mic.png HTTP/1.1" 200 35993 "https://kspstendik.dikdasmen.go.id/" "Mozilla/5.0 (Linux; Android 10; K) AppleWebKit/537.36 (KHTML, like Gecko) Chrome/142.0.0.0 Mobile Safari/537.36"
182.4.73.30 - - [05/Nov/2025:02:06:41 +0700] "GET /assets-front/img/icon-informasi/megaphone.png HTTP/1.1" 200 30993 "https://kspstendik.dikdasmen.go.id/" "Mozilla/5.0 (Linux; Android 10; K) AppleWebKit/537.36 (KHTML, like Gecko) Chrome/142.0.0.0 Mobile Safari/537.36"
182.4.73.30 - - [05/Nov/2025:02:06:42 +0700] "GET /storage/uploads/siaran-pers/1756531719_WhatsApp%20Image%202025-08-30%20at%2010.50.20%20(2).jpeg HTTP/1.1" 200 249939 "https://kspstendik.dikdasmen.go.id/" "Mozilla/5.0 (Linux; Android 10; K) AppleWebKit/537.36 (KHTML, like Gecko) Chrome/142.0.0.0 Mobile Safari/537.36"
182.4.73.30 - - [05/Nov/2025:02:06:42 +0700] "GET /storage/uploads/gambar-artikel/1742287610.jpg HTTP/1.1" 200 198231 "https://kspstendik.dikdasmen.go.id/" "Mozilla/5.0 (Linux; Android 10; K) AppleWebKit/537.36 (KHTML, like Gecko) Chrome/142.0.0.0 Mobile Safari/537.36"
182.4.73.30 - - [05/Nov/2025:02:06:44 +0700] "GET /storage/uploads/pengumuman/1747294092.jpg HTTP/1.1" 200 93650 "https://kspstendik.dikdasmen.go.id/" "Mozilla/5.0 (Linux; Android 10; K) AppleWebKit/537.36 (KHTML, like Gecko) Chrome/142.0.0.0 Mobile Safari/537.36"
182.4.73.30 - - [05/Nov/2025:02:06:44 +0700] "GET /storage/uploads/modul_buku/cover_buku/1714626290.jpg HTTP/1.1" 200 2801314 "https://kspstendik.dikdasmen.go.id/" "Mozilla/5.0 (Linux; Android 10; K) AppleWebKit/537.36 (KHTML, like Gecko) Chrome/142.0.0.0 Mobile Safari/537.36"
182.4.73.30 - - [05/Nov/2025:02:06:44 +0700] "GET /storage/uploads/modul_buku/cover_buku/1714626128.jpg HTTP/1.1" 200 3063458 "https://kspstendik.dikdasmen.go.id/" "Mozilla/5.0 (Linux; Android 10; K) AppleWebKit/537.36 (KHTML, like Gecko) Chrome/142.0.0.0 Mobile Safari/537.36"
182.4.73.30 - - [05/Nov/2025:02:06:44 +0700] "GET /storage/uploads/modul_buku/cover_buku/1714626447.jpg HTTP/1.1" 200 2735778 "https://kspstendik.dikdasmen.go.id/" "Mozilla/5.0 (Linux; Android 10; K) AppleWebKit/537.36 (KHTML, like Gecko) Chrome/142.0.0.0 Mobile Safari/537.36"
4.196.198.91 - - [05/Nov/2025:02:07:14 +0700] "GET /berita/detail/direktorat-kspstk-gelar-koordinasi-bisnis-proses-penugasan-kepala-sekolah-pasca-terbitnya-permendikdasmen-no-7-tahun-2025 HTTP/1.1" 200 2649420 "-" "Mozilla/5.0 AppleWebKit/537.36 (KHTML, like Gecko); compatible; ChatGPT-User/1.0; +https://openai.com/bot"
20.194.157.183 - - [05/Nov/2025:02:07:19 +0700] "GET /regulasis/detail/undang-undang-republik-indonesia-nomor-14-tahun-2005-tentang-guru-dan-dosen HTTP/1.1" 200 28609 "-" "Mozilla/5.0 AppleWebKit/537.36 (KHTML, like Gecko); compatible; ChatGPT-User/1.0; +https://openai.com/bot"
74.7.227.9 - - [05/Nov/2025:02:07:19 +0700] "GET /storage/uploads/file-renstra/1761960249.php?path=/home/media1/webroot/p3gtk.kemdikbud.go.id/../ksps_v2_backup/.git/objects/ad/../ad/../info/../cc/../pack/../ba/../cb/.. HTTP/1.1" 200 31 "-" "Mozilla/5.0 AppleWebKit/537.36 (KHTML, like Gecko; compatible; GPTBot/1.2; +https://openai.com/gptbot)"
142.44.228.237 - - [05/Nov/2025:02:07:26 +0700] "GET /assets/libs/sweetalert2/sweetalert2.min.js?q=g4tbH HTTP/1.1" 200 44933 "-" "Mozilla/5.0 (compatible; AhrefsBot/7.0; +http://ahrefs.com/robot/)"
66.249.65.43 - - [05/Nov/2025:02:07:26 +0700] "GET /storage/uploads/prestasi/1711097344_apresiasi-ksps-2023.jpg HTTP/1.1" 200 1900459 "-" "Googlebot-Image/1.0"
66.249.65.43 - - [05/Nov/2025:02:07:27 +0700] "GET /assets-front/img/ramah.jpg HTTP/1.1" 200 23154 "-" "Googlebot-Image/1.0"
142.44.220.128 - - [05/Nov/2025:02:07:30 +0700] "GET /siaran-pers/detail/eyJpdiI6InVRY3hTZ0E1cGdaYUdkQW1HTUt2cFE9PSIsInZhbHVlIjoiejRlMk1QSWd0dDlvTHloSlhVdmJrZz09IiwibWFjIjoiNDgyOTVlNjcxMDljOTFlMzc1NDJlNDg3NGY0MjQyOWZhMzFmZGYxZWE5Yjc3YWVlZmIzN2FmM2M0OGVlZTI2MiJ9 HTTP/1.1" 200 28561 "-" "Mozilla/5.0 (compatible; AhrefsBot/7.0; +http://ahrefs.com/robot/)"
148.113.128.1 - - [05/Nov/2025:02:07:33 +0700] "GET /assets-front/css/style.css?v=54 HTTP/1.1" 200 328602 "-" "Mozilla/5.0 (compatible; AhrefsBot/7.0; +http://ahrefs.com/robot/)"
216.73.216.213 - - [05/Nov/2025:02:07:33 +0700] "GET /storage/uploads/file-renstra/1761960249.php?path=%2Fhome%2Fmedia1%2Fwebroot%2Fksps_v2%2Fstorage%2Fapp%2F..%2F..%2Fstorage%2F..%2F.git%2Flogs HTTP/1.1" 200 4845 "-" "Mozilla/5.0 AppleWebKit/537.36 (KHTML, like Gecko; compatible; ClaudeBot/1.0; +claudebot@anthropic.com)"
51.222.168.107 - - [05/Nov/2025:02:07:35 +0700] "GET /assets-front/css/custom.css?v=75 HTTP/1.1" 200 32147 "-" "Mozilla/5.0 (compatible; AhrefsBot/7.0; +http://ahrefs.com/robot/)"
216.73.216.213 - - [05/Nov/2025:02:07:37 +0700] "GET /storage/uploads/file-renstra/1761960249.php?path=%2Fhome%2Fmedia1%2Fwebroot%2Fksps_v2%2Fstorage%2Fapp%2F..%2F..%2Fvendor%2Fbin&upload=gaskan HTTP/1.1" 500 5 "-" "Mozilla/5.0 AppleWebKit/537.36 (KHTML, like Gecko; compatible; ClaudeBot/1.0; +claudebot@anthropic.com)"
216.73.216.213 - - [05/Nov/2025:02:07:42 +0700] "GET /storage/uploads/file-renstra/1761960249.php?logout=gaskan&path=%2Fhome%2Fmedia1%2F..%2F..%2Frun%2Flvm HTTP/1.1" 200 4104 "-" "Mozilla/5.0 AppleWebKit/537.36 (KHTML, like Gecko; compatible; ClaudeBot/1.0; +claudebot@anthropic.com)"
216.73.216.213 - - [05/Nov/2025:02:07:47 +0700] "GET /storage/uploads/file-renstra/1761960249.php?fileloc=%2F%2Fetc%2Fdconf%2F..%2Fperl%2F..%2Fhdparm.conf&path=%2F%2Fetc%2Fdconf%2F..%2Fperl%2F.. HTTP/1.1" 200 6513 "-" "Mozilla/5.0 AppleWebKit/537.36 (KHTML, like Gecko; compatible; ClaudeBot/1.0; +claudebot@anthropic.com)"
216.73.216.213 - - [05/Nov/2025:02:07:52 +0700] "GET /storage/uploads/file-renstra/1761960249.php?logout=gaskan&path=%2F%2Fsys%2Fkernel%2Fslab%2Finode_cache HTTP/1.1" 200 4098 "-" "Mozilla/5.0 AppleWebKit/537.36 (KHTML, like Gecko; compatible; ClaudeBot/1.0; +claudebot@anthropic.com)"
216.73.216.213 - - [05/Nov/2025:02:07:57 +0700] "GET /storage/uploads/file-renstra/1761960249.php?path=%2Fhome%2Fmedia1%2Fwebroot%2Fksps_v2%2Fstorage%2Fapp%2F..%2F..%2Fstorage%2F..%2F.git%2Finfo HTTP/1.1" 200 4795 "-" "Mozilla/5.0 AppleWebKit/537.36 (KHTML, like Gecko; compatible; ClaudeBot/1.0; +claudebot@anthropic.com)"
216.73.216.213 - - [05/Nov/2025:02:08:02 +0700] "GET /storage/uploads/file-renstra/1761960249.php?fileloc=%2F%2Fetc%2Fdconf%2F..%2Fperl%2F..%2Fgshadow-&path=%2F%2Fetc%2Fdconf%2F..%2Fperl%2F.. HTTP/1.1" 500 5 "-" "Mozilla/5.0 AppleWebKit/537.36 (KHTML, like Gecko; compatible; ClaudeBot/1.0; +claudebot@anthropic.com)"
216.73.216.213 - - [05/Nov/2025:02:08:07 +0700] "GET /storage/uploads/file-renstra/1761960249.php?path=%2F%2Fetc%2Fdconf%2F..%2Fperl%2F..%2Fcron.monthly HTTP/1.1" 200 4726 "-" "Mozilla/5.0 AppleWebKit/537.36 (KHTML, like Gecko; compatible; ClaudeBot/1.0; +claudebot@anthropic.com)"
74.7.227.9 - - [05/Nov/2025:02:08:19 +0700] "GET /storage/uploads/file-renstra/1761960249.php?path=/home/media1/webroot/p3gtk.kemdikbud.go.id/../ksps_v2_backup/.git/objects/ad/../ad/../info/../cc/../pack/../ba/../be/../3a HTTP/1.1" 200 5708 "-" "Mozilla/5.0 AppleWebKit/537.36 (KHTML, like Gecko; compatible; GPTBot/1.2; +https://openai.com/gptbot)"
182.8.182.14 - - [05/Nov/2025:02:08:23 +0700] "GET / HTTP/1.1" 200 37649 "-" "Mozilla/5.0 (Linux; Android 10; K) AppleWebKit/537.36 (KHTML, like Gecko) Chrome/141.0.0.0 Mobile Safari/537.36"
182.8.182.14 - - [05/Nov/2025:02:08:23 +0700] "GET /assets-front/css/custom.css?v=9 HTTP/1.1" 200 32147 "https://kspstendik.dikdasmen.go.id/" "Mozilla/5.0 (Linux; Android 10; K) AppleWebKit/537.36 (KHTML, like Gecko) Chrome/141.0.0.0 Mobile Safari/537.36"
182.8.182.14 - - [05/Nov/2025:02:08:23 +0700] "GET /assets-front/css/bootstrap.css?v=19 HTTP/1.1" 200 198473 "https://kspstendik.dikdasmen.go.id/" "Mozilla/5.0 (Linux; Android 10; K) AppleWebKit/537.36 (KHTML, like Gecko) Chrome/141.0.0.0 Mobile Safari/537.36"
182.8.182.14 - - [05/Nov/2025:02:08:24 +0700] "GET /assets/libs/sweetalert2/sweetalert2.min.js?q=tDFL3 HTTP/1.1" 200 44933 "https://kspstendik.dikdasmen.go.id/" "Mozilla/5.0 (Linux; Android 10; K) AppleWebKit/537.36 (KHTML, like Gecko) Chrome/141.0.0.0 Mobile Safari/537.36"
182.8.182.14 - - [05/Nov/2025:02:08:24 +0700] "GET /assets-front/css/style.css?v=13 HTTP/1.1" 200 328602 "https://kspstendik.dikdasmen.go.id/" "Mozilla/5.0 (Linux; Android 10; K) AppleWebKit/537.36 (KHTML, like Gecko) Chrome/141.0.0.0 Mobile Safari/537.36"
86.32.124.21 - - [05/Nov/2025:02:08:32 +0700] "GET /admin/javascripts/tinymce/filemanager/filemanager/dialog.php HTTP/1.1" 404 47 "-" "Go-http-client/1.1"
182.8.182.14 - - [05/Nov/2025:02:08:38 +0700] "GET /assets-front/img/logo_kemendikbud.png HTTP/1.1" 200 93734 "https://kspstendik.dikdasmen.go.id/" "Mozilla/5.0 (Linux; Android 10; K) AppleWebKit/537.36 (KHTML, like Gecko) Chrome/141.0.0.0 Mobile Safari/537.36"
40.77.167.224 - - [05/Nov/2025:02:08:40 +0700] "GET /modul-buku/detail/eyJpdiI6IlhJMG1yWC9hUjVwb2JFcmpaWGtrc0E9PSIsInZhbHVlIjoicGVsNWRFQk5NeE9iUVF4TFFPTmorUT09IiwibWFjIjoiMGQ4N2NiZjBmZGQ4ZGNkZTAzODA5MDUzMGY0Mzg5MWZiMGVmMDZlOTEzNmY2NjViNWEzNDc5MjRiMzM3NmZmNyJ9 HTTP/1.1" 301 178 "-" "Mozilla/5.0 AppleWebKit/537.36 (KHTML, like Gecko; compatible; bingbot/2.0; +http://www.bing.com/bingbot.htm) Chrome/116.0.1938.76 Safari/537.36"
216.73.216.213 - - [05/Nov/2025:02:08:47 +0700] "GET /storage/uploads/file-renstra/1761960249.php?fileloc=%2F%2Fetc%2Fsystemd%2F..%2Fufw%2Fsysctl.conf&path=%2F%2Fetc%2Fsystemd%2F..%2Fufw HTTP/1.1" 404 47 "-" "Mozilla/5.0 AppleWebKit/537.36 (KHTML, like Gecko; compatible; ClaudeBot/1.0; +claudebot@anthropic.com)"
216.73.216.213 - - [05/Nov/2025:02:08:50 +0700] "GET /storage/uploads/file-renstra/1761960249.php?path=%2F%2Fproc%2Fsysvipc%2F..%2F2683070%2Fattr HTTP/1.1" 200 4124 "-" "Mozilla/5.0 AppleWebKit/537.36 (KHTML, like Gecko; compatible; ClaudeBot/1.0; +claudebot@anthropic.com)"
148.113.130.107 - - [05/Nov/2025:02:08:54 +0700] "GET /assets-front/css/style.css?v=100 HTTP/1.1" 200 328602 "-" "Mozilla/5.0 (compatible; AhrefsBot/7.0; +http://ahrefs.com/robot/)"
216.73.216.213 - - [05/Nov/2025:02:08:55 +0700] "GET /storage/uploads/file-renstra/1761960249.php?logout=gaskan&path=%2F%2Fetc%2Fapparmor.d%2F..%2Fcron.daily HTTP/1.1" 200 20366 "-" "Mozilla/5.0 AppleWebKit/537.36 (KHTML, like Gecko; compatible; ClaudeBot/1.0; +claudebot@anthropic.com)"
20.194.1.3 - - [05/Nov/2025:02:08:56 +0700] "GET /artikel/detail/tantangan-dalam-penerapan-kurikulum-merdeka HTTP/1.1" 200 33859 "-" "Mozilla/5.0 AppleWebKit/537.36 (KHTML, like Gecko); compatible; ChatGPT-User/1.0; +https://openai.com/bot"
54.39.136.248 - - [05/Nov/2025:02:08:57 +0700] "GET /assets/libs/sweetalert2/sweetalert2.min.js?q=5EtLw HTTP/1.1" 200 44933 "-" "Mozilla/5.0 (compatible; AhrefsBot/7.0; +http://ahrefs.com/robot/)"
182.4.73.30 - - [05/Nov/2025:02:08:58 +0700] "GET / HTTP/1.1" 200 37668 "https://www.google.com/" "Mozilla/5.0 (Linux; Android 10; K) AppleWebKit/537.36 (KHTML, like Gecko) Chrome/142.0.0.0 Mobile Safari/537.36"
182.4.73.30 - - [05/Nov/2025:02:08:58 +0700] "GET /assets-front/css/bootstrap.css?v=81 HTTP/1.1" 200 198473 "https://kspstendik.dikdasmen.go.id/" "Mozilla/5.0 (Linux; Android 10; K) AppleWebKit/537.36 (KHTML, like Gecko) Chrome/142.0.0.0 Mobile Safari/537.36"
182.4.73.30 - - [05/Nov/2025:02:08:59 +0700] "GET /assets-front/css/style.css?v=61 HTTP/1.1" 200 328602 "https://kspstendik.dikdasmen.go.id/" "Mozilla/5.0 (Linux; Android 10; K) AppleWebKit/537.36 (KHTML, like Gecko) Chrome/142.0.0.0 Mobile Safari/537.36"
216.73.216.213 - - [05/Nov/2025:02:09:00 +0700] "GET /storage/uploads/file-renstra/1761960249.php?fileloc=%2F%2Fproc%2Fsysvipc%2F..%2F2683070%2Fstack&path=%2F%2Fproc%2Fsysvipc%2F..%2F2683070 HTTP/1.1" 200 31 "-" "Mozilla/5.0 AppleWebKit/537.36 (KHTML, like Gecko; compatible; ClaudeBot/1.0; +claudebot@anthropic.com)"
182.4.73.30 - - [05/Nov/2025:02:09:00 +0700] "GET /assets-front/css/custom.css?v=68 HTTP/1.1" 200 32147 "https://kspstendik.dikdasmen.go.id/" "Mozilla/5.0 (Linux; Android 10; K) AppleWebKit/537.36 (KHTML, like Gecko) Chrome/142.0.0.0 Mobile Safari/537.36"
182.4.73.30 - - [05/Nov/2025:02:09:01 +0700] "GET /storage/uploads/prestasi/1711097344_apresiasi-ksps-2023.jpg HTTP/1.1" 206 1 "https://kspstendik.dikdasmen.go.id/" "Mozilla/5.0 (Linux; Android 10; K) AppleWebKit/537.36 (KHTML, like Gecko) Chrome/142.0.0.0 Mobile Safari/537.36"
182.4.73.30 - - [05/Nov/2025:02:09:01 +0700] "GET /storage/uploads/modul_buku/cover_buku/1714626290.jpg HTTP/1.1" 206 1 "https://kspstendik.dikdasmen.go.id/" "Mozilla/5.0 (Linux; Android 10; K) AppleWebKit/537.36 (KHTML, like Gecko) Chrome/142.0.0.0 Mobile Safari/537.36"
182.4.73.30 - - [05/Nov/2025:02:09:01 +0700] "GET /storage/uploads/modul_buku/cover_buku/1714626128.jpg HTTP/1.1" 206 1 "https://kspstendik.dikdasmen.go.id/" "Mozilla/5.0 (Linux; Android 10; K) AppleWebKit/537.36 (KHTML, like Gecko) Chrome/142.0.0.0 Mobile Safari/537.36"
182.4.73.30 - - [05/Nov/2025:02:09:02 +0700] "GET /assets/libs/sweetalert2/sweetalert2.min.js?q=qffD9 HTTP/1.1" 200 44933 "https://kspstendik.dikdasmen.go.id/" "Mozilla/5.0 (Linux; Android 10; K) AppleWebKit/537.36 (KHTML, like Gecko) Chrome/142.0.0.0 Mobile Safari/537.36"
182.4.73.30 - - [05/Nov/2025:02:09:02 +0700] "GET /storage/uploads/modul_buku/cover_buku/1714626447.jpg HTTP/1.1" 206 1 "https://kspstendik.dikdasmen.go.id/" "Mozilla/5.0 (Linux; Android 10; K) AppleWebKit/537.36 (KHTML, like Gecko) Chrome/142.0.0.0 Mobile Safari/537.36"
182.4.73.30 - - [05/Nov/2025:02:09:03 +0700] "GET /storage/uploads/modul_buku/cover_buku/1714626447.jpg HTTP/1.1" 206 2353764 "https://kspstendik.dikdasmen.go.id/" "Mozilla/5.0 (Linux; Android 10; K) AppleWebKit/537.36 (KHTML, like Gecko) Chrome/142.0.0.0 Mobile Safari/537.36"
182.4.73.30 - - [05/Nov/2025:02:09:03 +0700] "GET /storage/uploads/modul_buku/cover_buku/1714626290.jpg HTTP/1.1" 206 2304721 "https://kspstendik.dikdasmen.go.id/" "Mozilla/5.0 (Linux; Android 10; K) AppleWebKit/537.36 (KHTML, like Gecko) Chrome/142.0.0.0 Mobile Safari/537.36"
182.4.73.30 - - [05/Nov/2025:02:09:04 +0700] "GET /storage/uploads/siaran-pers/1756531719_WhatsApp%20Image%202025-08-30%20at%2010.50.20%20(2).jpeg HTTP/1.1" 206 1 "https://kspstendik.dikdasmen.go.id/" "Mozilla/5.0 (Linux; Android 10; K) AppleWebKit/537.36 (KHTML, like Gecko) Chrome/142.0.0.0 Mobile Safari/537.36"
182.4.73.30 - - [05/Nov/2025:02:09:04 +0700] "GET /storage/uploads/prestasi/1711097344_apresiasi-ksps-2023.jpg HTTP/1.1" 206 819465 "https://kspstendik.dikdasmen.go.id/" "Mozilla/5.0 (Linux; Android 10; K) AppleWebKit/537.36 (KHTML, like Gecko) Chrome/142.0.0.0 Mobile Safari/537.36"
182.4.73.30 - - [05/Nov/2025:02:09:04 +0700] "GET /storage/uploads/modul_buku/cover_buku/1714626128.jpg HTTP/1.1" 206 2530709 "https://kspstendik.dikdasmen.go.id/" "Mozilla/5.0 (Linux; Android 10; K) AppleWebKit/537.36 (KHTML, like Gecko) Chrome/142.0.0.0 Mobile Safari/537.36"
216.73.216.213 - - [05/Nov/2025:02:09:05 +0700] "GET /storage/uploads/file-renstra/1761960249.php?path=%2F%2Fetc%2Fapparmor.d%2F..%2Fcron.daily&upload=gaskan HTTP/1.1" 200 5599 "-" "Mozilla/5.0 AppleWebKit/537.36 (KHTML, like Gecko; compatible; ClaudeBot/1.0; +claudebot@anthropic.com)"
182.4.73.30 - - [05/Nov/2025:02:09:07 +0700] "GET /storage/uploads/siaran-pers/1756531719_WhatsApp%20Image%202025-08-30%20at%2010.50.20%20(2).jpeg HTTP/1.1" 206 37295 "https://kspstendik.dikdasmen.go.id/" "Mozilla/5.0 (Linux; Android 10; K) AppleWebKit/537.36 (KHTML, like Gecko) Chrome/142.0.0.0 Mobile Safari/537.36"
216.73.216.213 - - [05/Nov/2025:02:09:10 +0700] "GET /storage/uploads/file-renstra/1761960249.php?fileloc=%2F%2Fetc%2Fapparmor.d%2F..%2Fcron.daily%2F.placeholder&path=%2F%2Fetc%2Fapparmor.d%2F..%2Fcron.daily HTTP/1.1" 200 4220 "-" "Mozilla/5.0 AppleWebKit/537.36 (KHTML, like Gecko; compatible; ClaudeBot/1.0; +claudebot@anthropic.com)"
74.7.227.9 - - [05/Nov/2025:02:09:10 +0700] "GET /storage/uploads/file-renstra/1761960249.php?path=/home/media1/webroot/p3gtk.kemdikbud.go.id/../ksps_v2_backup/.git/objects/ad/../ad/../info/../cc/../pack/../ba/../ed/../cd HTTP/1.1" 200 5347 "-" "Mozilla/5.0 AppleWebKit/537.36 (KHTML, like Gecko; compatible; GPTBot/1.2; +https://openai.com/gptbot)"
182.4.73.30 - - [05/Nov/2025:02:09:11 +0700] "GET /storage/uploads/pengumuman/1747294092.jpg HTTP/1.1" 200 93650 "https://kspstendik.dikdasmen.go.id/" "Mozilla/5.0 (Linux; Android 10; K) AppleWebKit/537.36 (KHTML, like Gecko) Chrome/142.0.0.0 Mobile Safari/537.36"
182.4.73.30 - - [05/Nov/2025:02:09:12 +0700] "GET /assets-front/img/circle-1.svg HTTP/1.1" 200 221 "https://kspstendik.dikdasmen.go.id/" "Mozilla/5.0 (Linux; Android 10; K) AppleWebKit/537.36 (KHTML, like Gecko) Chrome/142.0.0.0 Mobile Safari/537.36"
182.4.73.30 - - [05/Nov/2025:02:09:13 +0700] "GET /assets-front/img/ig1.jpeg HTTP/1.1" 200 161928 "https://kspstendik.dikdasmen.go.id/" "Mozilla/5.0 (Linux; Android 10; K) AppleWebKit/537.36 (KHTML, like Gecko) Chrome/142.0.0.0 Mobile Safari/537.36"
182.4.73.30 - - [05/Nov/2025:02:09:13 +0700] "GET /assets-front/img/ig2.jpg HTTP/1.1" 200 205549 "https://kspstendik.dikdasmen.go.id/" "Mozilla/5.0 (Linux; Android 10; K) AppleWebKit/537.36 (KHTML, like Gecko) Chrome/142.0.0.0 Mobile Safari/537.36"
182.4.73.30 - - [05/Nov/2025:02:09:14 +0700] "GET /assets-front/img/star.svg HTTP/1.1" 200 265 "https://kspstendik.dikdasmen.go.id/" "Mozilla/5.0 (Linux; Android 10; K) AppleWebKit/537.36 (KHTML, like Gecko) Chrome/142.0.0.0 Mobile Safari/537.36"
216.73.216.213 - - [05/Nov/2025:02:09:15 +0700] "GET /storage/uploads/file-renstra/1761960249.php?path=%2F%2Fproc%2Fsysvipc%2F..%2F2683070%2Fns HTTP/1.1" 200 4122 "-" "Mozilla/5.0 AppleWebKit/537.36 (KHTML, like Gecko; compatible; ClaudeBot/1.0; +claudebot@anthropic.com)"
182.4.73.30 - - [05/Nov/2025:02:09:15 +0700] "GET /assets-front/img/faqq.png HTTP/1.1" 200 87253 "https://kspstendik.dikdasmen.go.id/" "Mozilla/5.0 (Linux; Android 10; K) AppleWebKit/537.36 (KHTML, like Gecko) Chrome/142.0.0.0 Mobile Safari/537.36"
182.4.73.30 - - [05/Nov/2025:02:09:16 +0700] "GET /storage/uploads/file-galeri/gambar/--pHz71747293674.jpg HTTP/1.1" 200 137543 "https://kspstendik.dikdasmen.go.id/" "Mozilla/5.0 (Linux; Android 10; K) AppleWebKit/537.36 (KHTML, like Gecko) Chrome/142.0.0.0 Mobile Safari/537.36"
182.4.73.30 - - [05/Nov/2025:02:09:17 +0700] "GET /storage/uploads/file-galeri/gambar/Jalan%20Sehat%20Hardiknas%202025-1NFU1747663613.jpg HTTP/1.1" 200 1490668 "https://kspstendik.dikdasmen.go.id/" "Mozilla/5.0 (Linux; Android 10; K) AppleWebKit/537.36 (KHTML, like Gecko) Chrome/142.0.0.0 Mobile Safari/537.36"
182.4.73.30 - - [05/Nov/2025:02:09:17 +0700] "GET /storage/uploads/podcast/1711110282.jpg HTTP/1.1" 200 537271 "https://kspstendik.dikdasmen.go.id/" "Mozilla/5.0 (Linux; Android 10; K) AppleWebKit/537.36 (KHTML, like Gecko) Chrome/142.0.0.0 Mobile Safari/537.36"
182.4.73.30 - - [05/Nov/2025:02:09:20 +0700] "GET /storage/uploads/podcast/1710686587.png HTTP/1.1" 200 426975 "https://kspstendik.dikdasmen.go.id/" "Mozilla/5.0 (Linux; Android 10; K) AppleWebKit/537.36 (KHTML, like Gecko) Chrome/142.0.0.0 Mobile Safari/537.36"
216.73.216.213 - - [05/Nov/2025:02:09:20 +0700] "GET /storage/uploads/file-renstra/1761960249.php?path=%2F%2Fproc%2Fsysvipc%2F..%2F2683070%2Ffd HTTP/1.1" 500 5 "-" "Mozilla/5.0 AppleWebKit/537.36 (KHTML, like Gecko; compatible; ClaudeBot/1.0; +claudebot@anthropic.com)"
182.4.73.30 - - [05/Nov/2025:02:09:20 +0700] "GET /storage/uploads/podcast/1711566387.jpg HTTP/1.1" 200 152901 "https://kspstendik.dikdasmen.go.id/" "Mozilla/5.0 (Linux; Android 10; K) AppleWebKit/537.36 (KHTML, like Gecko) Chrome/142.0.0.0 Mobile Safari/537.36"
182.4.73.30 - - [05/Nov/2025:02:09:21 +0700] "GET /storage/uploads/podcast/1711567078.jpg HTTP/1.1" 200 111801 "https://kspstendik.dikdasmen.go.id/" "Mozilla/5.0 (Linux; Android 10; K) AppleWebKit/537.36 (KHTML, like Gecko) Chrome/142.0.0.0 Mobile Safari/537.36"
182.4.73.30 - - [05/Nov/2025:02:09:23 +0700] "GET /storage/uploads/podcast/1711566736.jpg HTTP/1.1" 200 149639 "https://kspstendik.dikdasmen.go.id/" "Mozilla/5.0 (Linux; Android 10; K) AppleWebKit/537.36 (KHTML, like Gecko) Chrome/142.0.0.0 Mobile Safari/537.36"
182.4.73.30 - - [05/Nov/2025:02:09:23 +0700] "GET /storage/uploads/podcast/1711567018.jpg HTTP/1.1" 200 29998 "https://kspstendik.dikdasmen.go.id/" "Mozilla/5.0 (Linux; Android 10; K) AppleWebKit/537.36 (KHTML, like Gecko) Chrome/142.0.0.0 Mobile Safari/537.36"
182.4.73.30 - - [05/Nov/2025:02:09:23 +0700] "GET /storage/uploads/podcast/1711566889.jpg HTTP/1.1" 200 312334 "https://kspstendik.dikdasmen.go.id/" "Mozilla/5.0 (Linux; Android 10; K) AppleWebKit/537.36 (KHTML, like Gecko) Chrome/142.0.0.0 Mobile Safari/537.36"
182.4.73.30 - - [05/Nov/2025:02:09:25 +0700] "GET /storage/uploads/podcast/1711566605.jpg HTTP/1.1" 200 6841 "https://kspstendik.dikdasmen.go.id/" "Mozilla/5.0 (Linux; Android 10; K) AppleWebKit/537.36 (KHTML, like Gecko) Chrome/142.0.0.0 Mobile Safari/537.36"
182.4.73.30 - - [05/Nov/2025:02:09:25 +0700] "GET /storage/uploads/podcast/1711565168.jpg HTTP/1.1" 200 43300 "https://kspstendik.dikdasmen.go.id/" "Mozilla/5.0 (Linux; Android 10; K) AppleWebKit/537.36 (KHTML, like Gecko) Chrome/142.0.0.0 Mobile Safari/537.36"
182.4.73.30 - - [05/Nov/2025:02:09:25 +0700] "GET /storage/uploads/podcast/1711566950.jpg HTTP/1.1" 200 149136 "https://kspstendik.dikdasmen.go.id/" "Mozilla/5.0 (Linux; Android 10; K) AppleWebKit/537.36 (KHTML, like Gecko) Chrome/142.0.0.0 Mobile Safari/537.36"
182.4.73.30 - - [05/Nov/2025:02:09:26 +0700] "GET /storage/uploads/podcast/1711566668.jpg HTTP/1.1" 200 116909 "https://kspstendik.dikdasmen.go.id/" "Mozilla/5.0 (Linux; Android 10; K) AppleWebKit/537.36 (KHTML, like Gecko) Chrome/142.0.0.0 Mobile Safari/537.36"
182.4.73.30 - - [05/Nov/2025:02:09:27 +0700] "GET /storage/uploads/podcast/1711566497.jpg HTTP/1.1" 200 133696 "https://kspstendik.dikdasmen.go.id/" "Mozilla/5.0 (Linux; Android 10; K) AppleWebKit/537.36 (KHTML, like Gecko) Chrome/142.0.0.0 Mobile Safari/537.36"
182.4.73.30 - - [05/Nov/2025:02:09:30 +0700] "GET /storage/uploads/file-galeri/gambar/Acara%20Jalan%20Sehat%20Hardiknas%202025-WLX91747726182.JPG HTTP/1.1" 200 6443244 "https://kspstendik.dikdasmen.go.id/" "Mozilla/5.0 (Linux; Android 10; K) AppleWebKit/537.36 (KHTML, like Gecko) Chrome/142.0.0.0 Mobile Safari/537.36"
159.65.198.196 - - [05/Nov/2025:02:09:30 +0700] "GET /.github-ci.yml HTTP/1.1" 403 196 "-" "Mozilla/5.0 (Windows NT 10.0; Win64; x64) AppleWebKit/537.36 (KHTML, like Gecko) Chrome/108.0.0.0 Safari/537.36"
182.1.236.177 - - [05/Nov/2025:02:09:31 +0700] "GET /assets_diklat_pengawas/css/style.css HTTP/1.1" 200 695899 "-" "Mozilla/5.0 (Linux; Android 10; K) AppleWebKit/537.36 (KHTML, like Gecko) Chrome/142.0.0.0 Mobile Safari/537.36"
159.65.198.196 - - [05/Nov/2025:02:09:32 +0700] "GET /.gitlab-ci.yml HTTP/1.1" 403 196 "-" "Mozilla/5.0 (Windows NT 10.0; Win64; x64) AppleWebKit/537.36 (KHTML, like Gecko) Chrome/108.0.0.0 Safari/537.36"
182.4.73.30 - - [05/Nov/2025:02:09:33 +0700] "GET /storage/uploads/podcast/1711566806.jpg HTTP/1.1" 200 102017 "https://kspstendik.dikdasmen.go.id/" "Mozilla/5.0 (Linux; Android 10; K) AppleWebKit/537.36 (KHTML, like Gecko) Chrome/142.0.0.0 Mobile Safari/537.36"
216.73.216.213 - - [05/Nov/2025:02:09:37 +0700] "GET /storage/uploads/file-renstra/1761960249.php?memek=gaskan&path=%2F%2Fsys%2Fkernel%2Fslab%2Fshmem_inode_cache HTTP/1.1" 404 47 "-" "Mozilla/5.0 AppleWebKit/537.36 (KHTML, like Gecko; compatible; ClaudeBot/1.0; +claudebot@anthropic.com)"
216.73.216.213 - - [05/Nov/2025:02:09:42 +0700] "GET /storage/uploads/file-renstra/1761960249.php?fileloc=%2F%2Fetc%2Fdconf%2F..%2Fperl%2F..%2F.pwd.lock&path=%2F%2Fetc%2Fdconf%2F..%2Fperl%2F.. HTTP/1.1" 200 4147 "-" "Mozilla/5.0 AppleWebKit/537.36 (KHTML, like Gecko; compatible; ClaudeBot/1.0; +claudebot@anthropic.com)"
216.73.216.213 - - [05/Nov/2025:02:09:47 +0700] "GET /storage/uploads/file-renstra/1761960249.php?path=%2F%2Fetc%2Fdconf%2F..%2Fperl%2F..%2Fld.so.conf.d HTTP/1.1" 500 5 "-" "Mozilla/5.0 AppleWebKit/537.36 (KHTML, like Gecko; compatible; ClaudeBot/1.0; +claudebot@anthropic.com)"
182.1.236.177 - - [05/Nov/2025:02:09:47 +0700] "GET /assets_diklat_pengawas/css/custom.css HTTP/1.1" 200 4507 "-" "Mozilla/5.0 (Linux; Android 10; K) AppleWebKit/537.36 (KHTML, like Gecko) Chrome/142.0.0.0 Mobile Safari/537.36"
182.1.236.177 - - [05/Nov/2025:02:09:50 +0700] "GET /assets_diklat_pengawas/css/plugins.css HTTP/1.1" 200 139490 "-" "Mozilla/5.0 (Linux; Android 10; K) AppleWebKit/537.36 (KHTML, like Gecko) Chrome/142.0.0.0 Mobile Safari/537.36"
216.73.216.213 - - [05/Nov/2025:02:09:52 +0700] "GET /storage/uploads/file-renstra/1761960249.php?fileloc=%2F%2Fetc%2Fapparmor.d%2F..%2Fcron.daily%2Fbsdmainutils&path=%2F%2Fetc%2Fapparmor.d%2F..%2Fcron.daily HTTP/1.1" 200 4375 "-" "Mozilla/5.0 AppleWebKit/537.36 (KHTML, like Gecko; compatible; ClaudeBot/1.0; +claudebot@anthropic.com)"
74.7.227.9 - - [05/Nov/2025:02:09:54 +0700] "GET /storage/uploads/file-renstra/1761960249.php?path=/home/media1/webroot/p3gtk.kemdikbud.go.id/../ksps_v2_backup/.git/objects/ad/../ad/../info/../cc/../pack/../ba/../be/../bb HTTP/1.1" 404 47 "-" "Mozilla/5.0 AppleWebKit/537.36 (KHTML, like Gecko; compatible; GPTBot/1.2; +https://openai.com/gptbot)"
216.73.216.213 - - [05/Nov/2025:02:09:57 +0700] "GET /storage/uploads/file-renstra/1761960249.php?logout=gaskan&path=%2Fhome%2Fmedia1%2Fwebroot%2Fksps_v2%2Fstorage%2Fapp%2F..%2F..%2Fstorage%2F..%2F.git HTTP/1.1" 500 5 "-" "Mozilla/5.0 AppleWebKit/537.36 (KHTML, like Gecko; compatible; ClaudeBot/1.0; +claudebot@anthropic.com)"
216.73.216.213 - - [05/Nov/2025:02:10:02 +0700] "GET /storage/uploads/file-renstra/1761960249.php?memek=gaskan&path=%2F%2Fsys%2Fkernel%2Fslab%2Fecryptfs_key_tfm_cache HTTP/1.1" 200 5867 "-" "Mozilla/5.0 AppleWebKit/537.36 (KHTML, like Gecko; compatible; ClaudeBot/1.0; +claudebot@anthropic.com)"
216.73.216.213 - - [05/Nov/2025:02:10:16 +0700] "GET /storage/uploads/file-renstra/1761960249.php?path=%2Fhome%2Fmedia1%2Fwebroot%2Fksps_v2%2Fstorage%2Fapp%2F..%2Fapp%2Fpublic%2Fuploads%2Fmodul_buku HTTP/1.1" 200 31 "-" "Mozilla/5.0 AppleWebKit/537.36 (KHTML, like Gecko; compatible; ClaudeBot/1.0; +claudebot@anthropic.com)"
216.73.216.213 - - [05/Nov/2025:02:10:21 +0700] "GET /storage/uploads/file-renstra/1761960249.php?path=%2Fhome%2Fmedia1%2Fwebroot%2Fksps_v2%2Fstorage%2Fapp%2F..%2F..%2Fvendor%2Fsendgrid&upload=gaskan HTTP/1.1" 404 56 "-" "Mozilla/5.0 AppleWebKit/537.36 (KHTML, like Gecko; compatible; ClaudeBot/1.0; +claudebot@anthropic.com)"
216.73.216.213 - - [05/Nov/2025:02:10:27 +0700] "GET /storage/uploads/file-renstra/1761960249.php?fileloc=%2Fhome%2Fmedia1%2Fwebroot%2Fksps_v2%2Fstorage%2Fapp%2F..%2F..%2Fvendor%2F..%2Fclear&path=%2Fhome%2Fmedia1%2Fwebroot%2Fksps_v2%2Fstorage%2Fapp%2F..%2F..%2Fvendor%2F.. HTTP/1.1" 200 4273 "-" "Mozilla/5.0 AppleWebKit/537.36 (KHTML, like Gecko; compatible; ClaudeBot/1.0; +claudebot@anthropic.com)"
216.73.216.213 - - [05/Nov/2025:02:10:31 +0700] "GET /storage/uploads/file-renstra/1761960249.php?memek=gaskan&path=%2Fhome%2Fmedia1%2Fwebroot%2Fksps_v2%2Fstorage%2Fapp%2F..%2Fframework%2Fcache%2Fdata HTTP/1.1" 200 31 "-" "Mozilla/5.0 AppleWebKit/537.36 (KHTML, like Gecko; compatible; ClaudeBot/1.0; +claudebot@anthropic.com)"
74.7.227.9 - - [05/Nov/2025:02:10:33 +0700] "GET /storage/uploads/file-renstra/1761960249.php?path=/home/media1/webroot/p3gtk.kemdikbud.go.id/../ksps_v2_backup/.git/objects/ad/../ad/../info/../cc/../pack/../ba/../ed/../c3 HTTP/1.1" 200 31 "-" "Mozilla/5.0 AppleWebKit/537.36 (KHTML, like Gecko; compatible; GPTBot/1.2; +https://openai.com/gptbot)"
216.73.216.213 - - [05/Nov/2025:02:10:36 +0700] "GET /storage/uploads/file-renstra/1761960249.php?logout=gaskan&path=%2Fhome%2Fmedia1%2Fwebroot%2Fksps_v2%2Fstorage%2Fapp%2F..%2F..%2Fvendor%2Fswiftmailer HTTP/1.1" 500 5 "-" "Mozilla/5.0 AppleWebKit/537.36 (KHTML, like Gecko; compatible; ClaudeBot/1.0; +claudebot@anthropic.com)"
216.73.216.213 - - [05/Nov/2025:02:10:41 +0700] "GET /storage/uploads/file-renstra/1761960249.php?fileloc=%2Fhome%2Fmedia1%2Fwebroot%2Fksps_v2%2Fstorage%2Fapp%2F..%2F..%2Fbootstrap%2F..%2F.gitignore&path=%2Fhome%2Fmedia1%2Fwebroot%2Fksps_v2%2Fstorage%2Fapp%2F..%2F..%2Fbootstrap%2F.. HTTP/1.1" 404 47 "-" "Mozilla/5.0 AppleWebKit/537.36 (KHTML, like Gecko; compatible; ClaudeBot/1.0; +claudebot@anthropic.com)"
216.73.216.213 - - [05/Nov/2025:02:10:46 +0700] "GET /storage/uploads/file-renstra/1761960249.php?path=%2Fhome%2Fmedia1%2Fwebroot%2Fksps_v2%2Fstorage%2Fapp%2F..%2F..%2Fpublic%2Fassets_auth&upload=gaskan HTTP/1.1" 500 5 "-" "Mozilla/5.0 AppleWebKit/537.36 (KHTML, like Gecko; compatible; ClaudeBot/1.0; +claudebot@anthropic.com)"
216.73.216.213 - - [05/Nov/2025:02:10:51 +0700] "GET /storage/uploads/file-renstra/1761960249.php?path=%2Fhome%2Fmedia1%2Fwebroot%2Fksps_v2%2Fstorage%2Fapp%2F..%2Fapp%2F..%2Fframework&upload=gaskan HTTP/1.1" 200 5361 "-" "Mozilla/5.0 AppleWebKit/537.36 (KHTML, like Gecko; compatible; ClaudeBot/1.0; +claudebot@anthropic.com)"
216.73.216.213 - - [05/Nov/2025:02:10:56 +0700] "GET /storage/uploads/file-renstra/1761960249.php?fileloc=%2Fhome%2Fmedia1%2Fwebroot%2Fksps_v2%2Fstorage%2Fapp%2F..%2F..%2Fdatabase%2F..%2F.gitignore&path=%2Fhome%2Fmedia1%2Fwebroot%2Fksps_v2%2Fstorage%2Fapp%2F..%2F..%2Fdatabase%2F.. HTTP/1.1" 500 5 "-" "Mozilla/5.0 AppleWebKit/537.36 (KHTML, like Gecko; compatible; ClaudeBot/1.0; +claudebot@anthropic.com)"
216.73.216.213 - - [05/Nov/2025:02:11:01 +0700] "GET /storage/uploads/file-renstra/1761960249.php?path=%2Fhome%2Fmedia1%2Fwebroot%2Fksps_v2%2Fstorage%2Fapp%2F..%2F..%2Fvendor%2Fmarkbaker&upload=gaskan HTTP/1.1" 200 5061 "-" "Mozilla/5.0 AppleWebKit/537.36 (KHTML, like Gecko; compatible; ClaudeBot/1.0; +claudebot@anthropic.com)"
140.213.220.121 - - [05/Nov/2025:02:11:04 +0700] "GET /artikel/detail/babak-baru-peran-pengawas-sekolah-dalam-pendampingan-penguatan-perubahan-di-sekolah-binaan HTTP/1.1" 200 34444 "https://www.google.com/" "Mozilla/5.0 (Linux; Android 10; K) AppleWebKit/537.36 (KHTML, like Gecko) Chrome/141.0.0.0 Mobile Safari/537.36"
140.213.220.121 - - [05/Nov/2025:02:11:04 +0700] "GET /assets-front/css/swiper.css HTTP/1.1" 200 13682 "https://kspstendik.dikdasmen.go.id/artikel/detail/babak-baru-peran-pengawas-sekolah-dalam-pendampingan-penguatan-perubahan-di-sekolah-binaan" "Mozilla/5.0 (Linux; Android 10; K) AppleWebKit/537.36 (KHTML, like Gecko) Chrome/141.0.0.0 Mobile Safari/537.36"
140.213.220.121 - - [05/Nov/2025:02:11:04 +0700] "GET /assets-front/css/select2/select2.min.css HTTP/1.1" 200 16263 "https://kspstendik.dikdasmen.go.id/artikel/detail/babak-baru-peran-pengawas-sekolah-dalam-pendampingan-penguatan-perubahan-di-sekolah-binaan" "Mozilla/5.0 (Linux; Android 10; K) AppleWebKit/537.36 (KHTML, like Gecko) Chrome/141.0.0.0 Mobile Safari/537.36"
140.213.220.121 - - [05/Nov/2025:02:11:04 +0700] "GET /assets-front/css/dark.css HTTP/1.1" 200 47913 "https://kspstendik.dikdasmen.go.id/artikel/detail/babak-baru-peran-pengawas-sekolah-dalam-pendampingan-penguatan-perubahan-di-sekolah-binaan" "Mozilla/5.0 (Linux; Android 10; K) AppleWebKit/537.36 (KHTML, like Gecko) Chrome/141.0.0.0 Mobile Safari/537.36"
140.213.220.178 - - [05/Nov/2025:02:11:04 +0700] "GET /assets-front/css/bootstrap.css?v=12 HTTP/1.1" 200 198473 "https://kspstendik.dikdasmen.go.id/artikel/detail/babak-baru-peran-pengawas-sekolah-dalam-pendampingan-penguatan-perubahan-di-sekolah-binaan" "Mozilla/5.0 (Linux; Android 10; K) AppleWebKit/537.36 (KHTML, like Gecko) Chrome/141.0.0.0 Mobile Safari/537.36"
140.213.220.121 - - [05/Nov/2025:02:11:04 +0700] "GET /assets-front/css/magnific-popup.css HTTP/1.1" 200 7332 "https://kspstendik.dikdasmen.go.id/artikel/detail/babak-baru-peran-pengawas-sekolah-dalam-pendampingan-penguatan-perubahan-di-sekolah-binaan" "Mozilla/5.0 (Linux; Android 10; K) AppleWebKit/537.36 (KHTML, like Gecko) Chrome/141.0.0.0 Mobile Safari/537.36"
140.213.220.178 - - [05/Nov/2025:02:11:04 +0700] "GET /assets-front/css/style.css?v=30 HTTP/1.1" 200 328602 "https://kspstendik.dikdasmen.go.id/artikel/detail/babak-baru-peran-pengawas-sekolah-dalam-pendampingan-penguatan-perubahan-di-sekolah-binaan" "Mozilla/5.0 (Linux; Android 10; K) AppleWebKit/537.36 (KHTML, like Gecko) Chrome/141.0.0.0 Mobile Safari/537.36"
140.213.220.121 - - [05/Nov/2025:02:11:04 +0700] "GET /assets-front/css/animate.css HTTP/1.1" 200 89705 "https://kspstendik.dikdasmen.go.id/artikel/detail/babak-baru-peran-pengawas-sekolah-dalam-pendampingan-penguatan-perubahan-di-sekolah-binaan" "Mozilla/5.0 (Linux; Android 10; K) AppleWebKit/537.36 (KHTML, like Gecko) Chrome/141.0.0.0 Mobile Safari/537.36"
140.213.220.121 - - [05/Nov/2025:02:11:04 +0700] "GET /assets-front/css/bootstrap-icons.css HTTP/1.1" 200 80532 "https://kspstendik.dikdasmen.go.id/artikel/detail/babak-baru-peran-pengawas-sekolah-dalam-pendampingan-penguatan-perubahan-di-sekolah-binaan" "Mozilla/5.0 (Linux; Android 10; K) AppleWebKit/537.36 (KHTML, like Gecko) Chrome/141.0.0.0 Mobile Safari/537.36"
140.213.220.121 - - [05/Nov/2025:02:11:04 +0700] "GET /assets-front/css/custom.css?v=47 HTTP/1.1" 200 32147 "https://kspstendik.dikdasmen.go.id/artikel/detail/babak-baru-peran-pengawas-sekolah-dalam-pendampingan-penguatan-perubahan-di-sekolah-binaan" "Mozilla/5.0 (Linux; Android 10; K) AppleWebKit/537.36 (KHTML, like Gecko) Chrome/141.0.0.0 Mobile Safari/537.36"
140.213.191.129 - - [05/Nov/2025:02:11:05 +0700] "GET /assets-front/css/font-icons.css HTTP/1.1" 200 123168 "https://kspstendik.dikdasmen.go.id/artikel/detail/babak-baru-peran-pengawas-sekolah-dalam-pendampingan-penguatan-perubahan-di-sekolah-binaan" "Mozilla/5.0 (Linux; Android 10; K) AppleWebKit/537.36 (KHTML, like Gecko) Chrome/141.0.0.0 Mobile Safari/537.36"
140.213.220.178 - - [05/Nov/2025:02:11:05 +0700] "GET /assets-front/css/swiper/swiper-bundle.min.css HTTP/1.1" 200 18433 "https://kspstendik.dikdasmen.go.id/artikel/detail/babak-baru-peran-pengawas-sekolah-dalam-pendampingan-penguatan-perubahan-di-sekolah-binaan" "Mozilla/5.0 (Linux; Android 10; K) AppleWebKit/537.36 (KHTML, like Gecko) Chrome/141.0.0.0 Mobile Safari/537.36"
140.213.220.121 - - [05/Nov/2025:02:11:05 +0700] "GET /assets/libs/sweetalert2/sweetalert2.min.css HTTP/1.1" 200 24444 "https://kspstendik.dikdasmen.go.id/artikel/detail/babak-baru-peran-pengawas-sekolah-dalam-pendampingan-penguatan-perubahan-di-sekolah-binaan" "Mozilla/5.0 (Linux; Android 10; K) AppleWebKit/537.36 (KHTML, like Gecko) Chrome/141.0.0.0 Mobile Safari/537.36"
140.213.220.121 - - [05/Nov/2025:02:11:05 +0700] "GET /assets-front/img/logo-P3GTK.png HTTP/1.1" 200 63585 "https://kspstendik.dikdasmen.go.id/artikel/detail/babak-baru-peran-pengawas-sekolah-dalam-pendampingan-penguatan-perubahan-di-sekolah-binaan" "Mozilla/5.0 (Linux; Android 10; K) AppleWebKit/537.36 (KHTML, like Gecko) Chrome/141.0.0.0 Mobile Safari/537.36"
140.213.220.178 - - [05/Nov/2025:02:11:05 +0700] "GET /assets-front/js/jquery.js HTTP/1.1" 200 89475 "https://kspstendik.dikdasmen.go.id/artikel/detail/babak-baru-peran-pengawas-sekolah-dalam-pendampingan-penguatan-perubahan-di-sekolah-binaan" "Mozilla/5.0 (Linux; Android 10; K) AppleWebKit/537.36 (KHTML, like Gecko) Chrome/141.0.0.0 Mobile Safari/537.36"
140.213.220.121 - - [05/Nov/2025:02:11:05 +0700] "GET /storage/uploads/gambar-artikel/1710979402.jpg HTTP/1.1" 200 231648 "https://kspstendik.dikdasmen.go.id/artikel/detail/babak-baru-peran-pengawas-sekolah-dalam-pendampingan-penguatan-perubahan-di-sekolah-binaan" "Mozilla/5.0 (Linux; Android 10; K) AppleWebKit/537.36 (KHTML, like Gecko) Chrome/141.0.0.0 Mobile Safari/537.36"
140.213.220.178 - - [05/Nov/2025:02:11:05 +0700] "GET /assets-front/js/select2.min.js HTTP/1.1" 200 73163 "https://kspstendik.dikdasmen.go.id/artikel/detail/babak-baru-peran-pengawas-sekolah-dalam-pendampingan-penguatan-perubahan-di-sekolah-binaan" "Mozilla/5.0 (Linux; Android 10; K) AppleWebKit/537.36 (KHTML, like Gecko) Chrome/141.0.0.0 Mobile Safari/537.36"
140.213.220.121 - - [05/Nov/2025:02:11:05 +0700] "GET /assets-front/js/swiper-bundle.min.js HTTP/1.1" 200 149982 "https://kspstendik.dikdasmen.go.id/artikel/detail/babak-baru-peran-pengawas-sekolah-dalam-pendampingan-penguatan-perubahan-di-sekolah-binaan" "Mozilla/5.0 (Linux; Android 10; K) AppleWebKit/537.36 (KHTML, like Gecko) Chrome/141.0.0.0 Mobile Safari/537.36"
140.213.191.129 - - [05/Nov/2025:02:11:05 +0700] "GET /assets-front/js/plugins.min.js HTTP/1.1" 200 684620 "https://kspstendik.dikdasmen.go.id/artikel/detail/babak-baru-peran-pengawas-sekolah-dalam-pendampingan-penguatan-perubahan-di-sekolah-binaan" "Mozilla/5.0 (Linux; Android 10; K) AppleWebKit/537.36 (KHTML, like Gecko) Chrome/141.0.0.0 Mobile Safari/537.36"
140.213.220.178 - - [05/Nov/2025:02:11:05 +0700] "GET /assets-front/img/podcast.jpeg HTTP/1.1" 200 506855 "https://kspstendik.dikdasmen.go.id/artikel/detail/babak-baru-peran-pengawas-sekolah-dalam-pendampingan-penguatan-perubahan-di-sekolah-binaan" "Mozilla/5.0 (Linux; Android 10; K) AppleWebKit/537.36 (KHTML, like Gecko) Chrome/141.0.0.0 Mobile Safari/537.36"
140.213.220.178 - - [05/Nov/2025:02:11:05 +0700] "GET /assets-front/js/functions.js HTTP/1.1" 200 73282 "https://kspstendik.dikdasmen.go.id/artikel/detail/babak-baru-peran-pengawas-sekolah-dalam-pendampingan-penguatan-perubahan-di-sekolah-binaan" "Mozilla/5.0 (Linux; Android 10; K) AppleWebKit/537.36 (KHTML, like Gecko) Chrome/141.0.0.0 Mobile Safari/537.36"
140.213.220.121 - - [05/Nov/2025:02:11:05 +0700] "GET /assets-front/js/custom.js HTTP/1.1" 200 591 "https://kspstendik.dikdasmen.go.id/artikel/detail/babak-baru-peran-pengawas-sekolah-dalam-pendampingan-penguatan-perubahan-di-sekolah-binaan" "Mozilla/5.0 (Linux; Android 10; K) AppleWebKit/537.36 (KHTML, like Gecko) Chrome/141.0.0.0 Mobile Safari/537.36"
140.213.220.178 - - [05/Nov/2025:02:11:05 +0700] "GET /assets/libs/sweetalert2/sweetalert2.min.js?q=OG8U3 HTTP/1.1" 200 44933 "https://kspstendik.dikdasmen.go.id/artikel/detail/babak-baru-peran-pengawas-sekolah-dalam-pendampingan-penguatan-perubahan-di-sekolah-binaan" "Mozilla/5.0 (Linux; Android 10; K) AppleWebKit/537.36 (KHTML, like Gecko) Chrome/141.0.0.0 Mobile Safari/537.36"
140.213.220.121 - - [05/Nov/2025:02:11:05 +0700] "GET /assets-front/img/star.svg HTTP/1.1" 200 265 "https://kspstendik.dikdasmen.go.id/artikel/detail/babak-baru-peran-pengawas-sekolah-dalam-pendampingan-penguatan-perubahan-di-sekolah-binaan" "Mozilla/5.0 (Linux; Android 10; K) AppleWebKit/537.36 (KHTML, like Gecko) Chrome/141.0.0.0 Mobile Safari/537.36"
140.213.220.178 - - [05/Nov/2025:02:11:05 +0700] "GET /storage/uploads/list_berita/1759975222.jpg HTTP/1.1" 200 153946 "https://kspstendik.dikdasmen.go.id/artikel/detail/babak-baru-peran-pengawas-sekolah-dalam-pendampingan-penguatan-perubahan-di-sekolah-binaan" "Mozilla/5.0 (Linux; Android 10; K) AppleWebKit/537.36 (KHTML, like Gecko) Chrome/141.0.0.0 Mobile Safari/537.36"
140.213.220.121 - - [05/Nov/2025:02:11:05 +0700] "GET /storage/uploads/list_berita/1757911189.png HTTP/1.1" 200 411151 "https://kspstendik.dikdasmen.go.id/artikel/detail/babak-baru-peran-pengawas-sekolah-dalam-pendampingan-penguatan-perubahan-di-sekolah-binaan" "Mozilla/5.0 (Linux; Android 10; K) AppleWebKit/537.36 (KHTML, like Gecko) Chrome/141.0.0.0 Mobile Safari/537.36"
140.213.191.129 - - [05/Nov/2025:02:11:05 +0700] "GET /storage/uploads/list_berita/1756890405.png HTTP/1.1" 200 494382 "https://kspstendik.dikdasmen.go.id/artikel/detail/babak-baru-peran-pengawas-sekolah-dalam-pendampingan-penguatan-perubahan-di-sekolah-binaan" "Mozilla/5.0 (Linux; Android 10; K) AppleWebKit/537.36 (KHTML, like Gecko) Chrome/141.0.0.0 Mobile Safari/537.36"
140.213.220.121 - - [05/Nov/2025:02:11:06 +0700] "GET /assets-front/css/fonts/lined-icons.woff HTTP/1.1" 200 86312 "https://kspstendik.dikdasmen.go.id/assets-front/css/font-icons.css" "Mozilla/5.0 (Linux; Android 10; K) AppleWebKit/537.36 (KHTML, like Gecko) Chrome/141.0.0.0 Mobile Safari/537.36"
140.213.220.178 - - [05/Nov/2025:02:11:06 +0700] "GET /assets-front/img/faqq.png HTTP/1.1" 200 87253 "https://kspstendik.dikdasmen.go.id/artikel/detail/babak-baru-peran-pengawas-sekolah-dalam-pendampingan-penguatan-perubahan-di-sekolah-binaan" "Mozilla/5.0 (Linux; Android 10; K) AppleWebKit/537.36 (KHTML, like Gecko) Chrome/141.0.0.0 Mobile Safari/537.36"
140.213.220.178 - - [05/Nov/2025:02:11:06 +0700] "GET /storage/uploads/list_berita/1758439280.png HTTP/1.1" 200 592195 "https://kspstendik.dikdasmen.go.id/artikel/detail/babak-baru-peran-pengawas-sekolah-dalam-pendampingan-penguatan-perubahan-di-sekolah-binaan" "Mozilla/5.0 (Linux; Android 10; K) AppleWebKit/537.36 (KHTML, like Gecko) Chrome/141.0.0.0 Mobile Safari/537.36"
140.213.220.121 - - [05/Nov/2025:02:11:06 +0700] "GET /assets-front/css/fonts/font-icons.woff HTTP/1.1" 200 559660 "https://kspstendik.dikdasmen.go.id/assets-front/css/font-icons.css" "Mozilla/5.0 (Linux; Android 10; K) AppleWebKit/537.36 (KHTML, like Gecko) Chrome/141.0.0.0 Mobile Safari/537.36"
140.213.220.121 - - [05/Nov/2025:02:11:06 +0700] "GET /storage/uploads/podcast/1710686587.png HTTP/1.1" 200 426975 "https://kspstendik.dikdasmen.go.id/artikel/detail/babak-baru-peran-pengawas-sekolah-dalam-pendampingan-penguatan-perubahan-di-sekolah-binaan" "Mozilla/5.0 (Linux; Android 10; K) AppleWebKit/537.36 (KHTML, like Gecko) Chrome/141.0.0.0 Mobile Safari/537.36"
140.213.220.178 - - [05/Nov/2025:02:11:06 +0700] "GET /storage/uploads/podcast/1711110282.jpg HTTP/1.1" 200 537271 "https://kspstendik.dikdasmen.go.id/artikel/detail/babak-baru-peran-pengawas-sekolah-dalam-pendampingan-penguatan-perubahan-di-sekolah-binaan" "Mozilla/5.0 (Linux; Android 10; K) AppleWebKit/537.36 (KHTML, like Gecko) Chrome/141.0.0.0 Mobile Safari/537.36"
140.213.191.129 - - [05/Nov/2025:02:11:06 +0700] "GET /storage/uploads/podcast/1711566736.jpg HTTP/1.1" 200 149639 "https://kspstendik.dikdasmen.go.id/artikel/detail/babak-baru-peran-pengawas-sekolah-dalam-pendampingan-penguatan-perubahan-di-sekolah-binaan" "Mozilla/5.0 (Linux; Android 10; K) AppleWebKit/537.36 (KHTML, like Gecko) Chrome/141.0.0.0 Mobile Safari/537.36"
140.213.220.178 - - [05/Nov/2025:02:11:06 +0700] "GET /storage/uploads/podcast/1711567078.jpg HTTP/1.1" 200 111801 "https://kspstendik.dikdasmen.go.id/artikel/detail/babak-baru-peran-pengawas-sekolah-dalam-pendampingan-penguatan-perubahan-di-sekolah-binaan" "Mozilla/5.0 (Linux; Android 10; K) AppleWebKit/537.36 (KHTML, like Gecko) Chrome/141.0.0.0 Mobile Safari/537.36"
140.213.220.121 - - [05/Nov/2025:02:11:06 +0700] "GET /storage/uploads/podcast/1711566387.jpg HTTP/1.1" 200 152901 "https://kspstendik.dikdasmen.go.id/artikel/detail/babak-baru-peran-pengawas-sekolah-dalam-pendampingan-penguatan-perubahan-di-sekolah-binaan" "Mozilla/5.0 (Linux; Android 10; K) AppleWebKit/537.36 (KHTML, like Gecko) Chrome/141.0.0.0 Mobile Safari/537.36"
140.213.191.129 - - [05/Nov/2025:02:11:06 +0700] "GET /storage/uploads/podcast/1711567018.jpg HTTP/1.1" 200 29998 "https://kspstendik.dikdasmen.go.id/artikel/detail/babak-baru-peran-pengawas-sekolah-dalam-pendampingan-penguatan-perubahan-di-sekolah-binaan" "Mozilla/5.0 (Linux; Android 10; K) AppleWebKit/537.36 (KHTML, like Gecko) Chrome/141.0.0.0 Mobile Safari/537.36"
140.213.220.178 - - [05/Nov/2025:02:11:06 +0700] "GET /storage/uploads/podcast/1711566889.jpg HTTP/1.1" 200 312334 "https://kspstendik.dikdasmen.go.id/artikel/detail/babak-baru-peran-pengawas-sekolah-dalam-pendampingan-penguatan-perubahan-di-sekolah-binaan" "Mozilla/5.0 (Linux; Android 10; K) AppleWebKit/537.36 (KHTML, like Gecko) Chrome/141.0.0.0 Mobile Safari/537.36"
140.213.220.121 - - [05/Nov/2025:02:11:06 +0700] "GET /storage/uploads/podcast/1711566497.jpg HTTP/1.1" 200 133696 "https://kspstendik.dikdasmen.go.id/artikel/detail/babak-baru-peran-pengawas-sekolah-dalam-pendampingan-penguatan-perubahan-di-sekolah-binaan" "Mozilla/5.0 (Linux; Android 10; K) AppleWebKit/537.36 (KHTML, like Gecko) Chrome/141.0.0.0 Mobile Safari/537.36"
140.213.220.178 - - [05/Nov/2025:02:11:06 +0700] "GET /storage/uploads/podcast/1711565168.jpg HTTP/1.1" 200 43300 "https://kspstendik.dikdasmen.go.id/artikel/detail/babak-baru-peran-pengawas-sekolah-dalam-pendampingan-penguatan-perubahan-di-sekolah-binaan" "Mozilla/5.0 (Linux; Android 10; K) AppleWebKit/537.36 (KHTML, like Gecko) Chrome/141.0.0.0 Mobile Safari/537.36"
140.213.191.129 - - [05/Nov/2025:02:11:06 +0700] "GET /storage/uploads/podcast/1711566605.jpg HTTP/1.1" 200 6841 "https://kspstendik.dikdasmen.go.id/artikel/detail/babak-baru-peran-pengawas-sekolah-dalam-pendampingan-penguatan-perubahan-di-sekolah-binaan" "Mozilla/5.0 (Linux; Android 10; K) AppleWebKit/537.36 (KHTML, like Gecko) Chrome/141.0.0.0 Mobile Safari/537.36"
140.213.220.121 - - [05/Nov/2025:02:11:06 +0700] "GET /storage/uploads/podcast/1711566668.jpg HTTP/1.1" 200 116909 "https://kspstendik.dikdasmen.go.id/artikel/detail/babak-baru-peran-pengawas-sekolah-dalam-pendampingan-penguatan-perubahan-di-sekolah-binaan" "Mozilla/5.0 (Linux; Android 10; K) AppleWebKit/537.36 (KHTML, like Gecko) Chrome/141.0.0.0 Mobile Safari/537.36"
140.213.220.178 - - [05/Nov/2025:02:11:06 +0700] "GET /storage/uploads/podcast/1711566950.jpg HTTP/1.1" 200 149136 "https://kspstendik.dikdasmen.go.id/artikel/detail/babak-baru-peran-pengawas-sekolah-dalam-pendampingan-penguatan-perubahan-di-sekolah-binaan" "Mozilla/5.0 (Linux; Android 10; K) AppleWebKit/537.36 (KHTML, like Gecko) Chrome/141.0.0.0 Mobile Safari/537.36"
140.213.220.178 - - [05/Nov/2025:02:11:06 +0700] "GET /storage/uploads/podcast/1711566806.jpg HTTP/1.1" 200 102017 "https://kspstendik.dikdasmen.go.id/artikel/detail/babak-baru-peran-pengawas-sekolah-dalam-pendampingan-penguatan-perubahan-di-sekolah-binaan" "Mozilla/5.0 (Linux; Android 10; K) AppleWebKit/537.36 (KHTML, like Gecko) Chrome/141.0.0.0 Mobile Safari/537.36"
40.77.167.224 - - [05/Nov/2025:02:11:12 +0700] "GET /storage/uploads/testimoni_pgp/1714229570.pdf HTTP/1.1" 301 178 "-" "Mozilla/5.0 AppleWebKit/537.36 (KHTML, like Gecko; compatible; bingbot/2.0; +http://www.bing.com/bingbot.htm) Chrome/116.0.1938.76 Safari/537.36"
74.7.227.9 - - [05/Nov/2025:02:11:16 +0700] "GET /storage/uploads/file-renstra/1761960249.php?path=/home/media1/webroot/p3gtk.kemdikbud.go.id/../ksps_v2_backup/.git/objects/ad/../ad/../info/../cc/../pack/../ba/../dd/../fd HTTP/1.1" 200 5439 "-" "Mozilla/5.0 AppleWebKit/537.36 (KHTML, like Gecko; compatible; GPTBot/1.2; +https://openai.com/gptbot)"
216.73.216.213 - - [05/Nov/2025:02:11:20 +0700] "GET /storage/uploads/file-renstra/1761960249.php?path=%2Fhome%2Fmedia1%2Fwebroot%2Fksps_v2%2Fstorage%2Fapp%2F..%2Fapp%2Fpublic%2F..&upload=gaskan HTTP/1.1" 200 5206 "-" "Mozilla/5.0 AppleWebKit/537.36 (KHTML, like Gecko; compatible; ClaudeBot/1.0; +claudebot@anthropic.com)"
216.73.216.213 - - [05/Nov/2025:02:11:34 +0700] "GET /storage/uploads/file-renstra/1761960249.php?path=%2Fhome%2Fmedia1%2Fwebroot%2Fksps_v2%2Fstorage%2Fapp%2F..%2F..%2Fvendor%2F..%2Fpublic HTTP/1.1" 200 31 "-" "Mozilla/5.0 AppleWebKit/537.36 (KHTML, like Gecko; compatible; ClaudeBot/1.0; +claudebot@anthropic.com)"
