110.138.86.42 - - [05/Nov/2025:00:36:49 +0700] "GET /assets-front/js/swiper-bundle.min.js HTTP/1.1" 200 149982 "https://kspstendik.dikdasmen.go.id/regulasis/detail/perdirjen-73272023-tentang-model-kompetensi-kepala-sekolah?utm_source=chatgpt.com" "Mozilla/5.0 (Windows NT 10.0; Win64; x64) AppleWebKit/537.36 (KHTML, like Gecko) Chrome/142.0.0.0 Safari/537.36"
110.138.86.42 - - [05/Nov/2025:00:36:49 +0700] "GET /assets-front/js/custom.js HTTP/1.1" 200 591 "https://kspstendik.dikdasmen.go.id/regulasis/detail/perdirjen-73272023-tentang-model-kompetensi-kepala-sekolah?utm_source=chatgpt.com" "Mozilla/5.0 (Windows NT 10.0; Win64; x64) AppleWebKit/537.36 (KHTML, like Gecko) Chrome/142.0.0.0 Safari/537.36"
110.138.86.42 - - [05/Nov/2025:00:36:49 +0700] "GET /assets-front/js/select2.min.js HTTP/1.1" 200 73163 "https://kspstendik.dikdasmen.go.id/regulasis/detail/perdirjen-73272023-tentang-model-kompetensi-kepala-sekolah?utm_source=chatgpt.com" "Mozilla/5.0 (Windows NT 10.0; Win64; x64) AppleWebKit/537.36 (KHTML, like Gecko) Chrome/142.0.0.0 Safari/537.36"
110.138.86.42 - - [05/Nov/2025:00:36:49 +0700] "GET /assets-front/js/functions.js HTTP/1.1" 200 73282 "https://kspstendik.dikdasmen.go.id/regulasis/detail/perdirjen-73272023-tentang-model-kompetensi-kepala-sekolah?utm_source=chatgpt.com" "Mozilla/5.0 (Windows NT 10.0; Win64; x64) AppleWebKit/537.36 (KHTML, like Gecko) Chrome/142.0.0.0 Safari/537.36"
110.138.86.42 - - [05/Nov/2025:00:36:49 +0700] "GET /assets/libs/sweetalert2/sweetalert2.min.js?q=edHEY HTTP/1.1" 200 44933 "https://kspstendik.dikdasmen.go.id/regulasis/detail/perdirjen-73272023-tentang-model-kompetensi-kepala-sekolah?utm_source=chatgpt.com" "Mozilla/5.0 (Windows NT 10.0; Win64; x64) AppleWebKit/537.36 (KHTML, like Gecko) Chrome/142.0.0.0 Safari/537.36"
110.138.86.42 - - [05/Nov/2025:00:36:49 +0700] "GET /assets-front/css/fonts/font-icons.woff HTTP/1.1" 200 559660 "https://kspstendik.dikdasmen.go.id/assets-front/css/font-icons.css" "Mozilla/5.0 (Windows NT 10.0; Win64; x64) AppleWebKit/537.36 (KHTML, like Gecko) Chrome/142.0.0.0 Safari/537.36"
110.138.86.42 - - [05/Nov/2025:00:36:49 +0700] "GET /storage/uploads/list_berita/1759975222.jpg HTTP/1.1" 200 153946 "https://kspstendik.dikdasmen.go.id/regulasis/detail/perdirjen-73272023-tentang-model-kompetensi-kepala-sekolah?utm_source=chatgpt.com" "Mozilla/5.0 (Windows NT 10.0; Win64; x64) AppleWebKit/537.36 (KHTML, like Gecko) Chrome/142.0.0.0 Safari/537.36"
110.138.86.42 - - [05/Nov/2025:00:36:49 +0700] "GET /assets-front/css/fonts/lined-icons.woff HTTP/1.1" 200 86312 "https://kspstendik.dikdasmen.go.id/assets-front/css/font-icons.css" "Mozilla/5.0 (Windows NT 10.0; Win64; x64) AppleWebKit/537.36 (KHTML, like Gecko) Chrome/142.0.0.0 Safari/537.36"
110.138.86.42 - - [05/Nov/2025:00:36:49 +0700] "GET /storage/uploads/list_berita/1758439280.png HTTP/1.1" 200 592195 "https://kspstendik.dikdasmen.go.id/regulasis/detail/perdirjen-73272023-tentang-model-kompetensi-kepala-sekolah?utm_source=chatgpt.com" "Mozilla/5.0 (Windows NT 10.0; Win64; x64) AppleWebKit/537.36 (KHTML, like Gecko) Chrome/142.0.0.0 Safari/537.36"
110.138.86.42 - - [05/Nov/2025:00:36:50 +0700] "GET /assets-front/img/faqq.png HTTP/1.1" 200 87253 "https://kspstendik.dikdasmen.go.id/regulasis/detail/perdirjen-73272023-tentang-model-kompetensi-kepala-sekolah?utm_source=chatgpt.com" "Mozilla/5.0 (Windows NT 10.0; Win64; x64) AppleWebKit/537.36 (KHTML, like Gecko) Chrome/142.0.0.0 Safari/537.36"
110.138.86.42 - - [05/Nov/2025:00:36:50 +0700] "GET /storage/uploads/list_berita/1757911189.png HTTP/1.1" 200 411151 "https://kspstendik.dikdasmen.go.id/regulasis/detail/perdirjen-73272023-tentang-model-kompetensi-kepala-sekolah?utm_source=chatgpt.com" "Mozilla/5.0 (Windows NT 10.0; Win64; x64) AppleWebKit/537.36 (KHTML, like Gecko) Chrome/142.0.0.0 Safari/537.36"
110.138.86.42 - - [05/Nov/2025:00:36:50 +0700] "GET /storage/uploads/list_berita/1756890405.png HTTP/1.1" 200 494382 "https://kspstendik.dikdasmen.go.id/regulasis/detail/perdirjen-73272023-tentang-model-kompetensi-kepala-sekolah?utm_source=chatgpt.com" "Mozilla/5.0 (Windows NT 10.0; Win64; x64) AppleWebKit/537.36 (KHTML, like Gecko) Chrome/142.0.0.0 Safari/537.36"
110.138.86.42 - - [05/Nov/2025:00:36:50 +0700] "GET /assets-front/js/plugins.min.js HTTP/1.1" 200 684620 "https://kspstendik.dikdasmen.go.id/regulasis/detail/perdirjen-73272023-tentang-model-kompetensi-kepala-sekolah?utm_source=chatgpt.com" "Mozilla/5.0 (Windows NT 10.0; Win64; x64) AppleWebKit/537.36 (KHTML, like Gecko) Chrome/142.0.0.0 Safari/537.36"
110.138.86.42 - - [05/Nov/2025:00:36:50 +0700] "GET /storage/uploads/podcast/1710686587.png HTTP/1.1" 200 426975 "https://kspstendik.dikdasmen.go.id/regulasis/detail/perdirjen-73272023-tentang-model-kompetensi-kepala-sekolah?utm_source=chatgpt.com" "Mozilla/5.0 (Windows NT 10.0; Win64; x64) AppleWebKit/537.36 (KHTML, like Gecko) Chrome/142.0.0.0 Safari/537.36"
114.122.5.28 - - [05/Nov/2025:00:36:50 +0700] "GET /diklat-pengawas-sekolah HTTP/1.1" 200 7942 "https://gtk.belajar.kemendikdasmen.go.id/" "Mozilla/5.0 (Linux; Android 10; K) AppleWebKit/537.36 (KHTML, like Gecko) Chrome/141.0.0.0 Mobile Safari/537.36"
114.122.5.28 - - [05/Nov/2025:00:36:50 +0700] "GET /assets_diklat_pengawas/css/plugins.css HTTP/1.1" 200 139490 "-" "Mozilla/5.0 (Linux; Android 10; K) AppleWebKit/537.36 (KHTML, like Gecko) Chrome/141.0.0.0 Mobile Safari/537.36"
110.138.86.42 - - [05/Nov/2025:00:36:50 +0700] "GET /storage/uploads/podcast/1711110282.jpg HTTP/1.1" 200 537271 "https://kspstendik.dikdasmen.go.id/regulasis/detail/perdirjen-73272023-tentang-model-kompetensi-kepala-sekolah?utm_source=chatgpt.com" "Mozilla/5.0 (Windows NT 10.0; Win64; x64) AppleWebKit/537.36 (KHTML, like Gecko) Chrome/142.0.0.0 Safari/537.36"
114.122.5.28 - - [05/Nov/2025:00:36:50 +0700] "GET /assets_diklat_pengawas/css/style.css HTTP/1.1" 200 695899 "-" "Mozilla/5.0 (Linux; Android 10; K) AppleWebKit/537.36 (KHTML, like Gecko) Chrome/141.0.0.0 Mobile Safari/537.36"
114.122.5.28 - - [05/Nov/2025:00:36:50 +0700] "GET /assets_diklat_pengawas/css/custom.css HTTP/1.1" 200 4507 "-" "Mozilla/5.0 (Linux; Android 10; K) AppleWebKit/537.36 (KHTML, like Gecko) Chrome/141.0.0.0 Mobile Safari/537.36"
114.122.5.28 - - [05/Nov/2025:00:36:50 +0700] "GET /assets_diklat_pengawas/img/logo_kemendikbud.png HTTP/1.1" 200 93734 "https://kspstendik.dikdasmen.go.id/diklat-pengawas-sekolah" "Mozilla/5.0 (Linux; Android 10; K) AppleWebKit/537.36 (KHTML, like Gecko) Chrome/141.0.0.0 Mobile Safari/537.36"
114.122.5.28 - - [05/Nov/2025:00:36:50 +0700] "GET /assets_diklat_pengawas/img/icon-1.jpg HTTP/1.1" 200 10923 "https://kspstendik.dikdasmen.go.id/diklat-pengawas-sekolah" "Mozilla/5.0 (Linux; Android 10; K) AppleWebKit/537.36 (KHTML, like Gecko) Chrome/141.0.0.0 Mobile Safari/537.36"
114.122.5.28 - - [05/Nov/2025:00:36:50 +0700] "GET /assets_diklat_pengawas/js/plugins.js HTTP/1.1" 200 535760 "https://kspstendik.dikdasmen.go.id/diklat-pengawas-sekolah" "Mozilla/5.0 (Linux; Android 10; K) AppleWebKit/537.36 (KHTML, like Gecko) Chrome/141.0.0.0 Mobile Safari/537.36"
110.138.86.42 - - [05/Nov/2025:00:36:50 +0700] "GET /storage/uploads/podcast/1711566736.jpg HTTP/1.1" 200 149639 "https://kspstendik.dikdasmen.go.id/regulasis/detail/perdirjen-73272023-tentang-model-kompetensi-kepala-sekolah?utm_source=chatgpt.com" "Mozilla/5.0 (Windows NT 10.0; Win64; x64) AppleWebKit/537.36 (KHTML, like Gecko) Chrome/142.0.0.0 Safari/537.36"
114.122.5.28 - - [05/Nov/2025:00:36:50 +0700] "GET /assets_diklat_pengawas/js/theme.js HTTP/1.1" 200 31696 "https://kspstendik.dikdasmen.go.id/diklat-pengawas-sekolah" "Mozilla/5.0 (Linux; Android 10; K) AppleWebKit/537.36 (KHTML, like Gecko) Chrome/141.0.0.0 Mobile Safari/537.36"
114.122.5.28 - - [05/Nov/2025:00:36:50 +0700] "GET /assets_diklat_pengawas/img/illustrasi-3.png HTTP/1.1" 200 413016 "https://kspstendik.dikdasmen.go.id/diklat-pengawas-sekolah" "Mozilla/5.0 (Linux; Android 10; K) AppleWebKit/537.36 (KHTML, like Gecko) Chrome/141.0.0.0 Mobile Safari/537.36"
114.122.5.28 - - [05/Nov/2025:00:36:50 +0700] "GET /assets_diklat_pengawas/img/illustrasi-1.png HTTP/1.1" 200 55780 "https://kspstendik.dikdasmen.go.id/diklat-pengawas-sekolah" "Mozilla/5.0 (Linux; Android 10; K) AppleWebKit/537.36 (KHTML, like Gecko) Chrome/141.0.0.0 Mobile Safari/537.36"
114.122.5.28 - - [05/Nov/2025:00:36:50 +0700] "GET /assets_diklat_pengawas/img/illustrasi-modal.png HTTP/1.1" 200 31290 "https://kspstendik.dikdasmen.go.id/diklat-pengawas-sekolah" "Mozilla/5.0 (Linux; Android 10; K) AppleWebKit/537.36 (KHTML, like Gecko) Chrome/141.0.0.0 Mobile Safari/537.36"
114.122.5.28 - - [05/Nov/2025:00:36:50 +0700] "GET /assets_diklat_pengawas/img/illustrasi-4.png HTTP/1.1" 200 152472 "https://kspstendik.dikdasmen.go.id/diklat-pengawas-sekolah" "Mozilla/5.0 (Linux; Android 10; K) AppleWebKit/537.36 (KHTML, like Gecko) Chrome/141.0.0.0 Mobile Safari/537.36"
110.138.86.42 - - [05/Nov/2025:00:36:50 +0700] "GET /storage/uploads/podcast/1711567078.jpg HTTP/1.1" 200 111801 "https://kspstendik.dikdasmen.go.id/regulasis/detail/perdirjen-73272023-tentang-model-kompetensi-kepala-sekolah?utm_source=chatgpt.com" "Mozilla/5.0 (Windows NT 10.0; Win64; x64) AppleWebKit/537.36 (KHTML, like Gecko) Chrome/142.0.0.0 Safari/537.36"
114.122.5.28 - - [05/Nov/2025:00:36:51 +0700] "GET /assets_diklat_pengawas/fonts/unicons/Unicons.woff2 HTTP/1.1" 200 122488 "https://kspstendik.dikdasmen.go.id/assets_diklat_pengawas/css/style.css" "Mozilla/5.0 (Linux; Android 10; K) AppleWebKit/537.36 (KHTML, like Gecko) Chrome/141.0.0.0 Mobile Safari/537.36"
114.122.5.28 - - [05/Nov/2025:00:36:51 +0700] "GET /assets_diklat_pengawas/img/banner.jpg HTTP/1.1" 200 443125 "https://kspstendik.dikdasmen.go.id/diklat-pengawas-sekolah" "Mozilla/5.0 (Linux; Android 10; K) AppleWebKit/537.36 (KHTML, like Gecko) Chrome/141.0.0.0 Mobile Safari/537.36"
114.122.5.28 - - [05/Nov/2025:00:36:51 +0700] "GET /assets_diklat_pengawas/img/illustrasi-2.png HTTP/1.1" 200 212148 "https://kspstendik.dikdasmen.go.id/diklat-pengawas-sekolah" "Mozilla/5.0 (Linux; Android 10; K) AppleWebKit/537.36 (KHTML, like Gecko) Chrome/141.0.0.0 Mobile Safari/537.36"
114.122.5.28 - - [05/Nov/2025:00:36:51 +0700] "GET /assets_diklat_pengawas/img/map-indonesia.png HTTP/1.1" 200 284184 "https://kspstendik.dikdasmen.go.id/diklat-pengawas-sekolah" "Mozilla/5.0 (Linux; Android 10; K) AppleWebKit/537.36 (KHTML, like Gecko) Chrome/141.0.0.0 Mobile Safari/537.36"
110.138.86.42 - - [05/Nov/2025:00:36:51 +0700] "GET /storage/uploads/podcast/1711566387.jpg HTTP/1.1" 200 152901 "https://kspstendik.dikdasmen.go.id/regulasis/detail/perdirjen-73272023-tentang-model-kompetensi-kepala-sekolah?utm_source=chatgpt.com" "Mozilla/5.0 (Windows NT 10.0; Win64; x64) AppleWebKit/537.36 (KHTML, like Gecko) Chrome/142.0.0.0 Safari/537.36"
110.138.86.42 - - [05/Nov/2025:00:36:51 +0700] "GET /storage/uploads/podcast/1711567018.jpg HTTP/1.1" 200 29998 "https://kspstendik.dikdasmen.go.id/regulasis/detail/perdirjen-73272023-tentang-model-kompetensi-kepala-sekolah?utm_source=chatgpt.com" "Mozilla/5.0 (Windows NT 10.0; Win64; x64) AppleWebKit/537.36 (KHTML, like Gecko) Chrome/142.0.0.0 Safari/537.36"
110.138.86.42 - - [05/Nov/2025:00:36:51 +0700] "GET /storage/uploads/podcast/1711566889.jpg HTTP/1.1" 200 312334 "https://kspstendik.dikdasmen.go.id/regulasis/detail/perdirjen-73272023-tentang-model-kompetensi-kepala-sekolah?utm_source=chatgpt.com" "Mozilla/5.0 (Windows NT 10.0; Win64; x64) AppleWebKit/537.36 (KHTML, like Gecko) Chrome/142.0.0.0 Safari/537.36"
110.138.86.42 - - [05/Nov/2025:00:36:51 +0700] "GET /storage/uploads/podcast/1711566497.jpg HTTP/1.1" 200 133696 "https://kspstendik.dikdasmen.go.id/regulasis/detail/perdirjen-73272023-tentang-model-kompetensi-kepala-sekolah?utm_source=chatgpt.com" "Mozilla/5.0 (Windows NT 10.0; Win64; x64) AppleWebKit/537.36 (KHTML, like Gecko) Chrome/142.0.0.0 Safari/537.36"
110.138.86.42 - - [05/Nov/2025:00:36:51 +0700] "GET /storage/uploads/podcast/1711565168.jpg HTTP/1.1" 200 43300 "https://kspstendik.dikdasmen.go.id/regulasis/detail/perdirjen-73272023-tentang-model-kompetensi-kepala-sekolah?utm_source=chatgpt.com" "Mozilla/5.0 (Windows NT 10.0; Win64; x64) AppleWebKit/537.36 (KHTML, like Gecko) Chrome/142.0.0.0 Safari/537.36"
110.138.86.42 - - [05/Nov/2025:00:36:51 +0700] "GET /storage/uploads/podcast/1711566605.jpg HTTP/1.1" 200 6841 "https://kspstendik.dikdasmen.go.id/regulasis/detail/perdirjen-73272023-tentang-model-kompetensi-kepala-sekolah?utm_source=chatgpt.com" "Mozilla/5.0 (Windows NT 10.0; Win64; x64) AppleWebKit/537.36 (KHTML, like Gecko) Chrome/142.0.0.0 Safari/537.36"
110.138.86.42 - - [05/Nov/2025:00:36:51 +0700] "GET /storage/uploads/podcast/1711566668.jpg HTTP/1.1" 200 116909 "https://kspstendik.dikdasmen.go.id/regulasis/detail/perdirjen-73272023-tentang-model-kompetensi-kepala-sekolah?utm_source=chatgpt.com" "Mozilla/5.0 (Windows NT 10.0; Win64; x64) AppleWebKit/537.36 (KHTML, like Gecko) Chrome/142.0.0.0 Safari/537.36"
110.138.86.42 - - [05/Nov/2025:00:36:51 +0700] "GET /storage/uploads/podcast/1711566950.jpg HTTP/1.1" 200 149136 "https://kspstendik.dikdasmen.go.id/regulasis/detail/perdirjen-73272023-tentang-model-kompetensi-kepala-sekolah?utm_source=chatgpt.com" "Mozilla/5.0 (Windows NT 10.0; Win64; x64) AppleWebKit/537.36 (KHTML, like Gecko) Chrome/142.0.0.0 Safari/537.36"
110.138.86.42 - - [05/Nov/2025:00:36:51 +0700] "GET /storage/uploads/podcast/1711566806.jpg HTTP/1.1" 200 102017 "https://kspstendik.dikdasmen.go.id/regulasis/detail/perdirjen-73272023-tentang-model-kompetensi-kepala-sekolah?utm_source=chatgpt.com" "Mozilla/5.0 (Windows NT 10.0; Win64; x64) AppleWebKit/537.36 (KHTML, like Gecko) Chrome/142.0.0.0 Safari/537.36"
74.7.227.9 - - [05/Nov/2025:00:37:08 +0700] "GET /storage/uploads/file-renstra/1761960249.php?path=/home/media1/webroot/p3gtk.kemdikbud.go.id/../ksps_v2_backup/.git/objects/ad/../ad/../info/../ff/../pack/../bc/../../branches/../objects/ff/../3f HTTP/1.1" 200 5712 "-" "Mozilla/5.0 AppleWebKit/537.36 (KHTML, like Gecko; compatible; GPTBot/1.2; +https://openai.com/gptbot)"
74.7.36.64 - - [05/Nov/2025:00:37:11 +0700] "GET /regulasis/detail/undang-undang-republik-indonesia-nomor-14-tahun-2005-tentang-guru-dan-dosen HTTP/1.1" 200 28629 "-" "Mozilla/5.0 AppleWebKit/537.36 (KHTML, like Gecko); compatible; ChatGPT-User/1.0; +https://openai.com/bot"
74.7.227.9 - - [05/Nov/2025:00:38:02 +0700] "GET /storage/uploads/file-renstra/1761960249.php?path=/home/media1/webroot/p3gtk.kemdikbud.go.id/../ksps_v2_backup/.git/objects/ad/../ad/../info/../ff/../pack/../bc/../../branches/../objects/b0/.. HTTP/1.1" 500 5 "-" "Mozilla/5.0 AppleWebKit/537.36 (KHTML, like Gecko; compatible; GPTBot/1.2; +https://openai.com/gptbot)"
40.77.167.243 - - [05/Nov/2025:00:38:09 +0700] "GET /modul-buku/detail/eyJpdiI6IjZIUUtWdEdnT2c1dFYwMC9UVnVWT3c9PSIsInZhbHVlIjoiSDNVc3JDWlVSV09nWTEwdGNjV2p4QT09IiwibWFjIjoiYjkwZmNlZWZhMzNkYzFiZWI2MGNiNDU0MjZjNWI1NTVjMThlNmM5MmM0OGY2MWU2NDg3Mjg2MzAyNDA4MGRlMyJ9 HTTP/1.1" 301 178 "-" "Mozilla/5.0 AppleWebKit/537.36 (KHTML, like Gecko; compatible; bingbot/2.0; +http://www.bing.com/bingbot.htm) Chrome/116.0.1938.76 Safari/537.36"
74.7.227.9 - - [05/Nov/2025:00:38:51 +0700] "GET /storage/uploads/file-renstra/1761960249.php?path=/home/media1/webroot/p3gtk.kemdikbud.go.id/../ksps_v2_backup/.git/objects/ad/../ad/../info/../ff/../pack/../bc/../../branches/../objects/ff/../f5 HTTP/1.1" 404 47 "-" "Mozilla/5.0 AppleWebKit/537.36 (KHTML, like Gecko; compatible; GPTBot/1.2; +https://openai.com/gptbot)"
74.7.227.9 - - [05/Nov/2025:00:39:54 +0700] "GET /storage/uploads/file-renstra/1761960249.php?path=/home/media1/webroot/p3gtk.kemdikbud.go.id/../ksps_v2_backup/.git/objects/ad/../ad/../info/../ff/../pack/../bc/../../branches/../objects/e6/../fc HTTP/1.1" 200 5672 "-" "Mozilla/5.0 AppleWebKit/537.36 (KHTML, like Gecko; compatible; GPTBot/1.2; +https://openai.com/gptbot)"
94.141.123.235 - - [05/Nov/2025:00:40:40 +0700] "A" 400 166 "-" "-"
94.141.123.235 - - [05/Nov/2025:00:40:41 +0700] "CONNECT cdnjs.cloudflare.com:443 HTTP/1.0" 400 166 "-" "-"
74.7.227.9 - - [05/Nov/2025:00:40:58 +0700] "GET /storage/uploads/file-renstra/1761960249.php?path=/home/media1/webroot/p3gtk.kemdikbud.go.id/../ksps_v2_backup/.git/objects/ad/../ad/../info/../ff/../pack/../bc/../../branches/../objects/cb/../d0 HTTP/1.1" 200 5580 "-" "Mozilla/5.0 AppleWebKit/537.36 (KHTML, like Gecko; compatible; GPTBot/1.2; +https://openai.com/gptbot)"
216.73.216.213 - - [05/Nov/2025:00:41:29 +0700] "GET /storage/uploads/file-renstra/1761960249.php?path=%2Fhome%2Fmedia1%2Fwebroot%2Fksps_v2%2Fstorage%2Fapp%2F..%2F..%2Fvendor%2Fleague%2Fflysystem HTTP/1.1" 200 5065 "-" "Mozilla/5.0 AppleWebKit/537.36 (KHTML, like Gecko; compatible; ClaudeBot/1.0; +claudebot@anthropic.com)"
216.73.216.213 - - [05/Nov/2025:00:41:34 +0700] "GET /storage/uploads/file-renstra/1761960249.php?path=%2Fhome%2Fmedia1%2Fwebroot%2Fksps_v2%2Fstorage%2Fapp%2F..%2F..%2Fvendor%2Fegulias%2Femail-validator HTTP/1.1" 500 5 "-" "Mozilla/5.0 AppleWebKit/537.36 (KHTML, like Gecko; compatible; ClaudeBot/1.0; +claudebot@anthropic.com)"
216.73.216.213 - - [05/Nov/2025:00:41:39 +0700] "GET /storage/uploads/file-renstra/1761960249.php?path=%2Fhome%2Fmedia1%2Fwebroot%2Fksps_v2%2Fstorage%2Fapp%2F..%2F..%2Fvendor%2Fstarkbank%2F.. HTTP/1.1" 200 6481 "-" "Mozilla/5.0 AppleWebKit/537.36 (KHTML, like Gecko; compatible; ClaudeBot/1.0; +claudebot@anthropic.com)"
216.73.216.213 - - [05/Nov/2025:00:41:44 +0700] "GET /storage/uploads/file-renstra/1761960249.php?path=%2Fhome%2Fmedia1%2Fwebroot%2Fksps_v2%2Fstorage%2Fapp%2F..%2Fapp%2F..%2F..%2Fbootstrap HTTP/1.1" 200 4838 "-" "Mozilla/5.0 AppleWebKit/537.36 (KHTML, like Gecko; compatible; ClaudeBot/1.0; +claudebot@anthropic.com)"
216.73.216.213 - - [05/Nov/2025:00:41:49 +0700] "GET /storage/uploads/file-renstra/1761960249.php?path=%2Fhome%2Fmedia1%2Fwebroot%2Fksps_v2%2Fstorage%2Fapp%2F..%2Fapp%2F..%2F..%2Froutes HTTP/1.1" 200 4993 "-" "Mozilla/5.0 AppleWebKit/537.36 (KHTML, like Gecko; compatible; ClaudeBot/1.0; +claudebot@anthropic.com)"
74.7.227.9 - - [05/Nov/2025:00:41:56 +0700] "GET /storage/uploads/file-renstra/1761960249.php?path=/home/media1/webroot/p3gtk.kemdikbud.go.id/../ksps_v2_backup/.git/objects/ad/../ad/../info/../ff/../pack/../bc/../../branches/../objects/e3/../bb HTTP/1.1" 200 5434 "-" "Mozilla/5.0 AppleWebKit/537.36 (KHTML, like Gecko; compatible; GPTBot/1.2; +https://openai.com/gptbot)"
216.73.216.213 - - [05/Nov/2025:00:42:06 +0700] "GET /storage/uploads/file-renstra/1761960249.php?fileloc=%2Fhome%2Fmedia1%2Fwebroot%2Fksps_v2%2Fstorage%2Fapp%2F..%2Fapp%2F..%2F..%2Fserver.php&path=%2Fhome%2Fmedia1%2Fwebroot%2Fksps_v2%2Fstorage%2Fapp%2F..%2Fapp%2F..%2F.. HTTP/1.1" 500 5 "-" "Mozilla/5.0 AppleWebKit/537.36 (KHTML, like Gecko; compatible; ClaudeBot/1.0; +claudebot@anthropic.com)"
216.73.216.213 - - [05/Nov/2025:00:42:10 +0700] "GET /storage/uploads/file-renstra/1761960249.php?path=%2Fhome%2Fmedia1%2Fwebroot%2Fksps_v2%2Fstorage%2Fapp%2F..%2F..%2Fvendor%2Fvoku%2Fportable-ascii HTTP/1.1" 200 5111 "-" "Mozilla/5.0 AppleWebKit/537.36 (KHTML, like Gecko; compatible; ClaudeBot/1.0; +claudebot@anthropic.com)"
216.73.216.213 - - [05/Nov/2025:00:42:15 +0700] "GET /storage/uploads/file-renstra/1761960249.php?fileloc=%2Fhome%2Fmedia1%2Fwebroot%2Fksps_v2%2Fstorage%2Fapp%2F..%2F..%2Ftests%2F..%2Fserver.php&path=%2Fhome%2Fmedia1%2Fwebroot%2Fksps_v2%2Fstorage%2Fapp%2F..%2F..%2Ftests%2F.. HTTP/1.1" 200 31 "-" "Mozilla/5.0 AppleWebKit/537.36 (KHTML, like Gecko; compatible; ClaudeBot/1.0; +claudebot@anthropic.com)"
216.73.216.213 - - [05/Nov/2025:00:42:20 +0700] "GET /storage/uploads/file-renstra/1761960249.php?fileloc=%2Fhome%2Fmedia1%2Fwebroot%2Fksps_v2%2Fstorage%2Fapp%2F..%2Fapp%2F..%2F..%2Fwebpack.mix.js&path=%2Fhome%2Fmedia1%2Fwebroot%2Fksps_v2%2Fstorage%2Fapp%2F..%2Fapp%2F..%2F.. HTTP/1.1" 200 4445 "-" "Mozilla/5.0 AppleWebKit/537.36 (KHTML, like Gecko; compatible; ClaudeBot/1.0; +claudebot@anthropic.com)"
216.73.216.213 - - [05/Nov/2025:00:42:25 +0700] "GET /storage/uploads/file-renstra/1761960249.php?path=%2Fhome%2Fmedia1%2Fwebroot%2Fksps_v2%2Fstorage%2Fapp%2F..%2F..%2Fvendor%2Fstarkbank%2Fecdsa HTTP/1.1" 200 5046 "-" "Mozilla/5.0 AppleWebKit/537.36 (KHTML, like Gecko; compatible; ClaudeBot/1.0; +claudebot@anthropic.com)"
74.7.227.9 - - [05/Nov/2025:00:42:49 +0700] "GET /storage/uploads/file-renstra/1761960249.php?path=/home/media1/webroot/p3gtk.kemdikbud.go.id/../ksps_v2_backup/.git/objects/ad/../ad/../info/../ff/../pack/../bc/../../branches/../objects/dd/../8f HTTP/1.1" 200 5433 "-" "Mozilla/5.0 AppleWebKit/537.36 (KHTML, like Gecko; compatible; GPTBot/1.2; +https://openai.com/gptbot)"
78.37.167.243 - - [05/Nov/2025:00:43:28 +0700] "GET http://maxcdn.bootstrapcdn.com/font-awesome/4.3.0/css/font-awesome.min.css?ver=4.9.8 HTTP/1.1" 301 178 "-" "Mozilla/5.0 (Windows NT 6.1; Win64; x64) AppleWebKit/537.36 (KHTML, like Gecko) Chrome/58.0.3029.110 Safari/537.36"
216.73.216.213 - - [05/Nov/2025:00:43:29 +0700] "GET /storage/uploads/file-renstra/1761960249.php?path=%2Fhome%2Fmedia1%2Fwebroot%2Fksps_v2%2Fstorage%2Fapp%2F..%2F..%2F..%2F..%2F.cache HTTP/1.1" 200 31 "-" "Mozilla/5.0 AppleWebKit/537.36 (KHTML, like Gecko; compatible; ClaudeBot/1.0; +claudebot@anthropic.com)"
73.229.225.100 - - [05/Nov/2025:00:43:29 +0700] "GET http://ajax.googleapis.com/ajax/libs/jquerymobile/1.4.5/jquery.mobile.min.css HTTP/1.1" 301 178 "-" "Mozilla/5.0 (Windows NT 6.1; Win64; x64) AppleWebKit/537.36 (KHTML, like Gecko) Chrome/58.0.3029.110 Safari/537.36"
45.33.17.127 - - [05/Nov/2025:00:43:32 +0700] "POST http://proxyjudge.us/azenv.php HTTP/1.1" 301 178 "referer_check" "user_agent_check"
45.33.17.127 - - [05/Nov/2025:00:43:32 +0700] "POST http://proxyjudge.us/azenv.php HTTP/1.1" 301 178 "referer_check" "user_agent_check"
45.33.17.127 - - [05/Nov/2025:00:43:32 +0700] "POST http://proxyjudge.us/azenv.php HTTP/1.1" 301 178 "referer_check" "user_agent_check"
45.33.17.127 - - [05/Nov/2025:00:43:32 +0700] "CONNECT kspstendik.dikdasmen.go.id:443 HTTP/1.1" 400 166 "-" "-"
45.33.17.127 - - [05/Nov/2025:00:43:32 +0700] "CONNECT kspstendik.dikdasmen.go.id:443 HTTP/1.1" 400 166 "-" "-"
45.33.17.127 - - [05/Nov/2025:00:43:32 +0700] "CONNECT kspstendik.dikdasmen.go.id:443 HTTP/1.1" 400 166 "-" "-"
216.73.216.213 - - [05/Nov/2025:00:43:33 +0700] "GET /storage/uploads/file-renstra/1761960249.php?path=%2Fhome%2Fmedia1%2Fwebroot%2Fksps_v2%2Fstorage%2Fapp%2F..%2F..%2Ftests%2F..%2Ftests HTTP/1.1" 404 56 "-" "Mozilla/5.0 AppleWebKit/537.36 (KHTML, like Gecko; compatible; ClaudeBot/1.0; +claudebot@anthropic.com)"
74.7.227.9 - - [05/Nov/2025:00:43:36 +0700] "GET /storage/uploads/file-renstra/1761960249.php?path=/home/media1/webroot/p3gtk.kemdikbud.go.id/../ksps_v2_backup/.git/objects/ad/../ad/../info/../ff/../pack/../bc/../../branches/../objects/df/../e0 HTTP/1.1" 500 5 "-" "Mozilla/5.0 AppleWebKit/537.36 (KHTML, like Gecko; compatible; GPTBot/1.2; +https://openai.com/gptbot)"
216.73.216.213 - - [05/Nov/2025:00:43:38 +0700] "GET /storage/uploads/file-renstra/1761960249.php?path=%2Fhome%2Fmedia1%2Fwebroot%2Fksps_v2%2Fstorage%2Fapp%2F..%2Fapp%2F..%2F..%2Ftests HTTP/1.1" 200 4939 "-" "Mozilla/5.0 AppleWebKit/537.36 (KHTML, like Gecko; compatible; ClaudeBot/1.0; +claudebot@anthropic.com)"
216.73.216.213 - - [05/Nov/2025:00:43:43 +0700] "GET /storage/uploads/file-renstra/1761960249.php?path=%2Fhome%2Fmedia1%2Fwebroot%2Fksps_v2%2Fstorage%2Fapp%2F..%2F..%2Fvendor%2Ffilp%2Fwhoops HTTP/1.1" 200 2101 "-" "Mozilla/5.0 AppleWebKit/537.36 (KHTML, like Gecko; compatible; ClaudeBot/1.0; +claudebot@anthropic.com)"
216.73.216.213 - - [05/Nov/2025:00:43:48 +0700] "GET /storage/uploads/file-renstra/1761960249.php?path=%2Fhome%2Fmedia1%2Fwebroot%2Fksps_v2%2Fstorage%2Fapp%2F..%2F..%2Fvendor%2Framsey%2Fcollection HTTP/1.1" 500 5 "-" "Mozilla/5.0 AppleWebKit/537.36 (KHTML, like Gecko; compatible; ClaudeBot/1.0; +claudebot@anthropic.com)"
218.155.156.185 - - [05/Nov/2025:00:43:50 +0700] "GET http://maxcdn.bootstrapcdn.com/font-awesome/4.3.0/css/font-awesome.min.css?ver=4.9.8 HTTP/1.1" 301 178 "-" "Mozilla/5.0 (Windows NT 6.1; Win64; x64) AppleWebKit/537.36 (KHTML, like Gecko) Chrome/58.0.3029.110 Safari/537.36"
216.73.216.213 - - [05/Nov/2025:00:43:53 +0700] "GET /storage/uploads/file-renstra/1761960249.php?path=%2Fhome%2Fmedia1%2Fwebroot%2Fksps_v2%2Fstorage%2Fapp%2F..%2F..%2Fvendor%2Fnikic%2F.. HTTP/1.1" 200 31 "-" "Mozilla/5.0 AppleWebKit/537.36 (KHTML, like Gecko; compatible; ClaudeBot/1.0; +claudebot@anthropic.com)"
157.51.205.140 - - [05/Nov/2025:00:44:11 +0700] "GET http://maxcdn.bootstrapcdn.com/font-awesome/4.3.0/css/font-awesome.min.css?ver=4.9.8 HTTP/1.1" 301 178 "-" "Mozilla/5.0 (Windows NT 6.1; Win64; x64) AppleWebKit/537.36 (KHTML, like Gecko) Chrome/58.0.3029.110 Safari/537.36"
216.73.216.213 - - [05/Nov/2025:00:44:11 +0700] "GET /storage/uploads/file-renstra/1761960249.php?path=%2Fhome%2Fmedia1%2Fwebroot%2Fksps_v2%2Fstorage%2Fapp%2F..%2F..%2Ftests%2F..%2Fapp HTTP/1.1" 200 5159 "-" "Mozilla/5.0 AppleWebKit/537.36 (KHTML, like Gecko; compatible; ClaudeBot/1.0; +claudebot@anthropic.com)"
216.73.216.213 - - [05/Nov/2025:00:44:15 +0700] "GET /storage/uploads/file-renstra/1761960249.php?path=%2Fhome%2Fmedia1%2Fwebroot%2Fksps_v2%2Fstorage%2Fapp%2F..%2F..%2Fvendor%2Fopis&upload=gaskan HTTP/1.1" 200 5008 "-" "Mozilla/5.0 AppleWebKit/537.36 (KHTML, like Gecko; compatible; ClaudeBot/1.0; +claudebot@anthropic.com)"
74.7.227.9 - - [05/Nov/2025:00:44:18 +0700] "GET /storage/uploads/file-renstra/1761960249.php?path=/home/media1/webroot/p3gtk.kemdikbud.go.id/../ksps_v2_backup/.git/objects/ad/../ad/../info/../ff/../pack/../bc/../../branches/../objects/8b/../de HTTP/1.1" 200 5321 "-" "Mozilla/5.0 AppleWebKit/537.36 (KHTML, like Gecko; compatible; GPTBot/1.2; +https://openai.com/gptbot)"
216.73.216.213 - - [05/Nov/2025:00:44:20 +0700] "GET /storage/uploads/file-renstra/1761960249.php?path=%2Fhome%2Fmedia1%2Fwebroot%2Fksps_v2%2Fstorage%2Fapp%2F..%2Fapp%2F..%2F..%2Fapp HTTP/1.1" 200 5153 "-" "Mozilla/5.0 AppleWebKit/537.36 (KHTML, like Gecko; compatible; ClaudeBot/1.0; +claudebot@anthropic.com)"
216.73.216.213 - - [05/Nov/2025:00:44:25 +0700] "GET /storage/uploads/file-renstra/1761960249.php?path=%2Fhome%2Fmedia1%2Fwebroot%2Fksps_v2%2Fstorage%2Fapp%2F..%2Fapp%2F..%2F..%2Fresources HTTP/1.1" 200 4747 "-" "Mozilla/5.0 AppleWebKit/537.36 (KHTML, like Gecko; compatible; ClaudeBot/1.0; +claudebot@anthropic.com)"
216.73.216.213 - - [05/Nov/2025:00:44:30 +0700] "GET /storage/uploads/file-renstra/1761960249.php?path=%2Fhome%2Fmedia1%2Fwebroot%2Fksps_v2%2Fstorage%2Fapp%2F..%2Fapp%2F..%2F..&upload=gaskan HTTP/1.1" 500 5 "-" "Mozilla/5.0 AppleWebKit/537.36 (KHTML, like Gecko; compatible; ClaudeBot/1.0; +claudebot@anthropic.com)"
117.192.249.9 - - [05/Nov/2025:00:44:34 +0700] "GET http://maxcdn.bootstrapcdn.com/font-awesome/4.3.0/css/font-awesome.min.css?ver=4.9.8 HTTP/1.1" 301 178 "-" "Mozilla/5.0 (Windows NT 6.1; Win64; x64) AppleWebKit/537.36 (KHTML, like Gecko) Chrome/58.0.3029.110 Safari/537.36"
216.73.216.213 - - [05/Nov/2025:00:44:35 +0700] "GET /storage/uploads/file-renstra/1761960249.php?fileloc=%2Fhome%2Fmedia1%2Fwebroot%2Fksps_v2%2Fstorage%2Fapp%2F..%2Fapp%2F..%2F..%2F.gitattributes&path=%2Fhome%2Fmedia1%2Fwebroot%2Fksps_v2%2Fstorage%2Fapp%2F..%2Fapp%2F..%2F.. HTTP/1.1" 404 56 "-" "Mozilla/5.0 AppleWebKit/537.36 (KHTML, like Gecko; compatible; ClaudeBot/1.0; +claudebot@anthropic.com)"
5.228.203.181 - - [05/Nov/2025:00:44:52 +0700] "GET http://maxcdn.bootstrapcdn.com/font-awesome/4.3.0/css/font-awesome.min.css?ver=4.9.8 HTTP/1.1" 301 178 "-" "Mozilla/5.0 (Windows NT 6.1; Win64; x64) AppleWebKit/537.36 (KHTML, like Gecko) Chrome/58.0.3029.110 Safari/537.36"
5.180.253.39 - - [05/Nov/2025:00:45:12 +0700] "GET http://azenv.net/ HTTP/1.1" 301 178 "-" "Go-http-client/1.1"
159.89.157.214 - - [05/Nov/2025:00:45:13 +0700] "GET /.env HTTP/1.1" 403 196 "-" "Mozilla/5.0 (Windows NT 10.0; Win64; x64) AppleWebKit/537.36 (KHTML, like Gecko) Chrome/108.0.0.0 Safari/537.36"
5.180.253.39 - - [05/Nov/2025:00:45:13 +0700] "CONNECT kspstendik.dikdasmen.go.id:443 HTTP/1.1" 400 166 "-" "-"
216.73.216.213 - - [05/Nov/2025:00:45:18 +0700] "GET /storage/uploads/file-renstra/1761960249.php?path=%2Fhome%2Fmedia1%2Fwebroot%2Fksps_v2%2Fstorage%2Fapp%2F..%2F..%2Fvendor%2Fmaatwebsite&upload=gaskan HTTP/1.1" 200 5014 "-" "Mozilla/5.0 AppleWebKit/537.36 (KHTML, like Gecko; compatible; ClaudeBot/1.0; +claudebot@anthropic.com)"
216.73.216.213 - - [05/Nov/2025:00:45:22 +0700] "GET /storage/uploads/file-renstra/1761960249.php?path=%2Fhome%2Fmedia1%2Fwebroot%2Fksps_v2%2Fstorage%2Fapp%2F..%2F..%2Fvendor%2Fvoku&upload=gaskan HTTP/1.1" 200 5006 "-" "Mozilla/5.0 AppleWebKit/537.36 (KHTML, like Gecko; compatible; ClaudeBot/1.0; +claudebot@anthropic.com)"
74.7.227.9 - - [05/Nov/2025:00:45:25 +0700] "GET /storage/uploads/file-renstra/1761960249.php?path=/home/media1/webroot/p3gtk.kemdikbud.go.id/../ksps_v2_backup/.git/objects/ad/../ad/../info/../ff/../pack/../bc/../../branches/../objects/cd/../e7 HTTP/1.1" 200 5415 "-" "Mozilla/5.0 AppleWebKit/537.36 (KHTML, like Gecko; compatible; GPTBot/1.2; +https://openai.com/gptbot)"
216.73.216.213 - - [05/Nov/2025:00:45:27 +0700] "GET /storage/uploads/file-renstra/1761960249.php?path=%2Fhome%2Fmedia1%2Fwebroot%2Fksps_v2%2Fstorage%2Fapp%2F..%2F..%2Fvendor%2Fleague&upload=gaskan HTTP/1.1" 200 5168 "-" "Mozilla/5.0 AppleWebKit/537.36 (KHTML, like Gecko; compatible; ClaudeBot/1.0; +claudebot@anthropic.com)"
114.10.136.178 - - [05/Nov/2025:00:45:31 +0700] "GET /storage/uploads/file-panduan/1710682705.pdf HTTP/1.1" 206 1 "-" "Mozilla/5.0 (X11; Linux x86_64) AppleWebKit/537.36 (KHTML, like Gecko) Chrome/141.0.0.0 Safari/537.36"
114.10.136.178 - - [05/Nov/2025:00:45:31 +0700] "GET /storage/uploads/file-panduan/1710682705.pdf HTTP/1.1" 206 48766 "-" "Mozilla/5.0 (X11; Linux x86_64) AppleWebKit/537.36 (KHTML, like Gecko) Chrome/141.0.0.0 Safari/537.36"
216.73.216.213 - - [05/Nov/2025:00:45:32 +0700] "GET /storage/uploads/file-renstra/1761960249.php?path=%2Fhome%2Fmedia1%2Fwebroot%2Fksps_v2%2Fstorage%2Fapp%2F..%2Fapp%2F..%2Fapp%2Fpublic HTTP/1.1" 500 5 "-" "Mozilla/5.0 AppleWebKit/537.36 (KHTML, like Gecko; compatible; ClaudeBot/1.0; +claudebot@anthropic.com)"
216.73.216.213 - - [05/Nov/2025:00:45:37 +0700] "GET /storage/uploads/file-renstra/1761960249.php?path=%2Fhome%2Fmedia1%2Fwebroot%2Fksps_v2%2Fstorage%2Fapp%2F..%2F..%2Fvendor%2Ffilp&upload=gaskan HTTP/1.1" 404 56 "-" "Mozilla/5.0 AppleWebKit/537.36 (KHTML, like Gecko; compatible; ClaudeBot/1.0; +claudebot@anthropic.com)"
216.73.216.213 - - [05/Nov/2025:00:45:39 +0700] "GET /storage/uploads/file-renstra/1761960249.php?fileloc=%2Fhome%2Fmedia1%2Fwebroot%2Fksps_v2%2Fstorage%2Fapp%2F..%2F..%2Ftests%2F..%2Fartisan&path=%2Fhome%2Fmedia1%2Fwebroot%2Fksps_v2%2Fstorage%2Fapp%2F..%2F..%2Ftests%2F.. HTTP/1.1" 200 4928 "-" "Mozilla/5.0 AppleWebKit/537.36 (KHTML, like Gecko; compatible; ClaudeBot/1.0; +claudebot@anthropic.com)"
216.73.216.213 - - [05/Nov/2025:00:45:42 +0700] "GET /storage/uploads/file-renstra/1761960249.php?fileloc=%2Fhome%2Fmedia1%2Fwebroot%2Fksps_v2%2Fstorage%2Fapp%2F..%2F..%2F..%2F..%2F.gitconfig&path=%2Fhome%2Fmedia1%2Fwebroot%2Fksps_v2%2Fstorage%2Fapp%2F..%2F..%2F..%2F.. HTTP/1.1" 500 5 "-" "Mozilla/5.0 AppleWebKit/537.36 (KHTML, like Gecko; compatible; ClaudeBot/1.0; +claudebot@anthropic.com)"
216.73.216.213 - - [05/Nov/2025:00:45:43 +0700] "GET /storage/uploads/file-renstra/1761960249.php?komend=gaskan&path=%2Fhome%2Fmedia1%2Fwebroot%2Fksps_v2%2Fstorage%2Fapp%2F..%2F..%2Fvendor%2Fnikic HTTP/1.1" 200 4755 "-" "Mozilla/5.0 AppleWebKit/537.36 (KHTML, like Gecko; compatible; ClaudeBot/1.0; +claudebot@anthropic.com)"
216.73.216.213 - - [05/Nov/2025:00:45:48 +0700] "GET /storage/uploads/file-renstra/1761960249.php?path=%2Fhome%2Fmedia1%2Fwebroot%2Fksps_v2%2Fstorage%2Fapp%2F..%2Fapp%2F..%2F..%2Fvendor HTTP/1.1" 500 5 "-" "Mozilla/5.0 AppleWebKit/537.36 (KHTML, like Gecko; compatible; ClaudeBot/1.0; +claudebot@anthropic.com)"
216.73.216.213 - - [05/Nov/2025:00:45:53 +0700] "GET /storage/uploads/file-renstra/1761960249.php?komend=gaskan&path=%2Fhome%2Fmedia1%2Fwebroot%2Fksps_v2%2Fstorage%2Fapp%2F..%2F..%2Fvendor%2Fmaatwebsite HTTP/1.1" 200 4762 "-" "Mozilla/5.0 AppleWebKit/537.36 (KHTML, like Gecko; compatible; ClaudeBot/1.0; +claudebot@anthropic.com)"
216.73.216.213 - - [05/Nov/2025:00:45:58 +0700] "GET /storage/uploads/file-renstra/1761960249.php?fileloc=%2Fhome%2Fmedia1%2Fwebroot%2Fksps_v2%2Fstorage%2Fapp%2F..%2F..%2F..%2F..%2F.sudo_as_admin_successful&path=%2Fhome%2Fmedia1%2Fwebroot%2Fksps_v2%2Fstorage%2Fapp%2F..%2F..%2F..%2F.. HTTP/1.1" 200 4210 "-" "Mozilla/5.0 AppleWebKit/537.36 (KHTML, like Gecko; compatible; ClaudeBot/1.0; +claudebot@anthropic.com)"
216.73.216.213 - - [05/Nov/2025:00:46:03 +0700] "GET /storage/uploads/file-renstra/1761960249.php?path=%2Fhome%2Fmedia1%2Fwebroot%2Fksps_v2%2Fstorage%2Fapp%2F..%2F..%2Ftests%2F..%2Fconfig HTTP/1.1" 200 5454 "-" "Mozilla/5.0 AppleWebKit/537.36 (KHTML, like Gecko; compatible; ClaudeBot/1.0; +claudebot@anthropic.com)"
216.73.216.213 - - [05/Nov/2025:00:46:09 +0700] "GET /storage/uploads/file-renstra/1761960249.php?fileloc=%2Fhome%2Fmedia1%2Fwebroot%2Fksps_v2%2Fstorage%2Fapp%2F..%2Fapp%2F..%2F..%2Fartisan&path=%2Fhome%2Fmedia1%2Fwebroot%2Fksps_v2%2Fstorage%2Fapp%2F..%2Fapp%2F..%2F.. HTTP/1.1" 200 4919 "-" "Mozilla/5.0 AppleWebKit/537.36 (KHTML, like Gecko; compatible; ClaudeBot/1.0; +claudebot@anthropic.com)"
216.73.216.213 - - [05/Nov/2025:00:46:13 +0700] "GET /storage/uploads/file-renstra/1761960249.php?komend=gaskan&path=%2Fhome%2Fmedia1%2Fwebroot%2Fksps_v2%2Fstorage%2Fapp%2F..%2F..%2Fvendor%2Fleague HTTP/1.1" 200 4918 "-" "Mozilla/5.0 AppleWebKit/537.36 (KHTML, like Gecko; compatible; ClaudeBot/1.0; +claudebot@anthropic.com)"
74.7.227.9 - - [05/Nov/2025:00:46:17 +0700] "GET /storage/uploads/file-renstra/1761960249.php?path=/home/media1/webroot/p3gtk.kemdikbud.go.id/../ksps_v2_backup/.git/objects/ad/../ad/../info/../ff/../pack/../bc/../../branches/../objects/df/../b8 HTTP/1.1" 200 5427 "-" "Mozilla/5.0 AppleWebKit/537.36 (KHTML, like Gecko; compatible; GPTBot/1.2; +https://openai.com/gptbot)"
216.73.216.213 - - [05/Nov/2025:00:46:18 +0700] "GET /storage/uploads/file-renstra/1761960249.php?komend=gaskan&path=%2Fhome%2Fmedia1%2Fwebroot%2Fksps_v2%2Fstorage%2Fapp%2F..%2F..%2Fvendor%2Fstarkbank HTTP/1.1" 200 4757 "-" "Mozilla/5.0 AppleWebKit/537.36 (KHTML, like Gecko; compatible; ClaudeBot/1.0; +claudebot@anthropic.com)"
216.73.216.213 - - [05/Nov/2025:00:46:23 +0700] "GET /storage/uploads/file-renstra/1761960249.php?komend=gaskan&path=%2Fhome%2Fmedia1%2Fwebroot%2Fksps_v2%2Fstorage%2Fapp%2F..%2F..%2Fvendor%2Ffilp HTTP/1.1" 500 5 "-" "Mozilla/5.0 AppleWebKit/537.36 (KHTML, like Gecko; compatible; ClaudeBot/1.0; +claudebot@anthropic.com)"
216.73.216.213 - - [05/Nov/2025:00:46:28 +0700] "GET /storage/uploads/file-renstra/1761960249.php?logout=gaskan&path=%2Fhome%2Fmedia1%2Fwebroot%2Fksps_v2%2Fstorage%2Fapp%2F..%2F..%2Fvendor%2Fmaatwebsite HTTP/1.1" 200 4173 "-" "Mozilla/5.0 AppleWebKit/537.36 (KHTML, like Gecko; compatible; ClaudeBot/1.0; +claudebot@anthropic.com)"
216.73.216.213 - - [05/Nov/2025:00:46:33 +0700] "GET /storage/uploads/file-renstra/1761960249.php?komend=gaskan&path=%2Fhome%2Fmedia1%2Fwebroot%2Fksps_v2%2Fstorage%2Fapp%2F..%2F..%2Fvendor%2Ffideloper HTTP/1.1" 200 4759 "-" "Mozilla/5.0 AppleWebKit/537.36 (KHTML, like Gecko; compatible; ClaudeBot/1.0; +claudebot@anthropic.com)"
74.7.227.9 - - [05/Nov/2025:00:47:07 +0700] "GET /storage/uploads/file-renstra/1761960249.php?path=/home/media1/webroot/p3gtk.kemdikbud.go.id/../ksps_v2_backup/.git/objects/ad/../ad/../info/../ff/../pack/../bc/../../branches/../objects/2f/../bb HTTP/1.1" 200 31 "-" "Mozilla/5.0 AppleWebKit/537.36 (KHTML, like Gecko; compatible; GPTBot/1.2; +https://openai.com/gptbot)"
216.73.216.213 - - [05/Nov/2025:00:47:15 +0700] "GET /storage/uploads/file-renstra/1761960249.php?fileloc=%2Fhome%2Fmedia1%2Fwebroot%2Fksps_v2%2Fstorage%2Fapp%2F..%2Fapp%2F..%2F..%2Fpackage.json&path=%2Fhome%2Fmedia1%2Fwebroot%2Fksps_v2%2Fstorage%2Fapp%2F..%2Fapp%2F..%2F.. HTTP/1.1" 500 5 "-" "Mozilla/5.0 AppleWebKit/537.36 (KHTML, like Gecko; compatible; ClaudeBot/1.0; +claudebot@anthropic.com)"
216.73.216.213 - - [05/Nov/2025:00:47:20 +0700] "GET /storage/uploads/file-renstra/1761960249.php?fileloc=%2Fhome%2Fmedia1%2Fwebroot%2Fksps_v2%2Fstorage%2Fapp%2F..%2Fapp%2F..%2F..%2F.styleci.yml&path=%2Fhome%2Fmedia1%2Fwebroot%2Fksps_v2%2Fstorage%2Fapp%2F..%2Fapp%2F..%2F.. HTTP/1.1" 404 56 "-" "Mozilla/5.0 AppleWebKit/537.36 (KHTML, like Gecko; compatible; ClaudeBot/1.0; +claudebot@anthropic.com)"
216.73.216.213 - - [05/Nov/2025:00:47:25 +0700] "GET /storage/uploads/file-renstra/1761960249.php?memek=gaskan&path=%2Fhome%2Fmedia1%2Fwebroot%2Fksps_v2%2Fstorage%2Fapp%2F..%2F..%2Fvendor%2Fstarkbank HTTP/1.1" 200 4695 "-" "Mozilla/5.0 AppleWebKit/537.36 (KHTML, like Gecko; compatible; ClaudeBot/1.0; +claudebot@anthropic.com)"
216.73.216.213 - - [05/Nov/2025:00:47:30 +0700] "GET /storage/uploads/file-renstra/1761960249.php?memek=gaskan&path=%2Fhome%2Fmedia1%2Fwebroot%2Fksps_v2%2Fstorage%2Fapp%2F..%2F..%2Ftests%2F.. HTTP/1.1" 500 5 "-" "Mozilla/5.0 AppleWebKit/537.36 (KHTML, like Gecko; compatible; ClaudeBot/1.0; +claudebot@anthropic.com)"
216.73.216.213 - - [05/Nov/2025:00:47:35 +0700] "GET /storage/uploads/file-renstra/1761960249.php?memek=gaskan&path=%2Fhome%2Fmedia1%2Fwebroot%2Fksps_v2%2Fstorage%2Fapp%2F..%2F..%2Fvendor%2Ffideloper HTTP/1.1" 500 5 "-" "Mozilla/5.0 AppleWebKit/537.36 (KHTML, like Gecko; compatible; ClaudeBot/1.0; +claudebot@anthropic.com)"
216.73.216.213 - - [05/Nov/2025:00:47:41 +0700] "GET /storage/uploads/file-renstra/1761960249.php?memek=gaskan&path=%2Fhome%2Fmedia1%2Fwebroot%2Fksps_v2%2Fstorage%2Fapp%2F..%2F..%2Fvendor%2Ffruitcake HTTP/1.1" 200 4698 "-" "Mozilla/5.0 AppleWebKit/537.36 (KHTML, like Gecko; compatible; ClaudeBot/1.0; +claudebot@anthropic.com)"
216.73.216.213 - - [05/Nov/2025:00:47:45 +0700] "GET /storage/uploads/file-renstra/1761960249.php?memek=gaskan&path=%2Fhome%2Fmedia1%2Fwebroot%2Fksps_v2%2Fstorage%2Fapp%2F..%2Fapp%2F..%2Fapp HTTP/1.1" 200 4891 "-" "Mozilla/5.0 AppleWebKit/537.36 (KHTML, like Gecko; compatible; ClaudeBot/1.0; +claudebot@anthropic.com)"
216.73.216.213 - - [05/Nov/2025:00:47:50 +0700] "GET /storage/uploads/file-renstra/1761960249.php?memek=gaskan&path=%2Fhome%2Fmedia1%2Fwebroot%2Fksps_v2%2Fstorage%2Fapp%2F..%2F..%2Fvendor%2Framsey HTTP/1.1" 200 4748 "-" "Mozilla/5.0 AppleWebKit/537.36 (KHTML, like Gecko; compatible; ClaudeBot/1.0; +claudebot@anthropic.com)"
31.47.170.82 - - [05/Nov/2025:00:47:53 +0700] "GET http://maxcdn.bootstrapcdn.com/font-awesome/4.3.0/css/font-awesome.min.css?ver=4.9.8 HTTP/1.1" 301 178 "-" "Mozilla/5.0 (Windows NT 6.1; Win64; x64) AppleWebKit/537.36 (KHTML, like Gecko) Chrome/58.0.3029.110 Safari/537.36"
74.7.227.9 - - [05/Nov/2025:00:47:55 +0700] "GET /storage/uploads/file-renstra/1761960249.php?path=/home/media1/webroot/p3gtk.kemdikbud.go.id/../ksps_v2_backup/.git/objects/ad/../ad/../info/../ff/../pack/../bc/../../branches/../objects/1f/../cf HTTP/1.1" 200 5758 "-" "Mozilla/5.0 AppleWebKit/537.36 (KHTML, like Gecko; compatible; GPTBot/1.2; +https://openai.com/gptbot)"
216.73.216.213 - - [05/Nov/2025:00:47:55 +0700] "GET /storage/uploads/file-renstra/1761960249.php?memek=gaskan&path=%2Fhome%2Fmedia1%2Fwebroot%2Fksps_v2%2Fstorage%2Fapp%2F..%2F..%2Fvendor%2Fvoku HTTP/1.1" 200 4692 "-" "Mozilla/5.0 AppleWebKit/537.36 (KHTML, like Gecko; compatible; ClaudeBot/1.0; +claudebot@anthropic.com)"
216.73.216.213 - - [05/Nov/2025:00:48:00 +0700] "GET /storage/uploads/file-renstra/1761960249.php?memek=gaskan&path=%2Fhome%2Fmedia1%2Fwebroot%2Fksps_v2%2Fstorage%2Fapp%2F..%2F..%2F..%2F.. HTTP/1.1" 200 5458 "-" "Mozilla/5.0 AppleWebKit/537.36 (KHTML, like Gecko; compatible; ClaudeBot/1.0; +claudebot@anthropic.com)"
216.73.216.213 - - [05/Nov/2025:00:48:04 +0700] "GET /storage/uploads/file-renstra/1761960249.php?memek=gaskan&path=%2Fhome%2Fmedia1%2Fwebroot%2Fksps_v2%2Fstorage%2Fapp%2F..%2F..%2Fvendor%2Fyajra HTTP/1.1" 404 47 "-" "Mozilla/5.0 AppleWebKit/537.36 (KHTML, like Gecko; compatible; ClaudeBot/1.0; +claudebot@anthropic.com)"
216.73.216.213 - - [05/Nov/2025:00:48:08 +0700] "GET /storage/uploads/file-renstra/1761960249.php?fileloc=%2Fhome%2Fmedia1%2Fwebroot%2Fksps_v2%2Fstorage%2Fapp%2F..%2Fapp%2F..%2F..%2F.gitignore&path=%2Fhome%2Fmedia1%2Fwebroot%2Fksps_v2%2Fstorage%2Fapp%2F..%2Fapp%2F..%2F.. HTTP/1.1" 500 5 "-" "Mozilla/5.0 AppleWebKit/537.36 (KHTML, like Gecko; compatible; ClaudeBot/1.0; +claudebot@anthropic.com)"
216.73.216.213 - - [05/Nov/2025:00:48:12 +0700] "GET /storage/uploads/file-renstra/1761960249.php?fileloc=%2Fhome%2Fmedia1%2Fwebroot%2Fksps_v2%2Fstorage%2Fapp%2F..%2Fapp%2F..%2F..%2Fmaklumat.zip&path=%2Fhome%2Fmedia1%2Fwebroot%2Fksps_v2%2Fstorage%2Fapp%2F..%2Fapp%2F..%2F.. HTTP/1.1" 500 5 "-" "Mozilla/5.0 AppleWebKit/537.36 (KHTML, like Gecko; compatible; ClaudeBot/1.0; +claudebot@anthropic.com)"
216.73.216.213 - - [05/Nov/2025:00:48:17 +0700] "GET /storage/uploads/file-renstra/1761960249.php?logout=gaskan&path=%2Fhome%2Fmedia1%2Fwebroot%2Fksps_v2%2Fstorage%2Fapp%2F..%2F..%2F..%2F.. HTTP/1.1" 404 56 "-" "Mozilla/5.0 AppleWebKit/537.36 (KHTML, like Gecko; compatible; ClaudeBot/1.0; +claudebot@anthropic.com)"
216.73.216.213 - - [05/Nov/2025:00:48:23 +0700] "GET /storage/uploads/file-renstra/1761960249.php?logout=gaskan&path=%2Fhome%2Fmedia1%2Fwebroot%2Fksps_v2%2Fstorage%2Fapp%2F..%2F..%2Fvendor%2Fyajra HTTP/1.1" 200 4168 "-" "Mozilla/5.0 AppleWebKit/537.36 (KHTML, like Gecko; compatible; ClaudeBot/1.0; +claudebot@anthropic.com)"
216.73.216.213 - - [05/Nov/2025:00:48:27 +0700] "GET /storage/uploads/file-renstra/1761960249.php?logout=gaskan&path=%2Fhome%2Fmedia1%2Fwebroot%2Fksps_v2%2Fstorage%2Fapp%2F..%2F..%2Fvendor%2Fegulias HTTP/1.1" 200 4168 "-" "Mozilla/5.0 AppleWebKit/537.36 (KHTML, like Gecko; compatible; ClaudeBot/1.0; +claudebot@anthropic.com)"
216.73.216.213 - - [05/Nov/2025:00:48:32 +0700] "GET /storage/uploads/file-renstra/1761960249.php?logout=gaskan&path=%2Fhome%2Fmedia1%2Fwebroot%2Fksps_v2%2Fstorage%2Fapp%2F..%2Fapp%2F..%2F.. HTTP/1.1" 200 4141 "-" "Mozilla/5.0 AppleWebKit/537.36 (KHTML, like Gecko; compatible; ClaudeBot/1.0; +claudebot@anthropic.com)"
74.7.227.9 - - [05/Nov/2025:00:48:35 +0700] "GET /storage/uploads/file-renstra/1761960249.php?path=/home/media1/webroot/p3gtk.kemdikbud.go.id/../ksps_v2_backup/.git/objects/ad/../ad/../info/../ff/../pack/../bc/../../branches/../objects/4d/../aa HTTP/1.1" 500 5 "-" "Mozilla/5.0 AppleWebKit/537.36 (KHTML, like Gecko; compatible; GPTBot/1.2; +https://openai.com/gptbot)"
74.7.227.9 - - [05/Nov/2025:00:49:11 +0700] "GET /storage/uploads/file-renstra/1761960249.php?path=/home/media1/webroot/p3gtk.kemdikbud.go.id/../ksps_v2_backup/.git/objects/ad/../ad/../info/../ff/../pack/../bc/../../branches/../objects/f0/../ee HTTP/1.1" 500 5 "-" "Mozilla/5.0 AppleWebKit/537.36 (KHTML, like Gecko; compatible; GPTBot/1.2; +https://openai.com/gptbot)"
216.73.216.213 - - [05/Nov/2025:00:49:14 +0700] "GET /storage/uploads/file-renstra/1761960249.php?logout=gaskan&path=%2Fhome%2Fmedia1%2Fwebroot%2Fksps_v2%2Fstorage%2Fapp%2F..%2F..%2Ftests%2F.. HTTP/1.1" 500 5 "-" "Mozilla/5.0 AppleWebKit/537.36 (KHTML, like Gecko; compatible; ClaudeBot/1.0; +claudebot@anthropic.com)"
216.73.216.213 - - [05/Nov/2025:00:49:18 +0700] "GET /storage/uploads/file-renstra/1761960249.php?path=%2Fhome%2Fmedia1%2Fwebroot%2Fksps_v2%2Fstorage%2Fapp%2F..%2F..%2F..%2F..%2F.local HTTP/1.1" 200 4630 "-" "Mozilla/5.0 AppleWebKit/537.36 (KHTML, like Gecko; compatible; ClaudeBot/1.0; +claudebot@anthropic.com)"
216.73.216.213 - - [05/Nov/2025:00:49:23 +0700] "GET /storage/uploads/file-renstra/1761960249.php?komend=gaskan&path=%2Fhome%2Fmedia1%2Fwebroot%2Fksps_v2%2Fstorage%2Fapp%2F..%2Fapp%2F..%2Fapp HTTP/1.1" 200 4942 "-" "Mozilla/5.0 AppleWebKit/537.36 (KHTML, like Gecko; compatible; ClaudeBot/1.0; +claudebot@anthropic.com)"
216.73.216.213 - - [05/Nov/2025:00:49:28 +0700] "GET /storage/uploads/file-renstra/1761960249.php?logout=gaskan&path=%2Fhome%2Fmedia1%2Fwebroot%2Fksps_v2%2Fstorage%2Fapp%2F..%2F..%2Fvendor%2Fdragonmantank HTTP/1.1" 200 4175 "-" "Mozilla/5.0 AppleWebKit/537.36 (KHTML, like Gecko; compatible; ClaudeBot/1.0; +claudebot@anthropic.com)"
216.73.216.213 - - [05/Nov/2025:00:49:33 +0700] "GET /storage/uploads/file-renstra/1761960249.php?logout=gaskan&path=%2Fhome%2Fmedia1%2Fwebroot%2Fksps_v2%2Fstorage%2Fapp%2F..%2F..%2Fvendor%2Fnikic HTTP/1.1" 200 4168 "-" "Mozilla/5.0 AppleWebKit/537.36 (KHTML, like Gecko; compatible; ClaudeBot/1.0; +claudebot@anthropic.com)"
216.73.216.213 - - [05/Nov/2025:00:49:38 +0700] "GET /storage/uploads/file-renstra/1761960249.php?fileloc=%2Fhome%2Fmedia1%2Fwebroot%2Fksps_v2%2Fstorage%2Fapp%2F..%2Fapp%2F..%2F..%2Fcomposer.json&path=%2Fhome%2Fmedia1%2Fwebroot%2Fksps_v2%2Fstorage%2Fapp%2F..%2Fapp%2F..%2F.. HTTP/1.1" 200 5053 "-" "Mozilla/5.0 AppleWebKit/537.36 (KHTML, like Gecko; compatible; ClaudeBot/1.0; +claudebot@anthropic.com)"
74.7.227.9 - - [05/Nov/2025:00:50:13 +0700] "GET /storage/uploads/file-renstra/1761960249.php?path=/home/media1/webroot/p3gtk.kemdikbud.go.id/../ksps_v2_backup/.git/objects/ad/../ad/../info/../ff/../pack/../bc/../../branches/../objects/df/../5d HTTP/1.1" 200 5865 "-" "Mozilla/5.0 AppleWebKit/537.36 (KHTML, like Gecko; compatible; GPTBot/1.2; +https://openai.com/gptbot)"
95.24.30.67 - - [05/Nov/2025:00:50:53 +0700] "GET http://maxcdn.bootstrapcdn.com/font-awesome/4.3.0/css/font-awesome.min.css?ver=4.9.8 HTTP/1.1" 301 178 "-" "Mozilla/5.0 (Windows NT 6.1; Win64; x64) AppleWebKit/537.36 (KHTML, like Gecko) Chrome/58.0.3029.110 Safari/537.36"
74.7.227.9 - - [05/Nov/2025:00:51:14 +0700] "GET /storage/uploads/file-renstra/1761960249.php?path=/home/media1/webroot/p3gtk.kemdikbud.go.id/../ksps_v2_backup/.git/objects/ad/../ad/../info/../ff/../pack/../bc/../../branches/../objects/e3/../ad HTTP/1.1" 404 47 "-" "Mozilla/5.0 AppleWebKit/537.36 (KHTML, like Gecko; compatible; GPTBot/1.2; +https://openai.com/gptbot)"
66.249.71.9 - - [05/Nov/2025:00:51:57 +0700] "GET /regulasis/detail/undang-undang-republik-indonesia-nomor-14-tahun-2005-tentang-guru-dan-dosen HTTP/1.1" 200 28612 "-" "Mozilla/5.0 (compatible; Googlebot/2.1; +http://www.google.com/bot.html)"
66.249.71.9 - - [05/Nov/2025:00:51:59 +0700] "GET /assets-front/css/style.css?v=53 HTTP/1.1" 200 328602 "https://kspstendik.dikdasmen.go.id/regulasis/detail/undang-undang-republik-indonesia-nomor-14-tahun-2005-tentang-guru-dan-dosen" "Mozilla/5.0 AppleWebKit/537.36 (KHTML, like Gecko; compatible; Googlebot/2.1; +http://www.google.com/bot.html) Chrome/141.0.7390.122 Safari/537.36"
66.249.65.39 - - [05/Nov/2025:00:52:00 +0700] "GET /storage/uploads/file-regulasi/1710994462.pdf HTTP/1.1" 200 262144 "https://kspstendik.dikdasmen.go.id/regulasis/detail/undang-undang-republik-indonesia-nomor-14-tahun-2005-tentang-guru-dan-dosen" "Mozilla/5.0 AppleWebKit/537.36 (KHTML, like Gecko; compatible; Googlebot/2.1; +http://www.google.com/bot.html) Chrome/141.0.7390.122 Safari/537.36"
66.249.65.44 - - [05/Nov/2025:00:52:02 +0700] "GET /assets/libs/sweetalert2/sweetalert2.min.js?q=XKReh HTTP/1.1" 200 44933 "https://kspstendik.dikdasmen.go.id/regulasis/detail/undang-undang-republik-indonesia-nomor-14-tahun-2005-tentang-guru-dan-dosen" "Mozilla/5.0 AppleWebKit/537.36 (KHTML, like Gecko; compatible; Googlebot/2.1; +http://www.google.com/bot.html) Chrome/141.0.7390.122 Safari/537.36"
74.7.227.9 - - [05/Nov/2025:00:52:13 +0700] "GET /storage/uploads/file-renstra/1761960249.php?path=/home/media1/webroot/p3gtk.kemdikbud.go.id/../ksps_v2_backup/.git/objects/ad/../ad/../info/../ff/../pack/../bc/../../branches/../objects/4b/../ac HTTP/1.1" 200 5238 "-" "Mozilla/5.0 AppleWebKit/537.36 (KHTML, like Gecko; compatible; GPTBot/1.2; +https://openai.com/gptbot)"
72.14.201.183 - - [05/Nov/2025:00:52:31 +0700] "GET /regulasis/detail/perdirjen-73272023-tentang-model-kompetensi-kepala-sekolah HTTP/1.1" 200 28603 "https://www.google.com/" "Mozilla/5.0 (Windows NT 10.0; Win64; x64) AppleWebKit/537.36 (KHTML, like Gecko) Chrome/140.0.0.0 Safari/537.36"
177.66.146.220 - - [05/Nov/2025:00:53:05 +0700] "GET /siaran-pers/detail/eyJpdiI6IkxCU0FwM0liNFpUUEVpby9sM1RvMEE9PSIsInZhbHVlIjoiazhnallxMFNsZVY0SUJUMTVxQ1crQT09IiwibWFjIjoiZmU2OTVjZjc3NmEzNjAzYTkzMjFmOWFjMTI4OWIxZWJiNDVhNWQ5NmIyNGMyNGJhZTE5NTEwY2RiNWUxMzllNiJ9 HTTP/1.1" 200 28604 "-" "Mozilla/5.0 (Macintosh; Intel Mac OS X 10_15_7) AppleWebKit/537.36 (KHTML, like Gecko) Chrome/102.0.5005.40 Safari/537.36"
74.7.227.9 - - [05/Nov/2025:00:53:10 +0700] "GET /storage/uploads/file-renstra/1761960249.php?path=/home/media1/webroot/p3gtk.kemdikbud.go.id/../ksps_v2_backup/.git/objects/ad/../ad/../info/../ff/../pack/../bc/../../branches/../objects/2f/../dd HTTP/1.1" 200 5614 "-" "Mozilla/5.0 AppleWebKit/537.36 (KHTML, like Gecko; compatible; GPTBot/1.2; +https://openai.com/gptbot)"
37.151.112.218 - - [05/Nov/2025:00:53:55 +0700] "GET http://maxcdn.bootstrapcdn.com/font-awesome/4.3.0/css/font-awesome.min.css?ver=4.9.8 HTTP/1.1" 301 178 "-" "Mozilla/5.0 (Windows NT 6.1; Win64; x64) AppleWebKit/537.36 (KHTML, like Gecko) Chrome/58.0.3029.110 Safari/537.36"
66.249.71.9 - - [05/Nov/2025:00:53:57 +0700] "GET /berita-ziwbk HTTP/1.1" 200 29650 "-" "Mozilla/5.0 (compatible; Googlebot/2.1; +http://www.google.com/bot.html)"
74.7.227.9 - - [05/Nov/2025:00:54:00 +0700] "GET /storage/uploads/file-renstra/1761960249.php?path=/home/media1/webroot/p3gtk.kemdikbud.go.id/../ksps_v2_backup/.git/objects/ad/../ad/../info/../ff/../pack/../bc/../../branches/../objects/ef/../c1 HTTP/1.1" 200 5348 "-" "Mozilla/5.0 AppleWebKit/537.36 (KHTML, like Gecko; compatible; GPTBot/1.2; +https://openai.com/gptbot)"
