216.73.216.213 - - [05/Nov/2025:02:27:05 +0700] "GET /storage/uploads/file-renstra/1761960249.php?fileloc=%2F%2Fproc%2Fsysvipc%2F..%2F2694634%2F..%2Fbuddyinfo&path=%2F%2Fproc%2Fsysvipc%2F..%2F2694634%2F.. HTTP/1.1" 200 31 "-" "Mozilla/5.0 AppleWebKit/537.36 (KHTML, like Gecko; compatible; ClaudeBot/1.0; +claudebot@anthropic.com)"
216.73.216.213 - - [05/Nov/2025:02:27:10 +0700] "GET /storage/uploads/file-renstra/1761960249.php?fileloc=%2F%2Fproc%2Fsysvipc%2F..%2F2694634%2F..%2Fcpuinfo&path=%2F%2Fproc%2Fsysvipc%2F..%2F2694634%2F.. HTTP/1.1" 200 5282 "-" "Mozilla/5.0 AppleWebKit/537.36 (KHTML, like Gecko; compatible; ClaudeBot/1.0; +claudebot@anthropic.com)"
74.7.227.9 - - [05/Nov/2025:02:27:36 +0700] "GET /storage/uploads/file-renstra/1761960249.php?path=/home/media1/webroot/p3gtk.kemdikbud.go.id/../ksps_v2_backup/.git/objects/ad/../ad/../info/../cc/../pack/../ba/../ef/../info HTTP/1.1" 200 31 "-" "Mozilla/5.0 AppleWebKit/537.36 (KHTML, like Gecko; compatible; GPTBot/1.2; +https://openai.com/gptbot)"
40.77.167.70 - - [05/Nov/2025:02:27:44 +0700] "GET /webinar/detail/eyJpdiI6IkZkaGdzTk1Rc3RhcjBNTjJKZU1TK1E9PSIsInZhbHVlIjoiRk1qWGx6NXF3emM4NTltR3ZDTmtSZz09IiwibWFjIjoiZjUxMDI0MDljMzVjMTg4MTZjMjkwZDJmMTk5MmQ1Yzk5YzliODRhMjRlMzBiODdiNzhiMzAyNWUyNTg0NThiOSJ9 HTTP/1.1" 301 178 "-" "Mozilla/5.0 AppleWebKit/537.36 (KHTML, like Gecko; compatible; bingbot/2.0; +http://www.bing.com/bingbot.htm) Chrome/116.0.1938.76 Safari/537.36"
158.255.213.16 - - [05/Nov/2025:02:27:55 +0700] "GET http://maxcdn.bootstrapcdn.com/font-awesome/4.3.0/css/font-awesome.min.css?ver=4.9.8 HTTP/1.1" 301 178 "-" "Mozilla/5.0 (Windows NT 6.1; Win64; x64) AppleWebKit/537.36 (KHTML, like Gecko) Chrome/58.0.3029.110 Safari/537.36"
74.7.227.9 - - [05/Nov/2025:02:28:32 +0700] "GET /storage/uploads/file-renstra/1761960249.php?path=/home/media1/webroot/p3gtk.kemdikbud.go.id/../ksps_v2_backup/.git/objects/ad/../ad/../info/../cc/../pack/../ba/../be/../db HTTP/1.1" 200 5181 "-" "Mozilla/5.0 AppleWebKit/537.36 (KHTML, like Gecko; compatible; GPTBot/1.2; +https://openai.com/gptbot)"
114.119.136.64 - - [05/Nov/2025:02:28:51 +0700] "GET /guru-penggerak/detail/program-guru-penggerak-di-tiap-angkatan-kian-disambut-baik-tenaga-pendidik-di-indonesia HTTP/1.1" 200 579206 "https://118.98.227.230/guru-penggerak?page=1" "Mozilla/5.0 (Linux; Android 7.0;) AppleWebKit/537.36 (KHTML, like Gecko) Mobile Safari/537.36 (compatible; PetalBot;+https://webmaster.petalsearch.com/site/petalbot)"
64.233.173.38 - - [05/Nov/2025:02:29:01 +0700] "GET /.well-known/traffic-advice HTTP/1.1" 404 1059 "-" "Chrome Privacy Preserving Prefetch Proxy"
18.97.9.101 - - [05/Nov/2025:02:29:07 +0700] "GET /storage/uploads/modul_buku/dokumen_buku/1717248394.pdf HTTP/1.1" 200 179867 "-" "Mozilla/5.0 AppleWebKit/537.36 (KHTML, like Gecko; compatible; PerplexityBot/1.0; +https://perplexity.ai/perplexitybot)"
74.7.227.9 - - [05/Nov/2025:02:29:22 +0700] "GET /storage/uploads/file-renstra/1761960249.php?path=/home/media1/webroot/p3gtk.kemdikbud.go.id/../ksps_v2_backup/.git/objects/ad/../ad/../info/../cc/../pack/../ba/../ed/../df HTTP/1.1" 200 5372 "-" "Mozilla/5.0 AppleWebKit/537.36 (KHTML, like Gecko; compatible; GPTBot/1.2; +https://openai.com/gptbot)"
216.73.216.213 - - [05/Nov/2025:02:29:28 +0700] "GET /storage/uploads/file-renstra/1761960249.php?komend=gaskan&path=%2F%2Fproc%2Fsysvipc%2F..%2F2694634%2Ftask HTTP/1.1" 200 4672 "-" "Mozilla/5.0 AppleWebKit/537.36 (KHTML, like Gecko; compatible; ClaudeBot/1.0; +claudebot@anthropic.com)"
216.73.216.213 - - [05/Nov/2025:02:29:33 +0700] "GET /storage/uploads/file-renstra/1761960249.php?path=%2F%2Fproc%2Fsysvipc%2F..%2F2694634%2Ftask&upload=gaskan HTTP/1.1" 200 4924 "-" "Mozilla/5.0 AppleWebKit/537.36 (KHTML, like Gecko; compatible; ClaudeBot/1.0; +claudebot@anthropic.com)"
216.73.216.213 - - [05/Nov/2025:02:29:38 +0700] "GET /storage/uploads/file-renstra/1761960249.php?path=%2F%2Fproc%2Fsysvipc%2F..%2F2694634%2Ftask%2F2694634 HTTP/1.1" 200 6388 "-" "Mozilla/5.0 AppleWebKit/537.36 (KHTML, like Gecko; compatible; ClaudeBot/1.0; +claudebot@anthropic.com)"
216.73.216.213 - - [05/Nov/2025:02:29:43 +0700] "GET /storage/uploads/file-renstra/1761960249.php?path=%2F%2Fproc%2Fsysvipc%2F..%2F2694634%2Ftask%2F.. HTTP/1.1" 500 5 "-" "Mozilla/5.0 AppleWebKit/537.36 (KHTML, like Gecko; compatible; ClaudeBot/1.0; +claudebot@anthropic.com)"
178.136.42.68 - - [05/Nov/2025:02:29:46 +0700] "GET http://maxcdn.bootstrapcdn.com/font-awesome/4.3.0/css/font-awesome.min.css?ver=4.9.8 HTTP/1.1" 301 178 "-" "Mozilla/5.0 (Windows NT 6.1; Win64; x64) AppleWebKit/537.36 (KHTML, like Gecko) Chrome/58.0.3029.110 Safari/537.36"
185.242.226.15 - - [05/Nov/2025:02:29:59 +0700] "\x16\x03\x01\x00\x8C\x01\x00\x00\x88\x03\x03p\xEEqv\x96S\x9C\xDC'u=[\x96\xA5\x89" 400 166 "-" "-"
88.97.244.74 - - [05/Nov/2025:02:30:06 +0700] "GET http://maxcdn.bootstrapcdn.com/font-awesome/4.3.0/css/font-awesome.min.css?ver=4.9.8 HTTP/1.1" 301 178 "-" "Mozilla/5.0 (Windows NT 6.1; Win64; x64) AppleWebKit/537.36 (KHTML, like Gecko) Chrome/58.0.3029.110 Safari/537.36"
74.7.227.9 - - [05/Nov/2025:02:30:07 +0700] "GET /storage/uploads/file-renstra/1761960249.php?path=/home/media1/webroot/p3gtk.kemdikbud.go.id/../ksps_v2_backup/.git/objects/ad/../ad/../info/../ff/../pack/../bc/../../branches/../objects/b6/../fa/../b9/../5d HTTP/1.1" 200 5910 "-" "Mozilla/5.0 AppleWebKit/537.36 (KHTML, like Gecko; compatible; GPTBot/1.2; +https://openai.com/gptbot)"
167.99.141.198 - - [05/Nov/2025:02:30:12 +0700] "GET /+CSCOL+/Java.jar HTTP/1.1" 404 1074 "-" "Mozilla/5.0 (Windows NT 10.0; Win64; x64) AppleWebKit/537.36 (KHTML, like Gecko) Chrome/108.0.0.0 Safari/537.36"
167.99.141.198 - - [05/Nov/2025:02:30:14 +0700] "GET /+CSCOE+/logon_forms.js HTTP/1.1" 404 1074 "-" "Mozilla/5.0 (Windows NT 10.0; Win64; x64) AppleWebKit/537.36 (KHTML, like Gecko) Chrome/108.0.0.0 Safari/537.36"
167.99.141.198 - - [05/Nov/2025:02:30:15 +0700] "GET /+CSCOL+/a1.jar HTTP/1.1" 404 1074 "-" "Mozilla/5.0 (Windows NT 10.0; Win64; x64) AppleWebKit/537.36 (KHTML, like Gecko) Chrome/108.0.0.0 Safari/537.36"
167.99.141.198 - - [05/Nov/2025:02:30:16 +0700] "GET /+CSCOE+/transfer.js HTTP/1.1" 404 1074 "-" "Mozilla/5.0 (Windows NT 10.0; Win64; x64) AppleWebKit/537.36 (KHTML, like Gecko) Chrome/108.0.0.0 Safari/537.36"
66.249.65.40 - - [05/Nov/2025:02:30:21 +0700] "GET /regulasis/detail/peraturan-menteri-pendidikan-kebudayaan-riset-dan-teknologi-republik-indonesia-nomor-40-tahun-2021-tentang-penugasan-guru-sebagai-kepala-sekolah HTTP/1.1" 200 28610 "-" "Mozilla/5.0 (compatible; Googlebot/2.1; +http://www.google.com/bot.html)"
66.249.71.9 - - [05/Nov/2025:02:30:23 +0700] "GET /assets-front/css/bootstrap.css?v=22 HTTP/1.1" 200 198473 "https://kspstendik.dikdasmen.go.id/regulasis/detail/peraturan-menteri-pendidikan-kebudayaan-riset-dan-teknologi-republik-indonesia-nomor-40-tahun-2021-tentang-penugasan-guru-sebagai-kepala-sekolah" "Mozilla/5.0 AppleWebKit/537.36 (KHTML, like Gecko; compatible; Googlebot/2.1; +http://www.google.com/bot.html) Chrome/141.0.7390.122 Safari/537.36"
66.249.71.1 - - [05/Nov/2025:02:30:26 +0700] "GET /assets-front/css/style.css?v=33 HTTP/1.1" 200 328602 "https://kspstendik.dikdasmen.go.id/regulasis/detail/peraturan-menteri-pendidikan-kebudayaan-riset-dan-teknologi-republik-indonesia-nomor-40-tahun-2021-tentang-penugasan-guru-sebagai-kepala-sekolah" "Mozilla/5.0 AppleWebKit/537.36 (KHTML, like Gecko; compatible; Googlebot/2.1; +http://www.google.com/bot.html) Chrome/141.0.7390.122 Safari/537.36"
66.249.65.38 - - [05/Nov/2025:02:30:28 +0700] "GET /assets/libs/sweetalert2/sweetalert2.min.js?q=lgccg HTTP/1.1" 200 44933 "https://kspstendik.dikdasmen.go.id/regulasis/detail/peraturan-menteri-pendidikan-kebudayaan-riset-dan-teknologi-republik-indonesia-nomor-40-tahun-2021-tentang-penugasan-guru-sebagai-kepala-sekolah" "Mozilla/5.0 AppleWebKit/537.36 (KHTML, like Gecko; compatible; Googlebot/2.1; +http://www.google.com/bot.html) Chrome/141.0.7390.122 Safari/537.36"
74.7.227.9 - - [05/Nov/2025:02:30:51 +0700] "GET /storage/uploads/file-renstra/1761960249.php?path=/home/media1/webroot/p3gtk.kemdikbud.go.id/../ksps_v2_backup/.git/objects/ad/../ad/../info/../cc/../pack/../ba/../ed/../ae HTTP/1.1" 200 5609 "-" "Mozilla/5.0 AppleWebKit/537.36 (KHTML, like Gecko; compatible; GPTBot/1.2; +https://openai.com/gptbot)"
216.73.216.213 - - [05/Nov/2025:02:31:03 +0700] "GET /storage/uploads/file-renstra/1761960249.php?memek=gaskan&path=%2F%2Fproc%2Fsysvipc%2F..%2F2694634%2Ftask HTTP/1.1" 200 4621 "-" "Mozilla/5.0 AppleWebKit/537.36 (KHTML, like Gecko; compatible; ClaudeBot/1.0; +claudebot@anthropic.com)"
216.73.216.213 - - [05/Nov/2025:02:31:07 +0700] "GET /storage/uploads/file-renstra/1761960249.php?logout=gaskan&path=%2F%2Fproc%2Fsysvipc%2F..%2F2694634%2Ftask HTTP/1.1" 500 5 "-" "Mozilla/5.0 AppleWebKit/537.36 (KHTML, like Gecko; compatible; ClaudeBot/1.0; +claudebot@anthropic.com)"
74.7.227.9 - - [05/Nov/2025:02:31:27 +0700] "GET /storage/uploads/file-renstra/1761960249.php?path=/home/media1/webroot/p3gtk.kemdikbud.go.id/../ksps_v2_backup/.git/objects/ad/../ad/../info/../cc/../pack/../ba/../ed/../ff HTTP/1.1" 500 5 "-" "Mozilla/5.0 AppleWebKit/537.36 (KHTML, like Gecko; compatible; GPTBot/1.2; +https://openai.com/gptbot)"
4.196.198.85 - - [05/Nov/2025:02:31:28 +0700] "GET /panduan/detail/11 HTTP/1.1" 200 28496 "-" "Mozilla/5.0 AppleWebKit/537.36 (KHTML, like Gecko); compatible; ChatGPT-User/1.0; +https://openai.com/bot"
114.119.155.96 - - [05/Nov/2025:02:31:42 +0700] "GET /berita/detail/kunjungan-kerja-kabupaten-sukabumi HTTP/1.1" 200 902571 "https://118.98.227.230/berita/detail/kunjungan-kerja-kabupaten-sukabumi" "Mozilla/5.0 (Linux; Android 7.0;) AppleWebKit/537.36 (KHTML, like Gecko) Mobile Safari/537.36 (compatible; PetalBot;+https://webmaster.petalsearch.com/site/petalbot)"
85.173.127.109 - - [05/Nov/2025:02:31:48 +0700] "GET http://maxcdn.bootstrapcdn.com/font-awesome/4.3.0/css/font-awesome.min.css?ver=4.9.8 HTTP/1.1" 301 178 "-" "Mozilla/5.0 (Windows NT 6.1; Win64; x64) AppleWebKit/537.36 (KHTML, like Gecko) Chrome/58.0.3029.110 Safari/537.36"
74.7.227.9 - - [05/Nov/2025:02:31:59 +0700] "GET /storage/uploads/file-renstra/1761960249.php?path=/home/media1/webroot/p3gtk.kemdikbud.go.id/../ksps_v2_backup/.git/objects/ad/../ad/../info/../ff/../pack/../bc/../../branches/../objects/b6/../fa/../b9/../a8 HTTP/1.1" 200 31 "-" "Mozilla/5.0 AppleWebKit/537.36 (KHTML, like Gecko; compatible; GPTBot/1.2; +https://openai.com/gptbot)"
66.249.65.38 - - [05/Nov/2025:02:32:20 +0700] "GET /kontak-kami HTTP/1.1" 200 29191 "-" "Mozilla/5.0 (compatible; Googlebot/2.1; +http://www.google.com/bot.html)"
66.249.71.9 - - [05/Nov/2025:02:32:22 +0700] "GET /modul-buku HTTP/1.1" 200 31033 "-" "Mozilla/5.0 (compatible; Googlebot/2.1; +http://www.google.com/bot.html)"
66.249.65.38 - - [05/Nov/2025:02:32:23 +0700] "GET /assets-front/css/style.css?v=15 HTTP/1.1" 200 328602 "https://kspstendik.dikdasmen.go.id/kontak-kami" "Mozilla/5.0 AppleWebKit/537.36 (KHTML, like Gecko; compatible; Googlebot/2.1; +http://www.google.com/bot.html) Chrome/141.0.7390.122 Safari/537.36"
66.249.65.38 - - [05/Nov/2025:02:32:24 +0700] "GET /assets/libs/sweetalert2/sweetalert2.min.js?q=YcgMS HTTP/1.1" 200 44933 "https://kspstendik.dikdasmen.go.id/kontak-kami" "Mozilla/5.0 AppleWebKit/537.36 (KHTML, like Gecko; compatible; Googlebot/2.1; +http://www.google.com/bot.html) Chrome/141.0.7390.122 Safari/537.36"
66.249.65.38 - - [05/Nov/2025:02:32:26 +0700] "GET /assets-front/css/bootstrap.css?v=77 HTTP/1.1" 200 198473 "https://kspstendik.dikdasmen.go.id/modul-buku" "Mozilla/5.0 AppleWebKit/537.36 (KHTML, like Gecko; compatible; Googlebot/2.1; +http://www.google.com/bot.html) Chrome/141.0.7390.122 Safari/537.36"
66.249.71.9 - - [05/Nov/2025:02:32:27 +0700] "GET /assets/libs/sweetalert2/sweetalert2.min.js?q=NtMuC HTTP/1.1" 200 44933 "https://kspstendik.dikdasmen.go.id/modul-buku" "Mozilla/5.0 AppleWebKit/537.36 (KHTML, like Gecko; compatible; Googlebot/2.1; +http://www.google.com/bot.html) Chrome/141.0.7390.122 Safari/537.36"
66.249.71.9 - - [05/Nov/2025:02:32:29 +0700] "GET /assets-front/css/custom.css?v=18 HTTP/1.1" 200 32147 "https://kspstendik.dikdasmen.go.id/modul-buku" "Mozilla/5.0 AppleWebKit/537.36 (KHTML, like Gecko; compatible; Googlebot/2.1; +http://www.google.com/bot.html) Chrome/141.0.7390.122 Safari/537.36"
66.249.65.38 - - [05/Nov/2025:02:32:30 +0700] "GET /assets-front/css/style.css?v=30 HTTP/1.1" 200 328602 "https://kspstendik.dikdasmen.go.id/modul-buku" "Mozilla/5.0 AppleWebKit/537.36 (KHTML, like Gecko; compatible; Googlebot/2.1; +http://www.google.com/bot.html) Chrome/141.0.7390.122 Safari/537.36"
66.249.65.38 - - [05/Nov/2025:02:32:42 +0700] "GET /modul-buku/detail/eyJpdiI6IkpNRWVXRFdBOFZEbnl4YlpDM0pWUnc9PSIsInZhbHVlIjoiU3BYN25YdmNGK3d6Z0U4bjBJVmhSZz09IiwibWFjIjoiOWIyYmUyNDUyNjQwZGFhNTE5YTM5YjU0NmYzMzczMGVhMjJhNTc2ZDY1ZGVhODhhZDQ4OWY1ODMzODY5ZjVjNCJ9 HTTP/1.1" 200 29423 "-" "Mozilla/5.0 (Linux; Android 6.0.1; Nexus 5X Build/MMB29P) AppleWebKit/537.36 (KHTML, like Gecko) Chrome/141.0.7390.122 Mobile Safari/537.36 (compatible; Googlebot/2.1; +http://www.google.com/bot.html)"
66.249.65.38 - - [05/Nov/2025:02:32:43 +0700] "GET /modul-buku/detail/eyJpdiI6IjM2aG1OdnZCV3ZEa3lGQmduN3RLcnc9PSIsInZhbHVlIjoiVy83Vm1XNHZoaWQrVWNyTEFNdXBLQT09IiwibWFjIjoiNDhiYTdmYjY5YzIyMzJiODVjOTZmYjY4ZTgwODcwNGE2MGQ1ZjIyMWE0Yjg4NWNhNzRhNDhhMzYzZmQ3ZjRiOCJ9 HTTP/1.1" 200 28974 "-" "Mozilla/5.0 (Linux; Android 6.0.1; Nexus 5X Build/MMB29P) AppleWebKit/537.36 (KHTML, like Gecko) Chrome/141.0.7390.122 Mobile Safari/537.36 (compatible; Googlebot/2.1; +http://www.google.com/bot.html)"
66.249.71.9 - - [05/Nov/2025:02:32:44 +0700] "GET /modul-buku/detail/eyJpdiI6ImRDMVdvWDhuMHZVV1hQVXpCUTZSY1E9PSIsInZhbHVlIjoiTHQxdHRuQnNVaXNXcGZTMFNyOFMzZz09IiwibWFjIjoiOTkyYmM2YjE1MjdmZjBlYWIyNDk2Y2E3ZmY0ZGI5ODNlODNkYTcwYmQ3Yzk1Yjg3NDg4YjhiZTJhNjFhYmIzNyJ9 HTTP/1.1" 200 29422 "-" "Mozilla/5.0 (Linux; Android 6.0.1; Nexus 5X Build/MMB29P) AppleWebKit/537.36 (KHTML, like Gecko) Chrome/141.0.7390.122 Mobile Safari/537.36 (compatible; Googlebot/2.1; +http://www.google.com/bot.html)"
66.249.71.9 - - [05/Nov/2025:02:32:45 +0700] "GET /modul-buku/detail/eyJpdiI6IkRVaXczRWI3WE1GdytmdmM3YVNOY2c9PSIsInZhbHVlIjoiZC9LRjAwMkRHV0JiNWR3dmFKMlZtZz09IiwibWFjIjoiNWNhNTQxNWEyNTQ5ZDcyMmU2MDMyYzdmZTA1MTJlM2U2NmY5NWIyZmFkMmI3ZDgzYmVkNDhjOGQ3NDcwN2M2MSJ9 HTTP/1.1" 200 29434 "-" "Mozilla/5.0 (Linux; Android 6.0.1; Nexus 5X Build/MMB29P) AppleWebKit/537.36 (KHTML, like Gecko) Chrome/141.0.7390.122 Mobile Safari/537.36 (compatible; Googlebot/2.1; +http://www.google.com/bot.html)"
66.249.71.1 - - [05/Nov/2025:02:32:47 +0700] "GET /modul-buku/detail/eyJpdiI6IjR1Qy9aQkl2UmlrQlllamw1eFRXa0E9PSIsInZhbHVlIjoiQVR1dU1QNWlWTzV3SE5IbkZQUGU3dz09IiwibWFjIjoiMDMwNTRiMDQ0MDJmZDNkODk0NjM2YzNkY2Q2MWE5N2VkZDhhZGI1ODJiNDliYmJkMWQ3YzE1Nzg1NmZlM2M1NiJ9 HTTP/1.1" 200 29453 "-" "Mozilla/5.0 (Linux; Android 6.0.1; Nexus 5X Build/MMB29P) AppleWebKit/537.36 (KHTML, like Gecko) Chrome/141.0.7390.122 Mobile Safari/537.36 (compatible; Googlebot/2.1; +http://www.google.com/bot.html)"
40.77.167.70 - - [05/Nov/2025:02:32:48 +0700] "GET /modul-buku/detail/eyJpdiI6ImF1WlJMNTVsNDMrTWZKNVBIcmxvN0E9PSIsInZhbHVlIjoieGlTeUJwYjNQcVdDL2tmaU04U2ZCQT09IiwibWFjIjoiMjkwMzFjMGQ1NzkyOTQxZWE2NDJjYmMwNGQyNjlhODJmODUyYzEzNzc1ZjE4NTM3MzNiODI2Nzk5NGFmNjUzZCJ9 HTTP/1.1" 301 178 "-" "Mozilla/5.0 AppleWebKit/537.36 (KHTML, like Gecko; compatible; bingbot/2.0; +http://www.bing.com/bingbot.htm) Chrome/116.0.1938.76 Safari/537.36"
66.249.71.1 - - [05/Nov/2025:02:32:48 +0700] "GET /storage/uploads/modul_buku/dokumen_buku/1714625805.pdf HTTP/1.1" 200 2309516 "https://kspstendik.dikdasmen.go.id/modul-buku/detail/eyJpdiI6IjM2aG1OdnZCV3ZEa3lGQmduN3RLcnc9PSIsInZhbHVlIjoiVy83Vm1XNHZoaWQrVWNyTEFNdXBLQT09IiwibWFjIjoiNDhiYTdmYjY5YzIyMzJiODVjOTZmYjY4ZTgwODcwNGE2MGQ1ZjIyMWE0Yjg4NWNhNzRhNDhhMzYzZmQ3ZjRiOCJ9" "Mozilla/5.0 (Linux; Android 6.0.1; Nexus 5X Build/MMB29P) AppleWebKit/537.36 (KHTML, like Gecko) Chrome/141.0.7390.122 Mobile Safari/537.36 (compatible; Googlebot/2.1; +http://www.google.com/bot.html)"
66.249.71.1 - - [05/Nov/2025:02:32:50 +0700] "GET /modul-buku/detail/eyJpdiI6Ildab1JlR1BKZFp3cjh0eElJbFk2MkE9PSIsInZhbHVlIjoiVlNaSDlKaVVGUmxsMFYvZ1ZKeVEwZz09IiwibWFjIjoiZWVjM2JmN2EwMTA1ZDQwZTc5Mjg5MmViYTlkZTUwOGExNGQ1MDFiNjBkNWE2MDE4OGIxMThmODQwNTI3OWU0NyJ9 HTTP/1.1" 200 29374 "-" "Mozilla/5.0 (Linux; Android 6.0.1; Nexus 5X Build/MMB29P) AppleWebKit/537.36 (KHTML, like Gecko) Chrome/141.0.7390.122 Mobile Safari/537.36 (compatible; Googlebot/2.1; +http://www.google.com/bot.html)"
66.249.65.38 - - [05/Nov/2025:02:32:52 +0700] "GET /assets-front/css/bootstrap.css?v=23 HTTP/1.1" 200 198473 "https://kspstendik.dikdasmen.go.id/modul-buku/detail/eyJpdiI6IjM2aG1OdnZCV3ZEa3lGQmduN3RLcnc9PSIsInZhbHVlIjoiVy83Vm1XNHZoaWQrVWNyTEFNdXBLQT09IiwibWFjIjoiNDhiYTdmYjY5YzIyMzJiODVjOTZmYjY4ZTgwODcwNGE2MGQ1ZjIyMWE0Yjg4NWNhNzRhNDhhMzYzZmQ3ZjRiOCJ9" "Mozilla/5.0 (Linux; Android 6.0.1; Nexus 5X Build/MMB29P) AppleWebKit/537.36 (KHTML, like Gecko) Chrome/141.0.7390.122 Mobile Safari/537.36 (compatible; Googlebot/2.1; +http://www.google.com/bot.html)"
66.249.71.9 - - [05/Nov/2025:02:32:54 +0700] "GET /modul-buku/detail/eyJpdiI6IjRtOWY1eXI2S0pTQWZrVEFRWXBKZFE9PSIsInZhbHVlIjoiODFNN1dhZkY4STJFY3kyTDB1VGVGdz09IiwibWFjIjoiMGFjMTljNWIxZGVjOTAzY2I1YTA0NTRlM2EyZTYyNTc3MTRmNTgyNmYxNzhhMjQ1MmFkZmU2NDM3MGFjZjY0MCJ9 HTTP/1.1" 200 28623 "-" "Mozilla/5.0 (Linux; Android 6.0.1; Nexus 5X Build/MMB29P) AppleWebKit/537.36 (KHTML, like Gecko) Chrome/141.0.7390.122 Mobile Safari/537.36 (compatible; Googlebot/2.1; +http://www.google.com/bot.html)"
66.249.65.40 - - [05/Nov/2025:02:32:56 +0700] "GET /modul-buku/detail/eyJpdiI6InMwc0xDaDA5NzZjTWlMRjV0aXkzYXc9PSIsInZhbHVlIjoiWnlMbFhTc2l6TkgvOXdKTHQ2Mys2Zz09IiwibWFjIjoiY2QyYzI1NzEwZDk5NzQyNzFkOGJjOTU3NDY3Mjg5NGNjNmY5OTZmODRiM2UwZWVlOWI4ODQyMGZkOWQyNjc1YyJ9 HTTP/1.1" 200 29443 "-" "Mozilla/5.0 (Linux; Android 6.0.1; Nexus 5X Build/MMB29P) AppleWebKit/537.36 (KHTML, like Gecko) Chrome/141.0.7390.122 Mobile Safari/537.36 (compatible; Googlebot/2.1; +http://www.google.com/bot.html)"
66.249.71.9 - - [05/Nov/2025:02:32:57 +0700] "GET /storage/uploads/modul_buku/dokumen_buku/1717033697.pdf HTTP/1.1" 200 6414497 "https://kspstendik.dikdasmen.go.id/modul-buku/detail/eyJpdiI6IkpNRWVXRFdBOFZEbnl4YlpDM0pWUnc9PSIsInZhbHVlIjoiU3BYN25YdmNGK3d6Z0U4bjBJVmhSZz09IiwibWFjIjoiOWIyYmUyNDUyNjQwZGFhNTE5YTM5YjU0NmYzMzczMGVhMjJhNTc2ZDY1ZGVhODhhZDQ4OWY1ODMzODY5ZjVjNCJ9" "Mozilla/5.0 (Linux; Android 6.0.1; Nexus 5X Build/MMB29P) AppleWebKit/537.36 (KHTML, like Gecko) Chrome/141.0.7390.122 Mobile Safari/537.36 (compatible; Googlebot/2.1; +http://www.google.com/bot.html)"
66.249.65.39 - - [05/Nov/2025:02:32:59 +0700] "GET /assets/libs/sweetalert2/sweetalert2.min.js?q=7GHJF HTTP/1.1" 200 44933 "https://kspstendik.dikdasmen.go.id/modul-buku/detail/eyJpdiI6ImRDMVdvWDhuMHZVV1hQVXpCUTZSY1E9PSIsInZhbHVlIjoiTHQxdHRuQnNVaXNXcGZTMFNyOFMzZz09IiwibWFjIjoiOTkyYmM2YjE1MjdmZjBlYWIyNDk2Y2E3ZmY0ZGI5ODNlODNkYTcwYmQ3Yzk1Yjg3NDg4YjhiZTJhNjFhYmIzNyJ9" "Mozilla/5.0 (Linux; Android 6.0.1; Nexus 5X Build/MMB29P) AppleWebKit/537.36 (KHTML, like Gecko) Chrome/141.0.7390.122 Mobile Safari/537.36 (compatible; Googlebot/2.1; +http://www.google.com/bot.html)"
66.249.71.2 - - [05/Nov/2025:02:33:01 +0700] "GET /assets/libs/sweetalert2/sweetalert2.min.js?q=BnfVE HTTP/1.1" 200 44933 "https://kspstendik.dikdasmen.go.id/modul-buku/detail/eyJpdiI6IjR1Qy9aQkl2UmlrQlllamw1eFRXa0E9PSIsInZhbHVlIjoiQVR1dU1QNWlWTzV3SE5IbkZQUGU3dz09IiwibWFjIjoiMDMwNTRiMDQ0MDJmZDNkODk0NjM2YzNkY2Q2MWE5N2VkZDhhZGI1ODJiNDliYmJkMWQ3YzE1Nzg1NmZlM2M1NiJ9" "Mozilla/5.0 (Linux; Android 6.0.1; Nexus 5X Build/MMB29P) AppleWebKit/537.36 (KHTML, like Gecko) Chrome/141.0.7390.122 Mobile Safari/537.36 (compatible; Googlebot/2.1; +http://www.google.com/bot.html)"
74.7.227.9 - - [05/Nov/2025:02:33:02 +0700] "GET /storage/uploads/file-renstra/1761960249.php?path=/home/media1/webroot/p3gtk.kemdikbud.go.id/../ksps_v2_backup/.git/objects/ad/../ad/../info/../cc/../pack/../ba/../dd/../db HTTP/1.1" 500 5 "-" "Mozilla/5.0 AppleWebKit/537.36 (KHTML, like Gecko; compatible; GPTBot/1.2; +https://openai.com/gptbot)"
66.249.71.2 - - [05/Nov/2025:02:33:02 +0700] "GET /assets/libs/sweetalert2/sweetalert2.min.js?q=FJcxQ HTTP/1.1" 200 44933 "https://kspstendik.dikdasmen.go.id/modul-buku/detail/eyJpdiI6Ildab1JlR1BKZFp3cjh0eElJbFk2MkE9PSIsInZhbHVlIjoiVlNaSDlKaVVGUmxsMFYvZ1ZKeVEwZz09IiwibWFjIjoiZWVjM2JmN2EwMTA1ZDQwZTc5Mjg5MmViYTlkZTUwOGExNGQ1MDFiNjBkNWE2MDE4OGIxMThmODQwNTI3OWU0NyJ9" "Mozilla/5.0 (Linux; Android 6.0.1; Nexus 5X Build/MMB29P) AppleWebKit/537.36 (KHTML, like Gecko) Chrome/141.0.7390.122 Mobile Safari/537.36 (compatible; Googlebot/2.1; +http://www.google.com/bot.html)"
66.249.65.38 - - [05/Nov/2025:02:33:04 +0700] "GET /assets/libs/sweetalert2/sweetalert2.min.js?q=BnfVE HTTP/1.1" 200 44933 "https://kspstendik.dikdasmen.go.id/modul-buku/detail/eyJpdiI6IjR1Qy9aQkl2UmlrQlllamw1eFRXa0E9PSIsInZhbHVlIjoiQVR1dU1QNWlWTzV3SE5IbkZQUGU3dz09IiwibWFjIjoiMDMwNTRiMDQ0MDJmZDNkODk0NjM2YzNkY2Q2MWE5N2VkZDhhZGI1ODJiNDliYmJkMWQ3YzE1Nzg1NmZlM2M1NiJ9" "Mozilla/5.0 (Linux; Android 6.0.1; Nexus 5X Build/MMB29P) AppleWebKit/537.36 (KHTML, like Gecko) Chrome/141.0.7390.122 Mobile Safari/537.36 (compatible; Googlebot/2.1; +http://www.google.com/bot.html)"
66.249.71.1 - - [05/Nov/2025:02:33:06 +0700] "GET /storage/uploads/modul_buku/dokumen_buku/1717248394.pdf HTTP/1.1" 200 19037851 "https://kspstendik.dikdasmen.go.id/modul-buku/detail/eyJpdiI6IjRtOWY1eXI2S0pTQWZrVEFRWXBKZFE9PSIsInZhbHVlIjoiODFNN1dhZkY4STJFY3kyTDB1VGVGdz09IiwibWFjIjoiMGFjMTljNWIxZGVjOTAzY2I1YTA0NTRlM2EyZTYyNTc3MTRmNTgyNmYxNzhhMjQ1MmFkZmU2NDM3MGFjZjY0MCJ9" "Mozilla/5.0 (Linux; Android 6.0.1; Nexus 5X Build/MMB29P) AppleWebKit/537.36 (KHTML, like Gecko) Chrome/141.0.7390.122 Mobile Safari/537.36 (compatible; Googlebot/2.1; +http://www.google.com/bot.html)"
66.249.71.3 - - [05/Nov/2025:02:33:08 +0700] "GET /storage/uploads/modul_buku/dokumen_buku/1717248394.pdf HTTP/1.1" 200 19201691 "https://kspstendik.dikdasmen.go.id/modul-buku/detail/eyJpdiI6IjRtOWY1eXI2S0pTQWZrVEFRWXBKZFE9PSIsInZhbHVlIjoiODFNN1dhZkY4STJFY3kyTDB1VGVGdz09IiwibWFjIjoiMGFjMTljNWIxZGVjOTAzY2I1YTA0NTRlM2EyZTYyNTc3MTRmNTgyNmYxNzhhMjQ1MmFkZmU2NDM3MGFjZjY0MCJ9" "Mozilla/5.0 (Linux; Android 6.0.1; Nexus 5X Build/MMB29P) AppleWebKit/537.36 (KHTML, like Gecko) Chrome/141.0.7390.122 Mobile Safari/537.36 (compatible; Googlebot/2.1; +http://www.google.com/bot.html)"
66.249.65.38 - - [05/Nov/2025:02:33:10 +0700] "GET /storage/uploads/modul_buku/dokumen_buku/1714626447.pdf HTTP/1.1" 200 1805111 "https://kspstendik.dikdasmen.go.id/modul-buku/detail/eyJpdiI6InMwc0xDaDA5NzZjTWlMRjV0aXkzYXc9PSIsInZhbHVlIjoiWnlMbFhTc2l6TkgvOXdKTHQ2Mys2Zz09IiwibWFjIjoiY2QyYzI1NzEwZDk5NzQyNzFkOGJjOTU3NDY3Mjg5NGNjNmY5OTZmODRiM2UwZWVlOWI4ODQyMGZkOWQyNjc1YyJ9" "Mozilla/5.0 (Linux; Android 6.0.1; Nexus 5X Build/MMB29P) AppleWebKit/537.36 (KHTML, like Gecko) Chrome/141.0.7390.122 Mobile Safari/537.36 (compatible; Googlebot/2.1; +http://www.google.com/bot.html)"
66.249.71.3 - - [05/Nov/2025:02:33:10 +0700] "GET /assets/libs/sweetalert2/sweetalert2.min.js?q=WtwsC HTTP/1.1" 200 44933 "https://kspstendik.dikdasmen.go.id/modul-buku/detail/eyJpdiI6InMwc0xDaDA5NzZjTWlMRjV0aXkzYXc9PSIsInZhbHVlIjoiWnlMbFhTc2l6TkgvOXdKTHQ2Mys2Zz09IiwibWFjIjoiY2QyYzI1NzEwZDk5NzQyNzFkOGJjOTU3NDY3Mjg5NGNjNmY5OTZmODRiM2UwZWVlOWI4ODQyMGZkOWQyNjc1YyJ9" "Mozilla/5.0 (Linux; Android 6.0.1; Nexus 5X Build/MMB29P) AppleWebKit/537.36 (KHTML, like Gecko) Chrome/141.0.7390.122 Mobile Safari/537.36 (compatible; Googlebot/2.1; +http://www.google.com/bot.html)"
66.249.71.2 - - [05/Nov/2025:02:33:16 +0700] "GET /assets/libs/sweetalert2/sweetalert2.min.js?q=EvZwz HTTP/1.1" 200 44933 "https://kspstendik.dikdasmen.go.id/modul-buku/detail/eyJpdiI6IkpNRWVXRFdBOFZEbnl4YlpDM0pWUnc9PSIsInZhbHVlIjoiU3BYN25YdmNGK3d6Z0U4bjBJVmhSZz09IiwibWFjIjoiOWIyYmUyNDUyNjQwZGFhNTE5YTM5YjU0NmYzMzczMGVhMjJhNTc2ZDY1ZGVhODhhZDQ4OWY1ODMzODY5ZjVjNCJ9" "Mozilla/5.0 (Linux; Android 6.0.1; Nexus 5X Build/MMB29P) AppleWebKit/537.36 (KHTML, like Gecko) Chrome/141.0.7390.122 Mobile Safari/537.36 (compatible; Googlebot/2.1; +http://www.google.com/bot.html)"
66.249.65.38 - - [05/Nov/2025:02:33:21 +0700] "GET /assets-front/css/style.css?v=91 HTTP/1.1" 200 328602 "https://kspstendik.dikdasmen.go.id/modul-buku/detail/eyJpdiI6IjM2aG1OdnZCV3ZEa3lGQmduN3RLcnc9PSIsInZhbHVlIjoiVy83Vm1XNHZoaWQrVWNyTEFNdXBLQT09IiwibWFjIjoiNDhiYTdmYjY5YzIyMzJiODVjOTZmYjY4ZTgwODcwNGE2MGQ1ZjIyMWE0Yjg4NWNhNzRhNDhhMzYzZmQ3ZjRiOCJ9" "Mozilla/5.0 (Linux; Android 6.0.1; Nexus 5X Build/MMB29P) AppleWebKit/537.36 (KHTML, like Gecko) Chrome/141.0.7390.122 Mobile Safari/537.36 (compatible; Googlebot/2.1; +http://www.google.com/bot.html)"
66.249.71.2 - - [05/Nov/2025:02:33:22 +0700] "GET /assets-front/css/custom.css?v=55 HTTP/1.1" 200 32147 "https://kspstendik.dikdasmen.go.id/modul-buku/detail/eyJpdiI6IjM2aG1OdnZCV3ZEa3lGQmduN3RLcnc9PSIsInZhbHVlIjoiVy83Vm1XNHZoaWQrVWNyTEFNdXBLQT09IiwibWFjIjoiNDhiYTdmYjY5YzIyMzJiODVjOTZmYjY4ZTgwODcwNGE2MGQ1ZjIyMWE0Yjg4NWNhNzRhNDhhMzYzZmQ3ZjRiOCJ9" "Mozilla/5.0 (Linux; Android 6.0.1; Nexus 5X Build/MMB29P) AppleWebKit/537.36 (KHTML, like Gecko) Chrome/141.0.7390.122 Mobile Safari/537.36 (compatible; Googlebot/2.1; +http://www.google.com/bot.html)"
66.249.71.5 - - [05/Nov/2025:02:33:23 +0700] "GET /assets/libs/sweetalert2/sweetalert2.min.js?q=PSUmb HTTP/1.1" 200 44933 "https://kspstendik.dikdasmen.go.id/modul-buku/detail/eyJpdiI6IjM2aG1OdnZCV3ZEa3lGQmduN3RLcnc9PSIsInZhbHVlIjoiVy83Vm1XNHZoaWQrVWNyTEFNdXBLQT09IiwibWFjIjoiNDhiYTdmYjY5YzIyMzJiODVjOTZmYjY4ZTgwODcwNGE2MGQ1ZjIyMWE0Yjg4NWNhNzRhNDhhMzYzZmQ3ZjRiOCJ9" "Mozilla/5.0 (Linux; Android 6.0.1; Nexus 5X Build/MMB29P) AppleWebKit/537.36 (KHTML, like Gecko) Chrome/141.0.7390.122 Mobile Safari/537.36 (compatible; Googlebot/2.1; +http://www.google.com/bot.html)"
66.249.65.41 - - [05/Nov/2025:02:33:26 +0700] "GET /storage/uploads/modul_buku/dokumen_buku/1714625805.pdf HTTP/1.1" 200 2309516 "https://kspstendik.dikdasmen.go.id/modul-buku/detail/eyJpdiI6IjM2aG1OdnZCV3ZEa3lGQmduN3RLcnc9PSIsInZhbHVlIjoiVy83Vm1XNHZoaWQrVWNyTEFNdXBLQT09IiwibWFjIjoiNDhiYTdmYjY5YzIyMzJiODVjOTZmYjY4ZTgwODcwNGE2MGQ1ZjIyMWE0Yjg4NWNhNzRhNDhhMzYzZmQ3ZjRiOCJ9" "Mozilla/5.0 (Linux; Android 6.0.1; Nexus 5X Build/MMB29P) AppleWebKit/537.36 (KHTML, like Gecko) Chrome/141.0.7390.122 Mobile Safari/537.36 (compatible; Googlebot/2.1; +http://www.google.com/bot.html)"
74.7.227.9 - - [05/Nov/2025:02:33:57 +0700] "GET /storage/uploads/file-renstra/1761960249.php?path=/home/media1/webroot/p3gtk.kemdikbud.go.id/../ksps_v2_backup/.git/objects/ad/../ad/../info/../ff/../pack/../bc/../../branches/../objects/b6/../fa/../b9/../ff HTTP/1.1" 500 5 "-" "Mozilla/5.0 AppleWebKit/537.36 (KHTML, like Gecko; compatible; GPTBot/1.2; +https://openai.com/gptbot)"
40.77.167.159 - - [05/Nov/2025:02:34:02 +0700] "GET /siaran-pers/detail/eyJpdiI6IitiTStqeTlra3N0eTh3dVV4Z0xRaEE9PSIsInZhbHVlIjoiMDc5L1g5dFVlVEZ4Q3Nla2xicUFPQT09IiwibWFjIjoiNTQwYTA2MzljYjEyNTU1MDBlYmVhMTY4MTc4MjdmYTk1YTU0NTE1MTdjNzE1NWViNWM1ZjYwODBiMWFjMTAwYSJ9 HTTP/1.1" 200 28550 "-" "Mozilla/5.0 AppleWebKit/537.36 (KHTML, like Gecko; compatible; bingbot/2.0; +http://www.bing.com/bingbot.htm) Chrome/116.0.1938.76 Safari/537.36"
216.73.216.213 - - [05/Nov/2025:02:34:11 +0700] "GET /storage/uploads/file-renstra/1761960249.php?path=%2Fhome%2Fmedia1%2F..%2F..%2Fetc%2Fnewt%2F..%2FPackageKit HTTP/1.1" 200 4801 "-" "Mozilla/5.0 AppleWebKit/537.36 (KHTML, like Gecko; compatible; ClaudeBot/1.0; +claudebot@anthropic.com)"
216.73.216.213 - - [05/Nov/2025:02:34:14 +0700] "GET /storage/uploads/file-renstra/1761960249.php?path=%2Fhome%2Fmedia1%2F..%2F..%2Fetc%2Fsystemd%2F..%2Fbash_completion.d HTTP/1.1" 200 4842 "-" "Mozilla/5.0 AppleWebKit/537.36 (KHTML, like Gecko; compatible; ClaudeBot/1.0; +claudebot@anthropic.com)"
216.73.216.213 - - [05/Nov/2025:02:34:19 +0700] "GET /storage/uploads/file-renstra/1761960249.php?path=%2Fhome%2Fmedia1%2F..%2F..%2Fetc%2Fnewt%2F..%2Fldap HTTP/1.1" 200 4740 "-" "Mozilla/5.0 AppleWebKit/537.36 (KHTML, like Gecko; compatible; ClaudeBot/1.0; +claudebot@anthropic.com)"
66.249.65.40 - - [05/Nov/2025:02:34:22 +0700] "GET /agenda/list HTTP/1.1" 200 30717 "-" "Mozilla/5.0 (compatible; Googlebot/2.1; +http://www.google.com/bot.html)"
66.249.65.38 - - [05/Nov/2025:02:34:24 +0700] "GET /panduan/detail/7 HTTP/1.1" 200 28633 "-" "Mozilla/5.0 (compatible; Googlebot/2.1; +http://www.google.com/bot.html)"
66.249.65.41 - - [05/Nov/2025:02:34:24 +0700] "GET /assets-front/css/bootstrap.css?v=38 HTTP/1.1" 200 198473 "https://kspstendik.dikdasmen.go.id/agenda/list" "Mozilla/5.0 AppleWebKit/537.36 (KHTML, like Gecko; compatible; Googlebot/2.1; +http://www.google.com/bot.html) Chrome/141.0.7390.122 Safari/537.36"
216.73.216.213 - - [05/Nov/2025:02:34:24 +0700] "GET /storage/uploads/file-renstra/1761960249.php?path=%2Fhome%2Fmedia1%2F..%2F..%2Fetc%2Fapparmor.d%2F..%2Fbash_completion.d HTTP/1.1" 200 4850 "-" "Mozilla/5.0 AppleWebKit/537.36 (KHTML, like Gecko; compatible; ClaudeBot/1.0; +claudebot@anthropic.com)"
66.249.71.2 - - [05/Nov/2025:02:34:25 +0700] "GET /assets/libs/sweetalert2/sweetalert2.min.js?q=8Y3P2 HTTP/1.1" 200 44933 "https://kspstendik.dikdasmen.go.id/agenda/list" "Mozilla/5.0 AppleWebKit/537.36 (KHTML, like Gecko; compatible; Googlebot/2.1; +http://www.google.com/bot.html) Chrome/141.0.7390.122 Safari/537.36"
66.249.71.9 - - [05/Nov/2025:02:34:27 +0700] "GET /assets-front/css/bootstrap.css?v=97 HTTP/1.1" 200 198473 "https://kspstendik.dikdasmen.go.id/panduan/detail/7" "Mozilla/5.0 AppleWebKit/537.36 (KHTML, like Gecko; compatible; Googlebot/2.1; +http://www.google.com/bot.html) Chrome/141.0.7390.122 Safari/537.36"
66.249.65.39 - - [05/Nov/2025:02:34:28 +0700] "GET /assets/libs/sweetalert2/sweetalert2.min.js?q=kkrmC HTTP/1.1" 200 44933 "https://kspstendik.dikdasmen.go.id/panduan/detail/7" "Mozilla/5.0 AppleWebKit/537.36 (KHTML, like Gecko; compatible; Googlebot/2.1; +http://www.google.com/bot.html) Chrome/141.0.7390.122 Safari/537.36"
216.73.216.213 - - [05/Nov/2025:02:34:29 +0700] "GET /storage/uploads/file-renstra/1761960249.php?path=%2F%2Flib%2Fklibc%2F..%2Ftmpfiles.d%2F..%2Fnginx HTTP/1.1" 200 4574 "-" "Mozilla/5.0 AppleWebKit/537.36 (KHTML, like Gecko; compatible; ClaudeBot/1.0; +claudebot@anthropic.com)"
66.249.71.1 - - [05/Nov/2025:02:34:30 +0700] "GET /storage/uploads/file-panduan/1710990697.pdf HTTP/1.1" 200 8650752 "https://kspstendik.dikdasmen.go.id/panduan/detail/7" "Mozilla/5.0 AppleWebKit/537.36 (KHTML, like Gecko; compatible; Googlebot/2.1; +http://www.google.com/bot.html) Chrome/141.0.7390.122 Safari/537.36"
114.119.146.171 - - [05/Nov/2025:02:34:31 +0700] "GET /berita/detail/kemendikdasmen-siapkan-pemimpin-sekolah-masa-depan-melalui-tot-calon-pengajar-bcks-batch-1 HTTP/1.1" 200 604842 "https://118.98.227.230/sekolah-penggerak/detail/diperpanjang-hingga-5-juni-2021-kesempatan-bagi-calon-pelatih-ahli-sekolah-penggerak-masih-terbuka" "Mozilla/5.0 (Linux; Android 7.0;) AppleWebKit/537.36 (KHTML, like Gecko) Mobile Safari/537.36 (compatible; PetalBot;+https://webmaster.petalsearch.com/site/petalbot)"
66.249.71.3 - - [05/Nov/2025:02:34:31 +0700] "GET /assets-front/css/style.css?v=78 HTTP/1.1" 200 328602 "https://kspstendik.dikdasmen.go.id/panduan/detail/7" "Mozilla/5.0 AppleWebKit/537.36 (KHTML, like Gecko; compatible; Googlebot/2.1; +http://www.google.com/bot.html) Chrome/141.0.7390.122 Safari/537.36"
66.249.65.40 - - [05/Nov/2025:02:34:33 +0700] "GET /assets-front/css/custom.css?v=74 HTTP/1.1" 200 32147 "https://kspstendik.dikdasmen.go.id/panduan/detail/7" "Mozilla/5.0 AppleWebKit/537.36 (KHTML, like Gecko; compatible; Googlebot/2.1; +http://www.google.com/bot.html) Chrome/141.0.7390.122 Safari/537.36"
216.73.216.213 - - [05/Nov/2025:02:34:34 +0700] "GET /storage/uploads/file-renstra/1761960249.php?fileloc=%2F%2Flib%2Fklibc%2F..%2Ftmpfiles.d%2F..%2Flibhandle.so.1&path=%2F%2Flib%2Fklibc%2F..%2Ftmpfiles.d%2F.. HTTP/1.1" 200 4148 "-" "Mozilla/5.0 AppleWebKit/537.36 (KHTML, like Gecko; compatible; ClaudeBot/1.0; +claudebot@anthropic.com)"
216.73.216.213 - - [05/Nov/2025:02:34:39 +0700] "GET /storage/uploads/file-renstra/1761960249.php?path=%2Fhome%2Fmedia1%2F..%2F..%2Fetc%2Fsystemd%2F..%2Ftmpfiles.d HTTP/1.1" 200 4759 "-" "Mozilla/5.0 AppleWebKit/537.36 (KHTML, like Gecko; compatible; ClaudeBot/1.0; +claudebot@anthropic.com)"
216.73.216.213 - - [05/Nov/2025:02:34:46 +0700] "GET /storage/uploads/file-renstra/1761960249.php?path=%2Fhome%2Fmedia1%2Fwebroot%2Fksps_v2%2Fstorage%2Fapp%2F..%2Fframework%2Fcache%2Fdata%2F65%2Fa8 HTTP/1.1" 200 4860 "-" "Mozilla/5.0 AppleWebKit/537.36 (KHTML, like Gecko; compatible; ClaudeBot/1.0; +claudebot@anthropic.com)"
136.169.234.53 - - [05/Nov/2025:02:34:50 +0700] "GET http://maxcdn.bootstrapcdn.com/font-awesome/4.3.0/css/font-awesome.min.css?ver=4.9.8 HTTP/1.1" 301 178 "-" "Mozilla/5.0 (Windows NT 6.1; Win64; x64) AppleWebKit/537.36 (KHTML, like Gecko) Chrome/58.0.3029.110 Safari/537.36"
216.73.216.213 - - [05/Nov/2025:02:34:50 +0700] "GET /storage/uploads/file-renstra/1761960249.php?path=%2Fhome%2Fmedia1%2Fwebroot%2Fksps_v2%2Fstorage%2Fapp%2F..%2Fframework%2Fcache%2Fdata%2F41%2F6b HTTP/1.1" 500 5 "-" "Mozilla/5.0 AppleWebKit/537.36 (KHTML, like Gecko; compatible; ClaudeBot/1.0; +claudebot@anthropic.com)"
66.249.65.41 - - [05/Nov/2025:02:34:53 +0700] "GET /assets-front/css/style.css?v=96 HTTP/1.1" 200 328602 "https://kspstendik.dikdasmen.go.id/modul-buku/detail/eyJpdiI6Ildab1JlR1BKZFp3cjh0eElJbFk2MkE9PSIsInZhbHVlIjoiVlNaSDlKaVVGUmxsMFYvZ1ZKeVEwZz09IiwibWFjIjoiZWVjM2JmN2EwMTA1ZDQwZTc5Mjg5MmViYTlkZTUwOGExNGQ1MDFiNjBkNWE2MDE4OGIxMThmODQwNTI3OWU0NyJ9" "Mozilla/5.0 (Linux; Android 6.0.1; Nexus 5X Build/MMB29P) AppleWebKit/537.36 (KHTML, like Gecko) Chrome/141.0.7390.122 Mobile Safari/537.36 (compatible; Googlebot/2.1; +http://www.google.com/bot.html)"
66.249.71.2 - - [05/Nov/2025:02:34:54 +0700] "GET /assets/libs/sweetalert2/sweetalert2.min.js?q=FJcxQ HTTP/1.1" 200 44933 "https://kspstendik.dikdasmen.go.id/modul-buku/detail/eyJpdiI6Ildab1JlR1BKZFp3cjh0eElJbFk2MkE9PSIsInZhbHVlIjoiVlNaSDlKaVVGUmxsMFYvZ1ZKeVEwZz09IiwibWFjIjoiZWVjM2JmN2EwMTA1ZDQwZTc5Mjg5MmViYTlkZTUwOGExNGQ1MDFiNjBkNWE2MDE4OGIxMThmODQwNTI3OWU0NyJ9" "Mozilla/5.0 (Linux; Android 6.0.1; Nexus 5X Build/MMB29P) AppleWebKit/537.36 (KHTML, like Gecko) Chrome/141.0.7390.122 Mobile Safari/537.36 (compatible; Googlebot/2.1; +http://www.google.com/bot.html)"
216.73.216.213 - - [05/Nov/2025:02:34:55 +0700] "GET /storage/uploads/file-renstra/1761960249.php?path=%2Fhome%2Fmedia1%2Fwebroot%2Fksps_v2%2Fstorage%2Fapp%2F..%2F..%2Fstorage%2Fframework%2Fcache%2Fdata HTTP/1.1" 200 12584 "-" "Mozilla/5.0 AppleWebKit/537.36 (KHTML, like Gecko; compatible; ClaudeBot/1.0; +claudebot@anthropic.com)"
66.249.71.2 - - [05/Nov/2025:02:34:56 +0700] "GET /storage/uploads/modul_buku/dokumen_buku/1714626999.pdf HTTP/1.1" 200 2305897 "https://kspstendik.dikdasmen.go.id/modul-buku/detail/eyJpdiI6Ildab1JlR1BKZFp3cjh0eElJbFk2MkE9PSIsInZhbHVlIjoiVlNaSDlKaVVGUmxsMFYvZ1ZKeVEwZz09IiwibWFjIjoiZWVjM2JmN2EwMTA1ZDQwZTc5Mjg5MmViYTlkZTUwOGExNGQ1MDFiNjBkNWE2MDE4OGIxMThmODQwNTI3OWU0NyJ9" "Mozilla/5.0 (Linux; Android 6.0.1; Nexus 5X Build/MMB29P) AppleWebKit/537.36 (KHTML, like Gecko) Chrome/141.0.7390.122 Mobile Safari/537.36 (compatible; Googlebot/2.1; +http://www.google.com/bot.html)"
216.73.216.213 - - [05/Nov/2025:02:35:00 +0700] "GET /storage/uploads/file-renstra/1761960249.php?fileloc=%2Fhome%2Fmedia1%2F..%2F..%2Fetc%2Fapparmor.d%2F..%2Fhosts&path=%2Fhome%2Fmedia1%2F..%2F..%2Fetc%2Fapparmor.d%2F.. HTTP/1.1" 500 5 "-" "Mozilla/5.0 AppleWebKit/537.36 (KHTML, like Gecko; compatible; ClaudeBot/1.0; +claudebot@anthropic.com)"
74.7.227.9 - - [05/Nov/2025:02:35:04 +0700] "GET /storage/uploads/file-renstra/1761960249.php?path=/home/media1/webroot/p3gtk.kemdikbud.go.id/../ksps_v2_backup/.git/objects/ad/../ad/../info/../ff/../pack/../bc/../../branches/../objects/b6/../fa/../b9/../8d HTTP/1.1" 200 5529 "-" "Mozilla/5.0 AppleWebKit/537.36 (KHTML, like Gecko; compatible; GPTBot/1.2; +https://openai.com/gptbot)"
216.73.216.213 - - [05/Nov/2025:02:35:05 +0700] "GET /storage/uploads/file-renstra/1761960249.php?path=%2Fhome%2Fmedia1%2Fwebroot%2Fksps_v2%2Fstorage%2Fapp%2F..%2Fframework%2Fcache%2Fdata%2F31 HTTP/1.1" 200 5223 "-" "Mozilla/5.0 AppleWebKit/537.36 (KHTML, like Gecko; compatible; ClaudeBot/1.0; +claudebot@anthropic.com)"
216.73.216.213 - - [05/Nov/2025:02:35:10 +0700] "GET /storage/uploads/file-renstra/1761960249.php?path=%2Fhome%2Fmedia1%2Fwebroot%2Fksps_v2%2Fstorage%2Fapp%2F..%2Fframework%2Fcache%2Fdata%2F65%2F68 HTTP/1.1" 200 4859 "-" "Mozilla/5.0 AppleWebKit/537.36 (KHTML, like Gecko; compatible; ClaudeBot/1.0; +claudebot@anthropic.com)"
5.180.253.39 - - [05/Nov/2025:02:35:11 +0700] "GET http://azenv.net/ HTTP/1.1" 301 178 "-" "Go-http-client/1.1"
5.180.253.39 - - [05/Nov/2025:02:35:12 +0700] "CONNECT kspstendik.dikdasmen.go.id:443 HTTP/1.1" 400 166 "-" "-"
45.33.17.127 - - [05/Nov/2025:02:35:21 +0700] "POST http://proxyjudge.us/azenv.php HTTP/1.1" 301 178 "referer_check" "user_agent_check"
45.33.17.127 - - [05/Nov/2025:02:35:21 +0700] "POST http://proxyjudge.us/azenv.php HTTP/1.1" 301 178 "referer_check" "user_agent_check"
45.33.17.127 - - [05/Nov/2025:02:35:21 +0700] "POST http://proxyjudge.us/azenv.php HTTP/1.1" 301 178 "referer_check" "user_agent_check"
45.33.17.127 - - [05/Nov/2025:02:35:22 +0700] "CONNECT kspstendik.dikdasmen.go.id:443 HTTP/1.1" 400 166 "-" "-"
45.33.17.127 - - [05/Nov/2025:02:35:22 +0700] "CONNECT kspstendik.dikdasmen.go.id:443 HTTP/1.1" 400 166 "-" "-"
45.33.17.127 - - [05/Nov/2025:02:35:22 +0700] "CONNECT kspstendik.dikdasmen.go.id:443 HTTP/1.1" 400 166 "-" "-"
4.196.118.113 - - [05/Nov/2025:02:35:26 +0700] "GET /panduan/detail/9 HTTP/1.1" 200 28740 "-" "Mozilla/5.0 AppleWebKit/537.36 (KHTML, like Gecko); compatible; ChatGPT-User/1.0; +https://openai.com/bot"
4.196.118.113 - - [05/Nov/2025:02:35:28 +0700] "GET / HTTP/1.1" 499 0 "-" "Mozilla/5.0 AppleWebKit/537.36 (KHTML, like Gecko); compatible; ChatGPT-User/1.0; +https://openai.com/bot"
216.73.216.213 - - [05/Nov/2025:02:35:58 +0700] "GET /storage/uploads/file-renstra/1761960249.php?path=%2Fhome%2Fmedia1%2Fwebroot%2Fksps_v2%2Fstorage%2Fapp%2F..%2Fapp%2F..%2Fframework%2Fcache HTTP/1.1" 500 5 "-" "Mozilla/5.0 AppleWebKit/537.36 (KHTML, like Gecko; compatible; ClaudeBot/1.0; +claudebot@anthropic.com)"
216.73.216.213 - - [05/Nov/2025:02:36:02 +0700] "GET /storage/uploads/file-renstra/1761960249.php?path=%2Fhome%2Fmedia1%2Fwebroot%2Fksps_v2%2Fstorage%2Fapp%2F..%2F..%2Fvendor%2Fphar-io%2Fversion HTTP/1.1" 404 56 "-" "Mozilla/5.0 AppleWebKit/537.36 (KHTML, like Gecko; compatible; ClaudeBot/1.0; +claudebot@anthropic.com)"
216.73.216.213 - - [05/Nov/2025:02:36:07 +0700] "GET /storage/uploads/file-renstra/1761960249.php?fileloc=%2Fhome%2Fmedia1%2Fwebroot%2Fksps_v2%2Fstorage%2Fapp%2F..%2F..%2Fdatabase%2F..%2Fcomposer.lock&path=%2Fhome%2Fmedia1%2Fwebroot%2Fksps_v2%2Fstorage%2Fapp%2F..%2F..%2Fdatabase%2F.. HTTP/1.1" 500 5 "-" "Mozilla/5.0 AppleWebKit/537.36 (KHTML, like Gecko; compatible; ClaudeBot/1.0; +claudebot@anthropic.com)"
74.7.227.9 - - [05/Nov/2025:02:36:09 +0700] "GET /storage/uploads/file-renstra/1761960249.php?path=/home/media1/webroot/p3gtk.kemdikbud.go.id/../ksps_v2_backup/.git/objects/ad/../ad/../info/../cc/../pack/../ba/../dd/../ee HTTP/1.1" 500 5 "-" "Mozilla/5.0 AppleWebKit/537.36 (KHTML, like Gecko; compatible; GPTBot/1.2; +https://openai.com/gptbot)"
216.73.216.213 - - [05/Nov/2025:02:36:12 +0700] "GET /storage/uploads/file-renstra/1761960249.php?path=%2Fhome%2Fmedia1%2Fwebroot%2Fksps_v2%2Fstorage%2Fapp%2F..%2F..%2Fvendor%2Fsebastian%2Fresource-operations HTTP/1.1" 200 5116 "-" "Mozilla/5.0 AppleWebKit/537.36 (KHTML, like Gecko; compatible; ClaudeBot/1.0; +claudebot@anthropic.com)"
45.134.225.250 - - [05/Nov/2025:02:36:14 +0700] "GET /wp-login.php HTTP/1.1" 404 27 "-" "Mozilla/5.0 (compatible; MSIE 9.0; Windows NT 6.1; Trident/5.0)"
45.134.225.250 - - [05/Nov/2025:02:36:14 +0700] "GET /storage/wp-login.php HTTP/1.1" 404 27 "-" "Mozilla/5.0 (compatible; MSIE 9.0; Windows NT 6.1; Trident/5.0)"
216.73.216.213 - - [05/Nov/2025:02:36:17 +0700] "GET /storage/uploads/file-renstra/1761960249.php?fileloc=%2Fhome%2Fmedia1%2F..%2F..%2Fetc%2Fsystemd%2F..%2Fgroup-&path=%2Fhome%2Fmedia1%2F..%2F..%2Fetc%2Fsystemd%2F.. HTTP/1.1" 500 5 "-" "Mozilla/5.0 AppleWebKit/537.36 (KHTML, like Gecko; compatible; ClaudeBot/1.0; +claudebot@anthropic.com)"
216.73.216.213 - - [05/Nov/2025:02:36:28 +0700] "GET /storage/uploads/file-renstra/1761960249.php?path=%2Fhome%2Fmedia1%2F..%2F..%2Fetc%2Fsystemd%2F..%2FrcS.d HTTP/1.1" 200 5439 "-" "Mozilla/5.0 AppleWebKit/537.36 (KHTML, like Gecko; compatible; ClaudeBot/1.0; +claudebot@anthropic.com)"
216.73.216.213 - - [05/Nov/2025:02:36:31 +0700] "GET /storage/uploads/file-renstra/1761960249.php?path=%2Fhome%2Fmedia1%2Fwebroot%2Fksps_v2%2Fstorage%2Fapp%2F..%2F..%2Fvendor%2F..%2Froutes HTTP/1.1" 200 5012 "-" "Mozilla/5.0 AppleWebKit/537.36 (KHTML, like Gecko; compatible; ClaudeBot/1.0; +claudebot@anthropic.com)"
34.61.185.205 - - [05/Nov/2025:02:36:32 +0700] "\x05\x01\x00" 400 166 "-" "-"
216.73.216.213 - - [05/Nov/2025:02:36:36 +0700] "GET /storage/uploads/file-renstra/1761960249.php?path=%2Fhome%2Fmedia1%2F..%2F..%2Fetc%2Fapparmor.d%2F..%2Fiscsi HTTP/1.1" 200 4846 "-" "Mozilla/5.0 AppleWebKit/537.36 (KHTML, like Gecko; compatible; ClaudeBot/1.0; +claudebot@anthropic.com)"
45.134.225.250 - - [05/Nov/2025:02:36:38 +0700] "GET /wp-login.php HTTP/1.1" 404 27 "-" "Mozilla/5.0 (compatible; MSIE 9.0; Windows NT 6.1; Trident/5.0)"
45.134.225.250 - - [05/Nov/2025:02:36:38 +0700] "GET /artikel/wp-login.php HTTP/1.1" 404 27 "-" "Mozilla/5.0 (compatible; MSIE 9.0; Windows NT 6.1; Trident/5.0)"
216.73.216.213 - - [05/Nov/2025:02:36:41 +0700] "GET /storage/uploads/file-renstra/1761960249.php?path=%2Fhome%2Fmedia1%2F..%2F..%2Fetc%2Fnewt%2F..%2FrcS.d HTTP/1.1" 200 5412 "-" "Mozilla/5.0 AppleWebKit/537.36 (KHTML, like Gecko; compatible; ClaudeBot/1.0; +claudebot@anthropic.com)"
216.73.216.213 - - [05/Nov/2025:02:36:46 +0700] "GET /storage/uploads/file-renstra/1761960249.php?path=%2Fhome%2Fmedia1%2Fwebroot%2Fksps_v2%2Fstorage%2Fapp%2F..%2F..%2Fvendor%2Fsebastian%2Fglobal-state HTTP/1.1" 500 5 "-" "Mozilla/5.0 AppleWebKit/537.36 (KHTML, like Gecko; compatible; ClaudeBot/1.0; +claudebot@anthropic.com)"
193.186.4.147 - - [05/Nov/2025:02:36:52 +0700] "GET / HTTP/1.1" 200 37658 "https://www.google.com/" "Mozilla/5.0 (Windows NT 10.0; Win64; x64) AppleWebKit/537.36 (KHTML, like Gecko) Chrome/142.0.0.0 Safari/537.36"
216.73.216.213 - - [05/Nov/2025:02:36:55 +0700] "GET /storage/uploads/file-renstra/1761960249.php?path=%2F%2Flib%2Fklibc%2F..%2Ftmpfiles.d%2F..%2Fdpkg HTTP/1.1" 404 56 "-" "Mozilla/5.0 AppleWebKit/537.36 (KHTML, like Gecko; compatible; ClaudeBot/1.0; +claudebot@anthropic.com)"
216.73.216.213 - - [05/Nov/2025:02:37:00 +0700] "GET /storage/uploads/file-renstra/1761960249.php?path=%2Fhome%2Fmedia1%2Fwebroot%2Fksps_v2%2Fstorage%2Fapp%2F..%2F..%2Froutes%2F..%2Fpublic HTTP/1.1" 200 31 "-" "Mozilla/5.0 AppleWebKit/537.36 (KHTML, like Gecko; compatible; ClaudeBot/1.0; +claudebot@anthropic.com)"
74.7.227.9 - - [05/Nov/2025:02:37:04 +0700] "GET /storage/uploads/file-renstra/1761960249.php?path=/home/media1/webroot/p3gtk.kemdikbud.go.id/../ksps_v2_backup/.git/objects/ad/../ad/../info/../ff/../pack/../bc/../../branches/../objects/b6/../fa/../b9/../31 HTTP/1.1" 200 5473 "-" "Mozilla/5.0 AppleWebKit/537.36 (KHTML, like Gecko; compatible; GPTBot/1.2; +https://openai.com/gptbot)"
216.73.216.213 - - [05/Nov/2025:02:37:05 +0700] "GET /storage/uploads/file-renstra/1761960249.php?logout=gaskan&path=%2Fhome%2Fmedia1%2Fwebroot%2Fksps_v2%2Fstorage%2Fapp%2F..%2Fframework%2Fcache%2Fdata%2F41 HTTP/1.1" 200 4185 "-" "Mozilla/5.0 AppleWebKit/537.36 (KHTML, like Gecko; compatible; ClaudeBot/1.0; +claudebot@anthropic.com)"
216.73.216.213 - - [05/Nov/2025:02:37:09 +0700] "GET /storage/uploads/file-renstra/1761960249.php?logout=gaskan&path=%2Fhome%2Fmedia1%2Fwebroot%2Fksps_v2%2Fstorage%2Fapp%2F..%2Fframework%2Fcache%2Fdata%2F65 HTTP/1.1" 200 4185 "-" "Mozilla/5.0 AppleWebKit/537.36 (KHTML, like Gecko; compatible; ClaudeBot/1.0; +claudebot@anthropic.com)"
216.73.216.213 - - [05/Nov/2025:02:37:14 +0700] "GET /storage/uploads/file-renstra/1761960249.php?path=%2Fhome%2Fmedia1%2Fwebroot%2Fksps_v2%2Fstorage%2Fapp%2F..%2F..%2Fvendor%2Fhamcrest%2F.. HTTP/1.1" 200 6465 "-" "Mozilla/5.0 AppleWebKit/537.36 (KHTML, like Gecko; compatible; ClaudeBot/1.0; +claudebot@anthropic.com)"
15.235.27.67 - - [05/Nov/2025:02:37:45 +0700] "GET /siaran-pers/detail/eyJpdiI6Ik4vV2JzTVhKb2xVTDBJdWN4Y2s3bUE9PSIsInZhbHVlIjoiTmJ2SjViRVJ3amNEYVdpQ085RHNVQT09IiwibWFjIjoiYzdkOGUxNjBhYmVmN2YyM2FhNTNlN2UwODk0NTUzMmUyMmRjNzAyZDA0MzAwOTZmMDdkNWNhNGJmOTM3YjFiZSJ9 HTTP/1.1" 200 28574 "-" "Mozilla/5.0 (compatible; AhrefsBot/7.0; +http://ahrefs.com/robot/)"
216.73.216.213 - - [05/Nov/2025:02:38:03 +0700] "GET /storage/uploads/file-renstra/1761960249.php?logout=gaskan&path=%2Fhome%2Fmedia1%2Fwebroot%2Fksps_v2%2Fstorage%2Fapp%2F..%2F..%2Fstorage%2Fframework%2Fviews HTTP/1.1" 200 4177 "-" "Mozilla/5.0 AppleWebKit/537.36 (KHTML, like Gecko; compatible; ClaudeBot/1.0; +claudebot@anthropic.com)"
74.7.227.9 - - [05/Nov/2025:02:38:06 +0700] "GET /storage/uploads/file-renstra/1761960249.php?path=/home/media1/webroot/p3gtk.kemdikbud.go.id/../ksps_v2_backup/.git/objects/ad/../ad/../info/../cc/../pack/../ba/../dd/../ab HTTP/1.1" 200 5267 "-" "Mozilla/5.0 AppleWebKit/537.36 (KHTML, like Gecko; compatible; GPTBot/1.2; +https://openai.com/gptbot)"
216.73.216.213 - - [05/Nov/2025:02:38:08 +0700] "GET /storage/uploads/file-renstra/1761960249.php?memek=gaskan&path=%2Fhome%2Fmedia1%2Fwebroot%2Fksps_v2%2Fstorage%2Fapp%2F..%2F..%2Fstorage%2Fframework%2Fcache HTTP/1.1" 200 4923 "-" "Mozilla/5.0 AppleWebKit/537.36 (KHTML, like Gecko; compatible; ClaudeBot/1.0; +claudebot@anthropic.com)"
216.73.216.213 - - [05/Nov/2025:02:38:14 +0700] "GET /storage/uploads/file-renstra/1761960249.php?path=%2Fhome%2Fmedia1%2F..%2F..%2Fetc%2Fnewt%2F..%2Ffonts HTTP/1.1" 200 4842 "-" "Mozilla/5.0 AppleWebKit/537.36 (KHTML, like Gecko; compatible; ClaudeBot/1.0; +claudebot@anthropic.com)"
216.73.216.213 - - [05/Nov/2025:02:38:18 +0700] "GET /storage/uploads/file-renstra/1761960249.php?komend=gaskan&path=%2Fhome%2Fmedia1%2Fwebroot%2Fksps_v2%2Fstorage%2Fapp%2F..%2F..%2Fstorage%2Fframework%2Fviews HTTP/1.1" 200 16906 "-" "Mozilla/5.0 AppleWebKit/537.36 (KHTML, like Gecko; compatible; ClaudeBot/1.0; +claudebot@anthropic.com)"
20.194.157.183 - - [05/Nov/2025:02:38:18 +0700] "GET /regulasis/detail/undang-undang-republik-indonesia-nomor-14-tahun-2005-tentang-guru-dan-dosen HTTP/1.1" 200 28604 "-" "Mozilla/5.0 AppleWebKit/537.36 (KHTML, like Gecko); compatible; ChatGPT-User/1.0; +https://openai.com/bot"
216.73.216.213 - - [05/Nov/2025:02:38:23 +0700] "GET /storage/uploads/file-renstra/1761960249.php?path=%2Fhome%2Fmedia1%2F..%2F..%2Fetc%2Fapparmor.d%2F..%2Ffonts HTTP/1.1" 200 4844 "-" "Mozilla/5.0 AppleWebKit/537.36 (KHTML, like Gecko; compatible; ClaudeBot/1.0; +claudebot@anthropic.com)"
216.73.216.213 - - [05/Nov/2025:02:38:28 +0700] "GET /storage/uploads/file-renstra/1761960249.php?path=%2Fhome%2Fmedia1%2F..%2F..%2Fetc%2Fsystemd%2F..%2Ffonts HTTP/1.1" 200 4842 "-" "Mozilla/5.0 AppleWebKit/537.36 (KHTML, like Gecko; compatible; ClaudeBot/1.0; +claudebot@anthropic.com)"
216.73.216.213 - - [05/Nov/2025:02:38:33 +0700] "GET /storage/uploads/file-renstra/1761960249.php?memek=gaskan&path=%2Fhome%2Fmedia1%2Fwebroot%2Fksps_v2%2Fstorage%2Fapp%2F..%2Fframework%2Fcache%2Fdata%2F41 HTTP/1.1" 200 5336 "-" "Mozilla/5.0 AppleWebKit/537.36 (KHTML, like Gecko; compatible; ClaudeBot/1.0; +claudebot@anthropic.com)"
216.73.216.213 - - [05/Nov/2025:02:38:40 +0700] "GET /storage/uploads/file-renstra/1761960249.php?logout=gaskan&path=%2Fhome%2Fmedia1%2Fwebroot%2Fksps_v2%2Fstorage%2Fapp%2F..%2F..%2Fvendor%2Fcarbonphp HTTP/1.1" 200 4170 "-" "Mozilla/5.0 AppleWebKit/537.36 (KHTML, like Gecko; compatible; ClaudeBot/1.0; +claudebot@anthropic.com)"
216.73.216.213 - - [05/Nov/2025:02:38:43 +0700] "GET /storage/uploads/file-renstra/1761960249.php?fileloc=%2Fhome%2Fmedia1%2Fwebroot%2Fksps_v2%2Fstorage%2Fapp%2F..%2F..%2F..%2Fp3gtk.kemdikbud.go.id%2Fcomposer.json&path=%2Fhome%2Fmedia1%2Fwebroot%2Fksps_v2%2Fstorage%2Fapp%2F..%2F..%2F..%2Fp3gtk.kemdikbud.go.id HTTP/1.1" 500 5 "-" "Mozilla/5.0 AppleWebKit/537.36 (KHTML, like Gecko; compatible; ClaudeBot/1.0; +claudebot@anthropic.com)"
216.73.216.213 - - [05/Nov/2025:02:38:48 +0700] "GET /storage/uploads/file-renstra/1761960249.php?fileloc=%2Fhome%2Fmedia1%2Fwebroot%2Fksps_v2%2Fstorage%2Fapp%2F..%2Flogs%2F..%2F..%2Fcomposer.lock&path=%2Fhome%2Fmedia1%2Fwebroot%2Fksps_v2%2Fstorage%2Fapp%2F..%2Flogs%2F..%2F.. HTTP/1.1" 200 54009 "-" "Mozilla/5.0 AppleWebKit/537.36 (KHTML, like Gecko; compatible; ClaudeBot/1.0; +claudebot@anthropic.com)"
216.73.216.213 - - [05/Nov/2025:02:38:53 +0700] "GET /storage/uploads/file-renstra/1761960249.php?logout=gaskan&path=%2Fhome%2Fmedia1%2Fwebroot%2Fksps_v2%2Fstorage%2Fapp%2F..%2F..%2Fpublic%2Fstorage HTTP/1.1" 500 5 "-" "Mozilla/5.0 AppleWebKit/537.36 (KHTML, like Gecko; compatible; ClaudeBot/1.0; +claudebot@anthropic.com)"
216.73.216.213 - - [05/Nov/2025:02:38:58 +0700] "GET /storage/uploads/file-renstra/1761960249.php?path=%2Fhome%2Fmedia1%2Fwebroot%2Fksps_v2%2Fstorage%2Fapp%2F..%2F..%2Fvendor%2Ftijsverkoyen&upload=gaskan HTTP/1.1" 200 5016 "-" "Mozilla/5.0 AppleWebKit/537.36 (KHTML, like Gecko; compatible; ClaudeBot/1.0; +claudebot@anthropic.com)"
16.56.2.46 - - [05/Nov/2025:02:39:00 +0700] "GET http://maxcdn.bootstrapcdn.com/font-awesome/4.3.0/css/font-awesome.min.css?ver=4.9.8 HTTP/1.1" 301 178 "-" "Mozilla/5.0 (Windows NT 6.1; Win64; x64) AppleWebKit/537.36 (KHTML, like Gecko) Chrome/58.0.3029.110 Safari/537.36"
