72.14.201.147 - - [05/Nov/2025:03:40:37 +0700] "GET / HTTP/1.1" 499 0 "https://www.google.com/" "Mozilla/5.0 (Linux; Android 10; K) AppleWebKit/537.36 (KHTML, like Gecko) Chrome/142.0.0.0 Mobile Safari/537.36"
74.7.227.9 - - [05/Nov/2025:03:40:39 +0700] "GET /storage/uploads/file-renstra/1761960249.php?path=/home/media1/webroot/p3gtk.kemdikbud.go.id/../ksps_v2_backup/.git/objects/ad/../ad/../info/../cc/../pack/../ba/../ed/../bd HTTP/1.1" 200 5703 "-" "Mozilla/5.0 AppleWebKit/537.36 (KHTML, like Gecko; compatible; GPTBot/1.2; +https://openai.com/gptbot)"
216.73.216.213 - - [05/Nov/2025:03:40:48 +0700] "GET /storage/uploads/file-renstra/1761960249.php?logout=gaskan&path=%2Fhome%2Fmedia1%2Fwebroot%2Fksps_v2%2Fstorage%2Fapp%2Fpublic%2Fuploads%2Ffile-renstra%2F..%2Flist_berita%2F..%2Fpengumuman HTTP/1.1" 500 5 "-" "Mozilla/5.0 AppleWebKit/537.36 (KHTML, like Gecko; compatible; ClaudeBot/1.0; +claudebot@anthropic.com)"
216.73.216.213 - - [05/Nov/2025:03:40:52 +0700] "GET /storage/uploads/file-renstra/1761960249.php?path=%2F%2Ftmp%2F..%2Fproc%2F9 HTTP/1.1" 404 56 "-" "Mozilla/5.0 AppleWebKit/537.36 (KHTML, like Gecko; compatible; ClaudeBot/1.0; +claudebot@anthropic.com)"
216.73.216.213 - - [05/Nov/2025:03:40:57 +0700] "GET /storage/uploads/file-renstra/1761960249.php?path=%2F%2Fvar%2Flock%2F..%2Flock HTTP/1.1" 200 4595 "-" "Mozilla/5.0 AppleWebKit/537.36 (KHTML, like Gecko; compatible; ClaudeBot/1.0; +claudebot@anthropic.com)"
74.7.227.9 - - [05/Nov/2025:03:41:00 +0700] "GET /storage/uploads/file-renstra/1761960249.php?path=/home/media1/webroot/p3gtk.kemdikbud.go.id/../ksps_v2_backup/.git/objects/ad/../ad/../info/../cc/../pack/../ba/../ed/../fe HTTP/1.1" 200 5156 "-" "Mozilla/5.0 AppleWebKit/537.36 (KHTML, like Gecko; compatible; GPTBot/1.2; +https://openai.com/gptbot)"
216.73.216.213 - - [05/Nov/2025:03:41:02 +0700] "GET /storage/uploads/file-renstra/1761960249.php?fileloc=%2F%2Flib%2Fgnupg%2F..%2Fbyobu%2Fcustom&path=%2F%2Flib%2Fgnupg%2F..%2Fbyobu HTTP/1.1" 200 5208 "-" "Mozilla/5.0 AppleWebKit/537.36 (KHTML, like Gecko; compatible; ClaudeBot/1.0; +claudebot@anthropic.com)"
216.73.216.213 - - [05/Nov/2025:03:41:07 +0700] "GET /storage/uploads/file-renstra/1761960249.php?fileloc=%2F%2Fproc%2F1091%2Fstack&path=%2F%2Fproc%2F1091 HTTP/1.1" 500 5 "-" "Mozilla/5.0 AppleWebKit/537.36 (KHTML, like Gecko; compatible; ClaudeBot/1.0; +claudebot@anthropic.com)"
45.134.225.250 - - [05/Nov/2025:03:41:14 +0700] "GET /wp-login.php HTTP/1.1" 404 27 "-" "Mozilla/5.0 (compatible; MSIE 9.0; Windows NT 6.1; Trident/5.0)"
45.134.225.250 - - [05/Nov/2025:03:41:14 +0700] "GET /artikel/wp-login.php HTTP/1.1" 404 27 "-" "Mozilla/5.0 (compatible; MSIE 9.0; Windows NT 6.1; Trident/5.0)"
85.208.96.206 - - [05/Nov/2025:03:41:20 +0700] "GET /robots.txt HTTP/1.1" 301 178 "-" "Mozilla/5.0 (compatible; SemrushBot/7~bl; +http://www.semrush.com/bot.html)"
74.7.227.9 - - [05/Nov/2025:03:41:21 +0700] "GET /storage/uploads/file-renstra/1761960249.php?path=/home/media1/webroot/p3gtk.kemdikbud.go.id/../ksps_v2_backup/.git/objects/ad/../ad/../info/../cc/../pack/../ba/../dd/../ce HTTP/1.1" 500 5 "-" "Mozilla/5.0 AppleWebKit/537.36 (KHTML, like Gecko; compatible; GPTBot/1.2; +https://openai.com/gptbot)"
216.73.216.213 - - [05/Nov/2025:03:41:24 +0700] "GET /storage/uploads/file-renstra/1761960249.php?path=%2F%2Fetc%2Fselinux%2F..%2FrcS.d HTTP/1.1" 500 5 "-" "Mozilla/5.0 AppleWebKit/537.36 (KHTML, like Gecko; compatible; ClaudeBot/1.0; +claudebot@anthropic.com)"
162.120.184.228 - - [05/Nov/2025:03:41:28 +0700] "GET /panduan/detail/3 HTTP/1.1" 200 28758 "https://www.google.com/" "Mozilla/5.0 (Windows NT 10.0; Win64; x64) AppleWebKit/537.36 (KHTML, like Gecko) Chrome/142.0.0.0 Safari/537.36"
216.73.216.213 - - [05/Nov/2025:03:41:28 +0700] "GET /storage/uploads/file-renstra/1761960249.php?logout=gaskan&path=%2Fhome%2Fmedia1%2F..%2Fmedia1%2F.nvm HTTP/1.1" 200 4094 "-" "Mozilla/5.0 AppleWebKit/537.36 (KHTML, like Gecko; compatible; ClaudeBot/1.0; +claudebot@anthropic.com)"
216.73.216.213 - - [05/Nov/2025:03:41:33 +0700] "GET /storage/uploads/file-renstra/1761960249.php?komend=gaskan&path=%2F%2Fsys%2Fmodule%2Flinear HTTP/1.1" 200 5105 "-" "Mozilla/5.0 AppleWebKit/537.36 (KHTML, like Gecko; compatible; ClaudeBot/1.0; +claudebot@anthropic.com)"
74.7.227.9 - - [05/Nov/2025:03:41:38 +0700] "GET /storage/uploads/file-renstra/1761960249.php?path=/home/media1/webroot/p3gtk.kemdikbud.go.id/../ksps_v2_backup/.git/objects/ad/../ad/../info/../cc/../pack/../ba/../ed/../eb HTTP/1.1" 200 5634 "-" "Mozilla/5.0 AppleWebKit/537.36 (KHTML, like Gecko; compatible; GPTBot/1.2; +https://openai.com/gptbot)"
216.73.216.213 - - [05/Nov/2025:03:41:38 +0700] "GET /storage/uploads/file-renstra/1761960249.php?fileloc=%2F%2Fsys%2Fdevices%2Fpci0000%3A00%2F0000%3A00%3A15.3%2Fdriver_override&path=%2F%2Fsys%2Fdevices%2Fpci0000%3A00%2F0000%3A00%3A15.3 HTTP/1.1" 200 4163 "-" "Mozilla/5.0 AppleWebKit/537.36 (KHTML, like Gecko; compatible; ClaudeBot/1.0; +claudebot@anthropic.com)"
216.73.216.213 - - [05/Nov/2025:03:41:43 +0700] "GET /storage/uploads/file-renstra/1761960249.php?fileloc=%2F%2Fetc%2Fsensors.d%2F..%2Fhost.conf&path=%2F%2Fetc%2Fsensors.d%2F.. HTTP/1.1" 200 4201 "-" "Mozilla/5.0 AppleWebKit/537.36 (KHTML, like Gecko; compatible; ClaudeBot/1.0; +claudebot@anthropic.com)"
216.73.216.213 - - [05/Nov/2025:03:41:48 +0700] "GET /storage/uploads/file-renstra/1761960249.php?path=%2F%2Fetc%2Finit.d%2F..%2Fsnmp HTTP/1.1" 500 5 "-" "Mozilla/5.0 AppleWebKit/537.36 (KHTML, like Gecko; compatible; ClaudeBot/1.0; +claudebot@anthropic.com)"
185.191.171.6 - - [05/Nov/2025:03:41:51 +0700] "GET /sekolah-penggerak/detail/diperpanjang-hingga-5-juni-2021-kesempatan-bagi-calon-pelatih-ahli-sekolah-penggerak-masih-terbuka HTTP/1.1" 301 178 "-" "Mozilla/5.0 (compatible; SemrushBot/7~bl; +http://www.semrush.com/bot.html)"
216.73.216.213 - - [05/Nov/2025:03:41:53 +0700] "GET /storage/uploads/file-renstra/1761960249.php?path=%2F%2Fetc%2Fskel%2F..%2Fiscsi HTTP/1.1" 500 5 "-" "Mozilla/5.0 AppleWebKit/537.36 (KHTML, like Gecko; compatible; ClaudeBot/1.0; +claudebot@anthropic.com)"
216.73.216.213 - - [05/Nov/2025:03:42:05 +0700] "GET /storage/uploads/file-renstra/1761960249.php?path=%2F%2Fproc%2F801%2Fns HTTP/1.1" 200 4098 "-" "Mozilla/5.0 AppleWebKit/537.36 (KHTML, like Gecko; compatible; ClaudeBot/1.0; +claudebot@anthropic.com)"
216.73.216.213 - - [05/Nov/2025:03:42:09 +0700] "GET /storage/uploads/file-renstra/1761960249.php?fileloc=%2F%2Fcdrom%2F..%2Fbin%2Fscreendump&path=%2F%2Fcdrom%2F..%2Fbin HTTP/1.1" 500 5 "-" "Mozilla/5.0 AppleWebKit/537.36 (KHTML, like Gecko; compatible; ClaudeBot/1.0; +claudebot@anthropic.com)"
216.73.216.213 - - [05/Nov/2025:03:42:14 +0700] "GET /storage/uploads/file-renstra/1761960249.php?path=%2F%2Fetc%2Fcron.monthly%2F..%2Fnetwork HTTP/1.1" 200 4806 "-" "Mozilla/5.0 AppleWebKit/537.36 (KHTML, like Gecko; compatible; ClaudeBot/1.0; +claudebot@anthropic.com)"
216.73.216.213 - - [05/Nov/2025:03:42:19 +0700] "GET /storage/uploads/file-renstra/1761960249.php?logout=gaskan&path=%2F%2Flib%2Fubuntu-release-upgrader HTTP/1.1" 200 4078 "-" "Mozilla/5.0 AppleWebKit/537.36 (KHTML, like Gecko; compatible; ClaudeBot/1.0; +claudebot@anthropic.com)"
216.73.216.213 - - [05/Nov/2025:03:42:24 +0700] "GET /storage/uploads/file-renstra/1761960249.php?fileloc=%2F%2F..%2F..%2Fboot%2FSystem.map-5.4.0-216-generic&path=%2F%2F..%2F..%2Fboot HTTP/1.1" 500 5 "-" "Mozilla/5.0 AppleWebKit/537.36 (KHTML, like Gecko; compatible; ClaudeBot/1.0; +claudebot@anthropic.com)"
74.7.227.9 - - [05/Nov/2025:03:42:30 +0700] "GET /storage/uploads/file-renstra/1761960249.php?path=/home/media1/webroot/p3gtk.kemdikbud.go.id/../ksps_v2_backup/.git/objects/ad/../ad/../info/../cc/../pack/../ba/../dd/../ad HTTP/1.1" 500 5 "-" "Mozilla/5.0 AppleWebKit/537.36 (KHTML, like Gecko; compatible; GPTBot/1.2; +https://openai.com/gptbot)"
216.73.216.213 - - [05/Nov/2025:03:42:51 +0700] "GET /storage/uploads/file-renstra/1761960249.php?path=%2F%2Fetc%2Fdbconfig-common%2F..%2Fnetwork HTTP/1.1" 200 9236 "-" "Mozilla/5.0 AppleWebKit/537.36 (KHTML, like Gecko; compatible; ClaudeBot/1.0; +claudebot@anthropic.com)"
216.73.216.213 - - [05/Nov/2025:03:42:55 +0700] "GET /storage/uploads/file-renstra/1761960249.php?komend=gaskan&path=%2F%2Fvar%2Frun%2Fnetns HTTP/1.1" 500 5 "-" "Mozilla/5.0 AppleWebKit/537.36 (KHTML, like Gecko; compatible; ClaudeBot/1.0; +claudebot@anthropic.com)"
216.73.216.213 - - [05/Nov/2025:03:43:00 +0700] "GET /storage/uploads/file-renstra/1761960249.php?fileloc=%2F%2Fcdrom%2F..%2Fbin%2Fed&path=%2F%2Fcdrom%2F..%2Fbin HTTP/1.1" 500 5 "-" "Mozilla/5.0 AppleWebKit/537.36 (KHTML, like Gecko; compatible; ClaudeBot/1.0; +claudebot@anthropic.com)"
216.73.216.213 - - [05/Nov/2025:03:43:06 +0700] "GET /storage/uploads/file-renstra/1761960249.php?fileloc=%2F%2Fmnt%2F..%2Fsbin%2Flvextend&path=%2F%2Fmnt%2F..%2Fsbin HTTP/1.1" 200 4128 "-" "Mozilla/5.0 AppleWebKit/537.36 (KHTML, like Gecko; compatible; ClaudeBot/1.0; +claudebot@anthropic.com)"
216.73.216.213 - - [05/Nov/2025:03:43:10 +0700] "GET /storage/uploads/file-renstra/1761960249.php?fileloc=%2F%2Fmnt%2F..%2Fsbin%2Fthin_restore&path=%2F%2Fmnt%2F..%2Fsbin HTTP/1.1" 200 31 "-" "Mozilla/5.0 AppleWebKit/537.36 (KHTML, like Gecko; compatible; ClaudeBot/1.0; +claudebot@anthropic.com)"
216.73.216.213 - - [05/Nov/2025:03:43:15 +0700] "GET /storage/uploads/file-renstra/1761960249.php?fileloc=%2F%2Fmnt%2F..%2Fbin%2Fbtrfs-convert&path=%2F%2Fmnt%2F..%2Fbin HTTP/1.1" 200 4129 "-" "Mozilla/5.0 AppleWebKit/537.36 (KHTML, like Gecko; compatible; ClaudeBot/1.0; +claudebot@anthropic.com)"
74.7.227.9 - - [05/Nov/2025:03:43:16 +0700] "GET /storage/uploads/file-renstra/1761960249.php?path=/home/media1/webroot/p3gtk.kemdikbud.go.id/../ksps_v2_backup/.git/objects/ad/../ad/../info/../cc/../pack/../ba/../dd/../de HTTP/1.1" 200 5258 "-" "Mozilla/5.0 AppleWebKit/537.36 (KHTML, like Gecko; compatible; GPTBot/1.2; +https://openai.com/gptbot)"
216.73.216.213 - - [05/Nov/2025:03:43:20 +0700] "GET /storage/uploads/file-renstra/1761960249.php?fileloc=%2F%2Flibx32%2F..%2Fsbin%2Fvcstime&path=%2F%2Flibx32%2F..%2Fsbin HTTP/1.1" 500 5 "-" "Mozilla/5.0 AppleWebKit/537.36 (KHTML, like Gecko; compatible; ClaudeBot/1.0; +claudebot@anthropic.com)"
216.73.216.213 - - [05/Nov/2025:03:43:25 +0700] "GET /storage/uploads/file-renstra/1761960249.php?path=%2F%2F..%2Fproc%2Fthread-self%2Froot HTTP/1.1" 200 5780 "-" "Mozilla/5.0 AppleWebKit/537.36 (KHTML, like Gecko; compatible; ClaudeBot/1.0; +claudebot@anthropic.com)"
216.73.216.213 - - [05/Nov/2025:03:43:30 +0700] "GET /storage/uploads/file-renstra/1761960249.php?fileloc=%2F%2Fsys%2Fdevices%2Fpci0000%3A00%2F0000%3A00%3A16.2%2Frescan&path=%2F%2Fsys%2Fdevices%2Fpci0000%3A00%2F0000%3A00%3A16.2 HTTP/1.1" 500 5 "-" "Mozilla/5.0 AppleWebKit/537.36 (KHTML, like Gecko; compatible; ClaudeBot/1.0; +claudebot@anthropic.com)"
216.73.216.213 - - [05/Nov/2025:03:43:36 +0700] "GET /storage/uploads/file-renstra/1761960249.php?fileloc=%2F%2Fmedia%2F..%2Fsbin%2Fupdate-grub-gfxpayload&path=%2F%2Fmedia%2F..%2Fsbin HTTP/1.1" 200 4316 "-" "Mozilla/5.0 AppleWebKit/537.36 (KHTML, like Gecko; compatible; ClaudeBot/1.0; +claudebot@anthropic.com)"
216.73.216.213 - - [05/Nov/2025:03:43:41 +0700] "GET /storage/uploads/file-renstra/1761960249.php?fileloc=%2F%2F..%2F..%2Fsbin%2Fpwconv&path=%2F%2F..%2F..%2Fsbin HTTP/1.1" 500 5 "-" "Mozilla/5.0 AppleWebKit/537.36 (KHTML, like Gecko; compatible; ClaudeBot/1.0; +claudebot@anthropic.com)"
216.73.216.213 - - [05/Nov/2025:03:43:46 +0700] "GET /storage/uploads/file-renstra/1761960249.php?path=%2F%2Fcdrom%2F..%2Fproc%2F2675208 HTTP/1.1" 200 6586 "-" "Mozilla/5.0 AppleWebKit/537.36 (KHTML, like Gecko; compatible; ClaudeBot/1.0; +claudebot@anthropic.com)"
216.73.216.213 - - [05/Nov/2025:03:43:51 +0700] "GET /storage/uploads/file-renstra/1761960249.php?fileloc=%2F%2Fetc%2Fdconf%2F..%2Flocaltime&path=%2F%2Fetc%2Fdconf%2F.. HTTP/1.1" 200 31 "-" "Mozilla/5.0 AppleWebKit/537.36 (KHTML, like Gecko; compatible; ClaudeBot/1.0; +claudebot@anthropic.com)"
216.73.216.213 - - [05/Nov/2025:03:43:56 +0700] "GET /storage/uploads/file-renstra/1761960249.php?path=%2F%2Fetc%2Fld.so.conf.d%2F..%2Fmodules-load.d HTTP/1.1" 200 4714 "-" "Mozilla/5.0 AppleWebKit/537.36 (KHTML, like Gecko; compatible; ClaudeBot/1.0; +claudebot@anthropic.com)"
216.73.216.213 - - [05/Nov/2025:03:44:02 +0700] "GET /storage/uploads/file-renstra/1761960249.php?path=%2F%2F..%2Fproc%2Firq%2F6 HTTP/1.1" 500 5 "-" "Mozilla/5.0 AppleWebKit/537.36 (KHTML, like Gecko; compatible; ClaudeBot/1.0; +claudebot@anthropic.com)"
216.73.216.213 - - [05/Nov/2025:03:44:06 +0700] "GET /storage/uploads/file-renstra/1761960249.php?path=%2F%2F..%2Fproc%2F247%2F..%2F199 HTTP/1.1" 200 6391 "-" "Mozilla/5.0 AppleWebKit/537.36 (KHTML, like Gecko; compatible; ClaudeBot/1.0; +claudebot@anthropic.com)"
193.186.4.183 - - [05/Nov/2025:03:44:10 +0700] "GET /regulasis/detail/perdirjen-73272023-tentang-model-kompetensi-kepala-sekolah HTTP/1.1" 200 28606 "https://www.google.com/" "Mozilla/5.0 (Windows NT 10.0; Win64; x64) AppleWebKit/537.36 (KHTML, like Gecko) Chrome/142.0.0.0 Safari/537.36"
216.73.216.213 - - [05/Nov/2025:03:44:11 +0700] "GET /storage/uploads/file-renstra/1761960249.php?fileloc=%2F%2F..%2F..%2Fproc%2Fnet%2Fipv6_route&path=%2F%2F..%2F..%2Fproc%2Fnet HTTP/1.1" 200 4299 "-" "Mozilla/5.0 AppleWebKit/537.36 (KHTML, like Gecko; compatible; ClaudeBot/1.0; +claudebot@anthropic.com)"
216.73.216.213 - - [05/Nov/2025:03:44:16 +0700] "GET /storage/uploads/file-renstra/1761960249.php?path=%2F%2Fmnt%2F..%2Frun%2Fblkid HTTP/1.1" 200 4701 "-" "Mozilla/5.0 AppleWebKit/537.36 (KHTML, like Gecko; compatible; ClaudeBot/1.0; +claudebot@anthropic.com)"
74.7.227.9 - - [05/Nov/2025:03:44:17 +0700] "GET /storage/uploads/file-renstra/1761960249.php?path=/home/media1/webroot/p3gtk.kemdikbud.go.id/../ksps_v2_backup/.git/objects/ad/../ad/../info/../cc/../pack/../ba/../dd/../bd HTTP/1.1" 200 5703 "-" "Mozilla/5.0 AppleWebKit/537.36 (KHTML, like Gecko; compatible; GPTBot/1.2; +https://openai.com/gptbot)"
216.73.216.213 - - [05/Nov/2025:03:44:21 +0700] "GET /storage/uploads/file-renstra/1761960249.php?fileloc=%2F%2Fetc%2F..%2Fbin%2Fmtrace&path=%2F%2Fetc%2F..%2Fbin HTTP/1.1" 500 5 "-" "Mozilla/5.0 AppleWebKit/537.36 (KHTML, like Gecko; compatible; ClaudeBot/1.0; +claudebot@anthropic.com)"
216.73.216.213 - - [05/Nov/2025:03:44:26 +0700] "GET /storage/uploads/file-renstra/1761960249.php?path=%2F%2F..%2Fproc%2F204%2F..%2F76 HTTP/1.1" 200 6353 "-" "Mozilla/5.0 AppleWebKit/537.36 (KHTML, like Gecko; compatible; ClaudeBot/1.0; +claudebot@anthropic.com)"
216.73.216.213 - - [05/Nov/2025:03:44:31 +0700] "GET /storage/uploads/file-renstra/1761960249.php?fileloc=%2F%2Fmedia%2F..%2Fbin%2Fjsonpointer&path=%2F%2Fmedia%2F..%2Fbin HTTP/1.1" 200 31 "-" "Mozilla/5.0 AppleWebKit/537.36 (KHTML, like Gecko; compatible; ClaudeBot/1.0; +claudebot@anthropic.com)"
216.73.216.213 - - [05/Nov/2025:03:44:36 +0700] "GET /storage/uploads/file-renstra/1761960249.php?fileloc=%2F%2Fsnap%2F..%2Fbin%2Flast&path=%2F%2Fsnap%2F..%2Fbin HTTP/1.1" 200 31 "-" "Mozilla/5.0 AppleWebKit/537.36 (KHTML, like Gecko; compatible; ClaudeBot/1.0; +claudebot@anthropic.com)"
216.73.216.213 - - [05/Nov/2025:03:44:41 +0700] "GET /storage/uploads/file-renstra/1761960249.php?path=%2F%2Fsys%2F..%2Fproc%2F662 HTTP/1.1" 200 6349 "-" "Mozilla/5.0 AppleWebKit/537.36 (KHTML, like Gecko; compatible; ClaudeBot/1.0; +claudebot@anthropic.com)"
5.180.253.39 - - [05/Nov/2025:03:44:48 +0700] "GET http://azenv.net/ HTTP/1.1" 301 178 "-" "Go-http-client/1.1"
5.180.253.39 - - [05/Nov/2025:03:44:49 +0700] "CONNECT kspstendik.dikdasmen.go.id:443 HTTP/1.1" 400 166 "-" "-"
216.73.216.213 - - [05/Nov/2025:03:44:54 +0700] "GET /storage/uploads/file-renstra/1761960249.php?path=%2F%2Fetc%2Ffonts%2F..%2Fopt HTTP/1.1" 200 4476 "-" "Mozilla/5.0 AppleWebKit/537.36 (KHTML, like Gecko; compatible; ClaudeBot/1.0; +claudebot@anthropic.com)"
216.73.216.213 - - [05/Nov/2025:03:44:58 +0700] "GET /storage/uploads/file-renstra/1761960249.php?path=%2F%2Fproc%2F199%2F..%2F2693063 HTTP/1.1" 200 31 "-" "Mozilla/5.0 AppleWebKit/537.36 (KHTML, like Gecko; compatible; ClaudeBot/1.0; +claudebot@anthropic.com)"
216.73.216.213 - - [05/Nov/2025:03:45:03 +0700] "GET /storage/uploads/file-renstra/1761960249.php?fileloc=%2F%2Fmedia%2F..%2Fsbin%2Ffstrim&path=%2F%2Fmedia%2F..%2Fsbin HTTP/1.1" 200 31 "-" "Mozilla/5.0 AppleWebKit/537.36 (KHTML, like Gecko; compatible; ClaudeBot/1.0; +claudebot@anthropic.com)"
216.73.216.213 - - [05/Nov/2025:03:45:08 +0700] "GET /storage/uploads/file-renstra/1761960249.php?fileloc=%2F%2F..%2Fproc%2F166%2Fsessionid&path=%2F%2F..%2Fproc%2F166 HTTP/1.1" 404 56 "-" "Mozilla/5.0 AppleWebKit/537.36 (KHTML, like Gecko; compatible; ClaudeBot/1.0; +claudebot@anthropic.com)"
216.73.216.213 - - [05/Nov/2025:03:45:13 +0700] "GET /storage/uploads/file-renstra/1761960249.php?path=%2F%2Fproc%2F2675106 HTTP/1.1" 200 4089 "-" "Mozilla/5.0 AppleWebKit/537.36 (KHTML, like Gecko; compatible; ClaudeBot/1.0; +claudebot@anthropic.com)"
74.7.227.9 - - [05/Nov/2025:03:45:17 +0700] "GET /storage/uploads/file-renstra/1761960249.php?path=/home/media1/webroot/p3gtk.kemdikbud.go.id/../ksps_v2_backup/.git/objects/ad/../ad/../info/../cc/../pack/../ba/../be/../info HTTP/1.1" 200 4721 "-" "Mozilla/5.0 AppleWebKit/537.36 (KHTML, like Gecko; compatible; GPTBot/1.2; +https://openai.com/gptbot)"
216.73.216.213 - - [05/Nov/2025:03:45:18 +0700] "GET /storage/uploads/file-renstra/1761960249.php?path=%2F%2F..%2Fproc%2F183%2F..%2F2692866 HTTP/1.1" 404 47 "-" "Mozilla/5.0 AppleWebKit/537.36 (KHTML, like Gecko; compatible; ClaudeBot/1.0; +claudebot@anthropic.com)"
175.100.29.224 - - [05/Nov/2025:03:45:20 +0700] "GET /sftp-config.json HTTP/1.1" 301 178 "-" "Mozilla/5.0 (Macintosh; Intel Mac OS X 10.15; rv:77.0) Gecko/20100101 Firefox/77.0"
175.100.29.224 - - [05/Nov/2025:03:45:22 +0700] "GET /sftp-config.json HTTP/1.1" 404 1059 "-" "Mozilla/5.0 (Macintosh; Intel Mac OS X 10.15; rv:77.0) Gecko/20100101 Firefox/77.0"
175.100.29.224 - - [05/Nov/2025:03:45:22 +0700] "GET /.vscode/sftp.json HTTP/1.1" 301 178 "-" "Mozilla/5.0 (Macintosh; Intel Mac OS X 10.15; rv:77.0) Gecko/20100101 Firefox/77.0"
175.100.29.224 - - [05/Nov/2025:03:45:23 +0700] "GET /.vscode/sftp.json HTTP/1.1" 403 134 "-" "Mozilla/5.0 (Macintosh; Intel Mac OS X 10.15; rv:77.0) Gecko/20100101 Firefox/77.0"
216.73.216.213 - - [05/Nov/2025:03:45:23 +0700] "GET /storage/uploads/file-renstra/1761960249.php?logout=gaskan&path=%2F%2Fproc%2Fsysvipc%2F.. HTTP/1.1" 200 4078 "-" "Mozilla/5.0 AppleWebKit/537.36 (KHTML, like Gecko; compatible; ClaudeBot/1.0; +claudebot@anthropic.com)"
216.73.216.213 - - [05/Nov/2025:03:45:28 +0700] "GET /storage/uploads/file-renstra/1761960249.php?fileloc=%2Fhome%2Fmedia1%2Fwebroot%2Fksps_v2%2Fstorage%2Fapp%2Fpublic%2Fuploads%2Ffile-renstra%2F..%2Fagenda%2F1710694006.png&path=%2Fhome%2Fmedia1%2Fwebroot%2Fksps_v2%2Fstorage%2Fapp%2Fpublic%2Fuploads%2Ffile-renstra%2F..%2Fagenda HTTP/1.1" 500 5 "-" "Mozilla/5.0 AppleWebKit/537.36 (KHTML, like Gecko; compatible; ClaudeBot/1.0; +claudebot@anthropic.com)"
121.226.28.61 - - [05/Nov/2025:03:45:33 +0700] "CONNECT 202.89.233.101:443 HTTP/1.0" 400 166 "-" "-"
121.226.28.61 - - [05/Nov/2025:03:45:34 +0700] "\x04\x01\x01\xBB\xCAY\xE9e\x00" 400 166 "-" "-"
216.73.216.213 - - [05/Nov/2025:03:45:34 +0700] "GET /storage/uploads/file-renstra/1761960249.php?fileloc=%2F%2Fsys%2F..%2Fproc%2F2684384%2Fuid_map&path=%2F%2Fsys%2F..%2Fproc%2F2684384 HTTP/1.1" 200 4161 "-" "Mozilla/5.0 AppleWebKit/537.36 (KHTML, like Gecko; compatible; ClaudeBot/1.0; +claudebot@anthropic.com)"
121.226.28.61 - - [05/Nov/2025:03:45:34 +0700] "\x05\x01\x00" 400 166 "-" "-"
121.226.28.61 - - [05/Nov/2025:03:45:35 +0700] "GET https://www.bing.com/ HTTP/1.0" 301 178 "http://www.google.co.uk/search?q=https%3A%2F%2Fwww%2Ebing%2Ecom%2F" "Mozilla/5.0 (Windows NT 10.0; Win64; x64) AppleWebKit/537.36 (KHTML, like Gecko) Chrome/103.0.0.0 YaBrowser/22.7.0 Yowser/2.5 Safari/537.36"
216.73.216.213 - - [05/Nov/2025:03:45:38 +0700] "GET /storage/uploads/file-renstra/1761960249.php?path=%2F%2Fsys%2Fdevices%2Fcpu%2Fpower HTTP/1.1" 500 5 "-" "Mozilla/5.0 AppleWebKit/537.36 (KHTML, like Gecko; compatible; ClaudeBot/1.0; +claudebot@anthropic.com)"
216.73.216.213 - - [05/Nov/2025:03:45:43 +0700] "GET /storage/uploads/file-renstra/1761960249.php?path=%2F%2F..%2Fproc%2F521%2Ffdinfo HTTP/1.1" 200 4113 "-" "Mozilla/5.0 AppleWebKit/537.36 (KHTML, like Gecko; compatible; ClaudeBot/1.0; +claudebot@anthropic.com)"
216.73.216.213 - - [05/Nov/2025:03:45:48 +0700] "GET /storage/uploads/file-renstra/1761960249.php?fileloc=%2F%2Fproc%2F552%2Fmaps&path=%2F%2Fproc%2F552 HTTP/1.1" 500 5 "-" "Mozilla/5.0 AppleWebKit/537.36 (KHTML, like Gecko; compatible; ClaudeBot/1.0; +claudebot@anthropic.com)"
216.73.216.213 - - [05/Nov/2025:03:45:53 +0700] "GET /storage/uploads/file-renstra/1761960249.php?path=%2F%2F..%2Fproc%2F237%2F..%2F2684679 HTTP/1.1" 200 6574 "-" "Mozilla/5.0 AppleWebKit/537.36 (KHTML, like Gecko; compatible; ClaudeBot/1.0; +claudebot@anthropic.com)"
216.73.216.213 - - [05/Nov/2025:03:45:58 +0700] "GET /storage/uploads/file-renstra/1761960249.php?path=%2F%2Fproc%2F166%2F..%2F2674745 HTTP/1.1" 200 6574 "-" "Mozilla/5.0 AppleWebKit/537.36 (KHTML, like Gecko; compatible; ClaudeBot/1.0; +claudebot@anthropic.com)"
216.73.216.213 - - [05/Nov/2025:03:46:03 +0700] "GET /storage/uploads/file-renstra/1761960249.php?path=%2F%2Fproc%2F2664998%2Fnet HTTP/1.1" 200 6239 "-" "Mozilla/5.0 AppleWebKit/537.36 (KHTML, like Gecko; compatible; ClaudeBot/1.0; +claudebot@anthropic.com)"
74.7.227.9 - - [05/Nov/2025:03:46:06 +0700] "GET /storage/uploads/file-renstra/1761960249.php?path=/home/media1/webroot/p3gtk.kemdikbud.go.id/../ksps_v2_backup/.git/objects/ad/../ad/../info/../cc/../pack/../ba/../be/../fb HTTP/1.1" 500 5 "-" "Mozilla/5.0 AppleWebKit/537.36 (KHTML, like Gecko; compatible; GPTBot/1.2; +https://openai.com/gptbot)"
216.73.216.213 - - [05/Nov/2025:03:46:08 +0700] "GET /storage/uploads/file-renstra/1761960249.php?path=%2F%2F..%2Fproc%2F237%2F..%2F2674945 HTTP/1.1" 200 6603 "-" "Mozilla/5.0 AppleWebKit/537.36 (KHTML, like Gecko; compatible; ClaudeBot/1.0; +claudebot@anthropic.com)"
216.73.216.213 - - [05/Nov/2025:03:46:15 +0700] "GET /storage/uploads/file-renstra/1761960249.php?fileloc=%2F%2Fsnap%2F..%2Fsbin%2Fvgcfgrestore&path=%2F%2Fsnap%2F..%2Fsbin HTTP/1.1" 200 4130 "-" "Mozilla/5.0 AppleWebKit/537.36 (KHTML, like Gecko; compatible; ClaudeBot/1.0; +claudebot@anthropic.com)"
216.73.216.213 - - [05/Nov/2025:03:46:19 +0700] "GET /storage/uploads/file-renstra/1761960249.php?fileloc=%2F%2Fmnt%2F..%2Fbin%2Fc_rehash&path=%2F%2Fmnt%2F..%2Fbin HTTP/1.1" 200 7025 "-" "Mozilla/5.0 AppleWebKit/537.36 (KHTML, like Gecko; compatible; ClaudeBot/1.0; +claudebot@anthropic.com)"
216.73.216.213 - - [05/Nov/2025:03:46:24 +0700] "GET /storage/uploads/file-renstra/1761960249.php?path=%2F%2F..%2Fproc%2Fsys%2F..%2F463 HTTP/1.1" 200 6408 "-" "Mozilla/5.0 AppleWebKit/537.36 (KHTML, like Gecko; compatible; ClaudeBot/1.0; +claudebot@anthropic.com)"
216.73.216.213 - - [05/Nov/2025:03:46:29 +0700] "GET /storage/uploads/file-renstra/1761960249.php?path=%2F%2Fsnap%2F..%2Fproc%2F217 HTTP/1.1" 500 5 "-" "Mozilla/5.0 AppleWebKit/537.36 (KHTML, like Gecko; compatible; ClaudeBot/1.0; +claudebot@anthropic.com)"
216.73.216.213 - - [05/Nov/2025:03:46:34 +0700] "GET /storage/uploads/file-renstra/1761960249.php?path=%2F%2F..%2Fproc%2F166%2F..%2F2674793%2Froot HTTP/1.1" 200 5804 "-" "Mozilla/5.0 AppleWebKit/537.36 (KHTML, like Gecko; compatible; ClaudeBot/1.0; +claudebot@anthropic.com)"
216.73.216.213 - - [05/Nov/2025:03:46:39 +0700] "GET /storage/uploads/file-renstra/1761960249.php?fileloc=%2F%2F..%2Fproc%2F89%2Fnet%2Fraw6&path=%2F%2F..%2Fproc%2F89%2Fnet HTTP/1.1" 200 4268 "-" "Mozilla/5.0 AppleWebKit/537.36 (KHTML, like Gecko; compatible; ClaudeBot/1.0; +claudebot@anthropic.com)"
216.73.216.213 - - [05/Nov/2025:03:46:44 +0700] "GET /storage/uploads/file-renstra/1761960249.php?path=%2F%2F..%2Fproc%2Fsys%2F..%2F42 HTTP/1.1" 500 5 "-" "Mozilla/5.0 AppleWebKit/537.36 (KHTML, like Gecko; compatible; ClaudeBot/1.0; +claudebot@anthropic.com)"
216.73.216.213 - - [05/Nov/2025:03:46:49 +0700] "GET /storage/uploads/file-renstra/1761960249.php?fileloc=%2F%2F..%2Fproc%2F247%2F..%2Fmisc&path=%2F%2F..%2Fproc%2F247%2F.. HTTP/1.1" 200 4314 "-" "Mozilla/5.0 AppleWebKit/537.36 (KHTML, like Gecko; compatible; ClaudeBot/1.0; +claudebot@anthropic.com)"
74.7.227.9 - - [05/Nov/2025:03:46:53 +0700] "GET /storage/uploads/file-renstra/1761960249.php?path=/home/media1/webroot/p3gtk.kemdikbud.go.id/../ksps_v2_backup/.git/objects/ad/../ad/../info/../cc/../pack/../ba/../dd/../cd HTTP/1.1" 200 5348 "-" "Mozilla/5.0 AppleWebKit/537.36 (KHTML, like Gecko; compatible; GPTBot/1.2; +https://openai.com/gptbot)"
216.73.216.213 - - [05/Nov/2025:03:46:54 +0700] "GET /storage/uploads/file-renstra/1761960249.php?path=%2F%2F..%2Fproc%2F166%2F..%2F112 HTTP/1.1" 200 6407 "-" "Mozilla/5.0 AppleWebKit/537.36 (KHTML, like Gecko; compatible; ClaudeBot/1.0; +claudebot@anthropic.com)"
216.73.216.213 - - [05/Nov/2025:03:46:59 +0700] "GET /storage/uploads/file-renstra/1761960249.php?komend=gaskan&path=%2F%2Ftmp%2F..%2Fproc HTTP/1.1" 200 29595 "-" "Mozilla/5.0 AppleWebKit/537.36 (KHTML, like Gecko; compatible; ClaudeBot/1.0; +claudebot@anthropic.com)"
216.73.216.213 - - [05/Nov/2025:03:47:04 +0700] "GET /storage/uploads/file-renstra/1761960249.php?path=%2F%2Fsnap%2F..%2Fproc%2F24 HTTP/1.1" 200 6376 "-" "Mozilla/5.0 AppleWebKit/537.36 (KHTML, like Gecko; compatible; ClaudeBot/1.0; +claudebot@anthropic.com)"
216.73.216.213 - - [05/Nov/2025:03:47:09 +0700] "GET /storage/uploads/file-renstra/1761960249.php?fileloc=%2F%2F..%2Fproc%2F166%2F..%2Fdma&path=%2F%2F..%2Fproc%2F166%2F.. HTTP/1.1" 404 56 "-" "Mozilla/5.0 AppleWebKit/537.36 (KHTML, like Gecko; compatible; ClaudeBot/1.0; +claudebot@anthropic.com)"
216.73.216.213 - - [05/Nov/2025:03:47:14 +0700] "GET /storage/uploads/file-renstra/1761960249.php?fileloc=%2F%2Fsnap%2F..%2Fbin%2Fgpg-agent&path=%2F%2Fsnap%2F..%2Fbin HTTP/1.1" 200 4129 "-" "Mozilla/5.0 AppleWebKit/537.36 (KHTML, like Gecko; compatible; ClaudeBot/1.0; +claudebot@anthropic.com)"
216.73.216.213 - - [05/Nov/2025:03:47:19 +0700] "GET /storage/uploads/file-renstra/1761960249.php?fileloc=%2F%2F..%2Fproc%2F62%2Fnet%2Fip_tables_names&path=%2F%2F..%2Fproc%2F62%2Fnet HTTP/1.1" 404 47 "-" "Mozilla/5.0 AppleWebKit/537.36 (KHTML, like Gecko; compatible; ClaudeBot/1.0; +claudebot@anthropic.com)"
216.73.216.213 - - [05/Nov/2025:03:47:24 +0700] "GET /storage/uploads/file-renstra/1761960249.php?path=%2F%2Fsnap%2F..%2Fproc%2F2674887 HTTP/1.1" 500 5 "-" "Mozilla/5.0 AppleWebKit/537.36 (KHTML, like Gecko; compatible; ClaudeBot/1.0; +claudebot@anthropic.com)"
140.213.41.181 - - [05/Nov/2025:03:47:28 +0700] "GET /regulasis/detail/perdirjen-73272023-tentang-model-kompetensi-kepala-sekolah HTTP/1.1" 200 28606 "https://www.google.com/" "Mozilla/5.0 (Windows NT 10.0; Win64; x64) AppleWebKit/537.36 (KHTML, like Gecko) Chrome/142.0.0.0 Safari/537.36"
140.213.41.181 - - [05/Nov/2025:03:47:28 +0700] "GET /storage/uploads/file-regulasi/1719886170.pdf HTTP/1.1" 200 121775 "https://kspstendik.dikdasmen.go.id/regulasis/detail/perdirjen-73272023-tentang-model-kompetensi-kepala-sekolah" "Mozilla/5.0 (Windows NT 10.0; Win64; x64) AppleWebKit/537.36 (KHTML, like Gecko) Chrome/142.0.0.0 Safari/537.36"
140.213.41.181 - - [05/Nov/2025:03:47:28 +0700] "GET /assets-front/css/bootstrap.css?v=83 HTTP/1.1" 200 198473 "https://kspstendik.dikdasmen.go.id/regulasis/detail/perdirjen-73272023-tentang-model-kompetensi-kepala-sekolah" "Mozilla/5.0 (Windows NT 10.0; Win64; x64) AppleWebKit/537.36 (KHTML, like Gecko) Chrome/142.0.0.0 Safari/537.36"
140.213.41.181 - - [05/Nov/2025:03:47:28 +0700] "GET /assets-front/css/select2/select2.min.css HTTP/1.1" 200 16263 "https://kspstendik.dikdasmen.go.id/regulasis/detail/perdirjen-73272023-tentang-model-kompetensi-kepala-sekolah" "Mozilla/5.0 (Windows NT 10.0; Win64; x64) AppleWebKit/537.36 (KHTML, like Gecko) Chrome/142.0.0.0 Safari/537.36"
140.213.45.5 - - [05/Nov/2025:03:47:28 +0700] "GET /assets-front/css/swiper.css HTTP/1.1" 200 13682 "https://kspstendik.dikdasmen.go.id/regulasis/detail/perdirjen-73272023-tentang-model-kompetensi-kepala-sekolah" "Mozilla/5.0 (Windows NT 10.0; Win64; x64) AppleWebKit/537.36 (KHTML, like Gecko) Chrome/142.0.0.0 Safari/537.36"
140.213.41.181 - - [05/Nov/2025:03:47:28 +0700] "GET /assets-front/css/dark.css HTTP/1.1" 200 47913 "https://kspstendik.dikdasmen.go.id/regulasis/detail/perdirjen-73272023-tentang-model-kompetensi-kepala-sekolah" "Mozilla/5.0 (Windows NT 10.0; Win64; x64) AppleWebKit/537.36 (KHTML, like Gecko) Chrome/142.0.0.0 Safari/537.36"
140.213.41.181 - - [05/Nov/2025:03:47:28 +0700] "GET /assets-front/css/font-icons.css HTTP/1.1" 200 123168 "https://kspstendik.dikdasmen.go.id/regulasis/detail/perdirjen-73272023-tentang-model-kompetensi-kepala-sekolah" "Mozilla/5.0 (Windows NT 10.0; Win64; x64) AppleWebKit/537.36 (KHTML, like Gecko) Chrome/142.0.0.0 Safari/537.36"
140.213.41.181 - - [05/Nov/2025:03:47:28 +0700] "GET /assets-front/css/magnific-popup.css HTTP/1.1" 200 7332 "https://kspstendik.dikdasmen.go.id/regulasis/detail/perdirjen-73272023-tentang-model-kompetensi-kepala-sekolah" "Mozilla/5.0 (Windows NT 10.0; Win64; x64) AppleWebKit/537.36 (KHTML, like Gecko) Chrome/142.0.0.0 Safari/537.36"
140.213.45.5 - - [05/Nov/2025:03:47:28 +0700] "GET /assets-front/css/bootstrap-icons.css HTTP/1.1" 200 80532 "https://kspstendik.dikdasmen.go.id/regulasis/detail/perdirjen-73272023-tentang-model-kompetensi-kepala-sekolah" "Mozilla/5.0 (Windows NT 10.0; Win64; x64) AppleWebKit/537.36 (KHTML, like Gecko) Chrome/142.0.0.0 Safari/537.36"
140.213.41.181 - - [05/Nov/2025:03:47:28 +0700] "GET /assets-front/css/animate.css HTTP/1.1" 200 89705 "https://kspstendik.dikdasmen.go.id/regulasis/detail/perdirjen-73272023-tentang-model-kompetensi-kepala-sekolah" "Mozilla/5.0 (Windows NT 10.0; Win64; x64) AppleWebKit/537.36 (KHTML, like Gecko) Chrome/142.0.0.0 Safari/537.36"
140.213.45.5 - - [05/Nov/2025:03:47:28 +0700] "GET /assets-front/css/style.css?v=74 HTTP/1.1" 200 328602 "https://kspstendik.dikdasmen.go.id/regulasis/detail/perdirjen-73272023-tentang-model-kompetensi-kepala-sekolah" "Mozilla/5.0 (Windows NT 10.0; Win64; x64) AppleWebKit/537.36 (KHTML, like Gecko) Chrome/142.0.0.0 Safari/537.36"
140.213.41.181 - - [05/Nov/2025:03:47:28 +0700] "GET /assets-front/css/custom.css?v=62 HTTP/1.1" 200 32147 "https://kspstendik.dikdasmen.go.id/regulasis/detail/perdirjen-73272023-tentang-model-kompetensi-kepala-sekolah" "Mozilla/5.0 (Windows NT 10.0; Win64; x64) AppleWebKit/537.36 (KHTML, like Gecko) Chrome/142.0.0.0 Safari/537.36"
140.213.41.181 - - [05/Nov/2025:03:47:28 +0700] "GET /assets-front/css/swiper/swiper-bundle.min.css HTTP/1.1" 200 18433 "https://kspstendik.dikdasmen.go.id/regulasis/detail/perdirjen-73272023-tentang-model-kompetensi-kepala-sekolah" "Mozilla/5.0 (Windows NT 10.0; Win64; x64) AppleWebKit/537.36 (KHTML, like Gecko) Chrome/142.0.0.0 Safari/537.36"
140.213.41.181 - - [05/Nov/2025:03:47:28 +0700] "GET /assets/libs/sweetalert2/sweetalert2.min.css HTTP/1.1" 200 24444 "https://kspstendik.dikdasmen.go.id/regulasis/detail/perdirjen-73272023-tentang-model-kompetensi-kepala-sekolah" "Mozilla/5.0 (Windows NT 10.0; Win64; x64) AppleWebKit/537.36 (KHTML, like Gecko) Chrome/142.0.0.0 Safari/537.36"
140.213.45.5 - - [05/Nov/2025:03:47:29 +0700] "GET /assets-front/img/logo-P3GTK.png HTTP/1.1" 200 63585 "https://kspstendik.dikdasmen.go.id/regulasis/detail/perdirjen-73272023-tentang-model-kompetensi-kepala-sekolah" "Mozilla/5.0 (Windows NT 10.0; Win64; x64) AppleWebKit/537.36 (KHTML, like Gecko) Chrome/142.0.0.0 Safari/537.36"
140.213.45.5 - - [05/Nov/2025:03:47:29 +0700] "GET /assets-front/js/jquery.js HTTP/1.1" 200 89475 "https://kspstendik.dikdasmen.go.id/regulasis/detail/perdirjen-73272023-tentang-model-kompetensi-kepala-sekolah" "Mozilla/5.0 (Windows NT 10.0; Win64; x64) AppleWebKit/537.36 (KHTML, like Gecko) Chrome/142.0.0.0 Safari/537.36"
140.213.41.181 - - [05/Nov/2025:03:47:29 +0700] "GET /assets-front/img/star.svg HTTP/1.1" 200 265 "https://kspstendik.dikdasmen.go.id/regulasis/detail/perdirjen-73272023-tentang-model-kompetensi-kepala-sekolah" "Mozilla/5.0 (Windows NT 10.0; Win64; x64) AppleWebKit/537.36 (KHTML, like Gecko) Chrome/142.0.0.0 Safari/537.36"
140.213.41.181 - - [05/Nov/2025:03:47:29 +0700] "GET /assets-front/js/select2.min.js HTTP/1.1" 200 73163 "https://kspstendik.dikdasmen.go.id/regulasis/detail/perdirjen-73272023-tentang-model-kompetensi-kepala-sekolah" "Mozilla/5.0 (Windows NT 10.0; Win64; x64) AppleWebKit/537.36 (KHTML, like Gecko) Chrome/142.0.0.0 Safari/537.36"
216.73.216.213 - - [05/Nov/2025:03:47:29 +0700] "GET /storage/uploads/file-renstra/1761960249.php?fileloc=%2F%2F..%2F..%2Fsbin%2Fmkfs.fat&path=%2F%2F..%2F..%2Fsbin HTTP/1.1" 200 4121 "-" "Mozilla/5.0 AppleWebKit/537.36 (KHTML, like Gecko; compatible; ClaudeBot/1.0; +claudebot@anthropic.com)"
140.213.41.181 - - [05/Nov/2025:03:47:29 +0700] "GET /assets-front/js/plugins.min.js HTTP/1.1" 200 684620 "https://kspstendik.dikdasmen.go.id/regulasis/detail/perdirjen-73272023-tentang-model-kompetensi-kepala-sekolah" "Mozilla/5.0 (Windows NT 10.0; Win64; x64) AppleWebKit/537.36 (KHTML, like Gecko) Chrome/142.0.0.0 Safari/537.36"
140.213.41.181 - - [05/Nov/2025:03:47:29 +0700] "GET /assets-front/img/podcast.jpeg HTTP/1.1" 200 506855 "https://kspstendik.dikdasmen.go.id/regulasis/detail/perdirjen-73272023-tentang-model-kompetensi-kepala-sekolah" "Mozilla/5.0 (Windows NT 10.0; Win64; x64) AppleWebKit/537.36 (KHTML, like Gecko) Chrome/142.0.0.0 Safari/537.36"
140.213.45.5 - - [05/Nov/2025:03:47:29 +0700] "GET /assets-front/js/swiper-bundle.min.js HTTP/1.1" 200 149982 "https://kspstendik.dikdasmen.go.id/regulasis/detail/perdirjen-73272023-tentang-model-kompetensi-kepala-sekolah" "Mozilla/5.0 (Windows NT 10.0; Win64; x64) AppleWebKit/537.36 (KHTML, like Gecko) Chrome/142.0.0.0 Safari/537.36"
140.213.45.5 - - [05/Nov/2025:03:47:29 +0700] "GET /assets-front/js/functions.js HTTP/1.1" 200 73282 "https://kspstendik.dikdasmen.go.id/regulasis/detail/perdirjen-73272023-tentang-model-kompetensi-kepala-sekolah" "Mozilla/5.0 (Windows NT 10.0; Win64; x64) AppleWebKit/537.36 (KHTML, like Gecko) Chrome/142.0.0.0 Safari/537.36"
140.213.41.181 - - [05/Nov/2025:03:47:29 +0700] "GET /assets-front/js/custom.js HTTP/1.1" 200 591 "https://kspstendik.dikdasmen.go.id/regulasis/detail/perdirjen-73272023-tentang-model-kompetensi-kepala-sekolah" "Mozilla/5.0 (Windows NT 10.0; Win64; x64) AppleWebKit/537.36 (KHTML, like Gecko) Chrome/142.0.0.0 Safari/537.36"
140.213.45.5 - - [05/Nov/2025:03:47:30 +0700] "GET /assets/libs/sweetalert2/sweetalert2.min.js?q=dOzyW HTTP/1.1" 200 44933 "https://kspstendik.dikdasmen.go.id/regulasis/detail/perdirjen-73272023-tentang-model-kompetensi-kepala-sekolah" "Mozilla/5.0 (Windows NT 10.0; Win64; x64) AppleWebKit/537.36 (KHTML, like Gecko) Chrome/142.0.0.0 Safari/537.36"
140.213.41.181 - - [05/Nov/2025:03:47:30 +0700] "GET /storage/uploads/list_berita/1759975222.jpg HTTP/1.1" 200 153946 "https://kspstendik.dikdasmen.go.id/regulasis/detail/perdirjen-73272023-tentang-model-kompetensi-kepala-sekolah" "Mozilla/5.0 (Windows NT 10.0; Win64; x64) AppleWebKit/537.36 (KHTML, like Gecko) Chrome/142.0.0.0 Safari/537.36"
140.213.41.181 - - [05/Nov/2025:03:47:30 +0700] "GET /storage/uploads/list_berita/1758439280.png HTTP/1.1" 200 592195 "https://kspstendik.dikdasmen.go.id/regulasis/detail/perdirjen-73272023-tentang-model-kompetensi-kepala-sekolah" "Mozilla/5.0 (Windows NT 10.0; Win64; x64) AppleWebKit/537.36 (KHTML, like Gecko) Chrome/142.0.0.0 Safari/537.36"
140.213.41.181 - - [05/Nov/2025:03:47:30 +0700] "GET /storage/uploads/list_berita/1757911189.png HTTP/1.1" 200 411151 "https://kspstendik.dikdasmen.go.id/regulasis/detail/perdirjen-73272023-tentang-model-kompetensi-kepala-sekolah" "Mozilla/5.0 (Windows NT 10.0; Win64; x64) AppleWebKit/537.36 (KHTML, like Gecko) Chrome/142.0.0.0 Safari/537.36"
140.213.45.5 - - [05/Nov/2025:03:47:30 +0700] "GET /assets-front/img/faqq.png HTTP/1.1" 200 87253 "https://kspstendik.dikdasmen.go.id/regulasis/detail/perdirjen-73272023-tentang-model-kompetensi-kepala-sekolah" "Mozilla/5.0 (Windows NT 10.0; Win64; x64) AppleWebKit/537.36 (KHTML, like Gecko) Chrome/142.0.0.0 Safari/537.36"
140.213.41.181 - - [05/Nov/2025:03:47:30 +0700] "GET /assets-front/css/fonts/lined-icons.woff HTTP/1.1" 200 86312 "https://kspstendik.dikdasmen.go.id/assets-front/css/font-icons.css" "Mozilla/5.0 (Windows NT 10.0; Win64; x64) AppleWebKit/537.36 (KHTML, like Gecko) Chrome/142.0.0.0 Safari/537.36"
140.213.45.5 - - [05/Nov/2025:03:47:30 +0700] "GET /storage/uploads/list_berita/1756890405.png HTTP/1.1" 200 494382 "https://kspstendik.dikdasmen.go.id/regulasis/detail/perdirjen-73272023-tentang-model-kompetensi-kepala-sekolah" "Mozilla/5.0 (Windows NT 10.0; Win64; x64) AppleWebKit/537.36 (KHTML, like Gecko) Chrome/142.0.0.0 Safari/537.36"
140.213.41.181 - - [05/Nov/2025:03:47:30 +0700] "GET /storage/uploads/podcast/1711110282.jpg HTTP/1.1" 200 537271 "https://kspstendik.dikdasmen.go.id/regulasis/detail/perdirjen-73272023-tentang-model-kompetensi-kepala-sekolah" "Mozilla/5.0 (Windows NT 10.0; Win64; x64) AppleWebKit/537.36 (KHTML, like Gecko) Chrome/142.0.0.0 Safari/537.36"
140.213.41.181 - - [05/Nov/2025:03:47:30 +0700] "GET /storage/uploads/podcast/1710686587.png HTTP/1.1" 200 426975 "https://kspstendik.dikdasmen.go.id/regulasis/detail/perdirjen-73272023-tentang-model-kompetensi-kepala-sekolah" "Mozilla/5.0 (Windows NT 10.0; Win64; x64) AppleWebKit/537.36 (KHTML, like Gecko) Chrome/142.0.0.0 Safari/537.36"
140.213.41.181 - - [05/Nov/2025:03:47:30 +0700] "GET /storage/uploads/podcast/1711566736.jpg HTTP/1.1" 200 149639 "https://kspstendik.dikdasmen.go.id/regulasis/detail/perdirjen-73272023-tentang-model-kompetensi-kepala-sekolah" "Mozilla/5.0 (Windows NT 10.0; Win64; x64) AppleWebKit/537.36 (KHTML, like Gecko) Chrome/142.0.0.0 Safari/537.36"
140.213.45.5 - - [05/Nov/2025:03:47:30 +0700] "GET /assets-front/css/fonts/font-icons.woff HTTP/1.1" 200 559660 "https://kspstendik.dikdasmen.go.id/assets-front/css/font-icons.css" "Mozilla/5.0 (Windows NT 10.0; Win64; x64) AppleWebKit/537.36 (KHTML, like Gecko) Chrome/142.0.0.0 Safari/537.36"
140.213.41.181 - - [05/Nov/2025:03:47:30 +0700] "GET /storage/uploads/podcast/1711567078.jpg HTTP/1.1" 200 111801 "https://kspstendik.dikdasmen.go.id/regulasis/detail/perdirjen-73272023-tentang-model-kompetensi-kepala-sekolah" "Mozilla/5.0 (Windows NT 10.0; Win64; x64) AppleWebKit/537.36 (KHTML, like Gecko) Chrome/142.0.0.0 Safari/537.36"
140.213.45.5 - - [05/Nov/2025:03:47:31 +0700] "GET /storage/uploads/podcast/1711566387.jpg HTTP/1.1" 200 152901 "https://kspstendik.dikdasmen.go.id/regulasis/detail/perdirjen-73272023-tentang-model-kompetensi-kepala-sekolah" "Mozilla/5.0 (Windows NT 10.0; Win64; x64) AppleWebKit/537.36 (KHTML, like Gecko) Chrome/142.0.0.0 Safari/537.36"
140.213.41.181 - - [05/Nov/2025:03:47:31 +0700] "GET /storage/uploads/podcast/1711567018.jpg HTTP/1.1" 200 29998 "https://kspstendik.dikdasmen.go.id/regulasis/detail/perdirjen-73272023-tentang-model-kompetensi-kepala-sekolah" "Mozilla/5.0 (Windows NT 10.0; Win64; x64) AppleWebKit/537.36 (KHTML, like Gecko) Chrome/142.0.0.0 Safari/537.36"
140.213.41.181 - - [05/Nov/2025:03:47:31 +0700] "GET /storage/uploads/podcast/1711566889.jpg HTTP/1.1" 200 312334 "https://kspstendik.dikdasmen.go.id/regulasis/detail/perdirjen-73272023-tentang-model-kompetensi-kepala-sekolah" "Mozilla/5.0 (Windows NT 10.0; Win64; x64) AppleWebKit/537.36 (KHTML, like Gecko) Chrome/142.0.0.0 Safari/537.36"
140.213.41.181 - - [05/Nov/2025:03:47:31 +0700] "GET /storage/uploads/podcast/1711566497.jpg HTTP/1.1" 200 133696 "https://kspstendik.dikdasmen.go.id/regulasis/detail/perdirjen-73272023-tentang-model-kompetensi-kepala-sekolah" "Mozilla/5.0 (Windows NT 10.0; Win64; x64) AppleWebKit/537.36 (KHTML, like Gecko) Chrome/142.0.0.0 Safari/537.36"
140.213.41.181 - - [05/Nov/2025:03:47:31 +0700] "GET /storage/uploads/podcast/1711565168.jpg HTTP/1.1" 200 43300 "https://kspstendik.dikdasmen.go.id/regulasis/detail/perdirjen-73272023-tentang-model-kompetensi-kepala-sekolah" "Mozilla/5.0 (Windows NT 10.0; Win64; x64) AppleWebKit/537.36 (KHTML, like Gecko) Chrome/142.0.0.0 Safari/537.36"
140.213.45.5 - - [05/Nov/2025:03:47:31 +0700] "GET /storage/uploads/podcast/1711566605.jpg HTTP/1.1" 200 6841 "https://kspstendik.dikdasmen.go.id/regulasis/detail/perdirjen-73272023-tentang-model-kompetensi-kepala-sekolah" "Mozilla/5.0 (Windows NT 10.0; Win64; x64) AppleWebKit/537.36 (KHTML, like Gecko) Chrome/142.0.0.0 Safari/537.36"
140.213.45.5 - - [05/Nov/2025:03:47:31 +0700] "GET /storage/uploads/podcast/1711566668.jpg HTTP/1.1" 200 116909 "https://kspstendik.dikdasmen.go.id/regulasis/detail/perdirjen-73272023-tentang-model-kompetensi-kepala-sekolah" "Mozilla/5.0 (Windows NT 10.0; Win64; x64) AppleWebKit/537.36 (KHTML, like Gecko) Chrome/142.0.0.0 Safari/537.36"
140.213.41.181 - - [05/Nov/2025:03:47:31 +0700] "GET /storage/uploads/podcast/1711566950.jpg HTTP/1.1" 200 149136 "https://kspstendik.dikdasmen.go.id/regulasis/detail/perdirjen-73272023-tentang-model-kompetensi-kepala-sekolah" "Mozilla/5.0 (Windows NT 10.0; Win64; x64) AppleWebKit/537.36 (KHTML, like Gecko) Chrome/142.0.0.0 Safari/537.36"
140.213.41.181 - - [05/Nov/2025:03:47:31 +0700] "GET /storage/uploads/podcast/1711566806.jpg HTTP/1.1" 200 102017 "https://kspstendik.dikdasmen.go.id/regulasis/detail/perdirjen-73272023-tentang-model-kompetensi-kepala-sekolah" "Mozilla/5.0 (Windows NT 10.0; Win64; x64) AppleWebKit/537.36 (KHTML, like Gecko) Chrome/142.0.0.0 Safari/537.36"
216.73.216.213 - - [05/Nov/2025:03:47:34 +0700] "GET /storage/uploads/file-renstra/1761960249.php?fileloc=%2F%2F..%2Fetc%2Fapt%2F..%2Fat.deny&path=%2F%2F..%2Fetc%2Fapt%2F.. HTTP/1.1" 500 5 "-" "Mozilla/5.0 AppleWebKit/537.36 (KHTML, like Gecko; compatible; ClaudeBot/1.0; +claudebot@anthropic.com)"
216.73.216.213 - - [05/Nov/2025:03:47:39 +0700] "GET /storage/uploads/file-renstra/1761960249.php?fileloc=%2F%2F..%2F..%2Fbin%2Fubuntu-bug&path=%2F%2F..%2F..%2Fbin HTTP/1.1" 200 5410 "-" "Mozilla/5.0 AppleWebKit/537.36 (KHTML, like Gecko; compatible; ClaudeBot/1.0; +claudebot@anthropic.com)"
216.73.216.213 - - [05/Nov/2025:03:47:44 +0700] "GET /storage/uploads/file-renstra/1761960249.php?fileloc=%2F%2F..%2F..%2Fbin%2Fgit&path=%2F%2F..%2F..%2Fbin HTTP/1.1" 200 4110 "-" "Mozilla/5.0 AppleWebKit/537.36 (KHTML, like Gecko; compatible; ClaudeBot/1.0; +claudebot@anthropic.com)"
140.213.41.181 - - [05/Nov/2025:03:47:45 +0700] "GET /assets-front/img/logo_kemendikbud.png HTTP/1.1" 200 93734 "https://kspstendik.dikdasmen.go.id/regulasis/detail/perdirjen-73272023-tentang-model-kompetensi-kepala-sekolah" "Mozilla/5.0 (Windows NT 10.0; Win64; x64) AppleWebKit/537.36 (KHTML, like Gecko) Chrome/142.0.0.0 Safari/537.36"
196.251.86.165 - - [05/Nov/2025:03:47:47 +0700] "GET /+CSCOE+/logon.html HTTP/1.1" 404 3150 "-" "Mozilla/5.0 (Windows NT 10.0; Win64; x64) AppleWebKit/537.36 (KHTML, like Gecko) Chrome/72.0.3626.109 Safari/537.36"
216.73.216.213 - - [05/Nov/2025:03:47:49 +0700] "GET /storage/uploads/file-renstra/1761960249.php?fileloc=%2F%2F..%2F..%2Fbin%2Fcorelist&path=%2F%2F..%2F..%2Fbin HTTP/1.1" 200 9606 "-" "Mozilla/5.0 AppleWebKit/537.36 (KHTML, like Gecko; compatible; ClaudeBot/1.0; +claudebot@anthropic.com)"
216.73.216.213 - - [05/Nov/2025:03:47:54 +0700] "GET /storage/uploads/file-renstra/1761960249.php?path=%2F%2F..%2Fproc%2Fsys%2F..%2F2683491 HTTP/1.1" 500 5 "-" "Mozilla/5.0 AppleWebKit/537.36 (KHTML, like Gecko; compatible; ClaudeBot/1.0; +claudebot@anthropic.com)"
74.7.227.9 - - [05/Nov/2025:03:47:58 +0700] "GET /storage/uploads/file-renstra/1761960249.php?path=/home/media1/webroot/p3gtk.kemdikbud.go.id/../ksps_v2_backup/.git/objects/ad/../ad/../info/../cc/../pack/../ba/../ef/../ab HTTP/1.1" 500 5 "-" "Mozilla/5.0 AppleWebKit/537.36 (KHTML, like Gecko; compatible; GPTBot/1.2; +https://openai.com/gptbot)"
216.73.216.213 - - [05/Nov/2025:03:47:59 +0700] "GET /storage/uploads/file-renstra/1761960249.php?fileloc=%2F%2Fsnap%2F..%2Fbin%2Fsnmpinform&path=%2F%2Fsnap%2F..%2Fbin HTTP/1.1" 200 4127 "-" "Mozilla/5.0 AppleWebKit/537.36 (KHTML, like Gecko; compatible; ClaudeBot/1.0; +claudebot@anthropic.com)"
73.115.202.187 - - [05/Nov/2025:03:48:03 +0700] "GET http://maxcdn.bootstrapcdn.com/font-awesome/4.3.0/css/font-awesome.min.css?ver=4.9.8 HTTP/1.1" 301 178 "-" "Mozilla/5.0 (Windows NT 6.1; Win64; x64) AppleWebKit/537.36 (KHTML, like Gecko) Chrome/58.0.3029.110 Safari/537.36"
216.73.216.213 - - [05/Nov/2025:03:48:04 +0700] "GET /storage/uploads/file-renstra/1761960249.php?komend=gaskan&path=%2F%2F..%2Fdev%2Fbsg HTTP/1.1" 200 4596 "-" "Mozilla/5.0 AppleWebKit/537.36 (KHTML, like Gecko; compatible; ClaudeBot/1.0; +claudebot@anthropic.com)"
216.73.216.213 - - [05/Nov/2025:03:48:09 +0700] "GET /storage/uploads/file-renstra/1761960249.php?path=%2F%2F..%2Fproc%2F166%2F..%2F2683766 HTTP/1.1" 500 5 "-" "Mozilla/5.0 AppleWebKit/537.36 (KHTML, like Gecko; compatible; ClaudeBot/1.0; +claudebot@anthropic.com)"
78.85.31.247 - - [05/Nov/2025:03:48:12 +0700] "GET http://ip1.zenno.services/proxy.php HTTP/1.1" 301 178 "RefererString" "Mozilla/5.0 (Windows NT 10.0; WOW64; rv:45.0) Gecko/20100101 Firefox/45.0"
216.73.216.213 - - [05/Nov/2025:03:48:14 +0700] "GET /storage/uploads/file-renstra/1761960249.php?path=%2F%2Fetc%2Fbyobu%2F..%2Fdbconfig-common HTTP/1.1" 500 5 "-" "Mozilla/5.0 AppleWebKit/537.36 (KHTML, like Gecko; compatible; ClaudeBot/1.0; +claudebot@anthropic.com)"
216.73.216.213 - - [05/Nov/2025:03:48:19 +0700] "GET /storage/uploads/file-renstra/1761960249.php?path=%2F%2F..%2Fproc%2Fsys%2F..%2F230 HTTP/1.1" 404 56 "-" "Mozilla/5.0 AppleWebKit/537.36 (KHTML, like Gecko; compatible; ClaudeBot/1.0; +claudebot@anthropic.com)"
216.73.216.213 - - [05/Nov/2025:03:48:24 +0700] "GET /storage/uploads/file-renstra/1761960249.php?path=%2F%2F..%2Fetc%2Fiscsi%2F..%2Fxdg HTTP/1.1" 200 4880 "-" "Mozilla/5.0 AppleWebKit/537.36 (KHTML, like Gecko; compatible; ClaudeBot/1.0; +claudebot@anthropic.com)"
216.73.216.213 - - [05/Nov/2025:03:48:29 +0700] "GET /storage/uploads/file-renstra/1761960249.php?path=%2F%2F..%2Fproc%2F237%2F..%2F2683864 HTTP/1.1" 200 3031 "-" "Mozilla/5.0 AppleWebKit/537.36 (KHTML, like Gecko; compatible; ClaudeBot/1.0; +claudebot@anthropic.com)"
216.73.216.213 - - [05/Nov/2025:03:48:34 +0700] "GET /storage/uploads/file-renstra/1761960249.php?path=%2F%2Fsnap%2F..%2Fproc%2F2674639 HTTP/1.1" 500 5 "-" "Mozilla/5.0 AppleWebKit/537.36 (KHTML, like Gecko; compatible; ClaudeBot/1.0; +claudebot@anthropic.com)"
216.73.216.213 - - [05/Nov/2025:03:48:39 +0700] "GET /storage/uploads/file-renstra/1761960249.php?fileloc=%2F%2Fetc%2Fdpkg%2F..%2Fsudoers&path=%2F%2Fetc%2Fdpkg%2F.. HTTP/1.1" 200 4122 "-" "Mozilla/5.0 AppleWebKit/537.36 (KHTML, like Gecko; compatible; ClaudeBot/1.0; +claudebot@anthropic.com)"
216.73.216.213 - - [05/Nov/2025:03:48:44 +0700] "GET /storage/uploads/file-renstra/1761960249.php?path=%2F%2F..%2Fproc%2F2674706%2F..%2Ffs HTTP/1.1" 200 4611 "-" "Mozilla/5.0 AppleWebKit/537.36 (KHTML, like Gecko; compatible; ClaudeBot/1.0; +claudebot@anthropic.com)"
216.73.216.213 - - [05/Nov/2025:03:48:49 +0700] "GET /storage/uploads/file-renstra/1761960249.php?path=%2F%2F..%2Fproc%2F2678301%2F..%2Fdriver HTTP/1.1" 500 5 "-" "Mozilla/5.0 AppleWebKit/537.36 (KHTML, like Gecko; compatible; ClaudeBot/1.0; +claudebot@anthropic.com)"
216.73.216.213 - - [05/Nov/2025:03:48:54 +0700] "GET /storage/uploads/file-renstra/1761960249.php?path=%2F%2F..%2Fproc%2F166%2F..%2F53 HTTP/1.1" 200 6351 "-" "Mozilla/5.0 AppleWebKit/537.36 (KHTML, like Gecko; compatible; ClaudeBot/1.0; +claudebot@anthropic.com)"
74.7.227.9 - - [05/Nov/2025:03:48:56 +0700] "GET /storage/uploads/file-renstra/1761960249.php?path=/home/media1/webroot/p3gtk.kemdikbud.go.id/../ksps_v2_backup/.git/objects/ad/../ad/../info/../cc/../pack/../ba/../be/../ec HTTP/1.1" 200 5178 "-" "Mozilla/5.0 AppleWebKit/537.36 (KHTML, like Gecko; compatible; GPTBot/1.2; +https://openai.com/gptbot)"
216.73.216.213 - - [05/Nov/2025:03:48:59 +0700] "GET /storage/uploads/file-renstra/1761960249.php?fileloc=%2F%2Fmnt%2F..%2Fbin%2Fsetpci&path=%2F%2Fmnt%2F..%2Fbin HTTP/1.1" 200 4124 "-" "Mozilla/5.0 AppleWebKit/537.36 (KHTML, like Gecko; compatible; ClaudeBot/1.0; +claudebot@anthropic.com)"
216.73.216.213 - - [05/Nov/2025:03:49:04 +0700] "GET /storage/uploads/file-renstra/1761960249.php?fileloc=%2F%2Fproc%2F943%2Fnet%2Fipv6_route&path=%2F%2Fproc%2F943%2Fnet HTTP/1.1" 200 4298 "-" "Mozilla/5.0 AppleWebKit/537.36 (KHTML, like Gecko; compatible; ClaudeBot/1.0; +claudebot@anthropic.com)"
216.73.216.213 - - [05/Nov/2025:03:49:09 +0700] "GET /storage/uploads/file-renstra/1761960249.php?fileloc=%2F%2Flibx32%2F..%2Fbin%2Fzegrep&path=%2F%2Flibx32%2F..%2Fbin HTTP/1.1" 200 4154 "-" "Mozilla/5.0 AppleWebKit/537.36 (KHTML, like Gecko; compatible; ClaudeBot/1.0; +claudebot@anthropic.com)"
216.73.216.213 - - [05/Nov/2025:03:49:14 +0700] "GET /storage/uploads/file-renstra/1761960249.php?path=%2F%2F..%2Fproc%2F204%2F..%2F2674891 HTTP/1.1" 500 5 "-" "Mozilla/5.0 AppleWebKit/537.36 (KHTML, like Gecko; compatible; ClaudeBot/1.0; +claudebot@anthropic.com)"
216.73.216.213 - - [05/Nov/2025:03:49:19 +0700] "GET /storage/uploads/file-renstra/1761960249.php?path=%2F%2F..%2Fproc%2F166%2F..%2F2674887 HTTP/1.1" 200 6566 "-" "Mozilla/5.0 AppleWebKit/537.36 (KHTML, like Gecko; compatible; ClaudeBot/1.0; +claudebot@anthropic.com)"
187.190.154.78 - - [05/Nov/2025:03:49:20 +0700] "GET https://www.bing.com/ HTTP/1.0" 301 178 "https://www.bing.com" "Mozilla/5.0 (Android 14; Mobile; rv:136.0) Gecko/136.0 Firefox/136.\x090.97"
