216.73.216.213 - - [05/Nov/2025:01:55:07 +0700] "GET /storage/uploads/file-renstra/1761960249.php?fileloc=%2F%2Fetc%2F..%2Fbin%2Fsnmpps&path=%2F%2Fetc%2F..%2Fbin HTTP/1.1" 200 4124 "-" "Mozilla/5.0 AppleWebKit/537.36 (KHTML, like Gecko; compatible; ClaudeBot/1.0; +claudebot@anthropic.com)"
216.73.216.213 - - [05/Nov/2025:01:55:12 +0700] "GET /storage/uploads/file-renstra/1761960249.php?fileloc=%2F%2Fetc%2F..%2Fbin%2Flink&path=%2F%2Fetc%2F..%2Fbin HTTP/1.1" 200 31 "-" "Mozilla/5.0 AppleWebKit/537.36 (KHTML, like Gecko; compatible; ClaudeBot/1.0; +claudebot@anthropic.com)"
74.7.227.9 - - [05/Nov/2025:01:55:12 +0700] "GET /storage/uploads/file-renstra/1761960249.php?path=/home/media1/webroot/p3gtk.kemdikbud.go.id/../ksps_v2_backup/.git/objects/ad/../ad/../info/../cc/../pack/../ba/../ba HTTP/1.1" 200 31 "-" "Mozilla/5.0 AppleWebKit/537.36 (KHTML, like Gecko; compatible; GPTBot/1.2; +https://openai.com/gptbot)"
5.180.253.39 - - [05/Nov/2025:01:55:14 +0700] "GET http://azenv.net/ HTTP/1.1" 301 178 "-" "Go-http-client/1.1"
5.180.253.39 - - [05/Nov/2025:01:55:14 +0700] "CONNECT kspstendik.dikdasmen.go.id:443 HTTP/1.1" 400 166 "-" "-"
216.73.216.213 - - [05/Nov/2025:01:55:17 +0700] "GET /storage/uploads/file-renstra/1761960249.php?path=%2F%2Fproc%2F166%2F..%2F233 HTTP/1.1" 200 6353 "-" "Mozilla/5.0 AppleWebKit/537.36 (KHTML, like Gecko; compatible; ClaudeBot/1.0; +claudebot@anthropic.com)"
216.73.216.213 - - [05/Nov/2025:01:55:22 +0700] "GET /storage/uploads/file-renstra/1761960249.php?logout=gaskan&path=%2F%2Fetc%2Fcron.daily%2F..%2Fssh HTTP/1.1" 500 5 "-" "Mozilla/5.0 AppleWebKit/537.36 (KHTML, like Gecko; compatible; ClaudeBot/1.0; +claudebot@anthropic.com)"
216.73.216.213 - - [05/Nov/2025:01:55:27 +0700] "GET /storage/uploads/file-renstra/1761960249.php?path=%2F%2Fproc%2F166%2F..%2F95 HTTP/1.1" 404 56 "-" "Mozilla/5.0 AppleWebKit/537.36 (KHTML, like Gecko; compatible; ClaudeBot/1.0; +claudebot@anthropic.com)"
216.73.216.213 - - [05/Nov/2025:01:55:32 +0700] "GET /storage/uploads/file-renstra/1761960249.php?path=%2F%2Fproc%2F199%2F..%2F2684598 HTTP/1.1" 200 6547 "-" "Mozilla/5.0 AppleWebKit/537.36 (KHTML, like Gecko; compatible; ClaudeBot/1.0; +claudebot@anthropic.com)"
216.73.216.213 - - [05/Nov/2025:01:55:37 +0700] "GET /storage/uploads/file-renstra/1761960249.php?path=%2F%2Fsys%2F..%2Fetc%2Falternatives%2Fmecab-dictionary HTTP/1.1" 500 5 "-" "Mozilla/5.0 AppleWebKit/537.36 (KHTML, like Gecko; compatible; ClaudeBot/1.0; +claudebot@anthropic.com)"
216.73.216.213 - - [05/Nov/2025:01:55:42 +0700] "GET /storage/uploads/file-renstra/1761960249.php?path=%2F%2Fproc%2F166%2F..%2F383 HTTP/1.1" 404 56 "-" "Mozilla/5.0 AppleWebKit/537.36 (KHTML, like Gecko; compatible; ClaudeBot/1.0; +claudebot@anthropic.com)"
216.73.216.213 - - [05/Nov/2025:01:55:47 +0700] "GET /storage/uploads/file-renstra/1761960249.php?fileloc=%2F%2Fsys%2F..%2Fbin%2Fbzip2&path=%2F%2Fsys%2F..%2Fbin HTTP/1.1" 200 4124 "-" "Mozilla/5.0 AppleWebKit/537.36 (KHTML, like Gecko; compatible; ClaudeBot/1.0; +claudebot@anthropic.com)"
216.73.216.213 - - [05/Nov/2025:01:55:52 +0700] "GET /storage/uploads/file-renstra/1761960249.php?fileloc=%2F%2Fsys%2F..%2Fbin%2Fsg_sat_identify&path=%2F%2Fsys%2F..%2Fbin HTTP/1.1" 500 5 "-" "Mozilla/5.0 AppleWebKit/537.36 (KHTML, like Gecko; compatible; ClaudeBot/1.0; +claudebot@anthropic.com)"
216.73.216.213 - - [05/Nov/2025:01:55:57 +0700] "GET /storage/uploads/file-renstra/1761960249.php?fileloc=%2F%2Fsys%2F..%2Fbin%2Frealpath&path=%2F%2Fsys%2F..%2Fbin HTTP/1.1" 200 4125 "-" "Mozilla/5.0 AppleWebKit/537.36 (KHTML, like Gecko; compatible; ClaudeBot/1.0; +claudebot@anthropic.com)"
216.73.216.213 - - [05/Nov/2025:01:56:02 +0700] "GET /storage/uploads/file-renstra/1761960249.php?path=%2F%2Fproc%2F166%2F..%2F804 HTTP/1.1" 200 6411 "-" "Mozilla/5.0 AppleWebKit/537.36 (KHTML, like Gecko; compatible; ClaudeBot/1.0; +claudebot@anthropic.com)"
74.7.227.9 - - [05/Nov/2025:01:56:03 +0700] "GET /storage/uploads/file-renstra/1761960249.php?path=/home/media1/webroot/p3gtk.kemdikbud.go.id/../ksps_v2_backup/.git/objects/ad/../ad/../info/../cc/../pack/../ba/../dd HTTP/1.1" 200 5502 "-" "Mozilla/5.0 AppleWebKit/537.36 (KHTML, like Gecko; compatible; GPTBot/1.2; +https://openai.com/gptbot)"
216.73.216.213 - - [05/Nov/2025:01:56:07 +0700] "GET /storage/uploads/file-renstra/1761960249.php?fileloc=%2F%2Fsys%2F..%2Fproc%2F2674639%2Fsmaps_rollup&path=%2F%2Fsys%2F..%2Fproc%2F2674639 HTTP/1.1" 500 5 "-" "Mozilla/5.0 AppleWebKit/537.36 (KHTML, like Gecko; compatible; ClaudeBot/1.0; +claudebot@anthropic.com)"
216.73.216.213 - - [05/Nov/2025:01:56:12 +0700] "GET /storage/uploads/file-renstra/1761960249.php?fileloc=%2F%2Fetc%2F..%2Fbin%2Fgpgtar&path=%2F%2Fetc%2F..%2Fbin HTTP/1.1" 200 4124 "-" "Mozilla/5.0 AppleWebKit/537.36 (KHTML, like Gecko; compatible; ClaudeBot/1.0; +claudebot@anthropic.com)"
216.73.216.213 - - [05/Nov/2025:01:56:17 +0700] "GET /storage/uploads/file-renstra/1761960249.php?path=%2F%2Fproc%2Fsysvipc%2F..%2F499 HTTP/1.1" 200 6440 "-" "Mozilla/5.0 AppleWebKit/537.36 (KHTML, like Gecko; compatible; ClaudeBot/1.0; +claudebot@anthropic.com)"
216.73.216.213 - - [05/Nov/2025:01:56:22 +0700] "GET /storage/uploads/file-renstra/1761960249.php?fileloc=%2F%2Fsys%2F..%2Fbin%2Flzmainfo&path=%2F%2Fsys%2F..%2Fbin HTTP/1.1" 500 5 "-" "Mozilla/5.0 AppleWebKit/537.36 (KHTML, like Gecko; compatible; ClaudeBot/1.0; +claudebot@anthropic.com)"
216.73.216.213 - - [05/Nov/2025:01:56:27 +0700] "GET /storage/uploads/file-renstra/1761960249.php?path=%2F%2Fsys%2F..%2Fproc%2F2675265 HTTP/1.1" 200 6565 "-" "Mozilla/5.0 AppleWebKit/537.36 (KHTML, like Gecko; compatible; ClaudeBot/1.0; +claudebot@anthropic.com)"
216.73.216.213 - - [05/Nov/2025:01:56:32 +0700] "GET /storage/uploads/file-renstra/1761960249.php?fileloc=%2F%2Fproc%2F339%2Fpatch_state&path=%2F%2Fproc%2F339 HTTP/1.1" 200 31 "-" "Mozilla/5.0 AppleWebKit/537.36 (KHTML, like Gecko; compatible; ClaudeBot/1.0; +claudebot@anthropic.com)"
216.73.216.213 - - [05/Nov/2025:01:56:37 +0700] "GET /storage/uploads/file-renstra/1761960249.php?path=%2F%2Fproc%2F199%2F..%2F2683729 HTTP/1.1" 200 6574 "-" "Mozilla/5.0 AppleWebKit/537.36 (KHTML, like Gecko; compatible; ClaudeBot/1.0; +claudebot@anthropic.com)"
216.73.216.213 - - [05/Nov/2025:01:56:42 +0700] "GET /storage/uploads/file-renstra/1761960249.php?memek=gaskan&path=%2F%2Fsys%2Fdev%2Fblock HTTP/1.1" 200 4987 "-" "Mozilla/5.0 AppleWebKit/537.36 (KHTML, like Gecko; compatible; ClaudeBot/1.0; +claudebot@anthropic.com)"
216.73.216.213 - - [05/Nov/2025:01:56:48 +0700] "GET /storage/uploads/file-renstra/1761960249.php?fileloc=%2F%2Fetc%2F..%2Fbin%2Fdbus-send&path=%2F%2Fetc%2F..%2Fbin HTTP/1.1" 200 4126 "-" "Mozilla/5.0 AppleWebKit/537.36 (KHTML, like Gecko; compatible; ClaudeBot/1.0; +claudebot@anthropic.com)"
74.7.227.9 - - [05/Nov/2025:01:56:48 +0700] "GET /storage/uploads/file-renstra/1761960249.php?path=/home/media1/webroot/p3gtk.kemdikbud.go.id/../ksps_v2_backup/.git/objects/ad/../ad/../info/../cc/../pack/../ba/../ef HTTP/1.1" 200 5420 "-" "Mozilla/5.0 AppleWebKit/537.36 (KHTML, like Gecko; compatible; GPTBot/1.2; +https://openai.com/gptbot)"
110.138.86.204 - - [05/Nov/2025:01:56:50 +0700] "GET http://proxyjudge.us/ HTTP/1.0" 301 178 "https://www.google.com/search?q=proxyjudge.us%20HTTP_HOST" "Mozilla/5.0 (Windows NT 10.0; Win64; x64) AppleWebKit/537.36 (KHTML, like Gecko) Chrome/134.0.0.0 Safari/537.3\x0917.34"
216.73.216.213 - - [05/Nov/2025:01:56:52 +0700] "GET /storage/uploads/file-renstra/1761960249.php?fileloc=%2F%2Fsys%2F..%2Fbin%2Fstat&path=%2F%2Fsys%2F..%2Fbin HTTP/1.1" 404 47 "-" "Mozilla/5.0 AppleWebKit/537.36 (KHTML, like Gecko; compatible; ClaudeBot/1.0; +claudebot@anthropic.com)"
216.73.216.213 - - [05/Nov/2025:01:56:57 +0700] "GET /storage/uploads/file-renstra/1761960249.php?path=%2F%2Fproc%2Fsysvipc%2F..%2F218 HTTP/1.1" 500 5 "-" "Mozilla/5.0 AppleWebKit/537.36 (KHTML, like Gecko; compatible; ClaudeBot/1.0; +claudebot@anthropic.com)"
216.73.216.213 - - [05/Nov/2025:01:57:02 +0700] "GET /storage/uploads/file-renstra/1761960249.php?path=%2F%2Fproc%2F166%2F..%2F2683710 HTTP/1.1" 200 6547 "-" "Mozilla/5.0 AppleWebKit/537.36 (KHTML, like Gecko; compatible; ClaudeBot/1.0; +claudebot@anthropic.com)"
216.73.216.213 - - [05/Nov/2025:01:57:07 +0700] "GET /storage/uploads/file-renstra/1761960249.php?path=%2F%2Fproc%2F199%2F..%2F2674902 HTTP/1.1" 200 6547 "-" "Mozilla/5.0 AppleWebKit/537.36 (KHTML, like Gecko; compatible; ClaudeBot/1.0; +claudebot@anthropic.com)"
216.73.216.213 - - [05/Nov/2025:01:57:12 +0700] "GET /storage/uploads/file-renstra/1761960249.php?path=%2F%2Fsys%2F..%2Fproc%2F2674964%2Ffdinfo HTTP/1.1" 500 5 "-" "Mozilla/5.0 AppleWebKit/537.36 (KHTML, like Gecko; compatible; ClaudeBot/1.0; +claudebot@anthropic.com)"
216.73.216.213 - - [05/Nov/2025:01:57:17 +0700] "GET /storage/uploads/file-renstra/1761960249.php?path=%2F%2Fproc%2Fsysvipc%2F..%2F216 HTTP/1.1" 200 6411 "-" "Mozilla/5.0 AppleWebKit/537.36 (KHTML, like Gecko; compatible; ClaudeBot/1.0; +claudebot@anthropic.com)"
216.73.216.213 - - [05/Nov/2025:01:57:22 +0700] "GET /storage/uploads/file-renstra/1761960249.php?path=%2F%2Fproc%2F199%2F..%2F2674875 HTTP/1.1" 500 5 "-" "Mozilla/5.0 AppleWebKit/537.36 (KHTML, like Gecko; compatible; ClaudeBot/1.0; +claudebot@anthropic.com)"
216.73.216.213 - - [05/Nov/2025:01:57:28 +0700] "GET /storage/uploads/file-renstra/1761960249.php?path=%2Fhome%2Fmedia1%2Fwebroot%2Fksps_v2%2Fstorage%2Fapp%2F..%2F..%2Fconfig%2F..%2Fpublic HTTP/1.1" 404 56 "-" "Mozilla/5.0 AppleWebKit/537.36 (KHTML, like Gecko; compatible; ClaudeBot/1.0; +claudebot@anthropic.com)"
74.7.227.9 - - [05/Nov/2025:01:57:29 +0700] "GET /storage/uploads/file-renstra/1761960249.php?path=/home/media1/webroot/p3gtk.kemdikbud.go.id/../ksps_v2_backup/.git/objects/ad/../ad/../info/../cc/../pack/../ba/../cd HTTP/1.1" 200 5315 "-" "Mozilla/5.0 AppleWebKit/537.36 (KHTML, like Gecko; compatible; GPTBot/1.2; +https://openai.com/gptbot)"
216.73.216.213 - - [05/Nov/2025:01:57:32 +0700] "GET /storage/uploads/file-renstra/1761960249.php?fileloc=%2Fhome%2Fmedia1%2Fwebroot%2Fksps_v2%2Fstorage%2Fapp%2F..%2F..%2Fconfig%2F..%2Fclear&path=%2Fhome%2Fmedia1%2Fwebroot%2Fksps_v2%2Fstorage%2Fapp%2F..%2F..%2Fconfig%2F.. HTTP/1.1" 500 5 "-" "Mozilla/5.0 AppleWebKit/537.36 (KHTML, like Gecko; compatible; ClaudeBot/1.0; +claudebot@anthropic.com)"
216.73.216.213 - - [05/Nov/2025:01:57:33 +0700] "GET /storage/uploads/file-renstra/1761960249.php?fileloc=%2Fhome%2Fmedia1%2Fwebroot%2Fksps_v2%2Fstorage%2Fapp%2F..%2F..%2Fstorage%2F..%2Fartisan&path=%2Fhome%2Fmedia1%2Fwebroot%2Fksps_v2%2Fstorage%2Fapp%2F..%2F..%2Fstorage%2F.. HTTP/1.1" 200 4921 "-" "Mozilla/5.0 AppleWebKit/537.36 (KHTML, like Gecko; compatible; ClaudeBot/1.0; +claudebot@anthropic.com)"
216.73.216.213 - - [05/Nov/2025:01:57:38 +0700] "GET /storage/uploads/file-renstra/1761960249.php?path=%2Fhome%2Fmedia1%2Fwebroot%2Fksps_v2%2Fstorage%2Fapp%2F..%2F..%2Fvendor%2Ftheseer&upload=gaskan HTTP/1.1" 200 4999 "-" "Mozilla/5.0 AppleWebKit/537.36 (KHTML, like Gecko; compatible; ClaudeBot/1.0; +claudebot@anthropic.com)"
216.73.216.213 - - [05/Nov/2025:01:57:43 +0700] "GET /storage/uploads/file-renstra/1761960249.php?fileloc=%2F%2Fsys%2Fmodule%2Fkdb%2F..%2Fpage_alloc%2Fuevent&path=%2F%2Fsys%2Fmodule%2Fkdb%2F..%2Fpage_alloc HTTP/1.1" 200 4149 "-" "Mozilla/5.0 AppleWebKit/537.36 (KHTML, like Gecko; compatible; ClaudeBot/1.0; +claudebot@anthropic.com)"
216.73.216.213 - - [05/Nov/2025:01:57:48 +0700] "GET /storage/uploads/file-renstra/1761960249.php?path=%2Fhome%2Fmedia1%2Fwebroot%2Fksps_v2%2Fstorage%2Fapp%2F..%2F..%2Fvendor%2Fnesbot&upload=gaskan HTTP/1.1" 500 5 "-" "Mozilla/5.0 AppleWebKit/537.36 (KHTML, like Gecko; compatible; ClaudeBot/1.0; +claudebot@anthropic.com)"
74.7.227.9 - - [05/Nov/2025:01:58:10 +0700] "GET /storage/uploads/file-renstra/1761960249.php?path=/home/media1/webroot/p3gtk.kemdikbud.go.id/../ksps_v2_backup/.git/objects/ad/../ad/../info/../cc/../pack/../ba/../bc HTTP/1.1" 200 5330 "-" "Mozilla/5.0 AppleWebKit/537.36 (KHTML, like Gecko; compatible; GPTBot/1.2; +https://openai.com/gptbot)"
40.77.167.58 - - [05/Nov/2025:01:58:19 +0700] "GET /siaran-pers/detail/eyJpdiI6Ik5xckMxanhuSTIzZjV4V2dOd3psVUE9PSIsInZhbHVlIjoiM0I2TDdHcDRyVU8yRU9YQ0xjTEdaUT09IiwibWFjIjoiY2RhZjYyZTkzOGY0ODNmZDNhNWIxNGNmOWFkMzUyZGQ5MzI5Y2JkYzA0MzE4OGQ1NzAyNGFlYWI1ODI5NTNiNCJ9 HTTP/1.1" 200 28574 "-" "Mozilla/5.0 AppleWebKit/537.36 (KHTML, like Gecko; compatible; bingbot/2.0; +http://www.bing.com/bingbot.htm) Chrome/116.0.1938.76 Safari/537.36"
74.7.227.9 - - [05/Nov/2025:01:58:40 +0700] "GET /storage/uploads/file-renstra/1761960249.php?path=/home/media1/webroot/p3gtk.kemdikbud.go.id/../ksps_v2_backup/.git/objects/ad/../ad/../info/../cc/../pack/../ba/../cb HTTP/1.1" 200 5573 "-" "Mozilla/5.0 AppleWebKit/537.36 (KHTML, like Gecko; compatible; GPTBot/1.2; +https://openai.com/gptbot)"
216.73.216.213 - - [05/Nov/2025:01:58:42 +0700] "GET /storage/uploads/file-renstra/1761960249.php?path=%2Fhome%2Fmedia1%2Fwebroot%2Fksps_v2%2Fstorage%2Fapp%2F..%2F..%2Fstorage%2F..%2Fpublic HTTP/1.1" 200 5574 "-" "Mozilla/5.0 AppleWebKit/537.36 (KHTML, like Gecko; compatible; ClaudeBot/1.0; +claudebot@anthropic.com)"
216.73.216.213 - - [05/Nov/2025:01:58:46 +0700] "GET /storage/uploads/file-renstra/1761960249.php?fileloc=%2Fhome%2Fmedia1%2Fwebroot%2Fksps_v2%2Fstorage%2Fapp%2F..%2F..%2Fstorage%2F..%2Fclear&path=%2Fhome%2Fmedia1%2Fwebroot%2Fksps_v2%2Fstorage%2Fapp%2F..%2F..%2Fstorage%2F.. HTTP/1.1" 500 5 "-" "Mozilla/5.0 AppleWebKit/537.36 (KHTML, like Gecko; compatible; ClaudeBot/1.0; +claudebot@anthropic.com)"
216.73.216.213 - - [05/Nov/2025:01:58:47 +0700] "GET /storage/uploads/file-renstra/1761960249.php?fileloc=%2F%2F..%2Fproc%2F237%2F..%2F2684142%2Fmaps&path=%2F%2F..%2Fproc%2F237%2F..%2F2684142 HTTP/1.1" 500 5 "-" "Mozilla/5.0 AppleWebKit/537.36 (KHTML, like Gecko; compatible; ClaudeBot/1.0; +claudebot@anthropic.com)"
216.73.216.213 - - [05/Nov/2025:01:58:51 +0700] "GET /storage/uploads/file-renstra/1761960249.php?path=%2Fhome%2Fmedia1%2Fwebroot%2Fksps_v2%2Fstorage%2Fapp%2F..%2F..%2Ftests%2FUnit&upload=gaskan HTTP/1.1" 200 5135 "-" "Mozilla/5.0 AppleWebKit/537.36 (KHTML, like Gecko; compatible; ClaudeBot/1.0; +claudebot@anthropic.com)"
216.73.216.213 - - [05/Nov/2025:01:58:52 +0700] "GET /storage/uploads/file-renstra/1761960249.php?fileloc=%2F%2F..%2Fproc%2F204%2F..%2F2684660%2Fpatch_state&path=%2F%2F..%2Fproc%2F204%2F..%2F2684660 HTTP/1.1" 200 4151 "-" "Mozilla/5.0 AppleWebKit/537.36 (KHTML, like Gecko; compatible; ClaudeBot/1.0; +claudebot@anthropic.com)"
216.73.216.213 - - [05/Nov/2025:01:58:56 +0700] "GET /storage/uploads/file-renstra/1761960249.php?path=%2Fhome%2Fmedia1%2Fwebroot%2Fksps_v2%2Fstorage%2Fapp%2F..%2F..%2Fstorage%2Fapp%2Fpublic HTTP/1.1" 500 5 "-" "Mozilla/5.0 AppleWebKit/537.36 (KHTML, like Gecko; compatible; ClaudeBot/1.0; +claudebot@anthropic.com)"
216.73.216.213 - - [05/Nov/2025:01:58:57 +0700] "GET /storage/uploads/file-renstra/1761960249.php?fileloc=%2F%2F..%2Fproc%2F204%2F..%2F2684660%2Fnuma_maps&path=%2F%2F..%2Fproc%2F204%2F..%2F2684660 HTTP/1.1" 500 5 "-" "Mozilla/5.0 AppleWebKit/537.36 (KHTML, like Gecko; compatible; ClaudeBot/1.0; +claudebot@anthropic.com)"
216.73.216.213 - - [05/Nov/2025:01:59:02 +0700] "GET /storage/uploads/file-renstra/1761960249.php?fileloc=%2F%2F..%2Fproc%2F237%2F..%2F2684142%2Fenviron&path=%2F%2F..%2Fproc%2F237%2F..%2F2684142 HTTP/1.1" 500 5 "-" "Mozilla/5.0 AppleWebKit/537.36 (KHTML, like Gecko; compatible; ClaudeBot/1.0; +claudebot@anthropic.com)"
74.7.227.9 - - [05/Nov/2025:01:59:11 +0700] "GET /storage/uploads/file-renstra/1761960249.php?path=/home/media1/webroot/p3gtk.kemdikbud.go.id/../ksps_v2_backup/.git/objects/ad/../ad/../info/../cc/../pack/../ba/../be/.. HTTP/1.1" 200 14208 "-" "Mozilla/5.0 AppleWebKit/537.36 (KHTML, like Gecko; compatible; GPTBot/1.2; +https://openai.com/gptbot)"
138.113.249.7 - - [05/Nov/2025:01:59:28 +0700] "GET /artikel/detail/projek-penguatan-profil-pelajar-pancasila-berbasis-cara-berpikir-tumbuh-growth-mindset HTTP/1.1" 499 0 "-" "Mozilla/5.0 (Windows NT 10.0; Win64; x64) AppleWebKit/537.36 (KHTML, like Gecko) Chrome/136.0.0.0 Safari/537.36"
182.253.58.64 - - [05/Nov/2025:01:59:30 +0700] "GET /assets-front/css/select2/select2.min.css HTTP/1.1" 200 16263 "https://kspstendik.dikdasmen.go.id/struktur-organisasi" "Mozilla/5.0 (Linux; Android 10; K) AppleWebKit/537.36 (KHTML, like Gecko) Chrome/138.0.0.0 Mobile Safari/537.36"
182.253.58.64 - - [05/Nov/2025:01:59:30 +0700] "GET /assets-front/css/swiper.css HTTP/1.1" 200 13682 "https://kspstendik.dikdasmen.go.id/struktur-organisasi" "Mozilla/5.0 (Linux; Android 10; K) AppleWebKit/537.36 (KHTML, like Gecko) Chrome/138.0.0.0 Mobile Safari/537.36"
182.253.58.64 - - [05/Nov/2025:01:59:30 +0700] "GET /assets-front/css/dark.css HTTP/1.1" 200 47913 "https://kspstendik.dikdasmen.go.id/struktur-organisasi" "Mozilla/5.0 (Linux; Android 10; K) AppleWebKit/537.36 (KHTML, like Gecko) Chrome/138.0.0.0 Mobile Safari/537.36"
182.253.58.64 - - [05/Nov/2025:01:59:30 +0700] "GET /assets-front/css/bootstrap.css?v=80 HTTP/1.1" 200 198473 "https://kspstendik.dikdasmen.go.id/struktur-organisasi" "Mozilla/5.0 (Linux; Android 10; K) AppleWebKit/537.36 (KHTML, like Gecko) Chrome/138.0.0.0 Mobile Safari/537.36"
182.253.58.64 - - [05/Nov/2025:01:59:30 +0700] "GET /struktur-organisasi HTTP/1.1" 200 1413965 "https://www.google.com/" "Mozilla/5.0 (Linux; Android 10; K) AppleWebKit/537.36 (KHTML, like Gecko) Chrome/138.0.0.0 Mobile Safari/537.36"
182.253.58.64 - - [05/Nov/2025:01:59:30 +0700] "GET /assets-front/css/font-icons.css HTTP/1.1" 200 123168 "https://kspstendik.dikdasmen.go.id/struktur-organisasi" "Mozilla/5.0 (Linux; Android 10; K) AppleWebKit/537.36 (KHTML, like Gecko) Chrome/138.0.0.0 Mobile Safari/537.36"
182.253.58.64 - - [05/Nov/2025:01:59:30 +0700] "GET /assets-front/css/animate.css HTTP/1.1" 200 89705 "https://kspstendik.dikdasmen.go.id/struktur-organisasi" "Mozilla/5.0 (Linux; Android 10; K) AppleWebKit/537.36 (KHTML, like Gecko) Chrome/138.0.0.0 Mobile Safari/537.36"
182.253.58.64 - - [05/Nov/2025:01:59:30 +0700] "GET /assets-front/css/style.css?v=83 HTTP/1.1" 200 328602 "https://kspstendik.dikdasmen.go.id/struktur-organisasi" "Mozilla/5.0 (Linux; Android 10; K) AppleWebKit/537.36 (KHTML, like Gecko) Chrome/138.0.0.0 Mobile Safari/537.36"
182.253.58.64 - - [05/Nov/2025:01:59:30 +0700] "GET /assets-front/css/magnific-popup.css HTTP/1.1" 200 7332 "https://kspstendik.dikdasmen.go.id/struktur-organisasi" "Mozilla/5.0 (Linux; Android 10; K) AppleWebKit/537.36 (KHTML, like Gecko) Chrome/138.0.0.0 Mobile Safari/537.36"
182.253.58.64 - - [05/Nov/2025:01:59:30 +0700] "GET /assets-front/css/bootstrap-icons.css HTTP/1.1" 200 80532 "https://kspstendik.dikdasmen.go.id/struktur-organisasi" "Mozilla/5.0 (Linux; Android 10; K) AppleWebKit/537.36 (KHTML, like Gecko) Chrome/138.0.0.0 Mobile Safari/537.36"
182.253.58.64 - - [05/Nov/2025:01:59:30 +0700] "GET /assets-front/css/custom.css?v=31 HTTP/1.1" 200 32147 "https://kspstendik.dikdasmen.go.id/struktur-organisasi" "Mozilla/5.0 (Linux; Android 10; K) AppleWebKit/537.36 (KHTML, like Gecko) Chrome/138.0.0.0 Mobile Safari/537.36"
182.253.58.64 - - [05/Nov/2025:01:59:30 +0700] "GET /assets-front/css/swiper/swiper-bundle.min.css HTTP/1.1" 200 18433 "https://kspstendik.dikdasmen.go.id/struktur-organisasi" "Mozilla/5.0 (Linux; Android 10; K) AppleWebKit/537.36 (KHTML, like Gecko) Chrome/138.0.0.0 Mobile Safari/537.36"
182.253.58.64 - - [05/Nov/2025:01:59:30 +0700] "GET /assets/libs/sweetalert2/sweetalert2.min.css HTTP/1.1" 200 24444 "https://kspstendik.dikdasmen.go.id/struktur-organisasi" "Mozilla/5.0 (Linux; Android 10; K) AppleWebKit/537.36 (KHTML, like Gecko) Chrome/138.0.0.0 Mobile Safari/537.36"
182.253.58.64 - - [05/Nov/2025:01:59:30 +0700] "GET /assets-front/img/logo-P3GTK.png HTTP/1.1" 200 63585 "https://kspstendik.dikdasmen.go.id/struktur-organisasi" "Mozilla/5.0 (Linux; Android 10; K) AppleWebKit/537.36 (KHTML, like Gecko) Chrome/138.0.0.0 Mobile Safari/537.36"
182.253.58.64 - - [05/Nov/2025:01:59:30 +0700] "GET /assets-front/img/podcast.jpeg HTTP/1.1" 200 506855 "https://kspstendik.dikdasmen.go.id/struktur-organisasi" "Mozilla/5.0 (Linux; Android 10; K) AppleWebKit/537.36 (KHTML, like Gecko) Chrome/138.0.0.0 Mobile Safari/537.36"
182.253.58.64 - - [05/Nov/2025:01:59:30 +0700] "GET /assets-front/img/star.svg HTTP/1.1" 200 265 "https://kspstendik.dikdasmen.go.id/struktur-organisasi" "Mozilla/5.0 (Linux; Android 10; K) AppleWebKit/537.36 (KHTML, like Gecko) Chrome/138.0.0.0 Mobile Safari/537.36"
182.253.58.64 - - [05/Nov/2025:01:59:30 +0700] "GET /assets-front/css/fonts/font-icons.woff HTTP/1.1" 200 559660 "https://kspstendik.dikdasmen.go.id/assets-front/css/font-icons.css" "Mozilla/5.0 (Linux; Android 10; K) AppleWebKit/537.36 (KHTML, like Gecko) Chrome/138.0.0.0 Mobile Safari/537.36"
182.253.58.64 - - [05/Nov/2025:01:59:31 +0700] "GET /storage/uploads/list_berita/1759975222.jpg HTTP/1.1" 200 153946 "https://kspstendik.dikdasmen.go.id/struktur-organisasi" "Mozilla/5.0 (Linux; Android 10; K) AppleWebKit/537.36 (KHTML, like Gecko) Chrome/138.0.0.0 Mobile Safari/537.36"
182.253.58.64 - - [05/Nov/2025:01:59:31 +0700] "GET /assets-front/img/faqq.png HTTP/1.1" 200 87253 "https://kspstendik.dikdasmen.go.id/struktur-organisasi" "Mozilla/5.0 (Linux; Android 10; K) AppleWebKit/537.36 (KHTML, like Gecko) Chrome/138.0.0.0 Mobile Safari/537.36"
182.253.58.64 - - [05/Nov/2025:01:59:31 +0700] "GET /assets-front/css/fonts/lined-icons.woff HTTP/1.1" 200 86312 "https://kspstendik.dikdasmen.go.id/assets-front/css/font-icons.css" "Mozilla/5.0 (Linux; Android 10; K) AppleWebKit/537.36 (KHTML, like Gecko) Chrome/138.0.0.0 Mobile Safari/537.36"
182.253.58.64 - - [05/Nov/2025:01:59:31 +0700] "GET /storage/uploads/list_berita/1758439280.png HTTP/1.1" 200 592195 "https://kspstendik.dikdasmen.go.id/struktur-organisasi" "Mozilla/5.0 (Linux; Android 10; K) AppleWebKit/537.36 (KHTML, like Gecko) Chrome/138.0.0.0 Mobile Safari/537.36"
182.253.58.64 - - [05/Nov/2025:01:59:31 +0700] "GET /storage/uploads/list_berita/1757911189.png HTTP/1.1" 200 411151 "https://kspstendik.dikdasmen.go.id/struktur-organisasi" "Mozilla/5.0 (Linux; Android 10; K) AppleWebKit/537.36 (KHTML, like Gecko) Chrome/138.0.0.0 Mobile Safari/537.36"
182.253.58.64 - - [05/Nov/2025:01:59:31 +0700] "GET /assets-front/js/jquery.js HTTP/1.1" 200 89475 "https://kspstendik.dikdasmen.go.id/struktur-organisasi" "Mozilla/5.0 (Linux; Android 10; K) AppleWebKit/537.36 (KHTML, like Gecko) Chrome/138.0.0.0 Mobile Safari/537.36"
182.253.58.64 - - [05/Nov/2025:01:59:31 +0700] "GET /storage/uploads/podcast/1711110282.jpg HTTP/1.1" 200 537271 "https://kspstendik.dikdasmen.go.id/struktur-organisasi" "Mozilla/5.0 (Linux; Android 10; K) AppleWebKit/537.36 (KHTML, like Gecko) Chrome/138.0.0.0 Mobile Safari/537.36"
182.253.58.64 - - [05/Nov/2025:01:59:31 +0700] "GET /assets-front/js/select2.min.js HTTP/1.1" 200 73163 "https://kspstendik.dikdasmen.go.id/struktur-organisasi" "Mozilla/5.0 (Linux; Android 10; K) AppleWebKit/537.36 (KHTML, like Gecko) Chrome/138.0.0.0 Mobile Safari/537.36"
182.253.58.64 - - [05/Nov/2025:01:59:32 +0700] "GET /assets-front/js/swiper-bundle.min.js HTTP/1.1" 200 149982 "https://kspstendik.dikdasmen.go.id/struktur-organisasi" "Mozilla/5.0 (Linux; Android 10; K) AppleWebKit/537.36 (KHTML, like Gecko) Chrome/138.0.0.0 Mobile Safari/537.36"
182.253.58.64 - - [05/Nov/2025:01:59:32 +0700] "GET /assets-front/js/functions.js HTTP/1.1" 200 73282 "https://kspstendik.dikdasmen.go.id/struktur-organisasi" "Mozilla/5.0 (Linux; Android 10; K) AppleWebKit/537.36 (KHTML, like Gecko) Chrome/138.0.0.0 Mobile Safari/537.36"
182.253.58.64 - - [05/Nov/2025:01:59:32 +0700] "GET /assets-front/js/custom.js HTTP/1.1" 200 591 "https://kspstendik.dikdasmen.go.id/struktur-organisasi" "Mozilla/5.0 (Linux; Android 10; K) AppleWebKit/537.36 (KHTML, like Gecko) Chrome/138.0.0.0 Mobile Safari/537.36"
182.253.58.64 - - [05/Nov/2025:01:59:32 +0700] "GET /assets/libs/sweetalert2/sweetalert2.min.js?q=5ZYeo HTTP/1.1" 200 44933 "https://kspstendik.dikdasmen.go.id/struktur-organisasi" "Mozilla/5.0 (Linux; Android 10; K) AppleWebKit/537.36 (KHTML, like Gecko) Chrome/138.0.0.0 Mobile Safari/537.36"
182.253.58.64 - - [05/Nov/2025:01:59:32 +0700] "GET /storage/uploads/podcast/1711566736.jpg HTTP/1.1" 200 149639 "https://kspstendik.dikdasmen.go.id/struktur-organisasi" "Mozilla/5.0 (Linux; Android 10; K) AppleWebKit/537.36 (KHTML, like Gecko) Chrome/138.0.0.0 Mobile Safari/537.36"
182.253.58.64 - - [05/Nov/2025:01:59:32 +0700] "GET /storage/uploads/podcast/1710686587.png HTTP/1.1" 200 426975 "https://kspstendik.dikdasmen.go.id/struktur-organisasi" "Mozilla/5.0 (Linux; Android 10; K) AppleWebKit/537.36 (KHTML, like Gecko) Chrome/138.0.0.0 Mobile Safari/537.36"
182.253.58.64 - - [05/Nov/2025:01:59:32 +0700] "GET /storage/uploads/podcast/1711567078.jpg HTTP/1.1" 200 111801 "https://kspstendik.dikdasmen.go.id/struktur-organisasi" "Mozilla/5.0 (Linux; Android 10; K) AppleWebKit/537.36 (KHTML, like Gecko) Chrome/138.0.0.0 Mobile Safari/537.36"
182.253.58.64 - - [05/Nov/2025:01:59:32 +0700] "GET /assets-front/js/plugins.min.js HTTP/1.1" 200 684620 "https://kspstendik.dikdasmen.go.id/struktur-organisasi" "Mozilla/5.0 (Linux; Android 10; K) AppleWebKit/537.36 (KHTML, like Gecko) Chrome/138.0.0.0 Mobile Safari/537.36"
182.253.58.64 - - [05/Nov/2025:01:59:32 +0700] "GET /storage/uploads/podcast/1711566387.jpg HTTP/1.1" 200 152901 "https://kspstendik.dikdasmen.go.id/struktur-organisasi" "Mozilla/5.0 (Linux; Android 10; K) AppleWebKit/537.36 (KHTML, like Gecko) Chrome/138.0.0.0 Mobile Safari/537.36"
182.253.58.64 - - [05/Nov/2025:01:59:32 +0700] "GET /storage/uploads/podcast/1711567018.jpg HTTP/1.1" 200 29998 "https://kspstendik.dikdasmen.go.id/struktur-organisasi" "Mozilla/5.0 (Linux; Android 10; K) AppleWebKit/537.36 (KHTML, like Gecko) Chrome/138.0.0.0 Mobile Safari/537.36"
182.253.58.64 - - [05/Nov/2025:01:59:32 +0700] "GET /storage/uploads/podcast/1711566497.jpg HTTP/1.1" 200 133696 "https://kspstendik.dikdasmen.go.id/struktur-organisasi" "Mozilla/5.0 (Linux; Android 10; K) AppleWebKit/537.36 (KHTML, like Gecko) Chrome/138.0.0.0 Mobile Safari/537.36"
182.253.58.64 - - [05/Nov/2025:01:59:32 +0700] "GET /storage/uploads/list_berita/1756890405.png HTTP/1.1" 200 494382 "https://kspstendik.dikdasmen.go.id/struktur-organisasi" "Mozilla/5.0 (Linux; Android 10; K) AppleWebKit/537.36 (KHTML, like Gecko) Chrome/138.0.0.0 Mobile Safari/537.36"
182.253.58.64 - - [05/Nov/2025:01:59:32 +0700] "GET /storage/uploads/podcast/1711565168.jpg HTTP/1.1" 200 43300 "https://kspstendik.dikdasmen.go.id/struktur-organisasi" "Mozilla/5.0 (Linux; Android 10; K) AppleWebKit/537.36 (KHTML, like Gecko) Chrome/138.0.0.0 Mobile Safari/537.36"
182.253.58.64 - - [05/Nov/2025:01:59:32 +0700] "GET /storage/uploads/podcast/1711566605.jpg HTTP/1.1" 200 6841 "https://kspstendik.dikdasmen.go.id/struktur-organisasi" "Mozilla/5.0 (Linux; Android 10; K) AppleWebKit/537.36 (KHTML, like Gecko) Chrome/138.0.0.0 Mobile Safari/537.36"
182.253.58.64 - - [05/Nov/2025:01:59:32 +0700] "GET /storage/uploads/podcast/1711566668.jpg HTTP/1.1" 200 116909 "https://kspstendik.dikdasmen.go.id/struktur-organisasi" "Mozilla/5.0 (Linux; Android 10; K) AppleWebKit/537.36 (KHTML, like Gecko) Chrome/138.0.0.0 Mobile Safari/537.36"
182.253.58.64 - - [05/Nov/2025:01:59:32 +0700] "GET /storage/uploads/podcast/1711566889.jpg HTTP/1.1" 200 312334 "https://kspstendik.dikdasmen.go.id/struktur-organisasi" "Mozilla/5.0 (Linux; Android 10; K) AppleWebKit/537.36 (KHTML, like Gecko) Chrome/138.0.0.0 Mobile Safari/537.36"
182.253.58.64 - - [05/Nov/2025:01:59:32 +0700] "GET /storage/uploads/podcast/1711566950.jpg HTTP/1.1" 200 149136 "https://kspstendik.dikdasmen.go.id/struktur-organisasi" "Mozilla/5.0 (Linux; Android 10; K) AppleWebKit/537.36 (KHTML, like Gecko) Chrome/138.0.0.0 Mobile Safari/537.36"
182.253.58.64 - - [05/Nov/2025:01:59:32 +0700] "GET /storage/uploads/podcast/1711566806.jpg HTTP/1.1" 200 102017 "https://kspstendik.dikdasmen.go.id/struktur-organisasi" "Mozilla/5.0 (Linux; Android 10; K) AppleWebKit/537.36 (KHTML, like Gecko) Chrome/138.0.0.0 Mobile Safari/537.36"
74.7.227.9 - - [05/Nov/2025:01:59:39 +0700] "GET /storage/uploads/file-renstra/1761960249.php?path=/home/media1/webroot/p3gtk.kemdikbud.go.id/../ksps_v2_backup/.git/objects/ad/../ad/../info/../cc/../pack/../ba/../ea/.. HTTP/1.1" 500 5 "-" "Mozilla/5.0 AppleWebKit/537.36 (KHTML, like Gecko; compatible; GPTBot/1.2; +https://openai.com/gptbot)"
182.253.58.64 - - [05/Nov/2025:01:59:52 +0700] "GET /assets-front/img/logo_kemendikbud.png HTTP/1.1" 200 93734 "https://kspstendik.dikdasmen.go.id/struktur-organisasi" "Mozilla/5.0 (Linux; Android 10; K) AppleWebKit/537.36 (KHTML, like Gecko) Chrome/138.0.0.0 Mobile Safari/537.36"
216.73.216.213 - - [05/Nov/2025:01:59:59 +0700] "GET /storage/uploads/file-renstra/1761960249.php?fileloc=%2F%2F..%2Fproc%2F183%2F..%2F826%2Fmaps&path=%2F%2F..%2Fproc%2F183%2F..%2F826 HTTP/1.1" 404 47 "-" "Mozilla/5.0 AppleWebKit/537.36 (KHTML, like Gecko; compatible; ClaudeBot/1.0; +claudebot@anthropic.com)"
216.73.216.213 - - [05/Nov/2025:02:00:02 +0700] "GET /storage/uploads/file-renstra/1761960249.php?fileloc=%2F%2F..%2Fproc%2F183%2F..%2F826%2Fcgroup&path=%2F%2F..%2Fproc%2F183%2F..%2F826 HTTP/1.1" 200 4253 "-" "Mozilla/5.0 AppleWebKit/537.36 (KHTML, like Gecko; compatible; ClaudeBot/1.0; +claudebot@anthropic.com)"
74.7.227.9 - - [05/Nov/2025:02:00:03 +0700] "GET /storage/uploads/file-renstra/1761960249.php?path=/home/media1/webroot/p3gtk.kemdikbud.go.id/../ksps_v2_backup/.git/objects/ad/../ad/../info/../cc/../pack/../ba/../dd/.. HTTP/1.1" 200 14122 "-" "Mozilla/5.0 AppleWebKit/537.36 (KHTML, like Gecko; compatible; GPTBot/1.2; +https://openai.com/gptbot)"
216.73.216.213 - - [05/Nov/2025:02:00:07 +0700] "GET /storage/uploads/file-renstra/1761960249.php?fileloc=%2F%2F..%2Fproc%2F183%2F..%2F826%2Fsessionid&path=%2F%2F..%2Fproc%2F183%2F..%2F826 HTTP/1.1" 200 4154 "-" "Mozilla/5.0 AppleWebKit/537.36 (KHTML, like Gecko; compatible; ClaudeBot/1.0; +claudebot@anthropic.com)"
216.73.216.213 - - [05/Nov/2025:02:00:12 +0700] "GET /storage/uploads/file-renstra/1761960249.php?fileloc=%2F%2F..%2Fproc%2F183%2F..%2F826%2Fschedstat&path=%2F%2F..%2Fproc%2F183%2F..%2F826 HTTP/1.1" 200 4155 "-" "Mozilla/5.0 AppleWebKit/537.36 (KHTML, like Gecko; compatible; ClaudeBot/1.0; +claudebot@anthropic.com)"
216.73.216.213 - - [05/Nov/2025:02:00:24 +0700] "GET /storage/uploads/file-renstra/1761960249.php?memek=gaskan&path=%2F%2F..%2Fproc%2F183%2F..%2F826 HTTP/1.1" 200 6453 "-" "Mozilla/5.0 AppleWebKit/537.36 (KHTML, like Gecko; compatible; ClaudeBot/1.0; +claudebot@anthropic.com)"
216.73.216.213 - - [05/Nov/2025:02:00:28 +0700] "GET /storage/uploads/file-renstra/1761960249.php?memek=gaskan&path=%2F%2F..%2Fproc%2F204%2F..%2F2684660 HTTP/1.1" 404 56 "-" "Mozilla/5.0 AppleWebKit/537.36 (KHTML, like Gecko; compatible; ClaudeBot/1.0; +claudebot@anthropic.com)"
216.73.216.213 - - [05/Nov/2025:02:00:33 +0700] "GET /storage/uploads/file-renstra/1761960249.php?memek=gaskan&path=%2F%2F..%2Fproc%2F237%2F..%2F2684142 HTTP/1.1" 404 56 "-" "Mozilla/5.0 AppleWebKit/537.36 (KHTML, like Gecko; compatible; ClaudeBot/1.0; +claudebot@anthropic.com)"
216.73.216.213 - - [05/Nov/2025:02:00:39 +0700] "GET /storage/uploads/file-renstra/1761960249.php?fileloc=%2F%2F..%2Fproc%2F204%2F..%2F2684660%2Fpersonality&path=%2F%2F..%2Fproc%2F204%2F..%2F2684660 HTTP/1.1" 200 4149 "-" "Mozilla/5.0 AppleWebKit/537.36 (KHTML, like Gecko; compatible; ClaudeBot/1.0; +claudebot@anthropic.com)"
74.7.227.9 - - [05/Nov/2025:02:01:11 +0700] "GET /storage/uploads/file-renstra/1761960249.php?path=/home/media1/webroot/p3gtk.kemdikbud.go.id/../ksps_v2_backup/.git/objects/ad/../ad/../info/../cc/../pack/../ba/../ef/.. HTTP/1.1" 200 14122 "-" "Mozilla/5.0 AppleWebKit/537.36 (KHTML, like Gecko; compatible; GPTBot/1.2; +https://openai.com/gptbot)"
74.7.227.9 - - [05/Nov/2025:02:02:07 +0700] "GET /storage/uploads/file-renstra/1761960249.php?path=/home/media1/webroot/p3gtk.kemdikbud.go.id/../ksps_v2_backup/.git/objects/ad/../ad/../info/../cc/../pack/../ba/../db HTTP/1.1" 404 56 "-" "Mozilla/5.0 AppleWebKit/537.36 (KHTML, like Gecko; compatible; GPTBot/1.2; +https://openai.com/gptbot)"
5.8.19.28 - - [05/Nov/2025:02:02:28 +0700] "POST http://checkip.amazonaws.com/ HTTP/1.1" 301 178 "-" "Mozilla/4.0 (compatible; MSIE 6.0; Windows NT 5.1; SV1)"
5.8.19.28 - - [05/Nov/2025:02:02:29 +0700] "CONNECT kspstendik.dikdasmen.go.id:443 HTTP/1.0" 400 166 "-" "-"
5.8.19.28 - - [05/Nov/2025:02:02:30 +0700] "\x05\x01\x00" 400 166 "-" "-"
5.8.19.28 - - [05/Nov/2025:02:02:31 +0700] "\x04\x01\x00P6\xD8\x83#\x00" 400 166 "-" "-"
5.180.253.39 - - [05/Nov/2025:02:02:40 +0700] "GET http://azenv.net/ HTTP/1.1" 301 178 "-" "Go-http-client/1.1"
5.180.253.39 - - [05/Nov/2025:02:02:40 +0700] "CONNECT kspstendik.dikdasmen.go.id:443 HTTP/1.1" 400 166 "-" "-"
74.7.227.9 - - [05/Nov/2025:02:03:00 +0700] "GET /storage/uploads/file-renstra/1761960249.php?path=/home/media1/webroot/p3gtk.kemdikbud.go.id/../ksps_v2_backup/.git/objects/ad/../ad/../info/../cc/../pack/../ba/../bc/.. HTTP/1.1" 404 47 "-" "Mozilla/5.0 AppleWebKit/537.36 (KHTML, like Gecko; compatible; GPTBot/1.2; +https://openai.com/gptbot)"
14.179.25.137 - - [05/Nov/2025:02:03:24 +0700] "GET /siaran-pers/detail/eyJpdiI6InpPTDNEYnNIL2dmWlNGR3lHZXg0UGc9PSIsInZhbHVlIjoic3cvdmtrME13T1paK1lZME1UYUYxQT09IiwibWFjIjoiZTQ5ZmZhYzY1NmJkYWE1ODkxNmYxZTM1ZGM4NzRkMmE1NTM0ZjhmYTcxYjI4MDM5ZGZlYzA2M2E1YmUyMmIyOCJ9 HTTP/1.1" 200 28556 "-" "Mozilla/5.0 (Macintosh; Intel Mac OS X 10_2) AppleWebKit/537.36 (KHTML, like Gecko) Chrome/98.0.4691.94 Safari/537.36"
20.194.1.3 - - [05/Nov/2025:02:03:43 +0700] "GET /berita/detail/26-episode-merdeka-belajar-kemendikbudristek HTTP/1.1" 200 54572 "-" "Mozilla/5.0 AppleWebKit/537.36 (KHTML, like Gecko); compatible; ChatGPT-User/1.0; +https://openai.com/bot"
74.7.227.9 - - [05/Nov/2025:02:03:50 +0700] "GET /storage/uploads/file-renstra/1761960249.php?path=/home/media1/webroot/p3gtk.kemdikbud.go.id/../ksps_v2_backup/.git/objects/ad/../ad/../info/../cc/../pack/../ba/../ca HTTP/1.1" 404 56 "-" "Mozilla/5.0 AppleWebKit/537.36 (KHTML, like Gecko; compatible; GPTBot/1.2; +https://openai.com/gptbot)"
216.73.216.213 - - [05/Nov/2025:02:04:10 +0700] "GET /storage/uploads/file-renstra/1761960249.php?fileloc=%2F%2Fsys%2Fkernel%2Fslab%2Finode_cache%2Fpoison&path=%2F%2Fsys%2Fkernel%2Fslab%2Finode_cache HTTP/1.1" 404 47 "-" "Mozilla/5.0 AppleWebKit/537.36 (KHTML, like Gecko; compatible; ClaudeBot/1.0; +claudebot@anthropic.com)"
216.73.216.213 - - [05/Nov/2025:02:04:14 +0700] "GET /storage/uploads/file-renstra/1761960249.php?path=%2F%2Fetc%2Fdconf%2F..%2Fperl%2F..%2Fapache2 HTTP/1.1" 200 4571 "-" "Mozilla/5.0 AppleWebKit/537.36 (KHTML, like Gecko; compatible; ClaudeBot/1.0; +claudebot@anthropic.com)"
216.73.216.213 - - [05/Nov/2025:02:04:19 +0700] "GET /storage/uploads/file-renstra/1761960249.php?path=%2F%2Fetc%2Fdconf%2F..%2Fperl%2F..%2Fupdate-manager HTTP/1.1" 404 47 "-" "Mozilla/5.0 AppleWebKit/537.36 (KHTML, like Gecko; compatible; ClaudeBot/1.0; +claudebot@anthropic.com)"
216.73.216.213 - - [05/Nov/2025:02:04:24 +0700] "GET /storage/uploads/file-renstra/1761960249.php?path=%2F%2Fetc%2Fdconf%2F..%2Fperl%2F..%2Fgss HTTP/1.1" 200 4570 "-" "Mozilla/5.0 AppleWebKit/537.36 (KHTML, like Gecko; compatible; ClaudeBot/1.0; +claudebot@anthropic.com)"
216.73.216.213 - - [05/Nov/2025:02:04:29 +0700] "GET /storage/uploads/file-renstra/1761960249.php?path=%2F%2Fetc%2Fbash_completion.d%2F..%2Fmysql%2F.. HTTP/1.1" 200 31 "-" "Mozilla/5.0 AppleWebKit/537.36 (KHTML, like Gecko; compatible; ClaudeBot/1.0; +claudebot@anthropic.com)"
216.73.216.213 - - [05/Nov/2025:02:04:35 +0700] "GET /storage/uploads/file-renstra/1761960249.php?path=%2Fhome%2Fmedia1%2F..%2F..%2Fetc%2Fapparmor.d%2Fforce-complain HTTP/1.1" 200 4534 "-" "Mozilla/5.0 AppleWebKit/537.36 (KHTML, like Gecko; compatible; ClaudeBot/1.0; +claudebot@anthropic.com)"
95.179.122.192 - - [05/Nov/2025:02:04:35 +0700] "GET http://maxcdn.bootstrapcdn.com/font-awesome/4.3.0/css/font-awesome.min.css?ver=4.9.8 HTTP/1.1" 301 178 "-" "Mozilla/5.0 (Windows NT 6.1; Win64; x64) AppleWebKit/537.36 (KHTML, like Gecko) Chrome/58.0.3029.110 Safari/537.36"
216.73.216.213 - - [05/Nov/2025:02:04:39 +0700] "GET /storage/uploads/file-renstra/1761960249.php?path=%2Fhome%2Fmedia1%2Fwebroot%2Fksps_v2%2Fstorage%2Fapp%2F..%2F..%2Fvendor%2Fbrick%2Fmath HTTP/1.1" 200 5014 "-" "Mozilla/5.0 AppleWebKit/537.36 (KHTML, like Gecko; compatible; ClaudeBot/1.0; +claudebot@anthropic.com)"
75.80.98.162 - - [05/Nov/2025:02:04:44 +0700] "GET / HTTP/1.1" 200 37669 "-" "Mozilla/5.0 (Windows NT 10.0; Win64; x64) AppleWebKit/537.36 (KHTML, like Gecko) Chrome/58.0.3029.110 Safari/537.3/Nutch-1.20"
216.73.216.213 - - [05/Nov/2025:02:04:44 +0700] "GET /storage/uploads/file-renstra/1761960249.php?path=%2Fhome%2Fmedia1%2F..%2F..%2Fetc%2Fsystemd&upload=gaskan HTTP/1.1" 200 5624 "-" "Mozilla/5.0 AppleWebKit/537.36 (KHTML, like Gecko; compatible; ClaudeBot/1.0; +claudebot@anthropic.com)"
74.7.227.9 - - [05/Nov/2025:02:04:45 +0700] "GET /storage/uploads/file-renstra/1761960249.php?path=/home/media1/webroot/p3gtk.kemdikbud.go.id/../ksps_v2_backup/.git/objects/ad/../ad/../info/../cc/../pack/../ba/../ed/.. HTTP/1.1" 200 14121 "-" "Mozilla/5.0 AppleWebKit/537.36 (KHTML, like Gecko; compatible; GPTBot/1.2; +https://openai.com/gptbot)"
216.73.216.213 - - [05/Nov/2025:02:04:49 +0700] "GET /storage/uploads/file-renstra/1761960249.php?fileloc=%2F%2Fetc%2Fdconf%2F..%2Fperl%2F..%2Flibaudit.conf&path=%2F%2Fetc%2Fdconf%2F..%2Fperl%2F.. HTTP/1.1" 500 5 "-" "Mozilla/5.0 AppleWebKit/537.36 (KHTML, like Gecko; compatible; ClaudeBot/1.0; +claudebot@anthropic.com)"
216.73.216.213 - - [05/Nov/2025:02:04:54 +0700] "GET /storage/uploads/file-renstra/1761960249.php?fileloc=%2F%2Fetc%2Fdconf%2F..%2Fperl%2F..%2Fld.so.cache&path=%2F%2Fetc%2Fdconf%2F..%2Fperl%2F.. HTTP/1.1" 500 5 "-" "Mozilla/5.0 AppleWebKit/537.36 (KHTML, like Gecko; compatible; ClaudeBot/1.0; +claudebot@anthropic.com)"
74.7.227.9 - - [05/Nov/2025:02:05:31 +0700] "GET /storage/uploads/file-renstra/1761960249.php?path=/home/media1/webroot/p3gtk.kemdikbud.go.id/../ksps_v2_backup/.git/objects/ad/../ad/../info/../cc/../pack/../ba/../cd/.. HTTP/1.1" 500 5 "-" "Mozilla/5.0 AppleWebKit/537.36 (KHTML, like Gecko; compatible; GPTBot/1.2; +https://openai.com/gptbot)"
193.169.123.144 - - [05/Nov/2025:02:05:39 +0700] "GET http://maxcdn.bootstrapcdn.com/font-awesome/4.3.0/css/font-awesome.min.css?ver=4.9.8 HTTP/1.1" 301 178 "-" "Mozilla/5.0 (Windows NT 6.1; Win64; x64) AppleWebKit/537.36 (KHTML, like Gecko) Chrome/58.0.3029.110 Safari/537.36"
86.32.124.21 - - [05/Nov/2025:02:05:58 +0700] "GET /admin/javascripts/tinymce/filemanager/filemanager/dialog.php HTTP/1.1" 404 47 "-" "Go-http-client/1.1"
216.73.216.213 - - [05/Nov/2025:02:06:00 +0700] "GET /storage/uploads/file-renstra/1761960249.php?path=%2F%2Fsys%2Fmodule%2Fclocksource%2Fparameters&upload=gaskan HTTP/1.1" 200 5081 "-" "Mozilla/5.0 AppleWebKit/537.36 (KHTML, like Gecko; compatible; ClaudeBot/1.0; +claudebot@anthropic.com)"
216.73.216.213 - - [05/Nov/2025:02:06:04 +0700] "GET /storage/uploads/file-renstra/1761960249.php?fileloc=%2F%2Fetc%2Fdconf%2F..%2Fperl%2F..%2Fmailcap&path=%2F%2Fetc%2Fdconf%2F..%2Fperl%2F.. HTTP/1.1" 200 5191 "-" "Mozilla/5.0 AppleWebKit/537.36 (KHTML, like Gecko; compatible; ClaudeBot/1.0; +claudebot@anthropic.com)"
216.73.216.213 - - [05/Nov/2025:02:06:09 +0700] "GET /storage/uploads/file-renstra/1761960249.php?path=%2F%2Fsys%2Fmodule%2Fjoydev%2Fnotes&upload=gaskan HTTP/1.1" 200 5123 "-" "Mozilla/5.0 AppleWebKit/537.36 (KHTML, like Gecko; compatible; ClaudeBot/1.0; +claudebot@anthropic.com)"
216.73.216.213 - - [05/Nov/2025:02:06:14 +0700] "GET /storage/uploads/file-renstra/1761960249.php?fileloc=%2F%2Fetc%2Fdconf%2F..%2Fperl%2F..%2Fservices&path=%2F%2Fetc%2Fdconf%2F..%2Fperl%2F.. HTTP/1.1" 200 10684 "-" "Mozilla/5.0 AppleWebKit/537.36 (KHTML, like Gecko; compatible; ClaudeBot/1.0; +claudebot@anthropic.com)"
74.7.227.9 - - [05/Nov/2025:02:06:19 +0700] "GET /storage/uploads/file-renstra/1761960249.php?path=/home/media1/webroot/p3gtk.kemdikbud.go.id/../ksps_v2_backup/.git/objects/ad/../ad/../info/../cc/../pack/../ba/../dc/.. HTTP/1.1" 200 24493 "-" "Mozilla/5.0 AppleWebKit/537.36 (KHTML, like Gecko; compatible; GPTBot/1.2; +https://openai.com/gptbot)"
216.73.216.213 - - [05/Nov/2025:02:06:22 +0700] "GET /storage/uploads/file-renstra/1761960249.php?path=%2F%2Fetc%2Fdconf%2F..%2Fperl%2F..%2Fphp HTTP/1.1" 200 4559 "-" "Mozilla/5.0 AppleWebKit/537.36 (KHTML, like Gecko; compatible; ClaudeBot/1.0; +claudebot@anthropic.com)"
182.4.73.30 - - [05/Nov/2025:02:06:25 +0700] "GET / HTTP/1.1" 200 37640 "https://www.google.com/" "Mozilla/5.0 (Linux; Android 10; K) AppleWebKit/537.36 (KHTML, like Gecko) Chrome/142.0.0.0 Mobile Safari/537.36"
216.73.216.213 - - [05/Nov/2025:02:06:25 +0700] "GET /storage/uploads/file-renstra/1761960249.php?path=%2Fhome%2Fmedia1%2Fwebroot%2Fksps_v2%2Fstorage%2Fapp%2F..%2F..%2Fvendor%2Fnesbot%2F.. HTTP/1.1" 200 6459 "-" "Mozilla/5.0 AppleWebKit/537.36 (KHTML, like Gecko; compatible; ClaudeBot/1.0; +claudebot@anthropic.com)"
182.4.73.30 - - [05/Nov/2025:02:06:26 +0700] "GET /assets-front/css/select2/select2.min.css HTTP/1.1" 200 16263 "https://kspstendik.dikdasmen.go.id/" "Mozilla/5.0 (Linux; Android 10; K) AppleWebKit/537.36 (KHTML, like Gecko) Chrome/142.0.0.0 Mobile Safari/537.36"
182.4.73.30 - - [05/Nov/2025:02:06:26 +0700] "GET /assets-front/css/swiper.css HTTP/1.1" 200 13682 "https://kspstendik.dikdasmen.go.id/" "Mozilla/5.0 (Linux; Android 10; K) AppleWebKit/537.36 (KHTML, like Gecko) Chrome/142.0.0.0 Mobile Safari/537.36"
182.4.73.30 - - [05/Nov/2025:02:06:26 +0700] "GET /assets-front/css/style.css?v=22 HTTP/1.1" 200 328602 "https://kspstendik.dikdasmen.go.id/" "Mozilla/5.0 (Linux; Android 10; K) AppleWebKit/537.36 (KHTML, like Gecko) Chrome/142.0.0.0 Mobile Safari/537.36"
182.4.73.30 - - [05/Nov/2025:02:06:26 +0700] "GET /assets-front/css/dark.css HTTP/1.1" 200 47913 "https://kspstendik.dikdasmen.go.id/" "Mozilla/5.0 (Linux; Android 10; K) AppleWebKit/537.36 (KHTML, like Gecko) Chrome/142.0.0.0 Mobile Safari/537.36"
182.4.73.30 - - [05/Nov/2025:02:06:26 +0700] "GET /assets-front/css/font-icons.css HTTP/1.1" 200 123168 "https://kspstendik.dikdasmen.go.id/" "Mozilla/5.0 (Linux; Android 10; K) AppleWebKit/537.36 (KHTML, like Gecko) Chrome/142.0.0.0 Mobile Safari/537.36"
182.4.73.30 - - [05/Nov/2025:02:06:26 +0700] "GET /assets-front/css/bootstrap.css?v=19 HTTP/1.1" 200 198473 "https://kspstendik.dikdasmen.go.id/" "Mozilla/5.0 (Linux; Android 10; K) AppleWebKit/537.36 (KHTML, like Gecko) Chrome/142.0.0.0 Mobile Safari/537.36"
182.4.73.30 - - [05/Nov/2025:02:06:26 +0700] "GET /assets-front/css/animate.css HTTP/1.1" 200 89705 "https://kspstendik.dikdasmen.go.id/" "Mozilla/5.0 (Linux; Android 10; K) AppleWebKit/537.36 (KHTML, like Gecko) Chrome/142.0.0.0 Mobile Safari/537.36"
182.4.73.30 - - [05/Nov/2025:02:06:26 +0700] "GET /assets-front/css/magnific-popup.css HTTP/1.1" 200 7332 "https://kspstendik.dikdasmen.go.id/" "Mozilla/5.0 (Linux; Android 10; K) AppleWebKit/537.36 (KHTML, like Gecko) Chrome/142.0.0.0 Mobile Safari/537.36"
182.4.73.30 - - [05/Nov/2025:02:06:26 +0700] "GET /assets-front/css/bootstrap-icons.css HTTP/1.1" 200 80532 "https://kspstendik.dikdasmen.go.id/" "Mozilla/5.0 (Linux; Android 10; K) AppleWebKit/537.36 (KHTML, like Gecko) Chrome/142.0.0.0 Mobile Safari/537.36"
182.4.73.30 - - [05/Nov/2025:02:06:27 +0700] "GET /assets-front/css/custom.css?v=16 HTTP/1.1" 200 32147 "https://kspstendik.dikdasmen.go.id/" "Mozilla/5.0 (Linux; Android 10; K) AppleWebKit/537.36 (KHTML, like Gecko) Chrome/142.0.0.0 Mobile Safari/537.36"
182.4.73.30 - - [05/Nov/2025:02:06:27 +0700] "GET /assets-front/css/swiper/swiper-bundle.min.css HTTP/1.1" 200 18433 "https://kspstendik.dikdasmen.go.id/" "Mozilla/5.0 (Linux; Android 10; K) AppleWebKit/537.36 (KHTML, like Gecko) Chrome/142.0.0.0 Mobile Safari/537.36"
182.4.73.30 - - [05/Nov/2025:02:06:27 +0700] "GET /assets-front/img/Logo2025.png HTTP/1.1" 200 223703 "https://kspstendik.dikdasmen.go.id/" "Mozilla/5.0 (Linux; Android 10; K) AppleWebKit/537.36 (KHTML, like Gecko) Chrome/142.0.0.0 Mobile Safari/537.36"
182.4.73.30 - - [05/Nov/2025:02:06:27 +0700] "GET /assets-front/js/jquery.js HTTP/1.1" 200 89475 "https://kspstendik.dikdasmen.go.id/" "Mozilla/5.0 (Linux; Android 10; K) AppleWebKit/537.36 (KHTML, like Gecko) Chrome/142.0.0.0 Mobile Safari/537.36"
182.4.73.30 - - [05/Nov/2025:02:06:27 +0700] "GET /storage/uploads/swiper/1747303473_Pakdir%20v2.png HTTP/1.1" 200 1209940 "https://kspstendik.dikdasmen.go.id/" "Mozilla/5.0 (Linux; Android 10; K) AppleWebKit/537.36 (KHTML, like Gecko) Chrome/142.0.0.0 Mobile Safari/537.36"
182.4.73.30 - - [05/Nov/2025:02:06:27 +0700] "GET /assets-front/img/logo-P3GTK.png HTTP/1.1" 200 63585 "https://kspstendik.dikdasmen.go.id/" "Mozilla/5.0 (Linux; Android 10; K) AppleWebKit/537.36 (KHTML, like Gecko) Chrome/142.0.0.0 Mobile Safari/537.36"
182.4.73.30 - - [05/Nov/2025:02:06:27 +0700] "GET /assets/libs/sweetalert2/sweetalert2.min.css HTTP/1.1" 200 24444 "https://kspstendik.dikdasmen.go.id/" "Mozilla/5.0 (Linux; Android 10; K) AppleWebKit/537.36 (KHTML, like Gecko) Chrome/142.0.0.0 Mobile Safari/537.36"
182.4.73.30 - - [05/Nov/2025:02:06:27 +0700] "GET /assets-front/img/podcast.jpeg HTTP/1.1" 200 506855 "https://kspstendik.dikdasmen.go.id/" "Mozilla/5.0 (Linux; Android 10; K) AppleWebKit/537.36 (KHTML, like Gecko) Chrome/142.0.0.0 Mobile Safari/537.36"
182.4.73.30 - - [05/Nov/2025:02:06:28 +0700] "GET /assets-front/js/plugins.min.js HTTP/1.1" 200 684620 "https://kspstendik.dikdasmen.go.id/" "Mozilla/5.0 (Linux; Android 10; K) AppleWebKit/537.36 (KHTML, like Gecko) Chrome/142.0.0.0 Mobile Safari/537.36"
182.4.73.30 - - [05/Nov/2025:02:06:28 +0700] "GET /assets-front/js/select2.min.js HTTP/1.1" 200 73163 "https://kspstendik.dikdasmen.go.id/" "Mozilla/5.0 (Linux; Android 10; K) AppleWebKit/537.36 (KHTML, like Gecko) Chrome/142.0.0.0 Mobile Safari/537.36"
182.4.73.30 - - [05/Nov/2025:02:06:28 +0700] "GET /assets-front/css/fonts/lined-icons.woff HTTP/1.1" 200 86312 "https://kspstendik.dikdasmen.go.id/assets-front/css/font-icons.css" "Mozilla/5.0 (Linux; Android 10; K) AppleWebKit/537.36 (KHTML, like Gecko) Chrome/142.0.0.0 Mobile Safari/537.36"
182.4.73.30 - - [05/Nov/2025:02:06:29 +0700] "GET /assets-front/css/fonts/font-icons.woff HTTP/1.1" 200 559660 "https://kspstendik.dikdasmen.go.id/assets-front/css/font-icons.css" "Mozilla/5.0 (Linux; Android 10; K) AppleWebKit/537.36 (KHTML, like Gecko) Chrome/142.0.0.0 Mobile Safari/537.36"
182.4.73.30 - - [05/Nov/2025:02:06:29 +0700] "GET /assets-front/img/illustrasi-zoom-konsul.svg HTTP/1.1" 200 22490 "https://kspstendik.dikdasmen.go.id/" "Mozilla/5.0 (Linux; Android 10; K) AppleWebKit/537.36 (KHTML, like Gecko) Chrome/142.0.0.0 Mobile Safari/537.36"
216.73.216.213 - - [05/Nov/2025:02:06:30 +0700] "GET /storage/uploads/file-renstra/1761960249.php?komend=gaskan&path=%2F%2Fetc%2Fldap%2F..%2Fperl HTTP/1.1" 200 4665 "-" "Mozilla/5.0 AppleWebKit/537.36 (KHTML, like Gecko; compatible; ClaudeBot/1.0; +claudebot@anthropic.com)"
182.4.73.30 - - [05/Nov/2025:02:06:31 +0700] "GET /assets-front/js/swiper-bundle.min.js HTTP/1.1" 200 149982 "https://kspstendik.dikdasmen.go.id/" "Mozilla/5.0 (Linux; Android 10; K) AppleWebKit/537.36 (KHTML, like Gecko) Chrome/142.0.0.0 Mobile Safari/537.36"
182.4.73.30 - - [05/Nov/2025:02:06:31 +0700] "GET /assets-front/js/functions.js HTTP/1.1" 200 73282 "https://kspstendik.dikdasmen.go.id/" "Mozilla/5.0 (Linux; Android 10; K) AppleWebKit/537.36 (KHTML, like Gecko) Chrome/142.0.0.0 Mobile Safari/537.36"
182.4.73.30 - - [05/Nov/2025:02:06:31 +0700] "GET /assets-front/js/custom.js HTTP/1.1" 200 591 "https://kspstendik.dikdasmen.go.id/" "Mozilla/5.0 (Linux; Android 10; K) AppleWebKit/537.36 (KHTML, like Gecko) Chrome/142.0.0.0 Mobile Safari/537.36"
182.4.73.30 - - [05/Nov/2025:02:06:31 +0700] "GET /assets/libs/sweetalert2/sweetalert2.min.js?q=ZQLTA HTTP/1.1" 200 44933 "https://kspstendik.dikdasmen.go.id/" "Mozilla/5.0 (Linux; Android 10; K) AppleWebKit/537.36 (KHTML, like Gecko) Chrome/142.0.0.0 Mobile Safari/537.36"
182.4.73.30 - - [05/Nov/2025:02:06:31 +0700] "GET /storage/uploads/list_berita/1759975222.jpg HTTP/1.1" 200 153946 "https://kspstendik.dikdasmen.go.id/" "Mozilla/5.0 (Linux; Android 10; K) AppleWebKit/537.36 (KHTML, like Gecko) Chrome/142.0.0.0 Mobile Safari/537.36"
182.4.73.30 - - [05/Nov/2025:02:06:31 +0700] "GET /storage/uploads/list_berita/1758439280.png HTTP/1.1" 200 592195 "https://kspstendik.dikdasmen.go.id/" "Mozilla/5.0 (Linux; Android 10; K) AppleWebKit/537.36 (KHTML, like Gecko) Chrome/142.0.0.0 Mobile Safari/537.36"
182.4.73.30 - - [05/Nov/2025:02:06:31 +0700] "GET /storage/uploads/prestasi/1711097532_malam-apresiasi-2023.jpg HTTP/1.1" 200 214540 "https://kspstendik.dikdasmen.go.id/" "Mozilla/5.0 (Linux; Android 10; K) AppleWebKit/537.36 (KHTML, like Gecko) Chrome/142.0.0.0 Mobile Safari/537.36"
182.4.73.30 - - [05/Nov/2025:02:06:31 +0700] "GET /storage/uploads/list_berita/1756892440.jpg HTTP/1.1" 200 897375 "https://kspstendik.dikdasmen.go.id/" "Mozilla/5.0 (Linux; Android 10; K) AppleWebKit/537.36 (KHTML, like Gecko) Chrome/142.0.0.0 Mobile Safari/537.36"
182.4.73.30 - - [05/Nov/2025:02:06:32 +0700] "GET /storage/uploads/list_berita/1757911189.png HTTP/1.1" 200 411151 "https://kspstendik.dikdasmen.go.id/" "Mozilla/5.0 (Linux; Android 10; K) AppleWebKit/537.36 (KHTML, like Gecko) Chrome/142.0.0.0 Mobile Safari/537.36"
182.4.73.30 - - [05/Nov/2025:02:06:32 +0700] "GET /storage/uploads/list_berita/1756890405.png HTTP/1.1" 200 494382 "https://kspstendik.dikdasmen.go.id/" "Mozilla/5.0 (Linux; Android 10; K) AppleWebKit/537.36 (KHTML, like Gecko) Chrome/142.0.0.0 Mobile Safari/537.36"
