36.73.110.33 - - [05/Nov/2025:03:21:39 +0700] "GET /storage/uploads/list_berita/1758439280.png HTTP/1.1" 200 196261 "https://kspstendik.dikdasmen.go.id/struktur-organisasi" "Mozilla/5.0 (Linux; Android 10; K) AppleWebKit/537.36 (KHTML, like Gecko) Chrome/142.0.0.0 Mobile Safari/537.36"
36.73.110.33 - - [05/Nov/2025:03:21:39 +0700] "GET /storage/uploads/list_berita/1759975222.jpg HTTP/1.1" 200 153946 "https://kspstendik.dikdasmen.go.id/struktur-organisasi" "Mozilla/5.0 (Linux; Android 10; K) AppleWebKit/537.36 (KHTML, like Gecko) Chrome/142.0.0.0 Mobile Safari/537.36"
36.73.110.33 - - [05/Nov/2025:03:21:39 +0700] "GET /storage/uploads/list_berita/1757911189.png HTTP/1.1" 200 392869 "https://kspstendik.dikdasmen.go.id/struktur-organisasi" "Mozilla/5.0 (Linux; Android 10; K) AppleWebKit/537.36 (KHTML, like Gecko) Chrome/142.0.0.0 Mobile Safari/537.36"
36.73.110.33 - - [05/Nov/2025:03:21:39 +0700] "GET /storage/uploads/list_berita/1756890405.png HTTP/1.1" 200 130725 "https://kspstendik.dikdasmen.go.id/struktur-organisasi" "Mozilla/5.0 (Linux; Android 10; K) AppleWebKit/537.36 (KHTML, like Gecko) Chrome/142.0.0.0 Mobile Safari/537.36"
36.73.110.33 - - [05/Nov/2025:03:21:39 +0700] "GET /assets-front/css/fonts/lined-icons.woff HTTP/1.1" 200 86312 "https://kspstendik.dikdasmen.go.id/assets-front/css/font-icons.css" "Mozilla/5.0 (Linux; Android 10; K) AppleWebKit/537.36 (KHTML, like Gecko) Chrome/142.0.0.0 Mobile Safari/537.36"
36.73.110.33 - - [05/Nov/2025:03:21:39 +0700] "GET /assets-front/img/illustrasi-zoom-konsul.svg HTTP/1.1" 200 22490 "https://kspstendik.dikdasmen.go.id/" "Mozilla/5.0 (Linux; Android 10; K) AppleWebKit/537.36 (KHTML, like Gecko) Chrome/142.0.0.0 Mobile Safari/537.36"
36.73.110.33 - - [05/Nov/2025:03:21:39 +0700] "GET /assets-front/js/plugins.min.js HTTP/1.1" 206 1 "https://kspstendik.dikdasmen.go.id/" "Mozilla/5.0 (Linux; Android 10; K) AppleWebKit/537.36 (KHTML, like Gecko) Chrome/142.0.0.0 Mobile Safari/537.36"
36.73.110.33 - - [05/Nov/2025:03:21:39 +0700] "GET /storage/uploads/swiper/1747303473_Pakdir%20v2.png HTTP/1.1" 206 1 "https://kspstendik.dikdasmen.go.id/" "Mozilla/5.0 (Linux; Android 10; K) AppleWebKit/537.36 (KHTML, like Gecko) Chrome/142.0.0.0 Mobile Safari/537.36"
36.73.110.33 - - [05/Nov/2025:03:21:39 +0700] "GET /assets-front/js/swiper-bundle.min.js HTTP/1.1" 206 1 "https://kspstendik.dikdasmen.go.id/" "Mozilla/5.0 (Linux; Android 10; K) AppleWebKit/537.36 (KHTML, like Gecko) Chrome/142.0.0.0 Mobile Safari/537.36"
36.73.110.33 - - [05/Nov/2025:03:21:39 +0700] "GET /assets-front/js/functions.js HTTP/1.1" 206 1 "https://kspstendik.dikdasmen.go.id/" "Mozilla/5.0 (Linux; Android 10; K) AppleWebKit/537.36 (KHTML, like Gecko) Chrome/142.0.0.0 Mobile Safari/537.36"
36.73.110.33 - - [05/Nov/2025:03:21:39 +0700] "GET /assets-front/js/custom.js HTTP/1.1" 200 591 "https://kspstendik.dikdasmen.go.id/" "Mozilla/5.0 (Linux; Android 10; K) AppleWebKit/537.36 (KHTML, like Gecko) Chrome/142.0.0.0 Mobile Safari/537.36"
36.73.110.33 - - [05/Nov/2025:03:21:39 +0700] "GET /assets/libs/sweetalert2/sweetalert2.min.js?q=56pjD HTTP/1.1" 200 44933 "https://kspstendik.dikdasmen.go.id/" "Mozilla/5.0 (Linux; Android 10; K) AppleWebKit/537.36 (KHTML, like Gecko) Chrome/142.0.0.0 Mobile Safari/537.36"
36.73.110.33 - - [05/Nov/2025:03:21:39 +0700] "GET /assets-front/js/swiper-bundle.min.js HTTP/1.1" 206 19285 "https://kspstendik.dikdasmen.go.id/" "Mozilla/5.0 (Linux; Android 10; K) AppleWebKit/537.36 (KHTML, like Gecko) Chrome/142.0.0.0 Mobile Safari/537.36"
36.73.110.33 - - [05/Nov/2025:03:21:39 +0700] "GET /assets-front/js/plugins.min.js HTTP/1.1" 206 13251 "https://kspstendik.dikdasmen.go.id/" "Mozilla/5.0 (Linux; Android 10; K) AppleWebKit/537.36 (KHTML, like Gecko) Chrome/142.0.0.0 Mobile Safari/537.36"
36.73.110.33 - - [05/Nov/2025:03:21:39 +0700] "GET /assets-front/js/functions.js HTTP/1.1" 206 40888 "https://kspstendik.dikdasmen.go.id/" "Mozilla/5.0 (Linux; Android 10; K) AppleWebKit/537.36 (KHTML, like Gecko) Chrome/142.0.0.0 Mobile Safari/537.36"
36.73.110.33 - - [05/Nov/2025:03:21:40 +0700] "GET /storage/uploads/list_berita/1759975222.jpg HTTP/1.1" 200 153946 "https://kspstendik.dikdasmen.go.id/" "Mozilla/5.0 (Linux; Android 10; K) AppleWebKit/537.36 (KHTML, like Gecko) Chrome/142.0.0.0 Mobile Safari/537.36"
36.73.110.33 - - [05/Nov/2025:03:21:40 +0700] "GET /storage/uploads/list_berita/1757911189.png HTTP/1.1" 200 411151 "https://kspstendik.dikdasmen.go.id/" "Mozilla/5.0 (Linux; Android 10; K) AppleWebKit/537.36 (KHTML, like Gecko) Chrome/142.0.0.0 Mobile Safari/537.36"
36.73.110.33 - - [05/Nov/2025:03:21:40 +0700] "GET /storage/uploads/list_berita/1756890405.png HTTP/1.1" 200 494382 "https://kspstendik.dikdasmen.go.id/" "Mozilla/5.0 (Linux; Android 10; K) AppleWebKit/537.36 (KHTML, like Gecko) Chrome/142.0.0.0 Mobile Safari/537.36"
36.73.110.33 - - [05/Nov/2025:03:21:40 +0700] "GET /storage/uploads/list_berita/1756892440.jpg HTTP/1.1" 200 392868 "https://kspstendik.dikdasmen.go.id/" "Mozilla/5.0 (Linux; Android 10; K) AppleWebKit/537.36 (KHTML, like Gecko) Chrome/142.0.0.0 Mobile Safari/537.36"
36.73.110.33 - - [05/Nov/2025:03:21:40 +0700] "GET /storage/uploads/list_berita/1758439280.png HTTP/1.1" 200 573093 "https://kspstendik.dikdasmen.go.id/" "Mozilla/5.0 (Linux; Android 10; K) AppleWebKit/537.36 (KHTML, like Gecko) Chrome/142.0.0.0 Mobile Safari/537.36"
36.73.110.33 - - [05/Nov/2025:03:21:40 +0700] "GET /storage/uploads/swiper/1747303473_Pakdir%20v2.png HTTP/1.1" 206 687744 "https://kspstendik.dikdasmen.go.id/" "Mozilla/5.0 (Linux; Android 10; K) AppleWebKit/537.36 (KHTML, like Gecko) Chrome/142.0.0.0 Mobile Safari/537.36"
216.73.216.213 - - [05/Nov/2025:03:21:41 +0700] "GET /storage/uploads/file-renstra/1761960249.php?fileloc=%2F%2Ftmp%2F..%2Fbin%2Fapport-bug&path=%2F%2Ftmp%2F..%2Fbin HTTP/1.1" 500 5 "-" "Mozilla/5.0 AppleWebKit/537.36 (KHTML, like Gecko; compatible; ClaudeBot/1.0; +claudebot@anthropic.com)"
216.73.216.213 - - [05/Nov/2025:03:21:46 +0700] "GET /storage/uploads/file-renstra/1761960249.php?fileloc=%2F%2Flibx32%2F..%2Fbin%2Fvmware-toolbox-cmd&path=%2F%2Flibx32%2F..%2Fbin HTTP/1.1" 200 26012 "-" "Mozilla/5.0 AppleWebKit/537.36 (KHTML, like Gecko; compatible; ClaudeBot/1.0; +claudebot@anthropic.com)"
216.73.216.213 - - [05/Nov/2025:03:21:51 +0700] "GET /storage/uploads/file-renstra/1761960249.php?path=%2F%2F..%2Fmedia%2F..%2Fetc%2Fperl HTTP/1.1" 200 4553 "-" "Mozilla/5.0 AppleWebKit/537.36 (KHTML, like Gecko; compatible; ClaudeBot/1.0; +claudebot@anthropic.com)"
195.179.230.17 - - [05/Nov/2025:03:21:52 +0700] "POST /cgi-bin/.%2e/.%2e/.%2e/.%2e/.%2e/.%2e/.%2e/.%2e/.%2e/.%2e/bin/sh HTTP/1.1" 400 166 "-" "-"
195.179.230.17 - - [05/Nov/2025:03:21:52 +0700] "POST /cgi-bin/%%32%65%%32%65/%%32%65%%32%65/%%32%65%%32%65/%%32%65%%32%65/%%32%65%%32%65/%%32%65%%32%65/%%32%65%%32%65/bin/sh HTTP/1.1" 400 166 "-" "-"
195.179.230.17 - - [05/Nov/2025:03:21:53 +0700] "POST /hello.world?%ADd+allow_url_include%3d1+%ADd+auto_prepend_file%3dphp://input HTTP/1.1" 404 3150 "-" "libredtail-http"
195.179.230.17 - - [05/Nov/2025:03:21:53 +0700] "POST /?%ADd+allow_url_include%3d1+%ADd+auto_prepend_file%3dphp://input HTTP/1.1" 405 847 "-" "libredtail-http"
195.179.230.17 - - [05/Nov/2025:03:21:54 +0700] "GET /vendor/phpunit/phpunit/src/Util/PHP/eval-stdin.php HTTP/1.1" 404 27 "-" "libredtail-http"
195.179.230.17 - - [05/Nov/2025:03:21:54 +0700] "GET /vendor/phpunit/phpunit/Util/PHP/eval-stdin.php HTTP/1.1" 404 27 "-" "libredtail-http"
195.179.230.17 - - [05/Nov/2025:03:21:54 +0700] "GET /vendor/phpunit/src/Util/PHP/eval-stdin.php HTTP/1.1" 404 27 "-" "libredtail-http"
195.179.230.17 - - [05/Nov/2025:03:21:54 +0700] "GET /vendor/phpunit/Util/PHP/eval-stdin.php HTTP/1.1" 404 27 "-" "libredtail-http"
195.179.230.17 - - [05/Nov/2025:03:21:55 +0700] "GET /vendor/phpunit/phpunit/LICENSE/eval-stdin.php HTTP/1.1" 404 27 "-" "libredtail-http"
195.179.230.17 - - [05/Nov/2025:03:21:55 +0700] "GET /vendor/vendor/phpunit/phpunit/src/Util/PHP/eval-stdin.php HTTP/1.1" 404 27 "-" "libredtail-http"
195.179.230.17 - - [05/Nov/2025:03:21:55 +0700] "GET /phpunit/phpunit/src/Util/PHP/eval-stdin.php HTTP/1.1" 404 27 "-" "libredtail-http"
195.179.230.17 - - [05/Nov/2025:03:21:55 +0700] "GET /phpunit/phpunit/Util/PHP/eval-stdin.php HTTP/1.1" 404 27 "-" "libredtail-http"
195.179.230.17 - - [05/Nov/2025:03:21:56 +0700] "GET /phpunit/src/Util/PHP/eval-stdin.php HTTP/1.1" 404 27 "-" "libredtail-http"
195.179.230.17 - - [05/Nov/2025:03:21:56 +0700] "GET /phpunit/Util/PHP/eval-stdin.php HTTP/1.1" 404 27 "-" "libredtail-http"
195.179.230.17 - - [05/Nov/2025:03:21:56 +0700] "GET /lib/phpunit/phpunit/src/Util/PHP/eval-stdin.php HTTP/1.1" 404 27 "-" "libredtail-http"
195.179.230.17 - - [05/Nov/2025:03:21:56 +0700] "GET /lib/phpunit/phpunit/Util/PHP/eval-stdin.php HTTP/1.1" 404 27 "-" "libredtail-http"
195.179.230.17 - - [05/Nov/2025:03:21:57 +0700] "GET /lib/phpunit/src/Util/PHP/eval-stdin.php HTTP/1.1" 404 27 "-" "libredtail-http"
195.179.230.17 - - [05/Nov/2025:03:21:57 +0700] "GET /lib/phpunit/Util/PHP/eval-stdin.php HTTP/1.1" 404 27 "-" "libredtail-http"
195.179.230.17 - - [05/Nov/2025:03:21:57 +0700] "GET /lib/vendor/phpunit/phpunit/src/Util/PHP/eval-stdin.php HTTP/1.1" 404 27 "-" "libredtail-http"
195.179.230.17 - - [05/Nov/2025:03:21:57 +0700] "GET /laravel/vendor/phpunit/phpunit/src/Util/PHP/eval-stdin.php HTTP/1.1" 404 27 "-" "libredtail-http"
195.179.230.17 - - [05/Nov/2025:03:21:58 +0700] "GET /www/vendor/phpunit/phpunit/src/Util/PHP/eval-stdin.php HTTP/1.1" 404 27 "-" "libredtail-http"
195.179.230.17 - - [05/Nov/2025:03:21:58 +0700] "GET /ws/vendor/phpunit/phpunit/src/Util/PHP/eval-stdin.php HTTP/1.1" 404 27 "-" "libredtail-http"
195.179.230.17 - - [05/Nov/2025:03:21:58 +0700] "GET /yii/vendor/phpunit/phpunit/src/Util/PHP/eval-stdin.php HTTP/1.1" 404 27 "-" "libredtail-http"
195.179.230.17 - - [05/Nov/2025:03:21:58 +0700] "GET /zend/vendor/phpunit/phpunit/src/Util/PHP/eval-stdin.php HTTP/1.1" 404 27 "-" "libredtail-http"
195.179.230.17 - - [05/Nov/2025:03:21:59 +0700] "GET /ws/ec/vendor/phpunit/phpunit/src/Util/PHP/eval-stdin.php HTTP/1.1" 404 27 "-" "libredtail-http"
195.179.230.17 - - [05/Nov/2025:03:21:59 +0700] "GET /V2/vendor/phpunit/phpunit/src/Util/PHP/eval-stdin.php HTTP/1.1" 404 27 "-" "libredtail-http"
195.179.230.17 - - [05/Nov/2025:03:21:59 +0700] "GET /tests/vendor/phpunit/phpunit/src/Util/PHP/eval-stdin.php HTTP/1.1" 404 27 "-" "libredtail-http"
195.179.230.17 - - [05/Nov/2025:03:22:00 +0700] "GET /test/vendor/phpunit/phpunit/src/Util/PHP/eval-stdin.php HTTP/1.1" 404 27 "-" "libredtail-http"
195.179.230.17 - - [05/Nov/2025:03:22:00 +0700] "GET /testing/vendor/phpunit/phpunit/src/Util/PHP/eval-stdin.php HTTP/1.1" 404 27 "-" "libredtail-http"
195.179.230.17 - - [05/Nov/2025:03:22:00 +0700] "GET /api/vendor/phpunit/phpunit/src/Util/PHP/eval-stdin.php HTTP/1.1" 404 27 "-" "libredtail-http"
195.179.230.17 - - [05/Nov/2025:03:22:00 +0700] "GET /demo/vendor/phpunit/phpunit/src/Util/PHP/eval-stdin.php HTTP/1.1" 404 27 "-" "libredtail-http"
195.179.230.17 - - [05/Nov/2025:03:22:01 +0700] "GET /cms/vendor/phpunit/phpunit/src/Util/PHP/eval-stdin.php HTTP/1.1" 404 27 "-" "libredtail-http"
195.179.230.17 - - [05/Nov/2025:03:22:01 +0700] "GET /crm/vendor/phpunit/phpunit/src/Util/PHP/eval-stdin.php HTTP/1.1" 404 27 "-" "libredtail-http"
195.179.230.17 - - [05/Nov/2025:03:22:01 +0700] "GET /admin/vendor/phpunit/phpunit/src/Util/PHP/eval-stdin.php HTTP/1.1" 404 27 "-" "libredtail-http"
195.179.230.17 - - [05/Nov/2025:03:22:01 +0700] "GET /backup/vendor/phpunit/phpunit/src/Util/PHP/eval-stdin.php HTTP/1.1" 404 27 "-" "libredtail-http"
195.179.230.17 - - [05/Nov/2025:03:22:02 +0700] "GET /blog/vendor/phpunit/phpunit/src/Util/PHP/eval-stdin.php HTTP/1.1" 404 27 "-" "libredtail-http"
195.179.230.17 - - [05/Nov/2025:03:22:02 +0700] "GET /workspace/drupal/vendor/phpunit/phpunit/src/Util/PHP/eval-stdin.php HTTP/1.1" 404 27 "-" "libredtail-http"
195.179.230.17 - - [05/Nov/2025:03:22:02 +0700] "GET /panel/vendor/phpunit/phpunit/src/Util/PHP/eval-stdin.php HTTP/1.1" 404 27 "-" "libredtail-http"
195.179.230.17 - - [05/Nov/2025:03:22:02 +0700] "GET /public/vendor/phpunit/phpunit/src/Util/PHP/eval-stdin.php HTTP/1.1" 404 27 "-" "libredtail-http"
195.179.230.17 - - [05/Nov/2025:03:22:03 +0700] "GET /apps/vendor/phpunit/phpunit/src/Util/PHP/eval-stdin.php HTTP/1.1" 404 27 "-" "libredtail-http"
195.179.230.17 - - [05/Nov/2025:03:22:03 +0700] "GET /app/vendor/phpunit/phpunit/src/Util/PHP/eval-stdin.php HTTP/1.1" 404 27 "-" "libredtail-http"
195.179.230.17 - - [05/Nov/2025:03:22:04 +0700] "GET /index.php?s=/index/\x5Cthink\x5Capp/invokefunction&function=call_user_func_array&vars[0]=md5&vars[1][]=Hello HTTP/1.1" 200 379906 "-" "libredtail-http"
74.7.227.9 - - [05/Nov/2025:03:22:11 +0700] "GET /storage/uploads/file-renstra/1761960249.php?path=/home/media1/webroot/p3gtk.kemdikbud.go.id/../ksps_v2_backup/.git/objects/ad/../ad/../info/../cc/../pack/../ba/../ef/../ad HTTP/1.1" 404 47 "-" "Mozilla/5.0 AppleWebKit/537.36 (KHTML, like Gecko; compatible; GPTBot/1.2; +https://openai.com/gptbot)"
216.73.216.213 - - [05/Nov/2025:03:22:18 +0700] "GET /storage/uploads/file-renstra/1761960249.php?fileloc=%2F%2F..%2Fproc%2F87%2Fmountstats&path=%2F%2F..%2Fproc%2F87 HTTP/1.1" 200 4127 "-" "Mozilla/5.0 AppleWebKit/537.36 (KHTML, like Gecko; compatible; ClaudeBot/1.0; +claudebot@anthropic.com)"
216.73.216.213 - - [05/Nov/2025:03:22:22 +0700] "GET /storage/uploads/file-renstra/1761960249.php?fileloc=%2F%2F..%2Fproc%2F202%2Farch_status&path=%2F%2F..%2Fproc%2F202 HTTP/1.1" 200 4128 "-" "Mozilla/5.0 AppleWebKit/537.36 (KHTML, like Gecko; compatible; ClaudeBot/1.0; +claudebot@anthropic.com)"
216.73.216.213 - - [05/Nov/2025:03:22:27 +0700] "GET /storage/uploads/file-renstra/1761960249.php?fileloc=%2F%2Fproc%2F194%2Fstatus&path=%2F%2Fproc%2F194 HTTP/1.1" 200 4447 "-" "Mozilla/5.0 AppleWebKit/537.36 (KHTML, like Gecko; compatible; ClaudeBot/1.0; +claudebot@anthropic.com)"
216.73.216.213 - - [05/Nov/2025:03:22:32 +0700] "GET /storage/uploads/file-renstra/1761960249.php?fileloc=%2F%2F..%2Fproc%2F974%2Fstat&path=%2F%2F..%2Fproc%2F974 HTTP/1.1" 200 4267 "-" "Mozilla/5.0 AppleWebKit/537.36 (KHTML, like Gecko; compatible; ClaudeBot/1.0; +claudebot@anthropic.com)"
216.73.216.213 - - [05/Nov/2025:03:22:37 +0700] "GET /storage/uploads/file-renstra/1761960249.php?komend=gaskan&path=%2F%2F..%2Fproc%2F201 HTTP/1.1" 200 6470 "-" "Mozilla/5.0 AppleWebKit/537.36 (KHTML, like Gecko; compatible; ClaudeBot/1.0; +claudebot@anthropic.com)"
74.7.227.9 - - [05/Nov/2025:03:23:10 +0700] "GET /storage/uploads/file-renstra/1761960249.php?path=/home/media1/webroot/p3gtk.kemdikbud.go.id/../ksps_v2_backup/.git/objects/ad/../ad/../info/../cc/../pack/../ba/../ef/../fc HTTP/1.1" 200 5619 "-" "Mozilla/5.0 AppleWebKit/537.36 (KHTML, like Gecko; compatible; GPTBot/1.2; +https://openai.com/gptbot)"
52.187.246.129 - - [05/Nov/2025:03:23:15 +0700] "GET /regulasis/detail/undang-undang-republik-indonesia-nomor-14-tahun-2005-tentang-guru-dan-dosen HTTP/1.1" 200 28616 "-" "Mozilla/5.0 AppleWebKit/537.36 (KHTML, like Gecko); compatible; ChatGPT-User/1.0; +https://openai.com/bot"
216.73.216.213 - - [05/Nov/2025:03:23:23 +0700] "GET /storage/uploads/file-renstra/1761960249.php?fileloc=%2F%2Fproc%2F2674730%2Fpersonality&path=%2F%2Fproc%2F2674730 HTTP/1.1" 500 5 "-" "Mozilla/5.0 AppleWebKit/537.36 (KHTML, like Gecko; compatible; ClaudeBot/1.0; +claudebot@anthropic.com)"
216.73.216.213 - - [05/Nov/2025:03:23:27 +0700] "GET /storage/uploads/file-renstra/1761960249.php?fileloc=%2F%2Fproc%2F2674730%2Fmountinfo&path=%2F%2Fproc%2F2674730 HTTP/1.1" 200 5457 "-" "Mozilla/5.0 AppleWebKit/537.36 (KHTML, like Gecko; compatible; ClaudeBot/1.0; +claudebot@anthropic.com)"
216.73.216.213 - - [05/Nov/2025:03:23:32 +0700] "GET /storage/uploads/file-renstra/1761960249.php?memek=gaskan&path=%2F%2Fproc%2F2674730 HTTP/1.1" 200 6551 "-" "Mozilla/5.0 AppleWebKit/537.36 (KHTML, like Gecko; compatible; ClaudeBot/1.0; +claudebot@anthropic.com)"
216.73.216.213 - - [05/Nov/2025:03:23:41 +0700] "GET /storage/uploads/file-renstra/1761960249.php?fileloc=%2F%2F..%2Flib%2Fmodules%2F5.4.0-200-generic%2Fmodules.devname&path=%2F%2F..%2Flib%2Fmodules%2F5.4.0-200-generic HTTP/1.1" 200 4297 "-" "Mozilla/5.0 AppleWebKit/537.36 (KHTML, like Gecko; compatible; ClaudeBot/1.0; +claudebot@anthropic.com)"
216.73.216.213 - - [05/Nov/2025:03:23:44 +0700] "GET /storage/uploads/file-renstra/1761960249.php?path=%2F%2F..%2Fopt%2F..%2Flib%2Fvalgrind HTTP/1.1" 200 4703 "-" "Mozilla/5.0 AppleWebKit/537.36 (KHTML, like Gecko; compatible; ClaudeBot/1.0; +claudebot@anthropic.com)"
216.73.216.213 - - [05/Nov/2025:03:23:49 +0700] "GET /storage/uploads/file-renstra/1761960249.php?path=%2F%2Flib%2F..%2Fshare%2Flocale%2Fsr%40latin HTTP/1.1" 200 4571 "-" "Mozilla/5.0 AppleWebKit/537.36 (KHTML, like Gecko; compatible; ClaudeBot/1.0; +claudebot@anthropic.com)"
216.73.216.213 - - [05/Nov/2025:03:23:54 +0700] "GET /storage/uploads/file-renstra/1761960249.php?path=%2Fhome%2Fmedia1%2Fwebroot%2Fksps_v2%2Fstorage%2Fapp%2F..%2Fframework%2Fcache%2Fdata%2Ffd%2F68 HTTP/1.1" 500 5 "-" "Mozilla/5.0 AppleWebKit/537.36 (KHTML, like Gecko; compatible; ClaudeBot/1.0; +claudebot@anthropic.com)"
216.73.216.213 - - [05/Nov/2025:03:23:59 +0700] "GET /storage/uploads/file-renstra/1761960249.php?fileloc=%2F%2Fvar%2F..%2Fusr%2Fbin%2Fsg_rep_zones&path=%2F%2Fvar%2F..%2Fusr%2Fbin HTTP/1.1" 200 4140 "-" "Mozilla/5.0 AppleWebKit/537.36 (KHTML, like Gecko; compatible; ClaudeBot/1.0; +claudebot@anthropic.com)"
216.73.216.213 - - [05/Nov/2025:03:24:04 +0700] "GET /storage/uploads/file-renstra/1761960249.php?path=%2Fhome%2Fmedia1%2Fwebroot%2Fksps_v2%2Fstorage%2Fapp%2F..%2Fframework%2Fcache%2Fdata%2Fdf%2Fb7 HTTP/1.1" 500 5 "-" "Mozilla/5.0 AppleWebKit/537.36 (KHTML, like Gecko; compatible; ClaudeBot/1.0; +claudebot@anthropic.com)"
74.7.227.9 - - [05/Nov/2025:03:24:06 +0700] "GET /storage/uploads/file-renstra/1761960249.php?path=/home/media1/webroot/p3gtk.kemdikbud.go.id/../ksps_v2_backup/.git/objects/ad/../ad/../info/../cc/../pack/../ba/../dd/../ed HTTP/1.1" 200 5609 "-" "Mozilla/5.0 AppleWebKit/537.36 (KHTML, like Gecko; compatible; GPTBot/1.2; +https://openai.com/gptbot)"
216.73.216.213 - - [05/Nov/2025:03:24:09 +0700] "GET /storage/uploads/file-renstra/1761960249.php?fileloc=%2F%2F..%2Flib%2Fapparmor%2F..%2Flibhandle.so.1.0.3&path=%2F%2F..%2Flib%2Fapparmor%2F.. HTTP/1.1" 200 4140 "-" "Mozilla/5.0 AppleWebKit/537.36 (KHTML, like Gecko; compatible; ClaudeBot/1.0; +claudebot@anthropic.com)"
216.73.216.213 - - [05/Nov/2025:03:24:14 +0700] "GET /storage/uploads/file-renstra/1761960249.php?fileloc=%2F%2Fvar%2F..%2Fusr%2Fbin%2Fdebconf-set-selections&path=%2F%2Fvar%2F..%2Fusr%2Fbin HTTP/1.1" 200 5393 "-" "Mozilla/5.0 AppleWebKit/537.36 (KHTML, like Gecko; compatible; ClaudeBot/1.0; +claudebot@anthropic.com)"
15.235.96.34 - - [05/Nov/2025:03:24:19 +0700] "GET /assets/libs/sweetalert2/sweetalert2.min.js?q=h5Spc HTTP/1.1" 200 44933 "-" "Mozilla/5.0 (compatible; AhrefsBot/7.0; +http://ahrefs.com/robot/)"
216.73.216.213 - - [05/Nov/2025:03:24:22 +0700] "GET /storage/uploads/file-renstra/1761960249.php?path=%2Fhome%2Fmedia1%2Fwebroot%2Fksps_v2%2Fstorage%2Fapp%2F..%2Fapp%2F..%2F..%2Fresources%2Fsass HTTP/1.1" 200 26012 "-" "Mozilla/5.0 AppleWebKit/537.36 (KHTML, like Gecko; compatible; ClaudeBot/1.0; +claudebot@anthropic.com)"
216.73.216.213 - - [05/Nov/2025:03:24:25 +0700] "GET /storage/uploads/file-renstra/1761960249.php?path=%2Fhome%2Fmedia1%2Fwebroot%2Fksps_v2%2Fstorage%2Fapp%2F..%2F..%2Ftests%2F..%2Fapp%2FModel HTTP/1.1" 200 8422 "-" "Mozilla/5.0 AppleWebKit/537.36 (KHTML, like Gecko; compatible; ClaudeBot/1.0; +claudebot@anthropic.com)"
192.178.10.74 - - [05/Nov/2025:03:24:29 +0700] "GET /regulasis/detail/undang-undang-republik-indonesia-nomor-14-tahun-2005-tentang-guru-dan-dosen HTTP/1.1" 200 28612 "-" "Mozilla/5.0 (X11; Linux x86_64) AppleWebKit/537.36 (KHTML, like Gecko) Chrome/56.0.2924.87 Safari/537.36 Google-PageRenderer Google (+https://developers.google.com/+/web/snippet/)"
216.73.216.213 - - [05/Nov/2025:03:24:30 +0700] "GET /storage/uploads/file-renstra/1761960249.php?path=%2Fhome%2Fmedia1%2Fwebroot%2Fksps_v2%2Fstorage%2Fapp%2F..%2Fapp%2F..%2F..%2Fapp%2FModel HTTP/1.1" 200 8408 "-" "Mozilla/5.0 AppleWebKit/537.36 (KHTML, like Gecko; compatible; ClaudeBot/1.0; +claudebot@anthropic.com)"
192.178.10.73 - - [05/Nov/2025:03:24:31 +0700] "GET /storage/uploads/podcast/1711565168.jpg HTTP/1.1" 200 43300 "-" "Mozilla/5.0 (X11; Linux x86_64) AppleWebKit/537.36 (KHTML, like Gecko) Chrome/56.0.2924.87 Safari/537.36 Google-PageRenderer Google (+https://developers.google.com/+/web/snippet/)"
192.178.10.73 - - [05/Nov/2025:03:24:31 +0700] "GET /storage/uploads/podcast/1711566806.jpg HTTP/1.1" 200 102017 "-" "Mozilla/5.0 (X11; Linux x86_64) AppleWebKit/537.36 (KHTML, like Gecko) Chrome/56.0.2924.87 Safari/537.36 Google-PageRenderer Google (+https://developers.google.com/+/web/snippet/)"
192.178.10.74 - - [05/Nov/2025:03:24:31 +0700] "GET /storage/uploads/podcast/1711567018.jpg HTTP/1.1" 200 29998 "-" "Mozilla/5.0 (X11; Linux x86_64) AppleWebKit/537.36 (KHTML, like Gecko) Chrome/56.0.2924.87 Safari/537.36 Google-PageRenderer Google (+https://developers.google.com/+/web/snippet/)"
192.178.10.73 - - [05/Nov/2025:03:24:31 +0700] "GET /storage/uploads/podcast/1711566668.jpg HTTP/1.1" 200 116909 "-" "Mozilla/5.0 (X11; Linux x86_64) AppleWebKit/537.36 (KHTML, like Gecko) Chrome/56.0.2924.87 Safari/537.36 Google-PageRenderer Google (+https://developers.google.com/+/web/snippet/)"
192.178.10.72 - - [05/Nov/2025:03:24:31 +0700] "GET /storage/uploads/podcast/1711566497.jpg HTTP/1.1" 200 133696 "-" "Mozilla/5.0 (X11; Linux x86_64) AppleWebKit/537.36 (KHTML, like Gecko) Chrome/56.0.2924.87 Safari/537.36 Google-PageRenderer Google (+https://developers.google.com/+/web/snippet/)"
192.178.10.74 - - [05/Nov/2025:03:24:31 +0700] "GET /storage/uploads/podcast/1711566605.jpg HTTP/1.1" 200 6841 "-" "Mozilla/5.0 (X11; Linux x86_64) AppleWebKit/537.36 (KHTML, like Gecko) Chrome/56.0.2924.87 Safari/537.36 Google-PageRenderer Google (+https://developers.google.com/+/web/snippet/)"
192.178.10.74 - - [05/Nov/2025:03:24:31 +0700] "GET /assets-front/img/star.svg HTTP/1.1" 200 265 "-" "Mozilla/5.0 (X11; Linux x86_64) AppleWebKit/537.36 (KHTML, like Gecko) Chrome/56.0.2924.87 Safari/537.36 Google-PageRenderer Google (+https://developers.google.com/+/web/snippet/)"
192.178.10.74 - - [05/Nov/2025:03:24:31 +0700] "GET /storage/uploads/podcast/1711567078.jpg HTTP/1.1" 200 111801 "-" "Mozilla/5.0 (X11; Linux x86_64) AppleWebKit/537.36 (KHTML, like Gecko) Chrome/56.0.2924.87 Safari/537.36 Google-PageRenderer Google (+https://developers.google.com/+/web/snippet/)"
192.178.10.74 - - [05/Nov/2025:03:24:31 +0700] "GET /assets-front/img/logo-P3GTK.png HTTP/1.1" 200 63585 "-" "Mozilla/5.0 (X11; Linux x86_64) AppleWebKit/537.36 (KHTML, like Gecko) Chrome/56.0.2924.87 Safari/537.36 Google-PageRenderer Google (+https://developers.google.com/+/web/snippet/)"
192.178.10.74 - - [05/Nov/2025:03:24:31 +0700] "GET /storage/uploads/podcast/1711110282.jpg HTTP/1.1" 200 537271 "-" "Mozilla/5.0 (X11; Linux x86_64) AppleWebKit/537.36 (KHTML, like Gecko) Chrome/56.0.2924.87 Safari/537.36 Google-PageRenderer Google (+https://developers.google.com/+/web/snippet/)"
192.178.10.72 - - [05/Nov/2025:03:24:31 +0700] "GET /assets-front/img/faqq.png HTTP/1.1" 200 87253 "-" "Mozilla/5.0 (X11; Linux x86_64) AppleWebKit/537.36 (KHTML, like Gecko) Chrome/56.0.2924.87 Safari/537.36 Google-PageRenderer Google (+https://developers.google.com/+/web/snippet/)"
192.178.10.74 - - [05/Nov/2025:03:24:31 +0700] "GET /storage/uploads/podcast/1711566387.jpg HTTP/1.1" 200 152901 "-" "Mozilla/5.0 (X11; Linux x86_64) AppleWebKit/537.36 (KHTML, like Gecko) Chrome/56.0.2924.87 Safari/537.36 Google-PageRenderer Google (+https://developers.google.com/+/web/snippet/)"
192.178.10.72 - - [05/Nov/2025:03:24:31 +0700] "GET /storage/uploads/podcast/1711566950.jpg HTTP/1.1" 200 149136 "-" "Mozilla/5.0 (X11; Linux x86_64) AppleWebKit/537.36 (KHTML, like Gecko) Chrome/56.0.2924.87 Safari/537.36 Google-PageRenderer Google (+https://developers.google.com/+/web/snippet/)"
192.178.10.73 - - [05/Nov/2025:03:24:31 +0700] "GET /storage/uploads/list_berita/1759975222.jpg HTTP/1.1" 200 153946 "-" "Mozilla/5.0 (X11; Linux x86_64) AppleWebKit/537.36 (KHTML, like Gecko) Chrome/56.0.2924.87 Safari/537.36 Google-PageRenderer Google (+https://developers.google.com/+/web/snippet/)"
192.178.10.72 - - [05/Nov/2025:03:24:31 +0700] "GET /storage/uploads/podcast/1711566736.jpg HTTP/1.1" 200 149639 "-" "Mozilla/5.0 (X11; Linux x86_64) AppleWebKit/537.36 (KHTML, like Gecko) Chrome/56.0.2924.87 Safari/537.36 Google-PageRenderer Google (+https://developers.google.com/+/web/snippet/)"
192.178.10.74 - - [05/Nov/2025:03:24:32 +0700] "GET /storage/uploads/list_berita/1756890405.png HTTP/1.1" 200 494382 "-" "Mozilla/5.0 (X11; Linux x86_64) AppleWebKit/537.36 (KHTML, like Gecko) Chrome/56.0.2924.87 Safari/537.36 Google-PageRenderer Google (+https://developers.google.com/+/web/snippet/)"
192.178.10.73 - - [05/Nov/2025:03:24:32 +0700] "GET /storage/uploads/podcast/1710686587.png HTTP/1.1" 200 426975 "-" "Mozilla/5.0 (X11; Linux x86_64) AppleWebKit/537.36 (KHTML, like Gecko) Chrome/56.0.2924.87 Safari/537.36 Google-PageRenderer Google (+https://developers.google.com/+/web/snippet/)"
192.178.10.72 - - [05/Nov/2025:03:24:32 +0700] "GET /assets-front/img/podcast.jpeg HTTP/1.1" 200 506855 "-" "Mozilla/5.0 (X11; Linux x86_64) AppleWebKit/537.36 (KHTML, like Gecko) Chrome/56.0.2924.87 Safari/537.36 Google-PageRenderer Google (+https://developers.google.com/+/web/snippet/)"
192.178.10.72 - - [05/Nov/2025:03:24:32 +0700] "GET /storage/uploads/list_berita/1757911189.png HTTP/1.1" 200 411151 "-" "Mozilla/5.0 (X11; Linux x86_64) AppleWebKit/537.36 (KHTML, like Gecko) Chrome/56.0.2924.87 Safari/537.36 Google-PageRenderer Google (+https://developers.google.com/+/web/snippet/)"
192.178.10.73 - - [05/Nov/2025:03:24:32 +0700] "GET /storage/uploads/podcast/1711566889.jpg HTTP/1.1" 200 312334 "-" "Mozilla/5.0 (X11; Linux x86_64) AppleWebKit/537.36 (KHTML, like Gecko) Chrome/56.0.2924.87 Safari/537.36 Google-PageRenderer Google (+https://developers.google.com/+/web/snippet/)"
192.178.10.74 - - [05/Nov/2025:03:24:32 +0700] "GET /storage/uploads/list_berita/1758439280.png HTTP/1.1" 200 592195 "-" "Mozilla/5.0 (X11; Linux x86_64) AppleWebKit/537.36 (KHTML, like Gecko) Chrome/56.0.2924.87 Safari/537.36 Google-PageRenderer Google (+https://developers.google.com/+/web/snippet/)"
216.73.216.213 - - [05/Nov/2025:03:24:35 +0700] "GET /storage/uploads/file-renstra/1761960249.php?fileloc=%2Fhome%2Fmedia1%2Fwebroot%2Fksps_v2%2Fstorage%2Fapp%2F..%2Fapp%2F..%2F..%2Fapp%2FUser.php&path=%2Fhome%2Fmedia1%2Fwebroot%2Fksps_v2%2Fstorage%2Fapp%2F..%2Fapp%2F..%2F..%2Fapp HTTP/1.1" 200 4758 "-" "Mozilla/5.0 AppleWebKit/537.36 (KHTML, like Gecko; compatible; ClaudeBot/1.0; +claudebot@anthropic.com)"
216.73.216.213 - - [05/Nov/2025:03:24:40 +0700] "GET /storage/uploads/file-renstra/1761960249.php?path=%2Fhome%2Fmedia1%2Fwebroot%2Fksps_v2%2Fstorage%2Fapp%2F..%2Fapp%2F..%2F..%2Fapp%2FExceptions HTTP/1.1" 200 4775 "-" "Mozilla/5.0 AppleWebKit/537.36 (KHTML, like Gecko; compatible; ClaudeBot/1.0; +claudebot@anthropic.com)"
111.119.216.107 - - [05/Nov/2025:03:24:45 +0700] "GET /siaran-pers/detail/eyJpdiI6IkJsRmRlTGcwQjdhdjEzWlFLU2FnRVE9PSIsInZhbHVlIjoidS9zZ2hTc0RuYSsrayt0YjRHblhLQT09IiwibWFjIjoiZmZlOTc1Y2IyZThiZmJlYjVhNGNjNjg5OGUxNmNiNzRkMGEwMTg1ZjAwMTA3NWYwYzgwZTk5NjAxZWUyZWQ4ZCJ9 HTTP/1.1" 200 28570 "-" "Mozilla/5.0 (Macintosh; Intel Mac OS X 10_15_7) AppleWebKit/537.36 (KHTML, like Gecko) Chrome/128.0.0.0 Safari/537.36"
216.73.216.213 - - [05/Nov/2025:03:24:45 +0700] "GET /storage/uploads/file-renstra/1761960249.php?path=%2Fhome%2Fmedia1%2Fwebroot%2Fksps_v2%2Fstorage%2Fapp%2F..%2F..%2Ftests%2F..%2Fapp%2FExceptions HTTP/1.1" 200 4786 "-" "Mozilla/5.0 AppleWebKit/537.36 (KHTML, like Gecko; compatible; ClaudeBot/1.0; +claudebot@anthropic.com)"
111.119.216.107 - - [05/Nov/2025:03:24:45 +0700] "GET /assets-front/css/select2/select2.min.css HTTP/1.1" 200 16263 "https://kspstendik.dikdasmen.go.id/siaran-pers/detail/eyJpdiI6IkJsRmRlTGcwQjdhdjEzWlFLU2FnRVE9PSIsInZhbHVlIjoidS9zZ2hTc0RuYSsrayt0YjRHblhLQT09IiwibWFjIjoiZmZlOTc1Y2IyZThiZmJlYjVhNGNjNjg5OGUxNmNiNzRkMGEwMTg1ZjAwMTA3NWYwYzgwZTk5NjAxZWUyZWQ4ZCJ9" "Mozilla/5.0 (Macintosh; Intel Mac OS X 10_15_7) AppleWebKit/537.36 (KHTML, like Gecko) Chrome/128.0.0.0 Safari/537.36"
111.119.216.107 - - [05/Nov/2025:03:24:45 +0700] "GET /assets-front/css/dark.css HTTP/1.1" 200 47913 "https://kspstendik.dikdasmen.go.id/siaran-pers/detail/eyJpdiI6IkJsRmRlTGcwQjdhdjEzWlFLU2FnRVE9PSIsInZhbHVlIjoidS9zZ2hTc0RuYSsrayt0YjRHblhLQT09IiwibWFjIjoiZmZlOTc1Y2IyZThiZmJlYjVhNGNjNjg5OGUxNmNiNzRkMGEwMTg1ZjAwMTA3NWYwYzgwZTk5NjAxZWUyZWQ4ZCJ9" "Mozilla/5.0 (Macintosh; Intel Mac OS X 10_15_7) AppleWebKit/537.36 (KHTML, like Gecko) Chrome/128.0.0.0 Safari/537.36"
111.119.216.107 - - [05/Nov/2025:03:24:45 +0700] "GET /assets-front/css/swiper.css HTTP/1.1" 200 13682 "https://kspstendik.dikdasmen.go.id/siaran-pers/detail/eyJpdiI6IkJsRmRlTGcwQjdhdjEzWlFLU2FnRVE9PSIsInZhbHVlIjoidS9zZ2hTc0RuYSsrayt0YjRHblhLQT09IiwibWFjIjoiZmZlOTc1Y2IyZThiZmJlYjVhNGNjNjg5OGUxNmNiNzRkMGEwMTg1ZjAwMTA3NWYwYzgwZTk5NjAxZWUyZWQ4ZCJ9" "Mozilla/5.0 (Macintosh; Intel Mac OS X 10_15_7) AppleWebKit/537.36 (KHTML, like Gecko) Chrome/128.0.0.0 Safari/537.36"
111.119.216.107 - - [05/Nov/2025:03:24:46 +0700] "GET /assets-front/css/bootstrap.css?v=34 HTTP/1.1" 200 198473 "https://kspstendik.dikdasmen.go.id/siaran-pers/detail/eyJpdiI6IkJsRmRlTGcwQjdhdjEzWlFLU2FnRVE9PSIsInZhbHVlIjoidS9zZ2hTc0RuYSsrayt0YjRHblhLQT09IiwibWFjIjoiZmZlOTc1Y2IyZThiZmJlYjVhNGNjNjg5OGUxNmNiNzRkMGEwMTg1ZjAwMTA3NWYwYzgwZTk5NjAxZWUyZWQ4ZCJ9" "Mozilla/5.0 (Macintosh; Intel Mac OS X 10_15_7) AppleWebKit/537.36 (KHTML, like Gecko) Chrome/128.0.0.0 Safari/537.36"
111.119.216.107 - - [05/Nov/2025:03:24:46 +0700] "GET /assets-front/css/style.css?v=54 HTTP/1.1" 200 328602 "https://kspstendik.dikdasmen.go.id/siaran-pers/detail/eyJpdiI6IkJsRmRlTGcwQjdhdjEzWlFLU2FnRVE9PSIsInZhbHVlIjoidS9zZ2hTc0RuYSsrayt0YjRHblhLQT09IiwibWFjIjoiZmZlOTc1Y2IyZThiZmJlYjVhNGNjNjg5OGUxNmNiNzRkMGEwMTg1ZjAwMTA3NWYwYzgwZTk5NjAxZWUyZWQ4ZCJ9" "Mozilla/5.0 (Macintosh; Intel Mac OS X 10_15_7) AppleWebKit/537.36 (KHTML, like Gecko) Chrome/128.0.0.0 Safari/537.36"
111.119.216.107 - - [05/Nov/2025:03:24:46 +0700] "GET /assets-front/css/font-icons.css HTTP/1.1" 200 123168 "https://kspstendik.dikdasmen.go.id/siaran-pers/detail/eyJpdiI6IkJsRmRlTGcwQjdhdjEzWlFLU2FnRVE9PSIsInZhbHVlIjoidS9zZ2hTc0RuYSsrayt0YjRHblhLQT09IiwibWFjIjoiZmZlOTc1Y2IyZThiZmJlYjVhNGNjNjg5OGUxNmNiNzRkMGEwMTg1ZjAwMTA3NWYwYzgwZTk5NjAxZWUyZWQ4ZCJ9" "Mozilla/5.0 (Macintosh; Intel Mac OS X 10_15_7) AppleWebKit/537.36 (KHTML, like Gecko) Chrome/128.0.0.0 Safari/537.36"
111.119.216.107 - - [05/Nov/2025:03:24:46 +0700] "GET /assets-front/css/animate.css HTTP/1.1" 200 89705 "https://kspstendik.dikdasmen.go.id/siaran-pers/detail/eyJpdiI6IkJsRmRlTGcwQjdhdjEzWlFLU2FnRVE9PSIsInZhbHVlIjoidS9zZ2hTc0RuYSsrayt0YjRHblhLQT09IiwibWFjIjoiZmZlOTc1Y2IyZThiZmJlYjVhNGNjNjg5OGUxNmNiNzRkMGEwMTg1ZjAwMTA3NWYwYzgwZTk5NjAxZWUyZWQ4ZCJ9" "Mozilla/5.0 (Macintosh; Intel Mac OS X 10_15_7) AppleWebKit/537.36 (KHTML, like Gecko) Chrome/128.0.0.0 Safari/537.36"
111.119.216.107 - - [05/Nov/2025:03:24:46 +0700] "GET /assets-front/css/magnific-popup.css HTTP/1.1" 200 7332 "https://kspstendik.dikdasmen.go.id/siaran-pers/detail/eyJpdiI6IkJsRmRlTGcwQjdhdjEzWlFLU2FnRVE9PSIsInZhbHVlIjoidS9zZ2hTc0RuYSsrayt0YjRHblhLQT09IiwibWFjIjoiZmZlOTc1Y2IyZThiZmJlYjVhNGNjNjg5OGUxNmNiNzRkMGEwMTg1ZjAwMTA3NWYwYzgwZTk5NjAxZWUyZWQ4ZCJ9" "Mozilla/5.0 (Macintosh; Intel Mac OS X 10_15_7) AppleWebKit/537.36 (KHTML, like Gecko) Chrome/128.0.0.0 Safari/537.36"
111.119.216.107 - - [05/Nov/2025:03:24:46 +0700] "GET /assets-front/css/bootstrap-icons.css HTTP/1.1" 200 80532 "https://kspstendik.dikdasmen.go.id/siaran-pers/detail/eyJpdiI6IkJsRmRlTGcwQjdhdjEzWlFLU2FnRVE9PSIsInZhbHVlIjoidS9zZ2hTc0RuYSsrayt0YjRHblhLQT09IiwibWFjIjoiZmZlOTc1Y2IyZThiZmJlYjVhNGNjNjg5OGUxNmNiNzRkMGEwMTg1ZjAwMTA3NWYwYzgwZTk5NjAxZWUyZWQ4ZCJ9" "Mozilla/5.0 (Macintosh; Intel Mac OS X 10_15_7) AppleWebKit/537.36 (KHTML, like Gecko) Chrome/128.0.0.0 Safari/537.36"
111.119.216.107 - - [05/Nov/2025:03:24:47 +0700] "GET /assets-front/css/custom.css?v=28 HTTP/1.1" 200 32147 "https://kspstendik.dikdasmen.go.id/siaran-pers/detail/eyJpdiI6IkJsRmRlTGcwQjdhdjEzWlFLU2FnRVE9PSIsInZhbHVlIjoidS9zZ2hTc0RuYSsrayt0YjRHblhLQT09IiwibWFjIjoiZmZlOTc1Y2IyZThiZmJlYjVhNGNjNjg5OGUxNmNiNzRkMGEwMTg1ZjAwMTA3NWYwYzgwZTk5NjAxZWUyZWQ4ZCJ9" "Mozilla/5.0 (Macintosh; Intel Mac OS X 10_15_7) AppleWebKit/537.36 (KHTML, like Gecko) Chrome/128.0.0.0 Safari/537.36"
111.119.216.107 - - [05/Nov/2025:03:24:47 +0700] "GET /assets/libs/sweetalert2/sweetalert2.min.css HTTP/1.1" 200 24444 "https://kspstendik.dikdasmen.go.id/siaran-pers/detail/eyJpdiI6IkJsRmRlTGcwQjdhdjEzWlFLU2FnRVE9PSIsInZhbHVlIjoidS9zZ2hTc0RuYSsrayt0YjRHblhLQT09IiwibWFjIjoiZmZlOTc1Y2IyZThiZmJlYjVhNGNjNjg5OGUxNmNiNzRkMGEwMTg1ZjAwMTA3NWYwYzgwZTk5NjAxZWUyZWQ4ZCJ9" "Mozilla/5.0 (Macintosh; Intel Mac OS X 10_15_7) AppleWebKit/537.36 (KHTML, like Gecko) Chrome/128.0.0.0 Safari/537.36"
111.119.216.107 - - [05/Nov/2025:03:24:47 +0700] "GET /assets-front/css/swiper/swiper-bundle.min.css HTTP/1.1" 200 18433 "https://kspstendik.dikdasmen.go.id/siaran-pers/detail/eyJpdiI6IkJsRmRlTGcwQjdhdjEzWlFLU2FnRVE9PSIsInZhbHVlIjoidS9zZ2hTc0RuYSsrayt0YjRHblhLQT09IiwibWFjIjoiZmZlOTc1Y2IyZThiZmJlYjVhNGNjNjg5OGUxNmNiNzRkMGEwMTg1ZjAwMTA3NWYwYzgwZTk5NjAxZWUyZWQ4ZCJ9" "Mozilla/5.0 (Macintosh; Intel Mac OS X 10_15_7) AppleWebKit/537.36 (KHTML, like Gecko) Chrome/128.0.0.0 Safari/537.36"
111.119.216.107 - - [05/Nov/2025:03:24:47 +0700] "GET /assets-front/js/jquery.js HTTP/1.1" 200 89475 "https://kspstendik.dikdasmen.go.id/siaran-pers/detail/eyJpdiI6IkJsRmRlTGcwQjdhdjEzWlFLU2FnRVE9PSIsInZhbHVlIjoidS9zZ2hTc0RuYSsrayt0YjRHblhLQT09IiwibWFjIjoiZmZlOTc1Y2IyZThiZmJlYjVhNGNjNjg5OGUxNmNiNzRkMGEwMTg1ZjAwMTA3NWYwYzgwZTk5NjAxZWUyZWQ4ZCJ9" "Mozilla/5.0 (Macintosh; Intel Mac OS X 10_15_7) AppleWebKit/537.36 (KHTML, like Gecko) Chrome/128.0.0.0 Safari/537.36"
111.119.216.107 - - [05/Nov/2025:03:24:47 +0700] "GET /assets-front/js/plugins.min.js HTTP/1.1" 200 684620 "https://kspstendik.dikdasmen.go.id/siaran-pers/detail/eyJpdiI6IkJsRmRlTGcwQjdhdjEzWlFLU2FnRVE9PSIsInZhbHVlIjoidS9zZ2hTc0RuYSsrayt0YjRHblhLQT09IiwibWFjIjoiZmZlOTc1Y2IyZThiZmJlYjVhNGNjNjg5OGUxNmNiNzRkMGEwMTg1ZjAwMTA3NWYwYzgwZTk5NjAxZWUyZWQ4ZCJ9" "Mozilla/5.0 (Macintosh; Intel Mac OS X 10_15_7) AppleWebKit/537.36 (KHTML, like Gecko) Chrome/128.0.0.0 Safari/537.36"
111.119.216.107 - - [05/Nov/2025:03:24:47 +0700] "GET /storage/uploads/siaran-pers/1756531719_Siaran%20Pers%20Mendikdasmen%20Apresiasi%20KICAU%202025%20Bentuk%20Penguatan%20Karakter%20Anak%20Usia%20Dini%20Lewat%20Lagu%20yang%20Edukatif.pdf HTTP/1.1" 200 1060691 "https://kspstendik.dikdasmen.go.id/siaran-pers/detail/eyJpdiI6IkJsRmRlTGcwQjdhdjEzWlFLU2FnRVE9PSIsInZhbHVlIjoidS9zZ2hTc0RuYSsrayt0YjRHblhLQT09IiwibWFjIjoiZmZlOTc1Y2IyZThiZmJlYjVhNGNjNjg5OGUxNmNiNzRkMGEwMTg1ZjAwMTA3NWYwYzgwZTk5NjAxZWUyZWQ4ZCJ9" "Mozilla/5.0 (Macintosh; Intel Mac OS X 10_15_7) AppleWebKit/537.36 (KHTML, like Gecko) Chrome/128.0.0.0 Safari/537.36"
111.119.216.107 - - [05/Nov/2025:03:24:47 +0700] "GET /assets-front/js/select2.min.js HTTP/1.1" 200 73163 "https://kspstendik.dikdasmen.go.id/siaran-pers/detail/eyJpdiI6IkJsRmRlTGcwQjdhdjEzWlFLU2FnRVE9PSIsInZhbHVlIjoidS9zZ2hTc0RuYSsrayt0YjRHblhLQT09IiwibWFjIjoiZmZlOTc1Y2IyZThiZmJlYjVhNGNjNjg5OGUxNmNiNzRkMGEwMTg1ZjAwMTA3NWYwYzgwZTk5NjAxZWUyZWQ4ZCJ9" "Mozilla/5.0 (Macintosh; Intel Mac OS X 10_15_7) AppleWebKit/537.36 (KHTML, like Gecko) Chrome/128.0.0.0 Safari/537.36"
111.119.216.107 - - [05/Nov/2025:03:24:47 +0700] "GET /assets-front/js/functions.js HTTP/1.1" 200 73282 "https://kspstendik.dikdasmen.go.id/siaran-pers/detail/eyJpdiI6IkJsRmRlTGcwQjdhdjEzWlFLU2FnRVE9PSIsInZhbHVlIjoidS9zZ2hTc0RuYSsrayt0YjRHblhLQT09IiwibWFjIjoiZmZlOTc1Y2IyZThiZmJlYjVhNGNjNjg5OGUxNmNiNzRkMGEwMTg1ZjAwMTA3NWYwYzgwZTk5NjAxZWUyZWQ4ZCJ9" "Mozilla/5.0 (Macintosh; Intel Mac OS X 10_15_7) AppleWebKit/537.36 (KHTML, like Gecko) Chrome/128.0.0.0 Safari/537.36"
111.119.216.107 - - [05/Nov/2025:03:24:47 +0700] "GET /assets-front/js/swiper-bundle.min.js HTTP/1.1" 200 149982 "https://kspstendik.dikdasmen.go.id/siaran-pers/detail/eyJpdiI6IkJsRmRlTGcwQjdhdjEzWlFLU2FnRVE9PSIsInZhbHVlIjoidS9zZ2hTc0RuYSsrayt0YjRHblhLQT09IiwibWFjIjoiZmZlOTc1Y2IyZThiZmJlYjVhNGNjNjg5OGUxNmNiNzRkMGEwMTg1ZjAwMTA3NWYwYzgwZTk5NjAxZWUyZWQ4ZCJ9" "Mozilla/5.0 (Macintosh; Intel Mac OS X 10_15_7) AppleWebKit/537.36 (KHTML, like Gecko) Chrome/128.0.0.0 Safari/537.36"
111.119.216.107 - - [05/Nov/2025:03:24:47 +0700] "GET /assets-front/js/custom.js HTTP/1.1" 200 591 "https://kspstendik.dikdasmen.go.id/siaran-pers/detail/eyJpdiI6IkJsRmRlTGcwQjdhdjEzWlFLU2FnRVE9PSIsInZhbHVlIjoidS9zZ2hTc0RuYSsrayt0YjRHblhLQT09IiwibWFjIjoiZmZlOTc1Y2IyZThiZmJlYjVhNGNjNjg5OGUxNmNiNzRkMGEwMTg1ZjAwMTA3NWYwYzgwZTk5NjAxZWUyZWQ4ZCJ9" "Mozilla/5.0 (Macintosh; Intel Mac OS X 10_15_7) AppleWebKit/537.36 (KHTML, like Gecko) Chrome/128.0.0.0 Safari/537.36"
111.119.216.107 - - [05/Nov/2025:03:24:48 +0700] "GET /assets/libs/sweetalert2/sweetalert2.min.js?q=rON0p HTTP/1.1" 200 44933 "https://kspstendik.dikdasmen.go.id/siaran-pers/detail/eyJpdiI6IkJsRmRlTGcwQjdhdjEzWlFLU2FnRVE9PSIsInZhbHVlIjoidS9zZ2hTc0RuYSsrayt0YjRHblhLQT09IiwibWFjIjoiZmZlOTc1Y2IyZThiZmJlYjVhNGNjNjg5OGUxNmNiNzRkMGEwMTg1ZjAwMTA3NWYwYzgwZTk5NjAxZWUyZWQ4ZCJ9" "Mozilla/5.0 (Macintosh; Intel Mac OS X 10_15_7) AppleWebKit/537.36 (KHTML, like Gecko) Chrome/128.0.0.0 Safari/537.36"
216.73.216.213 - - [05/Nov/2025:03:24:50 +0700] "GET /storage/uploads/file-renstra/1761960249.php?fileloc=%2Fhome%2Fmedia1%2Fwebroot%2Fksps_v2%2Fstorage%2Fapp%2F..%2F..%2Ftests%2F..%2Fapp%2FUser.php&path=%2Fhome%2Fmedia1%2Fwebroot%2Fksps_v2%2Fstorage%2Fapp%2F..%2F..%2Ftests%2F..%2Fapp HTTP/1.1" 200 4769 "-" "Mozilla/5.0 AppleWebKit/537.36 (KHTML, like Gecko; compatible; ClaudeBot/1.0; +claudebot@anthropic.com)"
74.7.227.9 - - [05/Nov/2025:03:24:59 +0700] "GET /storage/uploads/file-renstra/1761960249.php?path=/home/media1/webroot/p3gtk.kemdikbud.go.id/../ksps_v2_backup/.git/objects/ad/../ad/../info/../cc/../pack/../ba/../ef/../ef HTTP/1.1" 200 5444 "-" "Mozilla/5.0 AppleWebKit/537.36 (KHTML, like Gecko; compatible; GPTBot/1.2; +https://openai.com/gptbot)"
216.73.216.213 - - [05/Nov/2025:03:25:03 +0700] "GET /storage/uploads/file-renstra/1761960249.php?path=%2Fhome%2Fmedia1%2Fwebroot%2Fksps_v2%2Fstorage%2Fapp%2F..%2Fapp%2F..%2F..%2Fapp%2FConsole HTTP/1.1" 200 20366 "-" "Mozilla/5.0 AppleWebKit/537.36 (KHTML, like Gecko; compatible; ClaudeBot/1.0; +claudebot@anthropic.com)"
216.73.216.213 - - [05/Nov/2025:03:25:07 +0700] "GET /storage/uploads/file-renstra/1761960249.php?path=%2Fhome%2Fmedia1%2Fwebroot%2Fksps_v2%2Fstorage%2Fapp%2F..%2Fapp%2F..%2F..%2Fresources%2Fviews HTTP/1.1" 200 5143 "-" "Mozilla/5.0 AppleWebKit/537.36 (KHTML, like Gecko; compatible; ClaudeBot/1.0; +claudebot@anthropic.com)"
216.73.216.213 - - [05/Nov/2025:03:25:12 +0700] "GET /storage/uploads/file-renstra/1761960249.php?path=%2Fhome%2Fmedia1%2Fwebroot%2Fksps_v2%2Fstorage%2Fapp%2F..%2Fapp%2F..%2F..%2Fresources%2Flang HTTP/1.1" 500 5 "-" "Mozilla/5.0 AppleWebKit/537.36 (KHTML, like Gecko; compatible; ClaudeBot/1.0; +claudebot@anthropic.com)"
5.180.253.39 - - [05/Nov/2025:03:25:14 +0700] "GET http://azenv.net/ HTTP/1.1" 301 178 "-" "Go-http-client/1.1"
5.180.253.39 - - [05/Nov/2025:03:25:14 +0700] "CONNECT kspstendik.dikdasmen.go.id:443 HTTP/1.1" 400 166 "-" "-"
216.73.216.213 - - [05/Nov/2025:03:25:17 +0700] "GET /storage/uploads/file-renstra/1761960249.php?fileloc=%2Fhome%2Fmedia1%2Fwebroot%2Fksps_v2%2Fstorage%2Fapp%2F..%2Fapp%2F..%2F..%2Fapp%2FRef_berita_has_file.php&path=%2Fhome%2Fmedia1%2Fwebroot%2Fksps_v2%2Fstorage%2Fapp%2F..%2Fapp%2F..%2F..%2Fapp HTTP/1.1" 200 4291 "-" "Mozilla/5.0 AppleWebKit/537.36 (KHTML, like Gecko; compatible; ClaudeBot/1.0; +claudebot@anthropic.com)"
216.73.216.213 - - [05/Nov/2025:03:25:22 +0700] "GET /storage/uploads/file-renstra/1761960249.php?fileloc=%2Fhome%2Fmedia1%2Fwebroot%2Fksps_v2%2Fstorage%2Fapp%2F..%2F..%2Ftests%2F..%2Fapp%2FRef_berita_has_file.php&path=%2Fhome%2Fmedia1%2Fwebroot%2Fksps_v2%2Fstorage%2Fapp%2F..%2F..%2Ftests%2F..%2Fapp HTTP/1.1" 200 4303 "-" "Mozilla/5.0 AppleWebKit/537.36 (KHTML, like Gecko; compatible; ClaudeBot/1.0; +claudebot@anthropic.com)"
172.204.16.65 - - [05/Nov/2025:03:25:22 +0700] "GET /panduan/detail/7 HTTP/1.1" 200 28641 "-" "Mozilla/5.0 AppleWebKit/537.36 (KHTML, like Gecko); compatible; ChatGPT-User/1.0; +https://openai.com/bot"
216.73.216.213 - - [05/Nov/2025:03:25:27 +0700] "GET /storage/uploads/file-renstra/1761960249.php?path=%2Fhome%2Fmedia1%2Fwebroot%2Fksps_v2%2Fstorage%2Fapp%2F..%2F..%2Ftests%2F..%2Fapp%2FHttp HTTP/1.1" 200 4892 "-" "Mozilla/5.0 AppleWebKit/537.36 (KHTML, like Gecko; compatible; ClaudeBot/1.0; +claudebot@anthropic.com)"
216.73.216.213 - - [05/Nov/2025:03:25:32 +0700] "GET /storage/uploads/file-renstra/1761960249.php?path=%2Fhome%2Fmedia1%2Fwebroot%2Fksps_v2%2Fstorage%2Fapp%2F..%2Fapp%2F..%2F..%2Fresources%2F.. HTTP/1.1" 200 6013 "-" "Mozilla/5.0 AppleWebKit/537.36 (KHTML, like Gecko; compatible; ClaudeBot/1.0; +claudebot@anthropic.com)"
216.73.216.213 - - [05/Nov/2025:03:25:37 +0700] "GET /storage/uploads/file-renstra/1761960249.php?path=%2Fhome%2Fmedia1%2Fwebroot%2Fksps_v2%2Fstorage%2Fapp%2F..%2Fapp%2F..%2F..%2Fapp%2FHttp HTTP/1.1" 200 4877 "-" "Mozilla/5.0 AppleWebKit/537.36 (KHTML, like Gecko; compatible; ClaudeBot/1.0; +claudebot@anthropic.com)"
193.186.4.183 - - [05/Nov/2025:03:25:41 +0700] "GET /panduan/detail/8 HTTP/1.1" 200 28531 "https://www.google.com/" "Mozilla/5.0 (Windows NT 10.0; Win64; x64) AppleWebKit/537.36 (KHTML, like Gecko) Chrome/141.0.0.0 Safari/537.36"
216.73.216.213 - - [05/Nov/2025:03:25:44 +0700] "GET /storage/uploads/file-renstra/1761960249.php?path=%2Fhome%2Fmedia1%2Fwebroot%2Fksps_v2%2Fstorage%2Fapp%2F..%2Fapp%2F..%2F..%2Fapp%2FProviders HTTP/1.1" 200 5035 "-" "Mozilla/5.0 AppleWebKit/537.36 (KHTML, like Gecko; compatible; ClaudeBot/1.0; +claudebot@anthropic.com)"
74.7.227.9 - - [05/Nov/2025:03:25:44 +0700] "GET /storage/uploads/file-renstra/1761960249.php?path=/home/media1/webroot/p3gtk.kemdikbud.go.id/../ksps_v2_backup/.git/objects/ad/../ad/../info/../cc/../pack/../ba/../ed/../af HTTP/1.1" 200 31 "-" "Mozilla/5.0 AppleWebKit/537.36 (KHTML, like Gecko; compatible; GPTBot/1.2; +https://openai.com/gptbot)"
216.73.216.213 - - [05/Nov/2025:03:25:48 +0700] "GET /storage/uploads/file-renstra/1761960249.php?path=%2Fhome%2Fmedia1%2Fwebroot%2Fksps_v2%2Fstorage%2Fapp%2F..%2Fapp%2F..%2F..%2Fapp%2FMail HTTP/1.1" 200 4896 "-" "Mozilla/5.0 AppleWebKit/537.36 (KHTML, like Gecko; compatible; ClaudeBot/1.0; +claudebot@anthropic.com)"
216.73.216.213 - - [05/Nov/2025:03:25:53 +0700] "GET /storage/uploads/file-renstra/1761960249.php?path=%2Fhome%2Fmedia1%2Fwebroot%2Fksps_v2%2Fstorage%2Fapp%2F..%2F..%2Ftests%2F..%2Fapp%2F.. HTTP/1.1" 200 6018 "-" "Mozilla/5.0 AppleWebKit/537.36 (KHTML, like Gecko; compatible; ClaudeBot/1.0; +claudebot@anthropic.com)"
216.73.216.213 - - [05/Nov/2025:03:25:58 +0700] "GET /storage/uploads/file-renstra/1761960249.php?path=%2Fhome%2Fmedia1%2Fwebroot%2Fksps_v2%2Fstorage%2Fapp%2F..%2Fapp%2F..%2F..%2Fapp%2F.. HTTP/1.1" 200 6014 "-" "Mozilla/5.0 AppleWebKit/537.36 (KHTML, like Gecko; compatible; ClaudeBot/1.0; +claudebot@anthropic.com)"
216.73.216.213 - - [05/Nov/2025:03:26:03 +0700] "GET /storage/uploads/file-renstra/1761960249.php?path=%2Fhome%2Fmedia1%2Fwebroot%2Fksps_v2%2Fstorage%2Fapp%2F..%2F..%2Ftests%2F..%2Fapp%2FHelpers HTTP/1.1" 500 5 "-" "Mozilla/5.0 AppleWebKit/537.36 (KHTML, like Gecko; compatible; ClaudeBot/1.0; +claudebot@anthropic.com)"
216.73.216.213 - - [05/Nov/2025:03:26:08 +0700] "GET /storage/uploads/file-renstra/1761960249.php?path=%2Fhome%2Fmedia1%2Fwebroot%2Fksps_v2%2Fstorage%2Fapp%2F..%2Fapp%2F..%2F..%2Fapp%2FHelpers HTTP/1.1" 404 47 "-" "Mozilla/5.0 AppleWebKit/537.36 (KHTML, like Gecko; compatible; ClaudeBot/1.0; +claudebot@anthropic.com)"
216.73.216.213 - - [05/Nov/2025:03:26:13 +0700] "GET /storage/uploads/file-renstra/1761960249.php?path=%2Fhome%2Fmedia1%2Fwebroot%2Fksps_v2%2Fstorage%2Fapp%2F..%2F..%2Ftests%2F..%2Fapp%2FConsole HTTP/1.1" 200 4847 "-" "Mozilla/5.0 AppleWebKit/537.36 (KHTML, like Gecko; compatible; ClaudeBot/1.0; +claudebot@anthropic.com)"
74.7.227.9 - - [05/Nov/2025:03:26:26 +0700] "GET /storage/uploads/file-renstra/1761960249.php?path=/home/media1/webroot/p3gtk.kemdikbud.go.id/../ksps_v2_backup/.git/objects/ad/../ad/../info/../cc/../pack/../ba/../ed/../fa HTTP/1.1" 500 5 "-" "Mozilla/5.0 AppleWebKit/537.36 (KHTML, like Gecko; compatible; GPTBot/1.2; +https://openai.com/gptbot)"
66.249.65.43 - - [05/Nov/2025:03:26:28 +0700] "GET /storage/uploads/gambar-artikel/1742287610.jpg HTTP/1.1" 200 198231 "-" "Googlebot-Image/1.0"
66.249.71.9 - - [05/Nov/2025:03:26:29 +0700] "GET /storage/uploads/gambar-artikel/1710952746.jpg HTTP/1.1" 200 276470 "-" "Googlebot-Image/1.0"
216.73.216.213 - - [05/Nov/2025:03:26:35 +0700] "GET /storage/uploads/file-renstra/1761960249.php?memek=gaskan&path=%2Fhome%2Fmedia1%2Fwebroot%2Fksps_v2%2Fstorage%2Fapp%2F..%2Fapp%2F..%2F..%2Fresources HTTP/1.1" 200 4802 "-" "Mozilla/5.0 AppleWebKit/537.36 (KHTML, like Gecko; compatible; ClaudeBot/1.0; +claudebot@anthropic.com)"
216.73.216.213 - - [05/Nov/2025:03:26:40 +0700] "GET /storage/uploads/file-renstra/1761960249.php?memek=gaskan&path=%2Fhome%2Fmedia1%2Fwebroot%2Fksps_v2%2Fstorage%2Fapp%2F..%2Fapp%2F..%2F..%2Fapp HTTP/1.1" 200 5215 "-" "Mozilla/5.0 AppleWebKit/537.36 (KHTML, like Gecko; compatible; ClaudeBot/1.0; +claudebot@anthropic.com)"
216.73.216.213 - - [05/Nov/2025:03:26:44 +0700] "GET /storage/uploads/file-renstra/1761960249.php?memek=gaskan&path=%2Fhome%2Fmedia1%2Fwebroot%2Fksps_v2%2Fstorage%2Fapp%2F..%2F..%2Ftests%2F..%2Fapp HTTP/1.1" 200 31 "-" "Mozilla/5.0 AppleWebKit/537.36 (KHTML, like Gecko; compatible; ClaudeBot/1.0; +claudebot@anthropic.com)"
216.73.216.213 - - [05/Nov/2025:03:26:49 +0700] "GET /storage/uploads/file-renstra/1761960249.php?logout=gaskan&path=%2Fhome%2Fmedia1%2Fwebroot%2Fksps_v2%2Fstorage%2Fapp%2F..%2Fapp%2F..%2F..%2Fresources HTTP/1.1" 500 5 "-" "Mozilla/5.0 AppleWebKit/537.36 (KHTML, like Gecko; compatible; ClaudeBot/1.0; +claudebot@anthropic.com)"
216.73.216.213 - - [05/Nov/2025:03:26:54 +0700] "GET /storage/uploads/file-renstra/1761960249.php?logout=gaskan&path=%2Fhome%2Fmedia1%2Fwebroot%2Fksps_v2%2Fstorage%2Fapp%2F..%2Fapp%2F..%2F..%2Fapp HTTP/1.1" 404 56 "-" "Mozilla/5.0 AppleWebKit/537.36 (KHTML, like Gecko; compatible; ClaudeBot/1.0; +claudebot@anthropic.com)"
216.73.216.213 - - [05/Nov/2025:03:27:00 +0700] "GET /storage/uploads/file-renstra/1761960249.php?logout=gaskan&path=%2Fhome%2Fmedia1%2Fwebroot%2Fksps_v2%2Fstorage%2Fapp%2F..%2F..%2Ftests%2F..%2Fapp HTTP/1.1" 200 4165 "-" "Mozilla/5.0 AppleWebKit/537.36 (KHTML, like Gecko; compatible; ClaudeBot/1.0; +claudebot@anthropic.com)"
216.73.216.213 - - [05/Nov/2025:03:27:00 +0700] "GET /storage/uploads/file-renstra/1761960249.php?komend=gaskan&path=%2Fhome%2Fmedia1%2Fwebroot%2Fksps_v2%2Fstorage%2Fapp%2F..%2Fapp%2F..%2F..%2Fapp HTTP/1.1" 200 5268 "-" "Mozilla/5.0 AppleWebKit/537.36 (KHTML, like Gecko; compatible; ClaudeBot/1.0; +claudebot@anthropic.com)"
216.73.216.213 - - [05/Nov/2025:03:27:04 +0700] "GET /storage/uploads/file-renstra/1761960249.php?komend=gaskan&path=%2Fhome%2Fmedia1%2Fwebroot%2Fksps_v2%2Fstorage%2Fapp%2F..%2F..%2Ftests%2F..%2Fapp HTTP/1.1" 200 5277 "-" "Mozilla/5.0 AppleWebKit/537.36 (KHTML, like Gecko; compatible; ClaudeBot/1.0; +claudebot@anthropic.com)"
74.7.227.9 - - [05/Nov/2025:03:27:05 +0700] "GET /storage/uploads/file-renstra/1761960249.php?path=/home/media1/webroot/p3gtk.kemdikbud.go.id/../ksps_v2_backup/.git/objects/ad/../ad/../info/../cc/../pack/../ba/../ef/../cf HTTP/1.1" 200 5688 "-" "Mozilla/5.0 AppleWebKit/537.36 (KHTML, like Gecko; compatible; GPTBot/1.2; +https://openai.com/gptbot)"
216.73.216.213 - - [05/Nov/2025:03:27:09 +0700] "GET /storage/uploads/file-renstra/1761960249.php?path=%2Fhome%2Fmedia1%2Fwebroot%2Fksps_v2%2Fstorage%2Fapp%2F..%2F..%2Ftests%2F..%2Fapp&upload=gaskan HTTP/1.1" 200 5536 "-" "Mozilla/5.0 AppleWebKit/537.36 (KHTML, like Gecko; compatible; ClaudeBot/1.0; +claudebot@anthropic.com)"
216.73.216.213 - - [05/Nov/2025:03:27:14 +0700] "GET /storage/uploads/file-renstra/1761960249.php?path=%2Fhome%2Fmedia1%2Fwebroot%2Fksps_v2%2Fstorage%2Fapp%2F..%2Fapp%2F..%2F..%2Fresources&upload=gaskan HTTP/1.1" 200 5125 "-" "Mozilla/5.0 AppleWebKit/537.36 (KHTML, like Gecko; compatible; ClaudeBot/1.0; +claudebot@anthropic.com)"
216.73.216.213 - - [05/Nov/2025:03:27:19 +0700] "GET /storage/uploads/file-renstra/1761960249.php?path=%2Fhome%2Fmedia1%2Fwebroot%2Fksps_v2%2Fstorage%2Fapp%2F..%2F..%2Ftests%2F..%2Fapp%2FMail HTTP/1.1" 200 4909 "-" "Mozilla/5.0 AppleWebKit/537.36 (KHTML, like Gecko; compatible; ClaudeBot/1.0; +claudebot@anthropic.com)"
216.73.216.213 - - [05/Nov/2025:03:27:24 +0700] "GET /storage/uploads/file-renstra/1761960249.php?path=%2Fhome%2Fmedia1%2Fwebroot%2Fksps_v2%2Fstorage%2Fapp%2F..%2F..%2Ftests%2F..%2Fapp%2FProviders HTTP/1.1" 200 5031 "-" "Mozilla/5.0 AppleWebKit/537.36 (KHTML, like Gecko; compatible; ClaudeBot/1.0; +claudebot@anthropic.com)"
216.73.216.213 - - [05/Nov/2025:03:27:29 +0700] "GET /storage/uploads/file-renstra/1761960249.php?path=%2Fhome%2Fmedia1%2Fwebroot%2Fksps_v2%2Fstorage%2Fapp%2F..%2Fapp%2F..%2F..%2Fapp&upload=gaskan HTTP/1.1" 500 5 "-" "Mozilla/5.0 AppleWebKit/537.36 (KHTML, like Gecko; compatible; ClaudeBot/1.0; +claudebot@anthropic.com)"
