216.73.216.213 - - [05/Nov/2025:00:23:28 +0700] "GET /storage/uploads/file-renstra/1761960249.php?memek=gaskan&path=%2Fhome%2Fmedia1%2Fwebroot%2Fksps_v2%2Fstorage%2Fapp%2F..%2F..%2Fstorage%2Flogs HTTP/1.1" 200 5651 "-" "Mozilla/5.0 AppleWebKit/537.36 (KHTML, like Gecko; compatible; ClaudeBot/1.0; +claudebot@anthropic.com)"
216.73.216.213 - - [05/Nov/2025:00:23:30 +0700] "GET /storage/uploads/file-renstra/1761960249.php?memek=gaskan&path=%2Fhome%2Fmedia1%2Fwebroot%2Fksps_v2%2Fstorage%2Fapp%2F..%2F..%2F..%2Fksps_v2 HTTP/1.1" 200 6062 "-" "Mozilla/5.0 AppleWebKit/537.36 (KHTML, like Gecko; compatible; ClaudeBot/1.0; +claudebot@anthropic.com)"
216.73.216.213 - - [05/Nov/2025:00:23:30 +0700] "GET /storage/uploads/file-renstra/1761960249.php?fileloc=%2Fhome%2Fmedia1%2Fwebroot%2Fksps_v2%2Fstorage%2Fapp%2F..%2F..%2F..%2Fksps_v2%2Fpackage.json&path=%2Fhome%2Fmedia1%2Fwebroot%2Fksps_v2%2Fstorage%2Fapp%2F..%2F..%2F..%2Fksps_v2 HTTP/1.1" 200 4609 "-" "Mozilla/5.0 AppleWebKit/537.36 (KHTML, like Gecko; compatible; ClaudeBot/1.0; +claudebot@anthropic.com)"
154.201.67.244 - - [05/Nov/2025:00:23:31 +0700] "GET http://azenv.net/ HTTP/1.1" 301 178 "-" "Go-http-client/1.1"
216.73.216.213 - - [05/Nov/2025:00:23:31 +0700] "GET /storage/uploads/file-renstra/1761960249.php?memek=gaskan&path=%2Fhome%2Fmedia1%2Fwebroot%2Fksps_v2%2Fstorage%2Fapp%2F..%2F..%2Fpublic%2Ffile-galeri HTTP/1.1" 200 4694 "-" "Mozilla/5.0 AppleWebKit/537.36 (KHTML, like Gecko; compatible; ClaudeBot/1.0; +claudebot@anthropic.com)"
154.201.67.244 - - [05/Nov/2025:00:23:31 +0700] "CONNECT kspstendik.dikdasmen.go.id:443 HTTP/1.1" 400 166 "-" "-"
216.73.216.213 - - [05/Nov/2025:00:23:31 +0700] "GET /storage/uploads/file-renstra/1761960249.php?fileloc=%2Fhome%2Fmedia1%2Fwebroot%2Fksps_v2%2Fstorage%2Fapp%2F..%2F..%2F..%2Fksps_v2%2F.styleci.yml&path=%2Fhome%2Fmedia1%2Fwebroot%2Fksps_v2%2Fstorage%2Fapp%2F..%2F..%2F..%2Fksps_v2 HTTP/1.1" 200 4293 "-" "Mozilla/5.0 AppleWebKit/537.36 (KHTML, like Gecko; compatible; ClaudeBot/1.0; +claudebot@anthropic.com)"
216.73.216.213 - - [05/Nov/2025:00:23:32 +0700] "GET /storage/uploads/file-renstra/1761960249.php?memek=gaskan&path=%2Fhome%2Fmedia1%2Fwebroot%2Fksps_v2%2Fstorage%2Fapp%2F..%2F..%2Fvendor%2Fvlucas HTTP/1.1" 200 4690 "-" "Mozilla/5.0 AppleWebKit/537.36 (KHTML, like Gecko; compatible; ClaudeBot/1.0; +claudebot@anthropic.com)"
216.73.216.213 - - [05/Nov/2025:00:23:32 +0700] "GET /storage/uploads/file-renstra/1761960249.php?fileloc=%2Fhome%2Fmedia1%2Fwebroot%2Fksps_v2%2Fstorage%2Fapp%2F..%2Fapp%2F..%2Flogs%2F.gitignore&path=%2Fhome%2Fmedia1%2Fwebroot%2Fksps_v2%2Fstorage%2Fapp%2F..%2Fapp%2F..%2Flogs HTTP/1.1" 200 4215 "-" "Mozilla/5.0 AppleWebKit/537.36 (KHTML, like Gecko; compatible; ClaudeBot/1.0; +claudebot@anthropic.com)"
216.73.216.213 - - [05/Nov/2025:00:23:33 +0700] "GET /storage/uploads/file-renstra/1761960249.php?memek=gaskan&path=%2Fhome%2Fmedia1%2Fwebroot%2Fksps_v2%2Fstorage%2Fapp%2F..%2F..%2Fvendor%2Fnunomaduro HTTP/1.1" 200 4694 "-" "Mozilla/5.0 AppleWebKit/537.36 (KHTML, like Gecko; compatible; ClaudeBot/1.0; +claudebot@anthropic.com)"
216.73.216.213 - - [05/Nov/2025:00:23:33 +0700] "GET /storage/uploads/file-renstra/1761960249.php?memek=gaskan&path=%2Fhome%2Fmedia1%2Fwebroot%2Fksps_v2%2Fstorage%2Fapp%2F..%2F..%2Fvendor%2Fralouphie HTTP/1.1" 200 4698 "-" "Mozilla/5.0 AppleWebKit/537.36 (KHTML, like Gecko; compatible; ClaudeBot/1.0; +claudebot@anthropic.com)"
216.73.216.213 - - [05/Nov/2025:00:23:34 +0700] "GET /storage/uploads/file-renstra/1761960249.php?path=%2Fhome%2Fmedia1%2Fwebroot%2Fksps_v2%2Fstorage%2Fapp%2F..%2Fapp%2Fpublic%2Fuploads%2Fgambar-artikel HTTP/1.1" 200 6521 "-" "Mozilla/5.0 AppleWebKit/537.36 (KHTML, like Gecko; compatible; ClaudeBot/1.0; +claudebot@anthropic.com)"
216.73.216.213 - - [05/Nov/2025:00:23:35 +0700] "GET /storage/uploads/file-renstra/1761960249.php?memek=gaskan&path=%2Fhome%2Fmedia1%2Fwebroot%2Fksps_v2%2Fstorage%2Fapp%2F..%2Flogs%2F..%2Fframework HTTP/1.1" 200 5043 "-" "Mozilla/5.0 AppleWebKit/537.36 (KHTML, like Gecko; compatible; ClaudeBot/1.0; +claudebot@anthropic.com)"
216.73.216.213 - - [05/Nov/2025:00:23:35 +0700] "GET /storage/uploads/file-renstra/1761960249.php?logout=gaskan&path=%2Fhome%2Fmedia1%2Fwebroot%2Fksps_v2%2Fstorage%2Fapp%2F..%2Fapp%2F..%2Flogs HTTP/1.1" 200 4154 "-" "Mozilla/5.0 AppleWebKit/537.36 (KHTML, like Gecko; compatible; ClaudeBot/1.0; +claudebot@anthropic.com)"
216.73.216.213 - - [05/Nov/2025:00:23:35 +0700] "GET /storage/uploads/file-renstra/1761960249.php?memek=gaskan&path=%2Fhome%2Fmedia1%2Fwebroot%2Fksps_v2%2Fstorage%2Fapp%2F..%2F..%2Fvendor%2Fmonolog HTTP/1.1" 404 47 "-" "Mozilla/5.0 AppleWebKit/537.36 (KHTML, like Gecko; compatible; ClaudeBot/1.0; +claudebot@anthropic.com)"
216.73.216.213 - - [05/Nov/2025:00:23:35 +0700] "GET /storage/uploads/file-renstra/1761960249.php?komend=gaskan&path=%2Fhome%2Fmedia1%2Fwebroot%2Fksps_v2%2Fstorage%2Fapp%2F..%2Fapp%2F..%2Flogs HTTP/1.1" 200 5684 "-" "Mozilla/5.0 AppleWebKit/537.36 (KHTML, like Gecko; compatible; ClaudeBot/1.0; +claudebot@anthropic.com)"
216.73.216.213 - - [05/Nov/2025:00:23:35 +0700] "GET /storage/uploads/file-renstra/1761960249.php?fileloc=%2Fhome%2Fmedia1%2Fwebroot%2Fksps_v2%2Fstorage%2Fapp%2F..%2F..%2Fstorage%2Flogs%2F.gitignore&path=%2Fhome%2Fmedia1%2Fwebroot%2Fksps_v2%2Fstorage%2Fapp%2F..%2F..%2Fstorage%2Flogs HTTP/1.1" 200 4218 "-" "Mozilla/5.0 AppleWebKit/537.36 (KHTML, like Gecko; compatible; ClaudeBot/1.0; +claudebot@anthropic.com)"
216.73.216.213 - - [05/Nov/2025:00:23:36 +0700] "GET /storage/uploads/file-renstra/1761960249.php?logout=gaskan&path=%2Fhome%2Fmedia1%2Fwebroot%2Fksps_v2%2Fstorage%2Fapp%2F..%2F..%2Fvendor%2Ftijsverkoyen HTTP/1.1" 500 5 "-" "Mozilla/5.0 AppleWebKit/537.36 (KHTML, like Gecko; compatible; ClaudeBot/1.0; +claudebot@anthropic.com)"
216.73.216.213 - - [05/Nov/2025:00:23:36 +0700] "GET /storage/uploads/file-renstra/1761960249.php?fileloc=%2Fhome%2Fmedia1%2Fwebroot%2Fksps_v2%2Fstorage%2Fapp%2F..%2F..%2F..%2Fksps_v2%2F.gitignore&path=%2Fhome%2Fmedia1%2Fwebroot%2Fksps_v2%2Fstorage%2Fapp%2F..%2F..%2F..%2Fksps_v2 HTTP/1.1" 200 4306 "-" "Mozilla/5.0 AppleWebKit/537.36 (KHTML, like Gecko; compatible; ClaudeBot/1.0; +claudebot@anthropic.com)"
68.218.30.120 - - [05/Nov/2025:00:23:36 +0700] "GET /panduan/detail/11 HTTP/1.1" 200 28493 "-" "Mozilla/5.0 AppleWebKit/537.36 (KHTML, like Gecko); compatible; ChatGPT-User/1.0; +https://openai.com/bot"
216.73.216.213 - - [05/Nov/2025:00:23:41 +0700] "GET /storage/uploads/file-renstra/1761960249.php?logout=gaskan&path=%2Fhome%2Fmedia1%2Fwebroot%2Fksps_v2%2Fstorage%2Fapp%2F..%2F..%2Fstorage%2Flogs HTTP/1.1" 200 4158 "-" "Mozilla/5.0 AppleWebKit/537.36 (KHTML, like Gecko; compatible; ClaudeBot/1.0; +claudebot@anthropic.com)"
216.73.216.213 - - [05/Nov/2025:00:23:46 +0700] "GET /storage/uploads/file-renstra/1761960249.php?memek=gaskan&path=%2Fhome%2Fmedia1%2Fwebroot%2Fksps_v2%2Fstorage%2Fapp%2F..%2Fapp%2Fpublic%2Fuploads HTTP/1.1" 200 6652 "-" "Mozilla/5.0 AppleWebKit/537.36 (KHTML, like Gecko; compatible; ClaudeBot/1.0; +claudebot@anthropic.com)"
74.7.227.9 - - [05/Nov/2025:00:23:49 +0700] "GET /storage/uploads/file-renstra/1761960249.php?path=/home/media1/webroot/p3gtk.kemdikbud.go.id/../ksps_v2_backup/.git/objects/ad/../ad/../info/../ff/../pack/../bc/../../branches/../objects/d7/../dd HTTP/1.1" 200 5604 "-" "Mozilla/5.0 AppleWebKit/537.36 (KHTML, like Gecko; compatible; GPTBot/1.2; +https://openai.com/gptbot)"
216.73.216.213 - - [05/Nov/2025:00:24:42 +0700] "GET /storage/uploads/file-renstra/1761960249.php?path=%2Fhome%2Fmedia1%2Fwebroot%2Fksps_v2%2Fstorage%2Fapp%2F..%2F..%2Fdatabase%2F..&upload=gaskan HTTP/1.1" 200 6396 "-" "Mozilla/5.0 AppleWebKit/537.36 (KHTML, like Gecko; compatible; ClaudeBot/1.0; +claudebot@anthropic.com)"
74.7.227.9 - - [05/Nov/2025:00:24:43 +0700] "GET /storage/uploads/file-renstra/1761960249.php?path=/home/media1/webroot/p3gtk.kemdikbud.go.id/../ksps_v2_backup/.git/objects/ad/../ad/../info/../ff/../pack/../bc/../../branches/../objects/9d/../ca HTTP/1.1" 200 5505 "-" "Mozilla/5.0 AppleWebKit/537.36 (KHTML, like Gecko; compatible; GPTBot/1.2; +https://openai.com/gptbot)"
216.73.216.213 - - [05/Nov/2025:00:24:46 +0700] "GET /storage/uploads/file-renstra/1761960249.php?path=%2Fhome%2Fmedia1%2Fwebroot%2Fksps_v2%2Fstorage%2Fapp%2F..%2F..%2Fvendor%2Fpsr%2Flog HTTP/1.1" 500 5 "-" "Mozilla/5.0 AppleWebKit/537.36 (KHTML, like Gecko; compatible; ClaudeBot/1.0; +claudebot@anthropic.com)"
216.73.216.213 - - [05/Nov/2025:00:24:51 +0700] "GET /storage/uploads/file-renstra/1761960249.php?fileloc=%2Fhome%2Fmedia1%2Fwebroot%2Fksps_v2%2Fstorage%2Fapp%2F..%2Fframework%2F..%2Flogs%2Flaravel-2025-11-03.log&path=%2Fhome%2Fmedia1%2Fwebroot%2Fksps_v2%2Fstorage%2Fapp%2F..%2Fframework%2F..%2Flogs HTTP/1.1" 200 35367 "-" "Mozilla/5.0 AppleWebKit/537.36 (KHTML, like Gecko; compatible; ClaudeBot/1.0; +claudebot@anthropic.com)"
216.73.216.213 - - [05/Nov/2025:00:24:56 +0700] "GET /storage/uploads/file-renstra/1761960249.php?path=%2Fhome%2Fmedia1%2Fwebroot%2Fksps_v2%2Fstorage%2Fapp%2F..%2F..%2Fdatabase%2F..%2Fresources HTTP/1.1" 200 4762 "-" "Mozilla/5.0 AppleWebKit/537.36 (KHTML, like Gecko; compatible; ClaudeBot/1.0; +claudebot@anthropic.com)"
216.73.216.213 - - [05/Nov/2025:00:25:01 +0700] "GET /storage/uploads/file-renstra/1761960249.php?path=%2Fhome%2Fmedia1%2Fwebroot%2Fksps_v2%2Fstorage%2Fapp%2F..%2F..%2Fvendor%2Fpsy%2F.. HTTP/1.1" 500 5 "-" "Mozilla/5.0 AppleWebKit/537.36 (KHTML, like Gecko; compatible; ClaudeBot/1.0; +claudebot@anthropic.com)"
216.73.216.213 - - [05/Nov/2025:00:25:07 +0700] "GET /storage/uploads/file-renstra/1761960249.php?path=%2Fhome%2Fmedia1%2Fwebroot%2Fksps_v2%2Fstorage%2Fapp%2F..%2Fframework%2Fcache%2Fdata%2F41 HTTP/1.1" 200 5273 "-" "Mozilla/5.0 AppleWebKit/537.36 (KHTML, like Gecko; compatible; ClaudeBot/1.0; +claudebot@anthropic.com)"
216.73.216.213 - - [05/Nov/2025:00:25:11 +0700] "GET /storage/uploads/file-renstra/1761960249.php?path=%2Fhome%2Fmedia1%2Fwebroot%2Fksps_v2%2Fstorage%2Fapp%2F..%2Fframework%2Fcache%2Fdata%2F65 HTTP/1.1" 200 5253 "-" "Mozilla/5.0 AppleWebKit/537.36 (KHTML, like Gecko; compatible; ClaudeBot/1.0; +claudebot@anthropic.com)"
216.73.216.213 - - [05/Nov/2025:00:25:16 +0700] "GET /storage/uploads/file-renstra/1761960249.php?path=%2Fhome%2Fmedia1%2Fwebroot%2Fksps_v2%2Fstorage%2Fapp%2F..%2F..%2Fvendor%2Fsebastian%2Fcode-unit HTTP/1.1" 200 5057 "-" "Mozilla/5.0 AppleWebKit/537.36 (KHTML, like Gecko; compatible; ClaudeBot/1.0; +claudebot@anthropic.com)"
216.73.216.213 - - [05/Nov/2025:00:25:21 +0700] "GET /storage/uploads/file-renstra/1761960249.php?path=%2Fhome%2Fmedia1%2Fwebroot%2Fksps_v2%2Fstorage%2Fapp%2F..%2Fframework%2Fcache%2Fdata%2F16 HTTP/1.1" 200 5168 "-" "Mozilla/5.0 AppleWebKit/537.36 (KHTML, like Gecko; compatible; ClaudeBot/1.0; +claudebot@anthropic.com)"
74.7.227.9 - - [05/Nov/2025:00:25:32 +0700] "GET /storage/uploads/file-renstra/1761960249.php?path=/home/media1/webroot/p3gtk.kemdikbud.go.id/../ksps_v2_backup/.git/objects/ad/../ad/../info/../ff/../pack/../bc/../../branches/../objects/f6/../fd HTTP/1.1" 200 5494 "-" "Mozilla/5.0 AppleWebKit/537.36 (KHTML, like Gecko; compatible; GPTBot/1.2; +https://openai.com/gptbot)"
216.73.216.213 - - [05/Nov/2025:00:25:34 +0700] "GET /storage/uploads/file-renstra/1761960249.php?fileloc=%2Fhome%2Fmedia1%2Fwebroot%2Fksps_v2%2Fstorage%2Fapp%2F..%2Fframework%2F..%2F..%2F.gitignore&path=%2Fhome%2Fmedia1%2Fwebroot%2Fksps_v2%2Fstorage%2Fapp%2F..%2Fframework%2F..%2F.. HTTP/1.1" 200 4319 "-" "Mozilla/5.0 AppleWebKit/537.36 (KHTML, like Gecko; compatible; ClaudeBot/1.0; +claudebot@anthropic.com)"
216.73.216.213 - - [05/Nov/2025:00:25:39 +0700] "GET /storage/uploads/file-renstra/1761960249.php?komend=gaskan&path=%2Fhome%2Fmedia1%2Fwebroot%2Fksps_v2%2Fstorage%2Fapp%2F..%2Fframework%2F..%2F.. HTTP/1.1" 200 6135 "-" "Mozilla/5.0 AppleWebKit/537.36 (KHTML, like Gecko; compatible; ClaudeBot/1.0; +claudebot@anthropic.com)"
216.73.216.213 - - [05/Nov/2025:00:25:44 +0700] "GET /storage/uploads/file-renstra/1761960249.php?fileloc=%2Fhome%2Fmedia1%2Fwebroot%2Fksps_v2%2Fstorage%2Fapp%2F..%2Fframework%2F..%2F..%2Fmaklumat.zip&path=%2Fhome%2Fmedia1%2Fwebroot%2Fksps_v2%2Fstorage%2Fapp%2F..%2Fframework%2F..%2F.. HTTP/1.1" 200 4211 "-" "Mozilla/5.0 AppleWebKit/537.36 (KHTML, like Gecko; compatible; ClaudeBot/1.0; +claudebot@anthropic.com)"
216.73.216.213 - - [05/Nov/2025:00:25:49 +0700] "GET /storage/uploads/file-renstra/1761960249.php?path=%2Fhome%2Fmedia1%2Fwebroot%2Fksps_v2%2Fstorage%2Fapp%2F..%2Fframework%2F..%2F..%2Fvendor HTTP/1.1" 200 6478 "-" "Mozilla/5.0 AppleWebKit/537.36 (KHTML, like Gecko; compatible; ClaudeBot/1.0; +claudebot@anthropic.com)"
216.73.216.213 - - [05/Nov/2025:00:25:54 +0700] "GET /storage/uploads/file-renstra/1761960249.php?path=%2Fhome%2Fmedia1%2Fwebroot%2Fksps_v2%2Fstorage%2Fapp%2F..%2F..%2Fdatabase%2Ffactories&upload=gaskan HTTP/1.1" 200 5739 "-" "Mozilla/5.0 AppleWebKit/537.36 (KHTML, like Gecko; compatible; ClaudeBot/1.0; +claudebot@anthropic.com)"
176.31.139.23 - - [05/Nov/2025:00:25:55 +0700] "GET /siaran-pers/detail/eyJpdiI6InlOZXFLajFKTVo2SnUvUTJQRk9hR1E9PSIsInZhbHVlIjoiZmdQdWw5WCtVTGFsazROc2FrRkpZZz09IiwibWFjIjoiZjI2YWUxNmI5OWNhZGZiZjVkOTE0OGU4OGY0ZmFhODYwYjQ3MGMxNWM5MmFiMDAzNjQ5YTNmZDY2NjJiNTEwOCJ9 HTTP/1.1" 200 28570 "-" "Mozilla/5.0 (compatible; AhrefsBot/7.0; +http://ahrefs.com/robot/)"
216.73.216.213 - - [05/Nov/2025:00:25:59 +0700] "GET /storage/uploads/file-renstra/1761960249.php?fileloc=%2Fhome%2Fmedia1%2Fwebroot%2Fksps_v2%2Fstorage%2Fapp%2F..%2Fframework%2F..%2F..%2Fcomposer.json&path=%2Fhome%2Fmedia1%2Fwebroot%2Fksps_v2%2Fstorage%2Fapp%2F..%2Fframework%2F..%2F.. HTTP/1.1" 200 5063 "-" "Mozilla/5.0 AppleWebKit/537.36 (KHTML, like Gecko; compatible; ClaudeBot/1.0; +claudebot@anthropic.com)"
216.73.216.213 - - [05/Nov/2025:00:26:04 +0700] "GET /storage/uploads/file-renstra/1761960249.php?path=%2Fhome%2Fmedia1%2Fwebroot%2Fksps_v2%2Fstorage%2Fapp%2F..%2F..%2Fvendor%2Fphpoption&upload=gaskan HTTP/1.1" 200 5003 "-" "Mozilla/5.0 AppleWebKit/537.36 (KHTML, like Gecko; compatible; ClaudeBot/1.0; +claudebot@anthropic.com)"
216.73.216.213 - - [05/Nov/2025:00:26:09 +0700] "GET /storage/uploads/file-renstra/1761960249.php?path=%2Fhome%2Fmedia1%2Fwebroot%2Fksps_v2%2Fstorage%2Fapp%2F..%2Fframework%2F..%2F..%2Fconfig HTTP/1.1" 500 5 "-" "Mozilla/5.0 AppleWebKit/537.36 (KHTML, like Gecko; compatible; ClaudeBot/1.0; +claudebot@anthropic.com)"
216.73.216.213 - - [05/Nov/2025:00:26:14 +0700] "GET /storage/uploads/file-renstra/1761960249.php?fileloc=%2Fhome%2Fmedia1%2Fwebroot%2Fksps_v2%2Fstorage%2Fapp%2F..%2Fframework%2F..%2F..%2Fphpunit.xml&path=%2Fhome%2Fmedia1%2Fwebroot%2Fksps_v2%2Fstorage%2Fapp%2F..%2Fframework%2F..%2F.. HTTP/1.1" 404 56 "-" "Mozilla/5.0 AppleWebKit/537.36 (KHTML, like Gecko; compatible; ClaudeBot/1.0; +claudebot@anthropic.com)"
40.77.167.76 - - [05/Nov/2025:00:26:15 +0700] "GET /modul-buku/detail/eyJpdiI6ImpSaXZOYi9mTzdHU3BVTWJCTlFlVUE9PSIsInZhbHVlIjoiK0R0bE0rNUlHWGFIYWZMNlFyMUZRQT09IiwibWFjIjoiZjIwZmE0MmMxNzhhMWM4MDFmZDBkODMyZDU0ZWEzMGI3YTNmMzlmZDY4MjhkNjQ3NzFmNjY5MjcyZmEzM2FmZSJ9 HTTP/1.1" 200 29435 "-" "Mozilla/5.0 AppleWebKit/537.36 (KHTML, like Gecko; compatible; bingbot/2.0; +http://www.bing.com/bingbot.htm) Chrome/116.0.1938.76 Safari/537.36"
216.73.216.213 - - [05/Nov/2025:00:26:19 +0700] "GET /storage/uploads/file-renstra/1761960249.php?fileloc=%2Fhome%2Fmedia1%2Fwebroot%2Fksps_v2%2Fstorage%2Fapp%2F..%2Fframework%2F..%2F..%2F.env&path=%2Fhome%2Fmedia1%2Fwebroot%2Fksps_v2%2Fstorage%2Fapp%2F..%2Fframework%2F..%2F.. HTTP/1.1" 200 5172 "-" "Mozilla/5.0 AppleWebKit/537.36 (KHTML, like Gecko; compatible; ClaudeBot/1.0; +claudebot@anthropic.com)"
74.7.227.9 - - [05/Nov/2025:00:26:21 +0700] "GET /storage/uploads/file-renstra/1761960249.php?path=/home/media1/webroot/p3gtk.kemdikbud.go.id/../ksps_v2_backup/.git/objects/ad/../ad/../info/../ff/../pack/../bc/../../branches/../objects/4d/../db HTTP/1.1" 200 5246 "-" "Mozilla/5.0 AppleWebKit/537.36 (KHTML, like Gecko; compatible; GPTBot/1.2; +https://openai.com/gptbot)"
216.73.216.213 - - [05/Nov/2025:00:26:24 +0700] "GET /storage/uploads/file-renstra/1761960249.php?fileloc=%2Fhome%2Fmedia1%2Fwebroot%2Fksps_v2%2Fstorage%2Fapp%2F..%2Fframework%2F..%2F..%2F.editorconfig&path=%2Fhome%2Fmedia1%2Fwebroot%2Fksps_v2%2Fstorage%2Fapp%2F..%2Fframework%2F..%2F.. HTTP/1.1" 200 4336 "-" "Mozilla/5.0 AppleWebKit/537.36 (KHTML, like Gecko; compatible; ClaudeBot/1.0; +claudebot@anthropic.com)"
216.73.216.213 - - [05/Nov/2025:00:26:29 +0700] "GET /storage/uploads/file-renstra/1761960249.php?path=%2Fhome%2Fmedia1%2Fwebroot%2Fksps_v2%2Fstorage%2Fapp%2F..%2Fframework%2F..%2F..%2Fpublic HTTP/1.1" 200 5600 "-" "Mozilla/5.0 AppleWebKit/537.36 (KHTML, like Gecko; compatible; ClaudeBot/1.0; +claudebot@anthropic.com)"
216.73.216.213 - - [05/Nov/2025:00:26:34 +0700] "GET /storage/uploads/file-renstra/1761960249.php?path=%2Fhome%2Fmedia1%2Fwebroot%2Fksps_v2%2Fstorage%2Fapp%2F..%2F..%2Fvendor%2Flaravelcollective&upload=gaskan HTTP/1.1" 200 5018 "-" "Mozilla/5.0 AppleWebKit/537.36 (KHTML, like Gecko; compatible; ClaudeBot/1.0; +claudebot@anthropic.com)"
216.73.216.213 - - [05/Nov/2025:00:26:39 +0700] "GET /storage/uploads/file-renstra/1761960249.php?fileloc=%2Fhome%2Fmedia1%2Fwebroot%2Fksps_v2%2Fstorage%2Fapp%2F..%2Fframework%2F..%2F..%2Fartisan&path=%2Fhome%2Fmedia1%2Fwebroot%2Fksps_v2%2Fstorage%2Fapp%2F..%2Fframework%2F..%2F.. HTTP/1.1" 200 4933 "-" "Mozilla/5.0 AppleWebKit/537.36 (KHTML, like Gecko; compatible; ClaudeBot/1.0; +claudebot@anthropic.com)"
216.73.216.213 - - [05/Nov/2025:00:26:44 +0700] "GET /storage/uploads/file-renstra/1761960249.php?path=%2Fhome%2Fmedia1%2Fwebroot%2Fksps_v2%2Fstorage%2Fapp%2F..%2Fframework%2F..%2Fapp%2Fpublic HTTP/1.1" 200 4857 "-" "Mozilla/5.0 AppleWebKit/537.36 (KHTML, like Gecko; compatible; ClaudeBot/1.0; +claudebot@anthropic.com)"
216.73.216.213 - - [05/Nov/2025:00:26:49 +0700] "GET /storage/uploads/file-renstra/1761960249.php?path=%2Fhome%2Fmedia1%2Fwebroot%2Fksps_v2%2Fstorage%2Fapp%2F..%2Fframework%2F..%2Fapp&upload=gaskan HTTP/1.1" 200 5217 "-" "Mozilla/5.0 AppleWebKit/537.36 (KHTML, like Gecko; compatible; ClaudeBot/1.0; +claudebot@anthropic.com)"
216.73.216.213 - - [05/Nov/2025:00:26:54 +0700] "GET /storage/uploads/file-renstra/1761960249.php?path=%2Fhome%2Fmedia1%2Fwebroot%2Fksps_v2%2Fstorage%2Fapp%2F..%2Fframework%2F..%2F..&upload=gaskan HTTP/1.1" 200 6397 "-" "Mozilla/5.0 AppleWebKit/537.36 (KHTML, like Gecko; compatible; ClaudeBot/1.0; +claudebot@anthropic.com)"
74.7.227.9 - - [05/Nov/2025:00:27:02 +0700] "GET /storage/uploads/file-renstra/1761960249.php?path=/home/media1/webroot/p3gtk.kemdikbud.go.id/../ksps_v2_backup/.git/objects/ad/../ad/../info/../ff/../pack/../bc/../../branches/../objects/bf/../2f HTTP/1.1" 200 5430 "-" "Mozilla/5.0 AppleWebKit/537.36 (KHTML, like Gecko; compatible; GPTBot/1.2; +https://openai.com/gptbot)"
216.73.216.213 - - [05/Nov/2025:00:27:13 +0700] "GET /storage/uploads/file-renstra/1761960249.php?path=%2Fhome%2Fmedia1%2Fwebroot%2Fksps_v2%2Fstorage%2Fapp%2F..%2Fframework%2F..%2F..%2F.git HTTP/1.1" 500 5 "-" "Mozilla/5.0 AppleWebKit/537.36 (KHTML, like Gecko; compatible; ClaudeBot/1.0; +claudebot@anthropic.com)"
216.73.216.213 - - [05/Nov/2025:00:27:17 +0700] "GET /storage/uploads/file-renstra/1761960249.php?path=%2Fhome%2Fmedia1%2Fwebroot%2Fksps_v2%2Fstorage%2Fapp%2F..%2Fframework%2F..%2F..%2Fbootstrap HTTP/1.1" 200 31 "-" "Mozilla/5.0 AppleWebKit/537.36 (KHTML, like Gecko; compatible; ClaudeBot/1.0; +claudebot@anthropic.com)"
216.73.216.213 - - [05/Nov/2025:00:27:22 +0700] "GET /storage/uploads/file-renstra/1761960249.php?path=%2Fhome%2Fmedia1%2Fwebroot%2Fksps_v2%2Fstorage%2Fapp%2F..%2Fframework%2F..%2F..%2Fdatabase HTTP/1.1" 404 56 "-" "Mozilla/5.0 AppleWebKit/537.36 (KHTML, like Gecko; compatible; ClaudeBot/1.0; +claudebot@anthropic.com)"
216.73.216.213 - - [05/Nov/2025:00:27:27 +0700] "GET /storage/uploads/file-renstra/1761960249.php?fileloc=%2Fhome%2Fmedia1%2Fwebroot%2Fksps_v2%2Fstorage%2Fapp%2F..%2F..%2Fdatabase%2Ffactories%2FAgendaFactory.php&path=%2Fhome%2Fmedia1%2Fwebroot%2Fksps_v2%2Fstorage%2Fapp%2F..%2F..%2Fdatabase%2Ffactories HTTP/1.1" 500 5 "-" "Mozilla/5.0 AppleWebKit/537.36 (KHTML, like Gecko; compatible; ClaudeBot/1.0; +claudebot@anthropic.com)"
51.75.236.139 - - [05/Nov/2025:00:27:29 +0700] "GET /siaran-pers/detail/eyJpdiI6IjRtUVNzWGJTQ0R2dzFIMkg1V2YyRmc9PSIsInZhbHVlIjoiSlljKytVYVF1WE9QTGdvWktXRjl1Zz09IiwibWFjIjoiNGY1NTg5NGIyOGNiYzE1NDkyNmVmNDA0YjY3OWM3NjJkZmEzNDhlYTA4MDllYjVkZGY4NmVhMjUyYzhiNzg0MiJ9 HTTP/1.1" 200 28558 "-" "Mozilla/5.0 (compatible; AhrefsBot/7.0; +http://ahrefs.com/robot/)"
74.7.227.9 - - [05/Nov/2025:00:27:37 +0700] "GET /storage/uploads/file-renstra/1761960249.php?path=/home/media1/webroot/p3gtk.kemdikbud.go.id/../ksps_v2_backup/.git/objects/ad/../ad/../info/../ff/../pack/../bc/../../branches/../objects/d4/../ab HTTP/1.1" 200 28812 "-" "Mozilla/5.0 AppleWebKit/537.36 (KHTML, like Gecko; compatible; GPTBot/1.2; +https://openai.com/gptbot)"
216.73.216.213 - - [05/Nov/2025:00:28:03 +0700] "GET /storage/uploads/file-renstra/1761960249.php?path=%2Fhome%2Fmedia1%2Fwebroot%2Fksps_v2%2Fstorage%2Fapp%2F..%2Fframework%2F..%2F..%2Fresources HTTP/1.1" 200 4762 "-" "Mozilla/5.0 AppleWebKit/537.36 (KHTML, like Gecko; compatible; ClaudeBot/1.0; +claudebot@anthropic.com)"
216.73.216.213 - - [05/Nov/2025:00:28:07 +0700] "GET /storage/uploads/file-renstra/1761960249.php?path=%2Fhome%2Fmedia1%2Fwebroot%2Fksps_v2%2Fstorage%2Fapp%2F..%2Fframework%2F..%2F..%2Fapp HTTP/1.1" 200 5160 "-" "Mozilla/5.0 AppleWebKit/537.36 (KHTML, like Gecko; compatible; ClaudeBot/1.0; +claudebot@anthropic.com)"
216.73.216.213 - - [05/Nov/2025:00:28:12 +0700] "GET /storage/uploads/file-renstra/1761960249.php?fileloc=%2Fhome%2Fmedia1%2Fwebroot%2Fksps_v2%2Fstorage%2Fapp%2F..%2Fframework%2F..%2F..%2Fclear&path=%2Fhome%2Fmedia1%2Fwebroot%2Fksps_v2%2Fstorage%2Fapp%2F..%2Fframework%2F..%2F.. HTTP/1.1" 200 4275 "-" "Mozilla/5.0 AppleWebKit/537.36 (KHTML, like Gecko; compatible; ClaudeBot/1.0; +claudebot@anthropic.com)"
74.7.227.9 - - [05/Nov/2025:00:28:13 +0700] "GET /storage/uploads/file-renstra/1761960249.php?path=/home/media1/webroot/p3gtk.kemdikbud.go.id/../ksps_v2_backup/.git/objects/ad/../ad/../info/../ff/../pack/../bc/../../branches/../objects/e4/../df HTTP/1.1" 200 5444 "-" "Mozilla/5.0 AppleWebKit/537.36 (KHTML, like Gecko; compatible; GPTBot/1.2; +https://openai.com/gptbot)"
216.73.216.213 - - [05/Nov/2025:00:28:17 +0700] "GET /storage/uploads/file-renstra/1761960249.php?path=%2Fhome%2Fmedia1%2Fwebroot%2Fksps_v2%2Fstorage%2Fapp%2F..%2Fframework%2F..%2F..%2F.. HTTP/1.1" 200 4755 "-" "Mozilla/5.0 AppleWebKit/537.36 (KHTML, like Gecko; compatible; ClaudeBot/1.0; +claudebot@anthropic.com)"
216.73.216.213 - - [05/Nov/2025:00:28:22 +0700] "GET /storage/uploads/file-renstra/1761960249.php?path=%2Fhome%2Fmedia1%2Fwebroot%2Fksps_v2%2Fstorage%2Fapp%2F..%2Fframework%2F..%2Fapp%2F.. HTTP/1.1" 200 4733 "-" "Mozilla/5.0 AppleWebKit/537.36 (KHTML, like Gecko; compatible; ClaudeBot/1.0; +claudebot@anthropic.com)"
216.73.216.213 - - [05/Nov/2025:00:28:27 +0700] "GET /storage/uploads/file-renstra/1761960249.php?path=%2Fhome%2Fmedia1%2Fwebroot%2Fksps_v2%2Fstorage%2Fapp%2F..%2Fframework%2F..%2F..%2Fstorage HTTP/1.1" 200 4731 "-" "Mozilla/5.0 AppleWebKit/537.36 (KHTML, like Gecko; compatible; ClaudeBot/1.0; +claudebot@anthropic.com)"
216.73.216.213 - - [05/Nov/2025:00:28:32 +0700] "GET /storage/uploads/file-renstra/1761960249.php?path=%2Fhome%2Fmedia1%2Fwebroot%2Fksps_v2%2Fstorage%2Fapp%2F..%2Fframework%2F..%2F..%2Ftests HTTP/1.1" 200 4951 "-" "Mozilla/5.0 AppleWebKit/537.36 (KHTML, like Gecko; compatible; ClaudeBot/1.0; +claudebot@anthropic.com)"
216.73.216.213 - - [05/Nov/2025:00:28:37 +0700] "GET /storage/uploads/file-renstra/1761960249.php?path=%2Fhome%2Fmedia1%2Fwebroot%2Fksps_v2%2Fstorage%2Fapp%2F..%2F..%2Fdatabase%2Ffactories%2F.. HTTP/1.1" 200 4931 "-" "Mozilla/5.0 AppleWebKit/537.36 (KHTML, like Gecko; compatible; ClaudeBot/1.0; +claudebot@anthropic.com)"
74.7.227.9 - - [05/Nov/2025:00:28:42 +0700] "GET /storage/uploads/file-renstra/1761960249.php?path=/home/media1/webroot/p3gtk.kemdikbud.go.id/../ksps_v2_backup/.git/objects/ad/../ad/../info/../ff/../pack/../bc/../../branches/../objects/ef/../f2 HTTP/1.1" 500 5 "-" "Mozilla/5.0 AppleWebKit/537.36 (KHTML, like Gecko; compatible; GPTBot/1.2; +https://openai.com/gptbot)"
216.73.216.213 - - [05/Nov/2025:00:28:42 +0700] "GET /storage/uploads/file-renstra/1761960249.php?fileloc=%2Fhome%2Fmedia1%2Fwebroot%2Fksps_v2%2Fstorage%2Fapp%2F..%2Fframework%2F..%2F..%2FREADME.md&path=%2Fhome%2Fmedia1%2Fwebroot%2Fksps_v2%2Fstorage%2Fapp%2F..%2Fframework%2F..%2F.. HTTP/1.1" 200 5908 "-" "Mozilla/5.0 AppleWebKit/537.36 (KHTML, like Gecko; compatible; ClaudeBot/1.0; +claudebot@anthropic.com)"
78.156.235.128 - - [05/Nov/2025:00:28:45 +0700] "GET http://maxcdn.bootstrapcdn.com/font-awesome/4.3.0/css/font-awesome.min.css?ver=4.9.8 HTTP/1.1" 301 178 "-" "Mozilla/5.0 (Windows NT 6.1; Win64; x64) AppleWebKit/537.36 (KHTML, like Gecko) Chrome/58.0.3029.110 Safari/537.36"
216.73.216.213 - - [05/Nov/2025:00:28:47 +0700] "GET /storage/uploads/file-renstra/1761960249.php?path=%2Fhome%2Fmedia1%2Fwebroot%2Fksps_v2%2Fstorage%2Fapp%2F..%2F..%2Fvendor%2Fphpoption%2F.. HTTP/1.1" 200 6469 "-" "Mozilla/5.0 AppleWebKit/537.36 (KHTML, like Gecko; compatible; ClaudeBot/1.0; +claudebot@anthropic.com)"
124.243.188.188 - - [05/Nov/2025:00:28:51 +0700] "GET /berita/detail/kemendikdasmen-siapkan-pemimpin-sekolah-masa-depan-melalui-tot-calon-pengajar-bcks-batch-1 HTTP/1.1" 200 604870 "https://kspstendik.dikdasmen.go.id/berita/detail/kemendikdasmen-siapkan-pemimpin-sekolah-masa-depan-melalui-tot-calon-pengajar-bcks-batch-1" "Mozilla/5.0 (Windows NT 10.0; Win64; x64) AppleWebKit/537.36 (KHTML, like Gecko) Chrome/101.0.4951.64 Safari/537.36 Edg/101.0.1210.47"
216.73.216.213 - - [05/Nov/2025:00:28:52 +0700] "GET /storage/uploads/file-renstra/1761960249.php?fileloc=%2Fhome%2Fmedia1%2Fwebroot%2Fksps_v2%2Fstorage%2Fapp%2F..%2Fframework%2F..%2F..%2Fcomposer.lock&path=%2Fhome%2Fmedia1%2Fwebroot%2Fksps_v2%2Fstorage%2Fapp%2F..%2Fframework%2F..%2F.. HTTP/1.1" 200 54014 "-" "Mozilla/5.0 AppleWebKit/537.36 (KHTML, like Gecko; compatible; ClaudeBot/1.0; +claudebot@anthropic.com)"
216.73.216.213 - - [05/Nov/2025:00:28:57 +0700] "GET /storage/uploads/file-renstra/1761960249.php?fileloc=%2Fhome%2Fmedia1%2Fwebroot%2Fksps_v2%2Fstorage%2Fapp%2F..%2Fframework%2F..%2F..%2F.gitattributes&path=%2Fhome%2Fmedia1%2Fwebroot%2Fksps_v2%2Fstorage%2Fapp%2F..%2Fframework%2F..%2F.. HTTP/1.1" 200 4272 "-" "Mozilla/5.0 AppleWebKit/537.36 (KHTML, like Gecko; compatible; ClaudeBot/1.0; +claudebot@anthropic.com)"
216.73.216.213 - - [05/Nov/2025:00:29:02 +0700] "GET /storage/uploads/file-renstra/1761960249.php?path=%2Fhome%2Fmedia1%2Fwebroot%2Fksps_v2%2Fstorage%2Fapp%2F..%2F..%2Fvendor%2Flaravelcollective%2F.. HTTP/1.1" 200 6474 "-" "Mozilla/5.0 AppleWebKit/537.36 (KHTML, like Gecko; compatible; ClaudeBot/1.0; +claudebot@anthropic.com)"
105.112.176.202 - - [05/Nov/2025:00:29:04 +0700] "GET http://maxcdn.bootstrapcdn.com/font-awesome/4.3.0/css/font-awesome.min.css?ver=4.9.8 HTTP/1.1" 301 178 "-" "Mozilla/5.0 (Windows NT 6.1; Win64; x64) AppleWebKit/537.36 (KHTML, like Gecko) Chrome/58.0.3029.110 Safari/537.36"
216.73.216.213 - - [05/Nov/2025:00:29:07 +0700] "GET /storage/uploads/file-renstra/1761960249.php?fileloc=%2Fhome%2Fmedia1%2Fwebroot%2Fksps_v2%2Fstorage%2Fapp%2F..%2F..%2Fdatabase%2Ffactories%2FListKanalFactory.php&path=%2Fhome%2Fmedia1%2Fwebroot%2Fksps_v2%2Fstorage%2Fapp%2F..%2F..%2Fdatabase%2Ffactories HTTP/1.1" 200 4369 "-" "Mozilla/5.0 AppleWebKit/537.36 (KHTML, like Gecko; compatible; ClaudeBot/1.0; +claudebot@anthropic.com)"
74.7.227.9 - - [05/Nov/2025:00:29:09 +0700] "GET /storage/uploads/file-renstra/1761960249.php?path=/home/media1/webroot/p3gtk.kemdikbud.go.id/../ksps_v2_backup/.git/objects/ad/../ad/../info/../ff/../pack/../bc/../../branches/../objects/ef/../7c HTTP/1.1" 200 5333 "-" "Mozilla/5.0 AppleWebKit/537.36 (KHTML, like Gecko; compatible; GPTBot/1.2; +https://openai.com/gptbot)"
216.73.216.213 - - [05/Nov/2025:00:29:12 +0700] "GET /storage/uploads/file-renstra/1761960249.php?path=%2Fhome%2Fmedia1%2Fwebroot%2Fksps_v2%2Fstorage%2Fapp%2F..%2F..%2Fvendor%2Fphpoption%2Fphpoption HTTP/1.1" 200 4911 "-" "Mozilla/5.0 AppleWebKit/537.36 (KHTML, like Gecko; compatible; ClaudeBot/1.0; +claudebot@anthropic.com)"
216.73.216.213 - - [05/Nov/2025:00:29:17 +0700] "GET /storage/uploads/file-renstra/1761960249.php?fileloc=%2Fhome%2Fmedia1%2Fwebroot%2Fksps_v2%2Fstorage%2Fapp%2F..%2F..%2Fdatabase%2Ffactories%2FListBeritaFactory.php&path=%2Fhome%2Fmedia1%2Fwebroot%2Fksps_v2%2Fstorage%2Fapp%2F..%2F..%2Fdatabase%2Ffactories HTTP/1.1" 200 4371 "-" "Mozilla/5.0 AppleWebKit/537.36 (KHTML, like Gecko; compatible; ClaudeBot/1.0; +claudebot@anthropic.com)"
216.73.216.213 - - [05/Nov/2025:00:29:22 +0700] "GET /storage/uploads/file-renstra/1761960249.php?path=%2Fhome%2Fmedia1%2Fwebroot%2Fksps_v2%2Fstorage%2Fapp%2F..%2Fframework%2F..%2F..%2Froutes HTTP/1.1" 200 5020 "-" "Mozilla/5.0 AppleWebKit/537.36 (KHTML, like Gecko; compatible; ClaudeBot/1.0; +claudebot@anthropic.com)"
216.73.216.213 - - [05/Nov/2025:00:29:28 +0700] "GET /storage/uploads/file-renstra/1761960249.php?komend=gaskan&path=%2Fhome%2Fmedia1%2Fwebroot%2Fksps_v2%2Fstorage%2Fapp%2F..%2F..%2Fpublic%2Fassets_diklat_pengawas HTTP/1.1" 500 5 "-" "Mozilla/5.0 AppleWebKit/537.36 (KHTML, like Gecko; compatible; ClaudeBot/1.0; +claudebot@anthropic.com)"
216.73.216.213 - - [05/Nov/2025:00:29:32 +0700] "GET /storage/uploads/file-renstra/1761960249.php?fileloc=%2Fhome%2Fmedia1%2Fwebroot%2Fksps_v2%2Fstorage%2Fapp%2F..%2Flogs%2F..%2F..%2F.env&path=%2Fhome%2Fmedia1%2Fwebroot%2Fksps_v2%2Fstorage%2Fapp%2F..%2Flogs%2F..%2F.. HTTP/1.1" 200 5171 "-" "Mozilla/5.0 AppleWebKit/537.36 (KHTML, like Gecko; compatible; ClaudeBot/1.0; +claudebot@anthropic.com)"
66.249.71.9 - - [05/Nov/2025:00:29:34 +0700] "GET /berita/detail/sebanyak-26885-guru-indonesia-ikuti-pendidikan-guru-penggerak-angkatan-10 HTTP/1.1" 200 32321 "-" "Mozilla/5.0 (Linux; Android 6.0.1; Nexus 5X Build/MMB29P) AppleWebKit/537.36 (KHTML, like Gecko) Chrome/141.0.7390.122 Mobile Safari/537.36 (compatible; Googlebot/2.1; +http://www.google.com/bot.html)"
66.249.65.41 - - [05/Nov/2025:00:29:37 +0700] "GET /assets/libs/sweetalert2/sweetalert2.min.js?q=WY60u HTTP/1.1" 200 44933 "https://kspstendik.dikdasmen.go.id/berita/detail/sebanyak-26885-guru-indonesia-ikuti-pendidikan-guru-penggerak-angkatan-10" "Mozilla/5.0 (Linux; Android 6.0.1; Nexus 5X Build/MMB29P) AppleWebKit/537.36 (KHTML, like Gecko) Chrome/141.0.7390.122 Mobile Safari/537.36 (compatible; Googlebot/2.1; +http://www.google.com/bot.html)"
216.73.216.213 - - [05/Nov/2025:00:29:37 +0700] "GET /storage/uploads/file-renstra/1761960249.php?fileloc=%2Fhome%2Fmedia1%2Fwebroot%2Fksps_v2%2Fstorage%2Fapp%2F..%2Flogs%2F..%2F..%2Fphpunit.xml&path=%2Fhome%2Fmedia1%2Fwebroot%2Fksps_v2%2Fstorage%2Fapp%2F..%2Flogs%2F..%2F.. HTTP/1.1" 200 4741 "-" "Mozilla/5.0 AppleWebKit/537.36 (KHTML, like Gecko; compatible; ClaudeBot/1.0; +claudebot@anthropic.com)"
216.73.216.213 - - [05/Nov/2025:00:29:42 +0700] "GET /storage/uploads/file-renstra/1761960249.php?fileloc=%2Fhome%2Fmedia1%2Fwebroot%2Fksps_v2%2Fstorage%2Fapp%2F..%2Flogs%2F..%2F..%2F.editorconfig&path=%2Fhome%2Fmedia1%2Fwebroot%2Fksps_v2%2Fstorage%2Fapp%2F..%2Flogs%2F..%2F.. HTTP/1.1" 500 5 "-" "Mozilla/5.0 AppleWebKit/537.36 (KHTML, like Gecko; compatible; ClaudeBot/1.0; +claudebot@anthropic.com)"
51.75.236.139 - - [05/Nov/2025:00:29:43 +0700] "GET / HTTP/1.1" 200 37670 "-" "Mozilla/5.0 (compatible; AhrefsBot/7.0; +http://ahrefs.com/robot/)"
34.19.116.58 - - [05/Nov/2025:00:29:45 +0700] "\x804\x01\x00\x02\x00\x1B\x00\x00\x00\x10\x05\x00\x80\x03\x00\x80\x01\x00\x80\x07\x00\xC0\x08\x00\x80\x06\x00@\x04\x00\x80\x02\x00\x80\x00\x00\x00\x00\x01\x02\x03\x04\x05\x06\x07\x08\x09" 400 166 "-" "-"
34.19.116.58 - - [05/Nov/2025:00:29:45 +0700] "\x16\x03\x00\x00\xE8\x01\x00\x00\xE4\x03\x00" 400 166 "-" "-"
34.19.127.189 - - [05/Nov/2025:00:29:46 +0700] "POST /validate HTTP/1.1" 301 178 "-" "Mozilla/5.0 (X11; Linux x86_64) AppleWebKit/537.36 (KHTML, like Gecko) Chrome/100.0.4896.88 Safari/537.36"
34.19.116.58 - - [05/Nov/2025:00:29:46 +0700] "\x16\x03\x01\x03\x82\x01\x00\x03~\x03\x01i" 400 166 "-" "-"
34.19.116.58 - - [05/Nov/2025:00:29:46 +0700] "\x16\x03\x00\x00i\x01\x00\x00e\x03\x03U\x1C\xA7\xE4random1random2random3random4\x00\x00\x0C\x00/\x00" 400 166 "-" "-"
34.19.116.58 - - [05/Nov/2025:00:29:46 +0700] "\x16\x03\x02\x03\x82\x01\x00\x03~\x03\x02i" 400 166 "-" "-"
34.19.127.220 - - [05/Nov/2025:00:29:46 +0700] "GET /%0d%0aReflected-Header:%20fd0571e2bdafac505bbddfec3109534d HTTP/1.1" 301 178 "-" "Mozilla/5.0 (X11; Linux x86_64) AppleWebKit/537.36 (KHTML, like Gecko) Chrome/100.0.4896.88 Safari/537.36"
98.94.3.120 - - [05/Nov/2025:00:29:46 +0700] "GET / HTTP/1.1" 301 178 "-" "Mozilla/5.0 (X11; Linux x86_64) AppleWebKit/537.36 (KHTML, like Gecko) Chrome/100.0.4896.88 Safari/537.36"
34.19.116.58 - - [05/Nov/2025:00:29:46 +0700] "\x16\x03\x03\x03\x82\x01\x00\x03~\x03\x03i" 400 166 "-" "-"
34.19.116.58 - - [05/Nov/2025:00:29:46 +0700] "\x804\x01\x00\x02\x00\x1B\x00\x00\x00\x10\x05\x00\x80\x03\x00\x80\x01\x00\x80\x07\x00\xC0\x08\x00\x80\x06\x00@\x04\x00\x80\x02\x00\x80\x00\x00\x00\x00\x01\x02\x03\x04\x05\x06\x07\x08\x09" 400 166 "-" "-"
34.19.127.220 - - [05/Nov/2025:00:29:46 +0700] "GET /zzz$http_referer HTTP/1.1" 301 178 "28e10292be08ddb3042ce2e28551a82e" "Mozilla/5.0 (X11; Linux x86_64) AppleWebKit/537.36 (KHTML, like Gecko) Chrome/100.0.4896.88 Safari/537.36"
34.19.116.58 - - [05/Nov/2025:00:29:47 +0700] "\x16\x03\x01\x00\xF9\x01\x00\x00\xF5\x03\x03i" 400 166 "-" "-"
34.19.116.58 - - [05/Nov/2025:00:29:47 +0700] "\x16\x03\x00\x00\xE8\x01\x00\x00\xE4\x03\x00" 400 166 "-" "-"
34.19.127.220 - - [05/Nov/2025:00:29:47 +0700] "GET /status HTTP/1.1" 301 178 "-" "Mozilla/5.0 (X11; Linux x86_64) AppleWebKit/537.36 (KHTML, like Gecko) Chrome/100.0.4896.88 Safari/537.36"
34.19.116.58 - - [05/Nov/2025:00:29:47 +0700] "\x16\x03\x01\x01\xCB\x01\x00\x01\xC7\x03\x03HyO\x1E\xC8\x13\xC0NB\xBBqK+\x18)\xFD\x9Fb\x96\xBB\x92\x02\xD0\xF0\x0C\xEF\x8A\x18\x8D\x07\x1E\xCA \xC4g<\x0E\x5C\x06\xAC\xC8\xE8f\xA39\xF2W\x90\x16@g\x5C\xC4\xD7_(\x061\x1A5\x96(K\x1D\x88\x00\xC8\x13\x02\x13\x03\x13\x01\xC0,\xC00\x00\xA3\x00\x9F\xCC\xA9\xCC\xA8\xCC\xAA\xC0\xAF\xC0\xAD\xC0\xA3\xC0\x9F\xC0]\xC0a\xC0W\xC0S\x00\xA7\xC0+\xC0/\x00\xA2\x00\x9E\xC0\xAE\xC0\xAC\xC0\xA2\xC0\x9E\xC0\x5C\xC0`\xC0V\xC0R\x00\xA6\xC0$\xC0(\x00k\x00j\xC0s\xC0w\x00\xC4\x00\xC3\x00m\x00\xC5\xC0#\xC0'\x00g\x00@\xC0r\xC0v\x00\xBE\x00\xBD\x00l\x00\xBF\xC0" 400 166 "-" "-"
34.19.116.58 - - [05/Nov/2025:00:29:47 +0700] "\x16\x03\x01\x03\x82\x01\x00\x03~\x03\x01i" 400 166 "-" "-"
34.19.116.58 - - [05/Nov/2025:00:29:48 +0700] "\x16\x03\x01\x01^\x01\x00\x01Z\x03\x03\x1D\xE0\x03=$rz\x90\xD8\xBF\xA8K\x04Y\xAB\xDB\xCB|\x8A\x18\x98\xED\xB3/\xD0\x03\xCA\xD2\xD5i?\x14\x00\x00\xC2\xC0,\xC00\x00\xA3\x00\x9F\xCC\xA9\xCC\xA8\xCC\xAA\xC0\xAF\xC0\xAD\xC0\xA3\xC0\x9F\xC0]\xC0a\xC0W\xC0S\x00\xA7\xC0+\xC0/\x00\xA2\x00\x9E\xC0\xAE\xC0\xAC\xC0\xA2\xC0\x9E\xC0\x5C\xC0`\xC0V\xC0R\x00\xA6\xC0$\xC0(\x00k\x00j\xC0s\xC0w\x00\xC4\x00\xC3\x00m\x00\xC5\xC0#\xC0'\x00g\x00@\xC0r\xC0v\x00\xBE\x00\xBD\x00l\x00\xBF\xC0" 400 166 "-" "-"
34.19.116.58 - - [05/Nov/2025:00:29:48 +0700] "\x16\x03\x02\x03\x82\x01\x00\x03~\x03\x02i" 400 166 "-" "-"
34.19.116.58 - - [05/Nov/2025:00:29:48 +0700] "GET /doesntexist-25419696 HTTP/1.1" 301 178 "-" "Mozilla/5.0 (X11; Linux x86_64) AppleWebKit/537.36 (KHTML, like Gecko) Chrome/100.0.4896.88 Safari/537.36"
34.19.127.220 - - [05/Nov/2025:00:29:48 +0700] "GET /status HTTP/1.1" 404 3174 "-" "Mozilla/5.0 (X11; Linux x86_64) AppleWebKit/537.36 (KHTML, like Gecko) Chrome/100.0.4896.88 Safari/537.36"
34.19.116.58 - - [05/Nov/2025:00:29:48 +0700] "\x16\x03\x01\x00\xAE\x01\x00\x00\xAA\x03\x02\xF5\x95y\x07\xB7\xE3k\x84\x8C`\x19 \xDB\xD09\xB0i\x10\xB4 \xEE\xCD_\x91v\x8Cg\xB55\x86\xB6\x9B\x00\x00F\xC0" 400 166 "-" "-"
34.19.116.58 - - [05/Nov/2025:00:29:48 +0700] "\x16\x03\x03\x03\x82\x01\x00\x03~\x03\x03i" 400 166 "-" "-"
34.19.116.56 - - [05/Nov/2025:00:29:48 +0700] "GET / HTTP/1.1" 301 178 "-" "Mozilla/5.0 (X11; Linux x86_64) AppleWebKit/537.36 (KHTML, like Gecko) Chrome/100.0.4896.88 Safari/537.36"
34.19.127.220 - - [05/Nov/2025:00:29:48 +0700] "GET /nginx-status HTTP/1.1" 301 178 "-" "Mozilla/5.0 (X11; Linux x86_64) AppleWebKit/537.36 (KHTML, like Gecko) Chrome/100.0.4896.88 Safari/537.36"
34.19.116.56 - - [05/Nov/2025:00:29:48 +0700] "GET / HTTP/1.1" 301 178 "-" "Mozilla/5.0 (X11; Linux x86_64) AppleWebKit/537.36 (KHTML, like Gecko) Chrome/100.0.4896.88 Safari/537.36"
34.19.127.191 - - [05/Nov/2025:00:29:48 +0700] "GET / HTTP/1.1" 301 178 "-" "Mozilla/5.0 (X11; Linux x86_64) AppleWebKit/537.36 (KHTML, like Gecko) Chrome/100.0.4896.88 Safari/537.36"
34.19.116.58 - - [05/Nov/2025:00:29:48 +0700] "\x16\x03\x01\x00\xAE\x01\x00\x00\xAA\x03\x01\x9E\xBA\xC0\x05\x94s\xEC\xA1\xCF\x22\x05\xCA4y\x8Cy\xC7\xE1\xBC>\xE9\xAB\xF5\xF3h\xDB$\xA5]/=\xF8\x00\x00F\xC0" 400 166 "-" "-"
34.19.116.58 - - [05/Nov/2025:00:29:48 +0700] "\x16\x03\x01\x00\xF9\x01\x00\x00\xF5\x03\x03i" 400 166 "-" "-"
34.19.116.58 - - [05/Nov/2025:00:29:48 +0700] "GET /doesntexist-25419696 HTTP/1.1" 404 3174 "-" "Mozilla/5.0 (X11; Linux x86_64) AppleWebKit/537.36 (KHTML, like Gecko) Chrome/100.0.4896.88 Safari/537.36"
34.19.116.56 - - [05/Nov/2025:00:29:49 +0700] "POST /validate HTTP/1.1" 301 178 "-" "Mozilla/5.0 (X11; Linux x86_64) AppleWebKit/537.36 (KHTML, like Gecko) Chrome/100.0.4896.88 Safari/537.36"
34.19.116.58 - - [05/Nov/2025:00:29:49 +0700] "\x16\x03\x01\x01\xCB\x01\x00\x01\xC7\x03\x034\xF9D\xC9" 400 166 "-" "-"
34.19.127.220 - - [05/Nov/2025:00:29:49 +0700] "GET /nginx-status HTTP/1.1" 404 3174 "-" "Mozilla/5.0 (X11; Linux x86_64) AppleWebKit/537.36 (KHTML, like Gecko) Chrome/100.0.4896.88 Safari/537.36"
34.19.116.58 - - [05/Nov/2025:00:29:49 +0700] "GET /def-25419696-doesntexist HTTP/1.1" 301 178 "-" "Mozilla/5.0 (X11; Linux x86_64) AppleWebKit/537.36 (KHTML, like Gecko) Chrome/100.0.4896.88 Safari/537.36"
98.94.3.120 - - [05/Nov/2025:00:29:49 +0700] "GET / HTTP/1.1" 200 380974 "-" "Mozilla/5.0 (X11; Linux x86_64) AppleWebKit/537.36 (KHTML, like Gecko) Chrome/100.0.4896.88 Safari/537.36"
34.19.116.58 - - [05/Nov/2025:00:29:49 +0700] "\x16\x03\x01\x01^\x01\x00\x01Z\x03\x03\xBC\xABI\x92\x1B\xFD\x19\xE6\xD5j_B$s0\x97 \x80\x9F" 400 166 "-" "-"
34.19.127.207 - - [05/Nov/2025:00:29:49 +0700] "GET /%0d%0aReflected-Header:%20074c0aa9d2f539bbf9a5702af4a33d03 HTTP/1.1" 301 178 "-" "Mozilla/5.0 (X11; Linux x86_64) AppleWebKit/537.36 (KHTML, like Gecko) Chrome/100.0.4896.88 Safari/537.36"
34.19.116.58 - - [05/Nov/2025:00:29:49 +0700] "GET /def-25419696-doesntexist HTTP/1.1" 404 3174 "-" "Mozilla/5.0 (X11; Linux x86_64) AppleWebKit/537.36 (KHTML, like Gecko) Chrome/100.0.4896.88 Safari/537.36"
34.19.116.58 - - [05/Nov/2025:00:29:49 +0700] "\x16\x03\x01\x00\xAE\x01\x00\x00\xAA\x03\x02\xDDn\xA5\x05\xAD\xE4\x90>\x1Cqy\xA8\xDA\xC7\xC8Lre\xBD\xAC\xB1\x1AZ#\xCF\xF7K\x06\xFB\xA1\xF2\x9D\x00\x00F\xC0" 400 166 "-" "-"
54.209.16.178 - - [05/Nov/2025:00:29:50 +0700] "GET / HTTP/1.1" 301 178 "-" "Mozilla/5.0 (X11; Linux x86_64) AppleWebKit/537.36 (KHTML, like Gecko) Chrome/100.0.4896.88 Safari/537.36"
34.19.116.58 - - [05/Nov/2025:00:29:50 +0700] "GET /.git HTTP/1.1" 301 178 "-" "Mozilla/5.0 (X11; Linux x86_64) AppleWebKit/537.36 (KHTML, like Gecko) Chrome/100.0.4896.88 Safari/537.36"
34.19.127.207 - - [05/Nov/2025:00:29:50 +0700] "GET /zzz$http_referer HTTP/1.1" 301 178 "b503211a07f115ba35ed24e154e484d4" "Mozilla/5.0 (X11; Linux x86_64) AppleWebKit/537.36 (KHTML, like Gecko) Chrome/100.0.4896.88 Safari/537.36"
34.19.116.58 - - [05/Nov/2025:00:29:50 +0700] "\x16\x03\x01\x00\xAE\x01\x00\x00\xAA\x03\x01\xC5R\xC5L~z1\xE9\x0F\xCE5\x09\xF6:\x1E\xE6\xDD\x94\x86n\x9E1b(e\xFE\xB1\xD6\xD5\xFE2H\x00\x00F\xC0" 400 166 "-" "-"
34.19.116.58 - - [05/Nov/2025:00:29:50 +0700] "GET /.git HTTP/1.1" 403 564 "-" "Mozilla/5.0 (X11; Linux x86_64) AppleWebKit/537.36 (KHTML, like Gecko) Chrome/100.0.4896.88 Safari/537.36"
34.19.127.207 - - [05/Nov/2025:00:29:50 +0700] "GET /status HTTP/1.1" 301 178 "-" "Mozilla/5.0 (X11; Linux x86_64) AppleWebKit/537.36 (KHTML, like Gecko) Chrome/100.0.4896.88 Safari/537.36"
34.19.116.58 - - [05/Nov/2025:00:29:51 +0700] "GET /.git/config HTTP/1.1" 301 178 "-" "Mozilla/5.0 (X11; Linux x86_64) AppleWebKit/537.36 (KHTML, like Gecko) Chrome/100.0.4896.88 Safari/537.36"
34.19.116.56 - - [05/Nov/2025:00:29:51 +0700] "GET / HTTP/1.1" 200 380974 "-" "Mozilla/5.0 (X11; Linux x86_64) AppleWebKit/537.36 (KHTML, like Gecko) Chrome/100.0.4896.88 Safari/537.36"
34.19.116.56 - - [05/Nov/2025:00:29:51 +0700] "GET / HTTP/1.1" 200 380975 "-" "Mozilla/5.0 (X11; Linux x86_64) AppleWebKit/537.36 (KHTML, like Gecko) Chrome/100.0.4896.88 Safari/537.36"
34.19.127.191 - - [05/Nov/2025:00:29:51 +0700] "GET / HTTP/1.1" 200 380981 "-" "Mozilla/5.0 (X11; Linux x86_64) AppleWebKit/537.36 (KHTML, like Gecko) Chrome/100.0.4896.88 Safari/537.36"
34.19.116.58 - - [05/Nov/2025:00:29:51 +0700] "GET /doesntexist-50809601 HTTP/1.1" 301 178 "-" "Mozilla/5.0 (X11; Linux x86_64) AppleWebKit/537.36 (KHTML, like Gecko) Chrome/100.0.4896.88 Safari/537.36"
34.19.127.176 - - [05/Nov/2025:00:29:51 +0700] "GET / HTTP/1.1" 301 178 "-" "Mozilla/5.0 (X11; Linux x86_64) AppleWebKit/537.36 (KHTML, like Gecko) Chrome/100.0.4896.88 Safari/537.36"
34.19.127.207 - - [05/Nov/2025:00:29:51 +0700] "GET /status HTTP/1.1" 404 3174 "-" "Mozilla/5.0 (X11; Linux x86_64) AppleWebKit/537.36 (KHTML, like Gecko) Chrome/100.0.4896.88 Safari/537.36"
34.19.116.58 - - [05/Nov/2025:00:29:51 +0700] "GET /.git/config HTTP/1.1" 403 564 "-" "Mozilla/5.0 (X11; Linux x86_64) AppleWebKit/537.36 (KHTML, like Gecko) Chrome/100.0.4896.88 Safari/537.36"
34.19.127.189 - - [05/Nov/2025:00:29:51 +0700] "GET / HTTP/1.1" 301 178 "-" "Mozilla/5.0 (X11; Linux x86_64) AppleWebKit/537.36 (KHTML, like Gecko) Chrome/100.0.4896.88 Safari/537.36"
34.19.116.56 - - [05/Nov/2025:00:29:51 +0700] "GET / HTTP/1.1" 301 178 "-" "Mozilla/5.0 (X11; Linux x86_64) AppleWebKit/537.36 (KHTML, like Gecko) Chrome/100.0.4896.88 Safari/537.36"
34.19.116.58 - - [05/Nov/2025:00:29:52 +0700] "GET /.hg HTTP/1.1" 301 178 "-" "Mozilla/5.0 (X11; Linux x86_64) AppleWebKit/537.36 (KHTML, like Gecko) Chrome/100.0.4896.88 Safari/537.36"
34.19.127.189 - - [05/Nov/2025:00:29:52 +0700] "GET / HTTP/1.1" 301 178 "-" "Mozilla/5.0 (X11; Linux x86_64) AppleWebKit/537.36 (KHTML, like Gecko) Chrome/100.0.4896.88 Safari/537.36"
54.209.16.178 - - [05/Nov/2025:00:29:52 +0700] "GET / HTTP/1.1" 200 64349 "-" "Mozilla/5.0 (X11; Linux x86_64) AppleWebKit/537.36 (KHTML, like Gecko) Chrome/100.0.4896.88 Safari/537.36"
34.19.127.207 - - [05/Nov/2025:00:29:52 +0700] "GET /nginx-status HTTP/1.1" 301 178 "-" "Mozilla/5.0 (X11; Linux x86_64) AppleWebKit/537.36 (KHTML, like Gecko) Chrome/100.0.4896.88 Safari/537.36"
34.19.116.58 - - [05/Nov/2025:00:29:52 +0700] "GET /doesntexist-50809601 HTTP/1.1" 404 3174 "-" "Mozilla/5.0 (X11; Linux x86_64) AppleWebKit/537.36 (KHTML, like Gecko) Chrome/100.0.4896.88 Safari/537.36"
34.19.116.58 - - [05/Nov/2025:00:29:52 +0700] "GET /.hg HTTP/1.1" 403 564 "-" "Mozilla/5.0 (X11; Linux x86_64) AppleWebKit/537.36 (KHTML, like Gecko) Chrome/100.0.4896.88 Safari/537.36"
34.19.127.207 - - [05/Nov/2025:00:29:52 +0700] "GET /nginx-status HTTP/1.1" 404 3174 "-" "Mozilla/5.0 (X11; Linux x86_64) AppleWebKit/537.36 (KHTML, like Gecko) Chrome/100.0.4896.88 Safari/537.36"
34.19.116.58 - - [05/Nov/2025:00:29:52 +0700] "GET /def-50809601-doesntexist HTTP/1.1" 301 178 "-" "Mozilla/5.0 (X11; Linux x86_64) AppleWebKit/537.36 (KHTML, like Gecko) Chrome/100.0.4896.88 Safari/537.36"
34.19.116.58 - - [05/Nov/2025:00:29:52 +0700] "GET / HTTP/1.1" 301 178 "-" "Mozilla/5.0 (X11; Linux x86_64) AppleWebKit/537.36 (KHTML, like Gecko) Chrome/100.0.4896.88 Safari/537.36"
34.19.116.58 - - [05/Nov/2025:00:29:52 +0700] "GET /.bzr HTTP/1.1" 301 178 "-" "Mozilla/5.0 (X11; Linux x86_64) AppleWebKit/537.36 (KHTML, like Gecko) Chrome/100.0.4896.88 Safari/537.36"
34.19.116.58 - - [05/Nov/2025:00:29:53 +0700] "GET /def-50809601-doesntexist HTTP/1.1" 404 3174 "-" "Mozilla/5.0 (X11; Linux x86_64) AppleWebKit/537.36 (KHTML, like Gecko) Chrome/100.0.4896.88 Safari/537.36"
34.19.116.58 - - [05/Nov/2025:00:29:53 +0700] "GET /.bzr HTTP/1.1" 403 564 "-" "Mozilla/5.0 (X11; Linux x86_64) AppleWebKit/537.36 (KHTML, like Gecko) Chrome/100.0.4896.88 Safari/537.36"
34.19.127.207 - - [05/Nov/2025:00:29:53 +0700] "\x16\x03\x01\x02\x00\x01\x00\x01\xFC\x03\x03\xA1\xF0Pdj\xB25\xD3\x9A=rO\xF3\x80\xE5\xED4\xB8\x8FV\xAC\xC6\xE6\xEA" 400 166 "-" "-"
34.19.116.58 - - [05/Nov/2025:00:29:53 +0700] "GET /.svn HTTP/1.1" 301 178 "-" "Mozilla/5.0 (X11; Linux x86_64) AppleWebKit/537.36 (KHTML, like Gecko) Chrome/100.0.4896.88 Safari/537.36"
34.19.116.58 - - [05/Nov/2025:00:29:53 +0700] "GET /.git HTTP/1.1" 301 178 "-" "Mozilla/5.0 (X11; Linux x86_64) AppleWebKit/537.36 (KHTML, like Gecko) Chrome/100.0.4896.88 Safari/537.36"
34.19.127.176 - - [05/Nov/2025:00:29:54 +0700] "GET / HTTP/1.1" 200 380981 "-" "Mozilla/5.0 (X11; Linux x86_64) AppleWebKit/537.36 (KHTML, like Gecko) Chrome/100.0.4896.88 Safari/537.36"
34.19.116.58 - - [05/Nov/2025:00:29:54 +0700] "GET /.svn HTTP/1.1" 403 564 "-" "Mozilla/5.0 (X11; Linux x86_64) AppleWebKit/537.36 (KHTML, like Gecko) Chrome/100.0.4896.88 Safari/537.36"
34.19.116.58 - - [05/Nov/2025:00:29:54 +0700] "GET /.git HTTP/1.1" 403 564 "-" "Mozilla/5.0 (X11; Linux x86_64) AppleWebKit/537.36 (KHTML, like Gecko) Chrome/100.0.4896.88 Safari/537.36"
34.19.116.56 - - [05/Nov/2025:00:29:54 +0700] "GET / HTTP/1.1" 200 380982 "-" "Mozilla/5.0 (X11; Linux x86_64) AppleWebKit/537.36 (KHTML, like Gecko) Chrome/100.0.4896.88 Safari/537.36"
34.19.127.189 - - [05/Nov/2025:00:29:54 +0700] "GET / HTTP/1.1" 200 380982 "-" "Mozilla/5.0 (X11; Linux x86_64) AppleWebKit/537.36 (KHTML, like Gecko) Chrome/100.0.4896.88 Safari/537.36"
34.19.127.189 - - [05/Nov/2025:00:29:54 +0700] "GET / HTTP/1.1" 200 380975 "-" "Mozilla/5.0 (X11; Linux x86_64) AppleWebKit/537.36 (KHTML, like Gecko) Chrome/100.0.4896.88 Safari/537.36"
34.19.116.58 - - [05/Nov/2025:00:29:54 +0700] "GET /.svn/entries HTTP/1.1" 301 178 "-" "Mozilla/5.0 (X11; Linux x86_64) AppleWebKit/537.36 (KHTML, like Gecko) Chrome/100.0.4896.88 Safari/537.36"
34.19.116.58 - - [05/Nov/2025:00:29:54 +0700] "GET / HTTP/1.1" 200 381007 "-" "Mozilla/5.0 (X11; Linux x86_64) AppleWebKit/537.36 (KHTML, like Gecko) Chrome/100.0.4896.88 Safari/537.36"
34.19.116.58 - - [05/Nov/2025:00:29:55 +0700] "GET /.git/config HTTP/1.1" 301 178 "-" "Mozilla/5.0 (X11; Linux x86_64) AppleWebKit/537.36 (KHTML, like Gecko) Chrome/100.0.4896.88 Safari/537.36"
34.19.127.178 - - [05/Nov/2025:00:29:55 +0700] "GET / HTTP/1.1" 301 178 "-" "Mozilla/5.0 (Macintosh; Intel Mac OS X 14_4_1) AppleWebKit/537.36 (KHTML, like Gecko) Chrome/123.0.0.0 Safari/537.36"
34.19.127.178 - - [05/Nov/2025:00:29:55 +0700] "GET / HTTP/1.1" 301 178 "-" "Mozilla/5.0 (Macintosh; Intel Mac OS X 14_4_1) AppleWebKit/537.36 (KHTML, like Gecko) Chrome/123.0.0.0 Safari/537.36"
34.19.127.178 - - [05/Nov/2025:00:29:55 +0700] "GET /favicon.ico HTTP/1.1" 301 178 "-" "Mozilla/5.0 (Macintosh; Intel Mac OS X 14_4_1) AppleWebKit/537.36 (KHTML, like Gecko) Chrome/123.0.0.0 Safari/537.36"
34.19.127.176 - - [05/Nov/2025:00:29:55 +0700] "GET / HTTP/1.1" 301 178 "-" "Mozilla/5.0 (X11; Linux x86_64) AppleWebKit/537.36 (KHTML, like Gecko) Chrome/100.0.4896.88 Safari/537.36"
34.19.116.58 - - [05/Nov/2025:00:29:55 +0700] "GET /.svn/entries HTTP/1.1" 403 564 "-" "Mozilla/5.0 (X11; Linux x86_64) AppleWebKit/537.36 (KHTML, like Gecko) Chrome/100.0.4896.88 Safari/537.36"
34.19.116.58 - - [05/Nov/2025:00:29:55 +0700] "GET /.git/config HTTP/1.1" 403 564 "-" "Mozilla/5.0 (X11; Linux x86_64) AppleWebKit/537.36 (KHTML, like Gecko) Chrome/100.0.4896.88 Safari/537.36"
34.19.116.58 - - [05/Nov/2025:00:29:55 +0700] "GET /.svn/prop-base HTTP/1.1" 301 178 "-" "Mozilla/5.0 (X11; Linux x86_64) AppleWebKit/537.36 (KHTML, like Gecko) Chrome/100.0.4896.88 Safari/537.36"
34.19.116.58 - - [05/Nov/2025:00:29:56 +0700] "GET /.svn/prop-base HTTP/1.1" 403 564 "-" "Mozilla/5.0 (X11; Linux x86_64) AppleWebKit/537.36 (KHTML, like Gecko) Chrome/100.0.4896.88 Safari/537.36"
34.19.116.58 - - [05/Nov/2025:00:29:56 +0700] "GET /.svn/text-base HTTP/1.1" 301 178 "-" "Mozilla/5.0 (X11; Linux x86_64) AppleWebKit/537.36 (KHTML, like Gecko) Chrome/100.0.4896.88 Safari/537.36"
34.19.127.178 - - [05/Nov/2025:00:29:57 +0700] "GET / HTTP/1.1" 200 37657 "-" "Mozilla/5.0 (Macintosh; Intel Mac OS X 14_4_1) AppleWebKit/537.36 (KHTML, like Gecko) Chrome/123.0.0.0 Safari/537.36"
34.19.127.178 - - [05/Nov/2025:00:29:57 +0700] "GET / HTTP/1.1" 200 37646 "-" "Mozilla/5.0 (Macintosh; Intel Mac OS X 14_4_1) AppleWebKit/537.36 (KHTML, like Gecko) Chrome/123.0.0.0 Safari/537.36"
34.19.116.58 - - [05/Nov/2025:00:29:57 +0700] "GET /.svn/text-base HTTP/1.1" 403 564 "-" "Mozilla/5.0 (X11; Linux x86_64) AppleWebKit/537.36 (KHTML, like Gecko) Chrome/100.0.4896.88 Safari/537.36"
34.19.116.58 - - [05/Nov/2025:00:29:57 +0700] "GET /.htaccess HTTP/1.1" 301 178 "-" "Mozilla/5.0 (X11; Linux x86_64) AppleWebKit/537.36 (KHTML, like Gecko) Chrome/100.0.4896.88 Safari/537.36"
34.19.127.176 - - [05/Nov/2025:00:29:57 +0700] "GET / HTTP/1.1" 200 380983 "-" "Mozilla/5.0 (X11; Linux x86_64) AppleWebKit/537.36 (KHTML, like Gecko) Chrome/100.0.4896.88 Safari/537.36"
34.19.116.58 - - [05/Nov/2025:00:29:58 +0700] "GET /.htaccess HTTP/1.1" 403 564 "-" "Mozilla/5.0 (X11; Linux x86_64) AppleWebKit/537.36 (KHTML, like Gecko) Chrome/100.0.4896.88 Safari/537.36"
34.19.116.58 - - [05/Nov/2025:00:29:58 +0700] "GET /.htaccess.bak HTTP/1.1" 301 178 "-" "Mozilla/5.0 (X11; Linux x86_64) AppleWebKit/537.36 (KHTML, like Gecko) Chrome/100.0.4896.88 Safari/537.36"
