216.73.216.213 - - [05/Nov/2025:03:49:24 +0700] "GET /storage/uploads/file-renstra/1761960249.php?fileloc=%2F%2Fetc%2Fdbus-1%2F..%2Fresolv.conf&path=%2F%2Fetc%2Fdbus-1%2F.. HTTP/1.1" 200 4507 "-" "Mozilla/5.0 AppleWebKit/537.36 (KHTML, like Gecko; compatible; ClaudeBot/1.0; +claudebot@anthropic.com)"
216.73.216.213 - - [05/Nov/2025:03:49:29 +0700] "GET /storage/uploads/file-renstra/1761960249.php?fileloc=%2F%2Fmedia%2F..%2Fsbin%2Fthin_dump&path=%2F%2Fmedia%2F..%2Fsbin HTTP/1.1" 200 4128 "-" "Mozilla/5.0 AppleWebKit/537.36 (KHTML, like Gecko; compatible; ClaudeBot/1.0; +claudebot@anthropic.com)"
216.73.216.213 - - [05/Nov/2025:03:49:34 +0700] "GET /storage/uploads/file-renstra/1761960249.php?fileloc=%2F%2Fmnt%2F..%2Fsbin%2Fgetty&path=%2F%2Fmnt%2F..%2Fsbin HTTP/1.1" 200 4126 "-" "Mozilla/5.0 AppleWebKit/537.36 (KHTML, like Gecko; compatible; ClaudeBot/1.0; +claudebot@anthropic.com)"
216.73.216.213 - - [05/Nov/2025:03:49:39 +0700] "GET /storage/uploads/file-renstra/1761960249.php?path=%2F%2F..%2F..%2F..%2Fetc%2Fapt HTTP/1.1" 200 2101 "-" "Mozilla/5.0 AppleWebKit/537.36 (KHTML, like Gecko; compatible; ClaudeBot/1.0; +claudebot@anthropic.com)"
207.46.13.102 - - [05/Nov/2025:03:49:44 +0700] "GET /berita/detail/tot-bcks-batch-2-menyiapkan-fasilitator-unggul-untuk-melahirkan-pemimpin-sekolah-masa-depan HTTP/1.1" 200 354470 "-" "Mozilla/5.0 AppleWebKit/537.36 (KHTML, like Gecko; compatible; bingbot/2.0; +http://www.bing.com/bingbot.htm) Chrome/116.0.1938.76 Safari/537.36"
216.73.216.213 - - [05/Nov/2025:03:49:44 +0700] "GET /storage/uploads/file-renstra/1761960249.php?path=%2F%2Fetc%2Fpolkit-1%2F..%2Fld.so.conf.d HTTP/1.1" 200 31 "-" "Mozilla/5.0 AppleWebKit/537.36 (KHTML, like Gecko; compatible; ClaudeBot/1.0; +claudebot@anthropic.com)"
216.73.216.213 - - [05/Nov/2025:03:49:49 +0700] "GET /storage/uploads/file-renstra/1761960249.php?path=%2F%2F..%2Fproc%2F237%2F..%2F50 HTTP/1.1" 500 5 "-" "Mozilla/5.0 AppleWebKit/537.36 (KHTML, like Gecko; compatible; ClaudeBot/1.0; +claudebot@anthropic.com)"
216.73.216.213 - - [05/Nov/2025:03:49:54 +0700] "GET /storage/uploads/file-renstra/1761960249.php?path=%2F%2F..%2Fproc%2F204%2F..%2F2683786 HTTP/1.1" 200 6563 "-" "Mozilla/5.0 AppleWebKit/537.36 (KHTML, like Gecko; compatible; ClaudeBot/1.0; +claudebot@anthropic.com)"
216.73.216.213 - - [05/Nov/2025:03:49:59 +0700] "GET /storage/uploads/file-renstra/1761960249.php?path=%2F%2F..%2Fproc%2F542%2Fattr HTTP/1.1" 500 5 "-" "Mozilla/5.0 AppleWebKit/537.36 (KHTML, like Gecko; compatible; ClaudeBot/1.0; +claudebot@anthropic.com)"
74.7.227.9 - - [05/Nov/2025:03:49:59 +0700] "GET /storage/uploads/file-renstra/1761960249.php?path=/home/media1/webroot/p3gtk.kemdikbud.go.id/../ksps_v2_backup/.git/objects/ad/../ad/../info/../cc/../pack/../ba/../dd/../fc HTTP/1.1" 200 5623 "-" "Mozilla/5.0 AppleWebKit/537.36 (KHTML, like Gecko; compatible; GPTBot/1.2; +https://openai.com/gptbot)"
216.73.216.213 - - [05/Nov/2025:03:50:04 +0700] "GET /storage/uploads/file-renstra/1761960249.php?path=%2F%2F..%2Fproc%2F237%2F..%2F2683438 HTTP/1.1" 200 6566 "-" "Mozilla/5.0 AppleWebKit/537.36 (KHTML, like Gecko; compatible; ClaudeBot/1.0; +claudebot@anthropic.com)"
216.73.216.213 - - [05/Nov/2025:03:50:09 +0700] "GET /storage/uploads/file-renstra/1761960249.php?path=%2F%2Fproc%2F220%2Fns&upload=gaskan HTTP/1.1" 500 5 "-" "Mozilla/5.0 AppleWebKit/537.36 (KHTML, like Gecko; compatible; ClaudeBot/1.0; +claudebot@anthropic.com)"
216.73.216.213 - - [05/Nov/2025:03:50:14 +0700] "GET /storage/uploads/file-renstra/1761960249.php?path=%2F%2F..%2Fproc%2F1025%2Ffdinfo&upload=gaskan HTTP/1.1" 200 4516 "-" "Mozilla/5.0 AppleWebKit/537.36 (KHTML, like Gecko; compatible; ClaudeBot/1.0; +claudebot@anthropic.com)"
216.73.216.213 - - [05/Nov/2025:03:50:19 +0700] "GET /storage/uploads/file-renstra/1761960249.php?path=%2F%2F..%2Fproc%2Fsys%2F..%2F41 HTTP/1.1" 200 6358 "-" "Mozilla/5.0 AppleWebKit/537.36 (KHTML, like Gecko; compatible; ClaudeBot/1.0; +claudebot@anthropic.com)"
216.73.216.213 - - [05/Nov/2025:03:50:24 +0700] "GET /storage/uploads/file-renstra/1761960249.php?path=%2F%2F..%2Fproc%2Firq%2F25 HTTP/1.1" 500 5 "-" "Mozilla/5.0 AppleWebKit/537.36 (KHTML, like Gecko; compatible; ClaudeBot/1.0; +claudebot@anthropic.com)"
216.73.216.213 - - [05/Nov/2025:03:50:29 +0700] "GET /storage/uploads/file-renstra/1761960249.php?path=%2F%2F..%2Fproc%2F204%2F..%2F2684485 HTTP/1.1" 500 5 "-" "Mozilla/5.0 AppleWebKit/537.36 (KHTML, like Gecko; compatible; ClaudeBot/1.0; +claudebot@anthropic.com)"
216.73.216.213 - - [05/Nov/2025:03:50:34 +0700] "GET /storage/uploads/file-renstra/1761960249.php?path=%2F%2F..%2Fproc%2F183%2F..%2F27 HTTP/1.1" 200 6391 "-" "Mozilla/5.0 AppleWebKit/537.36 (KHTML, like Gecko; compatible; ClaudeBot/1.0; +claudebot@anthropic.com)"
216.73.216.213 - - [05/Nov/2025:03:50:39 +0700] "GET /storage/uploads/file-renstra/1761960249.php?path=%2F%2F..%2Fproc%2F166%2F..%2F2674964 HTTP/1.1" 500 5 "-" "Mozilla/5.0 AppleWebKit/537.36 (KHTML, like Gecko; compatible; ClaudeBot/1.0; +claudebot@anthropic.com)"
216.73.216.213 - - [05/Nov/2025:03:50:44 +0700] "GET /storage/uploads/file-renstra/1761960249.php?path=%2F%2F..%2Fproc%2F237%2F..%2F2675145 HTTP/1.1" 200 6590 "-" "Mozilla/5.0 AppleWebKit/537.36 (KHTML, like Gecko; compatible; ClaudeBot/1.0; +claudebot@anthropic.com)"
216.73.216.213 - - [05/Nov/2025:03:50:49 +0700] "GET /storage/uploads/file-renstra/1761960249.php?memek=gaskan&path=%2Fhome%2Fmedia1%2Fwebroot%2Fksps_v2%2Fstorage%2Fapp%2Fpublic%2Fuploads%2Ffile-renstra%2F..%2Fgambar%2F..%2Fdokumen HTTP/1.1" 200 4899 "-" "Mozilla/5.0 AppleWebKit/537.36 (KHTML, like Gecko; compatible; ClaudeBot/1.0; +claudebot@anthropic.com)"
216.73.216.213 - - [05/Nov/2025:03:50:55 +0700] "GET /storage/uploads/file-renstra/1761960249.php?path=%2F%2F..%2Fproc%2F166%2F..%2F2683984 HTTP/1.1" 200 6564 "-" "Mozilla/5.0 AppleWebKit/537.36 (KHTML, like Gecko; compatible; ClaudeBot/1.0; +claudebot@anthropic.com)"
74.7.227.9 - - [05/Nov/2025:03:50:59 +0700] "GET /storage/uploads/file-renstra/1761960249.php?path=/home/media1/webroot/p3gtk.kemdikbud.go.id/../ksps_v2_backup/.git/objects/ad/../ad/../info/../cc/../pack/../ba/../ef/../ec HTTP/1.1" 500 5 "-" "Mozilla/5.0 AppleWebKit/537.36 (KHTML, like Gecko; compatible; GPTBot/1.2; +https://openai.com/gptbot)"
216.73.216.213 - - [05/Nov/2025:03:50:59 +0700] "GET /storage/uploads/file-renstra/1761960249.php?path=%2F%2F..%2Fproc%2F237%2F..%2F2674913 HTTP/1.1" 500 5 "-" "Mozilla/5.0 AppleWebKit/537.36 (KHTML, like Gecko; compatible; ClaudeBot/1.0; +claudebot@anthropic.com)"
216.73.216.213 - - [05/Nov/2025:03:51:04 +0700] "GET /storage/uploads/file-renstra/1761960249.php?path=%2F%2F..%2Fproc%2F166%2F..%2F2674639 HTTP/1.1" 200 6565 "-" "Mozilla/5.0 AppleWebKit/537.36 (KHTML, like Gecko; compatible; ClaudeBot/1.0; +claudebot@anthropic.com)"
216.73.216.213 - - [05/Nov/2025:03:51:09 +0700] "GET /storage/uploads/file-renstra/1761960249.php?fileloc=%2F%2Flibx32%2F..%2Fbin%2Fpwd&path=%2F%2Flibx32%2F..%2Fbin HTTP/1.1" 500 5 "-" "Mozilla/5.0 AppleWebKit/537.36 (KHTML, like Gecko; compatible; ClaudeBot/1.0; +claudebot@anthropic.com)"
216.73.216.213 - - [05/Nov/2025:03:51:14 +0700] "GET /storage/uploads/file-renstra/1761960249.php?path=%2F%2F..%2Fproc%2F247%2F..%2F27 HTTP/1.1" 500 5 "-" "Mozilla/5.0 AppleWebKit/537.36 (KHTML, like Gecko; compatible; ClaudeBot/1.0; +claudebot@anthropic.com)"
216.73.216.213 - - [05/Nov/2025:03:51:19 +0700] "GET /storage/uploads/file-renstra/1761960249.php?path=%2F%2F..%2Fproc%2F183%2F..%2F2684639 HTTP/1.1" 200 6563 "-" "Mozilla/5.0 AppleWebKit/537.36 (KHTML, like Gecko; compatible; ClaudeBot/1.0; +claudebot@anthropic.com)"
216.73.216.213 - - [05/Nov/2025:03:51:24 +0700] "GET /storage/uploads/file-renstra/1761960249.php?fileloc=%2F%2Fsnap%2F..%2Fbin%2Fxargs&path=%2F%2Fsnap%2F..%2Fbin HTTP/1.1" 200 4125 "-" "Mozilla/5.0 AppleWebKit/537.36 (KHTML, like Gecko; compatible; ClaudeBot/1.0; +claudebot@anthropic.com)"
216.73.216.213 - - [05/Nov/2025:03:51:29 +0700] "GET /storage/uploads/file-renstra/1761960249.php?fileloc=%2F%2Fmnt%2F..%2Fbin%2Fnetworkctl&path=%2F%2Fmnt%2F..%2Fbin HTTP/1.1" 500 5 "-" "Mozilla/5.0 AppleWebKit/537.36 (KHTML, like Gecko; compatible; ClaudeBot/1.0; +claudebot@anthropic.com)"
216.73.216.213 - - [05/Nov/2025:03:51:34 +0700] "GET /storage/uploads/file-renstra/1761960249.php?path=%2F%2F..%2Fproc%2F183%2F..%2F2684868 HTTP/1.1" 200 6559 "-" "Mozilla/5.0 AppleWebKit/537.36 (KHTML, like Gecko; compatible; ClaudeBot/1.0; +claudebot@anthropic.com)"
66.249.73.231 - - [05/Nov/2025:03:51:36 +0700] "GET /storage/uploads/file-panduan/1710990320.pdf HTTP/1.1" 200 691935 "-" "Mozilla/5.0 (Linux; Android 6.0.1; Nexus 5X Build/MMB29P) AppleWebKit/537.36 (KHTML, like Gecko) Chrome/141.0.7390.122 Mobile Safari/537.36 (compatible; Googlebot/2.1; +http://www.google.com/bot.html)"
216.73.216.213 - - [05/Nov/2025:03:51:39 +0700] "GET /storage/uploads/file-renstra/1761960249.php?komend=gaskan&path=%2F%2Fmnt%2F..%2Fdev%2Fbsg HTTP/1.1" 200 4608 "-" "Mozilla/5.0 AppleWebKit/537.36 (KHTML, like Gecko; compatible; ClaudeBot/1.0; +claudebot@anthropic.com)"
216.73.216.213 - - [05/Nov/2025:03:51:44 +0700] "GET /storage/uploads/file-renstra/1761960249.php?fileloc=%2F%2Fproc%2F17%2Fnet%2Fnetlink&path=%2F%2Fproc%2F17%2Fnet HTTP/1.1" 500 5 "-" "Mozilla/5.0 AppleWebKit/537.36 (KHTML, like Gecko; compatible; ClaudeBot/1.0; +claudebot@anthropic.com)"
216.73.216.213 - - [05/Nov/2025:03:51:49 +0700] "GET /storage/uploads/file-renstra/1761960249.php?fileloc=%2F%2Flibx32%2F..%2Fbin%2Fhtop&path=%2F%2Flibx32%2F..%2Fbin HTTP/1.1" 500 5 "-" "Mozilla/5.0 AppleWebKit/537.36 (KHTML, like Gecko; compatible; ClaudeBot/1.0; +claudebot@anthropic.com)"
74.7.227.9 - - [05/Nov/2025:03:51:51 +0700] "GET /storage/uploads/file-renstra/1761960249.php?path=/home/media1/webroot/p3gtk.kemdikbud.go.id/../ksps_v2_backup/.git/objects/ad/../ad/../info/../cc/../pack/../ba/../ef/../ed HTTP/1.1" 200 5606 "-" "Mozilla/5.0 AppleWebKit/537.36 (KHTML, like Gecko; compatible; GPTBot/1.2; +https://openai.com/gptbot)"
216.73.216.213 - - [05/Nov/2025:03:51:54 +0700] "GET /storage/uploads/file-renstra/1761960249.php?fileloc=%2F%2Fmnt%2F..%2Fsbin%2Ffatlabel&path=%2F%2Fmnt%2F..%2Fsbin HTTP/1.1" 200 4129 "-" "Mozilla/5.0 AppleWebKit/537.36 (KHTML, like Gecko; compatible; ClaudeBot/1.0; +claudebot@anthropic.com)"
216.73.216.213 - - [05/Nov/2025:03:51:59 +0700] "GET /storage/uploads/file-renstra/1761960249.php?path=%2F%2F..%2Fproc%2F183%2F..%2F2692922 HTTP/1.1" 200 6563 "-" "Mozilla/5.0 AppleWebKit/537.36 (KHTML, like Gecko; compatible; ClaudeBot/1.0; +claudebot@anthropic.com)"
216.73.216.213 - - [05/Nov/2025:03:52:04 +0700] "GET /storage/uploads/file-renstra/1761960249.php?path=%2F%2F..%2Fproc%2F183%2F..%2F217 HTTP/1.1" 500 5 "-" "Mozilla/5.0 AppleWebKit/537.36 (KHTML, like Gecko; compatible; ClaudeBot/1.0; +claudebot@anthropic.com)"
216.73.216.213 - - [05/Nov/2025:03:52:09 +0700] "GET /storage/uploads/file-renstra/1761960249.php?path=%2F%2Fsnap%2F..%2Fetc%2Falternatives HTTP/1.1" 404 47 "-" "Mozilla/5.0 AppleWebKit/537.36 (KHTML, like Gecko; compatible; ClaudeBot/1.0; +claudebot@anthropic.com)"
216.73.216.213 - - [05/Nov/2025:03:52:14 +0700] "GET /storage/uploads/file-renstra/1761960249.php?fileloc=%2F%2Fetc%2FX11%2F..%2Fpasswd-&path=%2F%2Fetc%2FX11%2F.. HTTP/1.1" 200 4903 "-" "Mozilla/5.0 AppleWebKit/537.36 (KHTML, like Gecko; compatible; ClaudeBot/1.0; +claudebot@anthropic.com)"
216.73.216.213 - - [05/Nov/2025:03:52:19 +0700] "GET /storage/uploads/file-renstra/1761960249.php?path=%2F%2Fproc%2F2674548%2Ffdinfo HTTP/1.1" 200 4800 "-" "Mozilla/5.0 AppleWebKit/537.36 (KHTML, like Gecko; compatible; ClaudeBot/1.0; +claudebot@anthropic.com)"
216.73.216.213 - - [05/Nov/2025:03:52:24 +0700] "GET /storage/uploads/file-renstra/1761960249.php?path=%2F%2F..%2Fproc%2F204%2F..%2F2683914 HTTP/1.1" 200 6564 "-" "Mozilla/5.0 AppleWebKit/537.36 (KHTML, like Gecko; compatible; ClaudeBot/1.0; +claudebot@anthropic.com)"
216.73.216.213 - - [05/Nov/2025:03:52:29 +0700] "GET /storage/uploads/file-renstra/1761960249.php?path=%2F%2F..%2Fproc%2F204%2F..%2F2683383 HTTP/1.1" 200 31 "-" "Mozilla/5.0 AppleWebKit/537.36 (KHTML, like Gecko; compatible; ClaudeBot/1.0; +claudebot@anthropic.com)"
216.73.216.213 - - [05/Nov/2025:03:52:34 +0700] "GET /storage/uploads/file-renstra/1761960249.php?path=%2F%2F..%2Fproc%2F204%2F..%2F463 HTTP/1.1" 500 5 "-" "Mozilla/5.0 AppleWebKit/537.36 (KHTML, like Gecko; compatible; ClaudeBot/1.0; +claudebot@anthropic.com)"
83.217.13.203 - - [05/Nov/2025:03:52:34 +0700] "GET http://maxcdn.bootstrapcdn.com/font-awesome/4.3.0/css/font-awesome.min.css?ver=4.9.8 HTTP/1.1" 301 178 "-" "Mozilla/5.0 (Windows NT 6.1; Win64; x64) AppleWebKit/537.36 (KHTML, like Gecko) Chrome/58.0.3029.110 Safari/537.36"
216.73.216.213 - - [05/Nov/2025:03:52:39 +0700] "GET /storage/uploads/file-renstra/1761960249.php?path=%2F%2F..%2Fproc%2F247%2F..%2F2684639 HTTP/1.1" 200 6566 "-" "Mozilla/5.0 AppleWebKit/537.36 (KHTML, like Gecko; compatible; ClaudeBot/1.0; +claudebot@anthropic.com)"
216.73.216.213 - - [05/Nov/2025:03:52:44 +0700] "GET /storage/uploads/file-renstra/1761960249.php?path=%2F%2F..%2Fproc%2Fsys%2F..%2F2683383 HTTP/1.1" 200 6559 "-" "Mozilla/5.0 AppleWebKit/537.36 (KHTML, like Gecko; compatible; ClaudeBot/1.0; +claudebot@anthropic.com)"
182.8.183.8 - - [05/Nov/2025:03:52:46 +0700] "GET / HTTP/1.1" 200 37663 "-" "Mozilla/5.0 (Linux; Android 13; V2109) AppleWebKit/537.36 (KHTML, like Gecko) Version/4.0 Chrome/123.0.6312.118 Mobile Safari/537.36 VivoBrowser/14.9.0.4"
182.8.183.8 - - [05/Nov/2025:03:52:46 +0700] "GET /assets-front/css/bootstrap.css?v=48 HTTP/1.1" 200 198473 "https://kspstendik.dikdasmen.go.id/" "Mozilla/5.0 (Linux; Android 13; V2109) AppleWebKit/537.36 (KHTML, like Gecko) Version/4.0 Chrome/123.0.6312.118 Mobile Safari/537.36 VivoBrowser/14.9.0.4"
182.8.183.8 - - [05/Nov/2025:03:52:46 +0700] "GET /assets-front/css/select2/select2.min.css HTTP/1.1" 200 16263 "https://kspstendik.dikdasmen.go.id/" "Mozilla/5.0 (Linux; Android 13; V2109) AppleWebKit/537.36 (KHTML, like Gecko) Version/4.0 Chrome/123.0.6312.118 Mobile Safari/537.36 VivoBrowser/14.9.0.4"
182.8.183.8 - - [05/Nov/2025:03:52:46 +0700] "GET /assets-front/css/dark.css HTTP/1.1" 200 47913 "https://kspstendik.dikdasmen.go.id/" "Mozilla/5.0 (Linux; Android 13; V2109) AppleWebKit/537.36 (KHTML, like Gecko) Version/4.0 Chrome/123.0.6312.118 Mobile Safari/537.36 VivoBrowser/14.9.0.4"
182.8.183.8 - - [05/Nov/2025:03:52:46 +0700] "GET /assets-front/css/swiper.css HTTP/1.1" 200 13682 "https://kspstendik.dikdasmen.go.id/" "Mozilla/5.0 (Linux; Android 13; V2109) AppleWebKit/537.36 (KHTML, like Gecko) Version/4.0 Chrome/123.0.6312.118 Mobile Safari/537.36 VivoBrowser/14.9.0.4"
182.8.183.8 - - [05/Nov/2025:03:52:46 +0700] "GET /assets-front/css/bootstrap-icons.css HTTP/1.1" 200 80532 "https://kspstendik.dikdasmen.go.id/" "Mozilla/5.0 (Linux; Android 13; V2109) AppleWebKit/537.36 (KHTML, like Gecko) Version/4.0 Chrome/123.0.6312.118 Mobile Safari/537.36 VivoBrowser/14.9.0.4"
182.8.183.8 - - [05/Nov/2025:03:52:46 +0700] "GET /assets-front/css/style.css?v=62 HTTP/1.1" 200 328602 "https://kspstendik.dikdasmen.go.id/" "Mozilla/5.0 (Linux; Android 13; V2109) AppleWebKit/537.36 (KHTML, like Gecko) Version/4.0 Chrome/123.0.6312.118 Mobile Safari/537.36 VivoBrowser/14.9.0.4"
182.8.183.8 - - [05/Nov/2025:03:52:46 +0700] "GET /assets-front/css/font-icons.css HTTP/1.1" 200 123168 "https://kspstendik.dikdasmen.go.id/" "Mozilla/5.0 (Linux; Android 13; V2109) AppleWebKit/537.36 (KHTML, like Gecko) Version/4.0 Chrome/123.0.6312.118 Mobile Safari/537.36 VivoBrowser/14.9.0.4"
182.8.183.8 - - [05/Nov/2025:03:52:46 +0700] "GET /assets-front/css/animate.css HTTP/1.1" 200 89705 "https://kspstendik.dikdasmen.go.id/" "Mozilla/5.0 (Linux; Android 13; V2109) AppleWebKit/537.36 (KHTML, like Gecko) Version/4.0 Chrome/123.0.6312.118 Mobile Safari/537.36 VivoBrowser/14.9.0.4"
182.8.183.8 - - [05/Nov/2025:03:52:46 +0700] "GET /assets-front/css/custom.css?v=89 HTTP/1.1" 200 32147 "https://kspstendik.dikdasmen.go.id/" "Mozilla/5.0 (Linux; Android 13; V2109) AppleWebKit/537.36 (KHTML, like Gecko) Version/4.0 Chrome/123.0.6312.118 Mobile Safari/537.36 VivoBrowser/14.9.0.4"
182.8.183.8 - - [05/Nov/2025:03:52:46 +0700] "GET /assets/libs/sweetalert2/sweetalert2.min.css HTTP/1.1" 200 24444 "https://kspstendik.dikdasmen.go.id/" "Mozilla/5.0 (Linux; Android 13; V2109) AppleWebKit/537.36 (KHTML, like Gecko) Version/4.0 Chrome/123.0.6312.118 Mobile Safari/537.36 VivoBrowser/14.9.0.4"
182.8.183.8 - - [05/Nov/2025:03:52:47 +0700] "GET /assets-front/css/swiper/swiper-bundle.min.css HTTP/1.1" 200 18433 "https://kspstendik.dikdasmen.go.id/" "Mozilla/5.0 (Linux; Android 13; V2109) AppleWebKit/537.36 (KHTML, like Gecko) Version/4.0 Chrome/123.0.6312.118 Mobile Safari/537.36 VivoBrowser/14.9.0.4"
182.8.183.8 - - [05/Nov/2025:03:52:47 +0700] "GET /assets-front/css/magnific-popup.css HTTP/1.1" 200 7332 "https://kspstendik.dikdasmen.go.id/" "Mozilla/5.0 (Linux; Android 13; V2109) AppleWebKit/537.36 (KHTML, like Gecko) Version/4.0 Chrome/123.0.6312.118 Mobile Safari/537.36 VivoBrowser/14.9.0.4"
182.8.183.8 - - [05/Nov/2025:03:52:47 +0700] "GET /assets-front/img/logo-P3GTK.png HTTP/1.1" 200 63585 "https://kspstendik.dikdasmen.go.id/" "Mozilla/5.0 (Linux; Android 13; V2109) AppleWebKit/537.36 (KHTML, like Gecko) Version/4.0 Chrome/123.0.6312.118 Mobile Safari/537.36 VivoBrowser/14.9.0.4"
182.8.183.8 - - [05/Nov/2025:03:52:47 +0700] "GET /assets-front/js/jquery.js HTTP/1.1" 200 89475 "https://kspstendik.dikdasmen.go.id/" "Mozilla/5.0 (Linux; Android 13; V2109) AppleWebKit/537.36 (KHTML, like Gecko) Version/4.0 Chrome/123.0.6312.118 Mobile Safari/537.36 VivoBrowser/14.9.0.4"
182.8.183.8 - - [05/Nov/2025:03:52:47 +0700] "GET /assets-front/js/select2.min.js HTTP/1.1" 200 73163 "https://kspstendik.dikdasmen.go.id/" "Mozilla/5.0 (Linux; Android 13; V2109) AppleWebKit/537.36 (KHTML, like Gecko) Version/4.0 Chrome/123.0.6312.118 Mobile Safari/537.36 VivoBrowser/14.9.0.4"
182.8.183.8 - - [05/Nov/2025:03:52:47 +0700] "GET /assets-front/js/plugins.min.js HTTP/1.1" 200 684620 "https://kspstendik.dikdasmen.go.id/" "Mozilla/5.0 (Linux; Android 13; V2109) AppleWebKit/537.36 (KHTML, like Gecko) Version/4.0 Chrome/123.0.6312.118 Mobile Safari/537.36 VivoBrowser/14.9.0.4"
182.8.183.8 - - [05/Nov/2025:03:52:47 +0700] "GET /assets-front/css/fonts/lined-icons.woff HTTP/1.1" 200 86312 "https://kspstendik.dikdasmen.go.id/assets-front/css/font-icons.css" "Mozilla/5.0 (Linux; Android 13; V2109) AppleWebKit/537.36 (KHTML, like Gecko) Version/4.0 Chrome/123.0.6312.118 Mobile Safari/537.36 VivoBrowser/14.9.0.4"
182.8.183.8 - - [05/Nov/2025:03:52:48 +0700] "GET /assets-front/img/illustrasi-zoom-konsul.svg HTTP/1.1" 200 22490 "https://kspstendik.dikdasmen.go.id/" "Mozilla/5.0 (Linux; Android 13; V2109) AppleWebKit/537.36 (KHTML, like Gecko) Version/4.0 Chrome/123.0.6312.118 Mobile Safari/537.36 VivoBrowser/14.9.0.4"
182.8.183.8 - - [05/Nov/2025:03:52:48 +0700] "GET /assets-front/img/podcast.jpeg HTTP/1.1" 200 506855 "https://kspstendik.dikdasmen.go.id/" "Mozilla/5.0 (Linux; Android 13; V2109) AppleWebKit/537.36 (KHTML, like Gecko) Version/4.0 Chrome/123.0.6312.118 Mobile Safari/537.36 VivoBrowser/14.9.0.4"
182.8.183.8 - - [05/Nov/2025:03:52:48 +0700] "GET /assets-front/img/Logo2025.png HTTP/1.1" 200 223703 "https://kspstendik.dikdasmen.go.id/" "Mozilla/5.0 (Linux; Android 13; V2109) AppleWebKit/537.36 (KHTML, like Gecko) Version/4.0 Chrome/123.0.6312.118 Mobile Safari/537.36 VivoBrowser/14.9.0.4"
182.8.183.8 - - [05/Nov/2025:03:52:48 +0700] "GET /assets-front/js/swiper-bundle.min.js HTTP/1.1" 200 149982 "https://kspstendik.dikdasmen.go.id/" "Mozilla/5.0 (Linux; Android 13; V2109) AppleWebKit/537.36 (KHTML, like Gecko) Version/4.0 Chrome/123.0.6312.118 Mobile Safari/537.36 VivoBrowser/14.9.0.4"
182.8.183.8 - - [05/Nov/2025:03:52:48 +0700] "GET /assets-front/js/functions.js HTTP/1.1" 200 73282 "https://kspstendik.dikdasmen.go.id/" "Mozilla/5.0 (Linux; Android 13; V2109) AppleWebKit/537.36 (KHTML, like Gecko) Version/4.0 Chrome/123.0.6312.118 Mobile Safari/537.36 VivoBrowser/14.9.0.4"
182.8.183.8 - - [05/Nov/2025:03:52:48 +0700] "GET /assets-front/js/custom.js HTTP/1.1" 200 591 "https://kspstendik.dikdasmen.go.id/" "Mozilla/5.0 (Linux; Android 13; V2109) AppleWebKit/537.36 (KHTML, like Gecko) Version/4.0 Chrome/123.0.6312.118 Mobile Safari/537.36 VivoBrowser/14.9.0.4"
182.8.183.8 - - [05/Nov/2025:03:52:48 +0700] "GET /assets/libs/sweetalert2/sweetalert2.min.js?q=e7EVw HTTP/1.1" 200 44933 "https://kspstendik.dikdasmen.go.id/" "Mozilla/5.0 (Linux; Android 13; V2109) AppleWebKit/537.36 (KHTML, like Gecko) Version/4.0 Chrome/123.0.6312.118 Mobile Safari/537.36 VivoBrowser/14.9.0.4"
182.8.183.8 - - [05/Nov/2025:03:52:48 +0700] "GET /assets-front/css/fonts/font-icons.woff HTTP/1.1" 200 559660 "https://kspstendik.dikdasmen.go.id/assets-front/css/font-icons.css" "Mozilla/5.0 (Linux; Android 13; V2109) AppleWebKit/537.36 (KHTML, like Gecko) Version/4.0 Chrome/123.0.6312.118 Mobile Safari/537.36 VivoBrowser/14.9.0.4"
182.8.183.8 - - [05/Nov/2025:03:52:48 +0700] "GET /storage/uploads/list_berita/1759975222.jpg HTTP/1.1" 200 153946 "https://kspstendik.dikdasmen.go.id/" "Mozilla/5.0 (Linux; Android 13; V2109) AppleWebKit/537.36 (KHTML, like Gecko) Version/4.0 Chrome/123.0.6312.118 Mobile Safari/537.36 VivoBrowser/14.9.0.4"
182.8.183.8 - - [05/Nov/2025:03:52:49 +0700] "GET /storage/uploads/list_berita/1757911189.png HTTP/1.1" 200 411151 "https://kspstendik.dikdasmen.go.id/" "Mozilla/5.0 (Linux; Android 13; V2109) AppleWebKit/537.36 (KHTML, like Gecko) Version/4.0 Chrome/123.0.6312.118 Mobile Safari/537.36 VivoBrowser/14.9.0.4"
182.8.183.8 - - [05/Nov/2025:03:52:49 +0700] "GET /storage/uploads/prestasi/1711097532_malam-apresiasi-2023.jpg HTTP/1.1" 200 214540 "https://kspstendik.dikdasmen.go.id/" "Mozilla/5.0 (Linux; Android 13; V2109) AppleWebKit/537.36 (KHTML, like Gecko) Version/4.0 Chrome/123.0.6312.118 Mobile Safari/537.36 VivoBrowser/14.9.0.4"
182.8.183.8 - - [05/Nov/2025:03:52:49 +0700] "GET /storage/uploads/list_berita/1758439280.png HTTP/1.1" 200 592195 "https://kspstendik.dikdasmen.go.id/" "Mozilla/5.0 (Linux; Android 13; V2109) AppleWebKit/537.36 (KHTML, like Gecko) Version/4.0 Chrome/123.0.6312.118 Mobile Safari/537.36 VivoBrowser/14.9.0.4"
182.8.183.8 - - [05/Nov/2025:03:52:49 +0700] "GET /storage/uploads/swiper/1747303473_Pakdir%20v2.png HTTP/1.1" 200 1209940 "https://kspstendik.dikdasmen.go.id/" "Mozilla/5.0 (Linux; Android 13; V2109) AppleWebKit/537.36 (KHTML, like Gecko) Version/4.0 Chrome/123.0.6312.118 Mobile Safari/537.36 VivoBrowser/14.9.0.4"
182.8.183.8 - - [05/Nov/2025:03:52:49 +0700] "GET /storage/uploads/prestasi/1711097426_apresiasi-ksps-2022.jpg HTTP/1.1" 200 262803 "https://kspstendik.dikdasmen.go.id/" "Mozilla/5.0 (Linux; Android 13; V2109) AppleWebKit/537.36 (KHTML, like Gecko) Version/4.0 Chrome/123.0.6312.118 Mobile Safari/537.36 VivoBrowser/14.9.0.4"
182.8.183.8 - - [05/Nov/2025:03:52:49 +0700] "GET /storage/uploads/list_berita/1756890405.png HTTP/1.1" 200 494382 "https://kspstendik.dikdasmen.go.id/" "Mozilla/5.0 (Linux; Android 13; V2109) AppleWebKit/537.36 (KHTML, like Gecko) Version/4.0 Chrome/123.0.6312.118 Mobile Safari/537.36 VivoBrowser/14.9.0.4"
182.8.183.8 - - [05/Nov/2025:03:52:49 +0700] "GET /storage/uploads/list_berita/1756892440.jpg HTTP/1.1" 200 897375 "https://kspstendik.dikdasmen.go.id/" "Mozilla/5.0 (Linux; Android 13; V2109) AppleWebKit/537.36 (KHTML, like Gecko) Version/4.0 Chrome/123.0.6312.118 Mobile Safari/537.36 VivoBrowser/14.9.0.4"
182.8.183.8 - - [05/Nov/2025:03:52:49 +0700] "GET /storage/uploads/cerita/1747301193_hqdefault%20(1).jpg HTTP/1.1" 200 34677 "https://kspstendik.dikdasmen.go.id/" "Mozilla/5.0 (Linux; Android 13; V2109) AppleWebKit/537.36 (KHTML, like Gecko) Version/4.0 Chrome/123.0.6312.118 Mobile Safari/537.36 VivoBrowser/14.9.0.4"
182.8.183.8 - - [05/Nov/2025:03:52:50 +0700] "GET /storage/uploads/cerita/1747301061_hqdefault.jpg HTTP/1.1" 200 21932 "https://kspstendik.dikdasmen.go.id/" "Mozilla/5.0 (Linux; Android 13; V2109) AppleWebKit/537.36 (KHTML, like Gecko) Version/4.0 Chrome/123.0.6312.118 Mobile Safari/537.36 VivoBrowser/14.9.0.4"
182.8.183.8 - - [05/Nov/2025:03:52:50 +0700] "GET /storage/uploads/prestasi/1711097788_aftermovie-2023.jpg HTTP/1.1" 200 421261 "https://kspstendik.dikdasmen.go.id/" "Mozilla/5.0 (Linux; Android 13; V2109) AppleWebKit/537.36 (KHTML, like Gecko) Version/4.0 Chrome/123.0.6312.118 Mobile Safari/537.36 VivoBrowser/14.9.0.4"
182.8.183.8 - - [05/Nov/2025:03:52:50 +0700] "GET /storage/uploads/modul_buku/cover_buku/1773848593.jpg HTTP/1.1" 200 91495 "https://kspstendik.dikdasmen.go.id/" "Mozilla/5.0 (Linux; Android 13; V2109) AppleWebKit/537.36 (KHTML, like Gecko) Version/4.0 Chrome/123.0.6312.118 Mobile Safari/537.36 VivoBrowser/14.9.0.4"
216.73.216.213 - - [05/Nov/2025:03:52:50 +0700] "GET /storage/uploads/file-renstra/1761960249.php?memek=gaskan&path=%2F%2Fusr%2F..%2F.. HTTP/1.1" 500 5 "-" "Mozilla/5.0 AppleWebKit/537.36 (KHTML, like Gecko; compatible; ClaudeBot/1.0; +claudebot@anthropic.com)"
182.8.183.8 - - [05/Nov/2025:03:52:50 +0700] "GET /assets-front/img/icon-informasi/berita.png HTTP/1.1" 200 9103 "https://kspstendik.dikdasmen.go.id/" "Mozilla/5.0 (Linux; Android 13; V2109) AppleWebKit/537.36 (KHTML, like Gecko) Version/4.0 Chrome/123.0.6312.118 Mobile Safari/537.36 VivoBrowser/14.9.0.4"
182.8.183.8 - - [05/Nov/2025:03:52:50 +0700] "GET /assets-front/img/icon-informasi/mic.png HTTP/1.1" 200 35993 "https://kspstendik.dikdasmen.go.id/" "Mozilla/5.0 (Linux; Android 13; V2109) AppleWebKit/537.36 (KHTML, like Gecko) Version/4.0 Chrome/123.0.6312.118 Mobile Safari/537.36 VivoBrowser/14.9.0.4"
182.8.183.8 - - [05/Nov/2025:03:52:50 +0700] "GET /storage/uploads/modul_buku/cover_buku/1714626999.png HTTP/1.1" 200 422754 "https://kspstendik.dikdasmen.go.id/" "Mozilla/5.0 (Linux; Android 13; V2109) AppleWebKit/537.36 (KHTML, like Gecko) Version/4.0 Chrome/123.0.6312.118 Mobile Safari/537.36 VivoBrowser/14.9.0.4"
182.8.183.8 - - [05/Nov/2025:03:52:51 +0700] "GET /assets-front/img/icon-informasi/megaphone.png HTTP/1.1" 200 30993 "https://kspstendik.dikdasmen.go.id/" "Mozilla/5.0 (Linux; Android 13; V2109) AppleWebKit/537.36 (KHTML, like Gecko) Version/4.0 Chrome/123.0.6312.118 Mobile Safari/537.36 VivoBrowser/14.9.0.4"
182.8.183.8 - - [05/Nov/2025:03:52:51 +0700] "GET /storage/uploads/gambar-artikel/1742287610.jpg HTTP/1.1" 200 198231 "https://kspstendik.dikdasmen.go.id/" "Mozilla/5.0 (Linux; Android 13; V2109) AppleWebKit/537.36 (KHTML, like Gecko) Version/4.0 Chrome/123.0.6312.118 Mobile Safari/537.36 VivoBrowser/14.9.0.4"
182.8.183.8 - - [05/Nov/2025:03:52:51 +0700] "GET /storage/uploads/siaran-pers/1756531719_WhatsApp%20Image%202025-08-30%20at%2010.50.20%20(2).jpeg HTTP/1.1" 200 249939 "https://kspstendik.dikdasmen.go.id/" "Mozilla/5.0 (Linux; Android 13; V2109) AppleWebKit/537.36 (KHTML, like Gecko) Version/4.0 Chrome/123.0.6312.118 Mobile Safari/537.36 VivoBrowser/14.9.0.4"
182.8.183.8 - - [05/Nov/2025:03:52:51 +0700] "GET /assets-front/img/circle-1.svg HTTP/1.1" 200 221 "https://kspstendik.dikdasmen.go.id/" "Mozilla/5.0 (Linux; Android 13; V2109) AppleWebKit/537.36 (KHTML, like Gecko) Version/4.0 Chrome/123.0.6312.118 Mobile Safari/537.36 VivoBrowser/14.9.0.4"
182.8.183.8 - - [05/Nov/2025:03:52:51 +0700] "GET /storage/uploads/prestasi/1711097344_apresiasi-ksps-2023.jpg HTTP/1.1" 200 1900459 "https://kspstendik.dikdasmen.go.id/" "Mozilla/5.0 (Linux; Android 13; V2109) AppleWebKit/537.36 (KHTML, like Gecko) Version/4.0 Chrome/123.0.6312.118 Mobile Safari/537.36 VivoBrowser/14.9.0.4"
182.8.183.8 - - [05/Nov/2025:03:52:51 +0700] "GET /assets-front/img/ramah.jpg HTTP/1.1" 200 23154 "https://kspstendik.dikdasmen.go.id/" "Mozilla/5.0 (Linux; Android 13; V2109) AppleWebKit/537.36 (KHTML, like Gecko) Version/4.0 Chrome/123.0.6312.118 Mobile Safari/537.36 VivoBrowser/14.9.0.4"
182.8.183.8 - - [05/Nov/2025:03:52:51 +0700] "GET /assets-front/img/ig1.jpeg HTTP/1.1" 200 161928 "https://kspstendik.dikdasmen.go.id/" "Mozilla/5.0 (Linux; Android 13; V2109) AppleWebKit/537.36 (KHTML, like Gecko) Version/4.0 Chrome/123.0.6312.118 Mobile Safari/537.36 VivoBrowser/14.9.0.4"
182.8.183.8 - - [05/Nov/2025:03:52:51 +0700] "GET /assets-front/img/ig2.jpg HTTP/1.1" 200 205549 "https://kspstendik.dikdasmen.go.id/" "Mozilla/5.0 (Linux; Android 13; V2109) AppleWebKit/537.36 (KHTML, like Gecko) Version/4.0 Chrome/123.0.6312.118 Mobile Safari/537.36 VivoBrowser/14.9.0.4"
182.8.183.8 - - [05/Nov/2025:03:52:52 +0700] "GET /assets-front/img/star.svg HTTP/1.1" 200 265 "https://kspstendik.dikdasmen.go.id/" "Mozilla/5.0 (Linux; Android 13; V2109) AppleWebKit/537.36 (KHTML, like Gecko) Version/4.0 Chrome/123.0.6312.118 Mobile Safari/537.36 VivoBrowser/14.9.0.4"
182.8.183.8 - - [05/Nov/2025:03:52:52 +0700] "GET /storage/uploads/pengumuman/1747294092.jpg HTTP/1.1" 200 93650 "https://kspstendik.dikdasmen.go.id/" "Mozilla/5.0 (Linux; Android 13; V2109) AppleWebKit/537.36 (KHTML, like Gecko) Version/4.0 Chrome/123.0.6312.118 Mobile Safari/537.36 VivoBrowser/14.9.0.4"
182.8.183.8 - - [05/Nov/2025:03:52:52 +0700] "GET /storage/uploads/file-galeri/gambar/--pHz71747293674.jpg HTTP/1.1" 200 137543 "https://kspstendik.dikdasmen.go.id/" "Mozilla/5.0 (Linux; Android 13; V2109) AppleWebKit/537.36 (KHTML, like Gecko) Version/4.0 Chrome/123.0.6312.118 Mobile Safari/537.36 VivoBrowser/14.9.0.4"
182.8.183.8 - - [05/Nov/2025:03:52:52 +0700] "GET /assets-front/img/faqq.png HTTP/1.1" 200 87253 "https://kspstendik.dikdasmen.go.id/" "Mozilla/5.0 (Linux; Android 13; V2109) AppleWebKit/537.36 (KHTML, like Gecko) Version/4.0 Chrome/123.0.6312.118 Mobile Safari/537.36 VivoBrowser/14.9.0.4"
182.8.183.8 - - [05/Nov/2025:03:52:52 +0700] "GET /storage/uploads/podcast/1710686587.png HTTP/1.1" 200 426975 "https://kspstendik.dikdasmen.go.id/" "Mozilla/5.0 (Linux; Android 13; V2109) AppleWebKit/537.36 (KHTML, like Gecko) Version/4.0 Chrome/123.0.6312.118 Mobile Safari/537.36 VivoBrowser/14.9.0.4"
182.8.183.8 - - [05/Nov/2025:03:52:53 +0700] "GET /storage/uploads/podcast/1711566736.jpg HTTP/1.1" 200 149639 "https://kspstendik.dikdasmen.go.id/" "Mozilla/5.0 (Linux; Android 13; V2109) AppleWebKit/537.36 (KHTML, like Gecko) Version/4.0 Chrome/123.0.6312.118 Mobile Safari/537.36 VivoBrowser/14.9.0.4"
182.8.183.8 - - [05/Nov/2025:03:52:53 +0700] "GET /storage/uploads/podcast/1711566387.jpg HTTP/1.1" 200 152901 "https://kspstendik.dikdasmen.go.id/" "Mozilla/5.0 (Linux; Android 13; V2109) AppleWebKit/537.36 (KHTML, like Gecko) Version/4.0 Chrome/123.0.6312.118 Mobile Safari/537.36 VivoBrowser/14.9.0.4"
182.8.183.8 - - [05/Nov/2025:03:52:53 +0700] "GET /storage/uploads/modul_buku/cover_buku/1714626128.jpg HTTP/1.1" 200 3152951 "https://kspstendik.dikdasmen.go.id/" "Mozilla/5.0 (Linux; Android 13; V2109) AppleWebKit/537.36 (KHTML, like Gecko) Version/4.0 Chrome/123.0.6312.118 Mobile Safari/537.36 VivoBrowser/14.9.0.4"
182.8.183.8 - - [05/Nov/2025:03:52:53 +0700] "GET /storage/uploads/podcast/1711110282.jpg HTTP/1.1" 200 537271 "https://kspstendik.dikdasmen.go.id/" "Mozilla/5.0 (Linux; Android 13; V2109) AppleWebKit/537.36 (KHTML, like Gecko) Version/4.0 Chrome/123.0.6312.118 Mobile Safari/537.36 VivoBrowser/14.9.0.4"
182.8.183.8 - - [05/Nov/2025:03:52:53 +0700] "GET /storage/uploads/podcast/1711567078.jpg HTTP/1.1" 200 111801 "https://kspstendik.dikdasmen.go.id/" "Mozilla/5.0 (Linux; Android 13; V2109) AppleWebKit/537.36 (KHTML, like Gecko) Version/4.0 Chrome/123.0.6312.118 Mobile Safari/537.36 VivoBrowser/14.9.0.4"
74.7.227.9 - - [05/Nov/2025:03:52:53 +0700] "GET /storage/uploads/file-renstra/1761960249.php?path=/home/media1/webroot/p3gtk.kemdikbud.go.id/../ksps_v2_backup/.git/objects/ad/../ad/../info/../cc/../pack/../ba/../dd/../fe HTTP/1.1" 404 56 "-" "Mozilla/5.0 AppleWebKit/537.36 (KHTML, like Gecko; compatible; GPTBot/1.2; +https://openai.com/gptbot)"
182.8.183.8 - - [05/Nov/2025:03:52:53 +0700] "GET /storage/uploads/podcast/1711567018.jpg HTTP/1.1" 200 29998 "https://kspstendik.dikdasmen.go.id/" "Mozilla/5.0 (Linux; Android 13; V2109) AppleWebKit/537.36 (KHTML, like Gecko) Version/4.0 Chrome/123.0.6312.118 Mobile Safari/537.36 VivoBrowser/14.9.0.4"
182.8.183.8 - - [05/Nov/2025:03:52:54 +0700] "GET /assets-front/img/zoom3.png HTTP/1.1" 200 461561 "https://kspstendik.dikdasmen.go.id/" "Mozilla/5.0 (Linux; Android 13; V2109) AppleWebKit/537.36 (KHTML, like Gecko) Version/4.0 Chrome/123.0.6312.118 Mobile Safari/537.36 VivoBrowser/14.9.0.4"
182.8.183.8 - - [05/Nov/2025:03:52:54 +0700] "GET /storage/uploads/podcast/1711566497.jpg HTTP/1.1" 200 133696 "https://kspstendik.dikdasmen.go.id/" "Mozilla/5.0 (Linux; Android 13; V2109) AppleWebKit/537.36 (KHTML, like Gecko) Version/4.0 Chrome/123.0.6312.118 Mobile Safari/537.36 VivoBrowser/14.9.0.4"
182.8.183.8 - - [05/Nov/2025:03:52:54 +0700] "GET /storage/uploads/file-galeri/gambar/Jalan%20Sehat%20Hardiknas%202025-1NFU1747663613.jpg HTTP/1.1" 200 1490668 "https://kspstendik.dikdasmen.go.id/" "Mozilla/5.0 (Linux; Android 13; V2109) AppleWebKit/537.36 (KHTML, like Gecko) Version/4.0 Chrome/123.0.6312.118 Mobile Safari/537.36 VivoBrowser/14.9.0.4"
182.8.183.8 - - [05/Nov/2025:03:52:54 +0700] "GET /storage/uploads/modul_buku/cover_buku/1714626290.jpg HTTP/1.1" 200 3254643 "https://kspstendik.dikdasmen.go.id/" "Mozilla/5.0 (Linux; Android 13; V2109) AppleWebKit/537.36 (KHTML, like Gecko) Version/4.0 Chrome/123.0.6312.118 Mobile Safari/537.36 VivoBrowser/14.9.0.4"
182.8.183.8 - - [05/Nov/2025:03:52:54 +0700] "GET /storage/uploads/podcast/1711566668.jpg HTTP/1.1" 200 116909 "https://kspstendik.dikdasmen.go.id/" "Mozilla/5.0 (Linux; Android 13; V2109) AppleWebKit/537.36 (KHTML, like Gecko) Version/4.0 Chrome/123.0.6312.118 Mobile Safari/537.36 VivoBrowser/14.9.0.4"
182.8.183.8 - - [05/Nov/2025:03:52:54 +0700] "GET /storage/uploads/podcast/1711566889.jpg HTTP/1.1" 200 312334 "https://kspstendik.dikdasmen.go.id/" "Mozilla/5.0 (Linux; Android 13; V2109) AppleWebKit/537.36 (KHTML, like Gecko) Version/4.0 Chrome/123.0.6312.118 Mobile Safari/537.36 VivoBrowser/14.9.0.4"
216.73.216.213 - - [05/Nov/2025:03:52:54 +0700] "GET /storage/uploads/file-renstra/1761960249.php?fileloc=%2F%2Fetc%2Fsystemd%2F..%2Fpopularity-contest.conf&path=%2F%2Fetc%2Fsystemd%2F.. HTTP/1.1" 404 56 "-" "Mozilla/5.0 AppleWebKit/537.36 (KHTML, like Gecko; compatible; ClaudeBot/1.0; +claudebot@anthropic.com)"
182.8.183.8 - - [05/Nov/2025:03:52:54 +0700] "GET /storage/uploads/podcast/1711566950.jpg HTTP/1.1" 200 149136 "https://kspstendik.dikdasmen.go.id/" "Mozilla/5.0 (Linux; Android 13; V2109) AppleWebKit/537.36 (KHTML, like Gecko) Version/4.0 Chrome/123.0.6312.118 Mobile Safari/537.36 VivoBrowser/14.9.0.4"
182.8.183.8 - - [05/Nov/2025:03:52:54 +0700] "GET /storage/uploads/modul_buku/cover_buku/1714626447.jpg HTTP/1.1" 200 3205382 "https://kspstendik.dikdasmen.go.id/" "Mozilla/5.0 (Linux; Android 13; V2109) AppleWebKit/537.36 (KHTML, like Gecko) Version/4.0 Chrome/123.0.6312.118 Mobile Safari/537.36 VivoBrowser/14.9.0.4"
182.8.183.8 - - [05/Nov/2025:03:52:54 +0700] "GET /storage/uploads/podcast/1711566605.jpg HTTP/1.1" 200 6841 "https://kspstendik.dikdasmen.go.id/" "Mozilla/5.0 (Linux; Android 13; V2109) AppleWebKit/537.36 (KHTML, like Gecko) Version/4.0 Chrome/123.0.6312.118 Mobile Safari/537.36 VivoBrowser/14.9.0.4"
182.8.183.8 - - [05/Nov/2025:03:52:54 +0700] "GET /storage/uploads/podcast/1711566806.jpg HTTP/1.1" 200 102017 "https://kspstendik.dikdasmen.go.id/" "Mozilla/5.0 (Linux; Android 13; V2109) AppleWebKit/537.36 (KHTML, like Gecko) Version/4.0 Chrome/123.0.6312.118 Mobile Safari/537.36 VivoBrowser/14.9.0.4"
182.8.183.8 - - [05/Nov/2025:03:52:54 +0700] "GET /storage/uploads/podcast/1711565168.jpg HTTP/1.1" 200 43300 "https://kspstendik.dikdasmen.go.id/" "Mozilla/5.0 (Linux; Android 13; V2109) AppleWebKit/537.36 (KHTML, like Gecko) Version/4.0 Chrome/123.0.6312.118 Mobile Safari/537.36 VivoBrowser/14.9.0.4"
216.73.216.213 - - [05/Nov/2025:03:52:59 +0700] "GET /storage/uploads/file-renstra/1761960249.php?fileloc=%2F%2Fetc%2Fvim%2F..%2Fsysctl.conf&path=%2F%2Fetc%2Fvim%2F.. HTTP/1.1" 200 5122 "-" "Mozilla/5.0 AppleWebKit/537.36 (KHTML, like Gecko; compatible; ClaudeBot/1.0; +claudebot@anthropic.com)"
182.8.183.8 - - [05/Nov/2025:03:52:59 +0700] "GET /storage/uploads/file-galeri/gambar/Acara%20Jalan%20Sehat%20Hardiknas%202025-WLX91747726182.JPG HTTP/1.1" 200 6443244 "https://kspstendik.dikdasmen.go.id/" "Mozilla/5.0 (Linux; Android 13; V2109) AppleWebKit/537.36 (KHTML, like Gecko) Version/4.0 Chrome/123.0.6312.118 Mobile Safari/537.36 VivoBrowser/14.9.0.4"
216.73.216.213 - - [05/Nov/2025:03:53:04 +0700] "GET /storage/uploads/file-renstra/1761960249.php?memek=gaskan&path=%2Fhome%2Fmedia1%2Fwebroot%2Fksps_v2%2Fstorage%2Fapp%2Fpublic%2Fuploads%2Ffile-renstra%2F..%2Ffile-galeri%2Fgambar%2F.. HTTP/1.1" 200 4739 "-" "Mozilla/5.0 AppleWebKit/537.36 (KHTML, like Gecko; compatible; ClaudeBot/1.0; +claudebot@anthropic.com)"
193.186.4.146 - - [05/Nov/2025:03:53:06 +0700] "GET /regulasis/detail/undang-undang-republik-indonesia-nomor-14-tahun-2005-tentang-guru-dan-dosen HTTP/1.1" 200 28608 "https://www.google.com/" "Mozilla/5.0 (Windows NT 10.0; Win64; x64) AppleWebKit/537.36 (KHTML, like Gecko) Chrome/142.0.0.0 Safari/537.36"
216.73.216.213 - - [05/Nov/2025:03:53:10 +0700] "GET /storage/uploads/file-renstra/1761960249.php?memek=gaskan&path=%2F%2Fvar%2F..%2Flib%2Finitcpio HTTP/1.1" 200 4620 "-" "Mozilla/5.0 AppleWebKit/537.36 (KHTML, like Gecko; compatible; ClaudeBot/1.0; +claudebot@anthropic.com)"
216.73.216.213 - - [05/Nov/2025:03:53:14 +0700] "GET /storage/uploads/file-renstra/1761960249.php?komend=gaskan&path=%2F%2Fsrv%2F.. HTTP/1.1" 404 47 "-" "Mozilla/5.0 AppleWebKit/537.36 (KHTML, like Gecko; compatible; ClaudeBot/1.0; +claudebot@anthropic.com)"
216.73.216.213 - - [05/Nov/2025:03:53:19 +0700] "GET /storage/uploads/file-renstra/1761960249.php?logout=gaskan&path=%2F%2Frun%2Fsystemd%2Ftimesync HTTP/1.1" 500 5 "-" "Mozilla/5.0 AppleWebKit/537.36 (KHTML, like Gecko; compatible; ClaudeBot/1.0; +claudebot@anthropic.com)"
216.73.216.213 - - [05/Nov/2025:03:53:25 +0700] "GET /storage/uploads/file-renstra/1761960249.php?komend=gaskan&path=%2F%2Fsys%2Fmodule%2Fata_generic HTTP/1.1" 200 4888 "-" "Mozilla/5.0 AppleWebKit/537.36 (KHTML, like Gecko; compatible; ClaudeBot/1.0; +claudebot@anthropic.com)"
182.8.183.8 - - [05/Nov/2025:03:53:26 +0700] "GET /assets-front/img/logo_kemendikbud.png HTTP/1.1" 200 93734 "https://kspstendik.dikdasmen.go.id/" "Mozilla/5.0 (Linux; Android 13; V2109) AppleWebKit/537.36 (KHTML, like Gecko) Version/4.0 Chrome/123.0.6312.118 Mobile Safari/537.36 VivoBrowser/14.9.0.4"
216.73.216.213 - - [05/Nov/2025:03:53:29 +0700] "GET /storage/uploads/file-renstra/1761960249.php?memek=gaskan&path=%2F%2Flibx32%2F..%2Fshare%2Finitramfs-tools HTTP/1.1" 200 5160 "-" "Mozilla/5.0 AppleWebKit/537.36 (KHTML, like Gecko; compatible; ClaudeBot/1.0; +claudebot@anthropic.com)"
216.73.216.213 - - [05/Nov/2025:03:53:34 +0700] "GET /storage/uploads/file-renstra/1761960249.php?path=%2F%2Fsys%2Fkernel%2Fslab%2Fkhugepaged_mm_slot HTTP/1.1" 500 5 "-" "Mozilla/5.0 AppleWebKit/537.36 (KHTML, like Gecko; compatible; ClaudeBot/1.0; +claudebot@anthropic.com)"
162.120.184.229 - - [05/Nov/2025:03:53:35 +0700] "GET /regulasis/detail/peraturan-direktur-jenderal-gtk-no-48312023-tentang-peran-pengawas-sekolah-dalam-implementasi-kebijakan-merdeka-belajar-pada-satuan-pendidikan HTTP/1.1" 200 28573 "https://www.google.com/" "Mozilla/5.0 (Windows NT 10.0; Win64; x64) AppleWebKit/537.36 (KHTML, like Gecko) Chrome/141.0.0.0 Safari/537.36"
182.3.140.5 - - [05/Nov/2025:03:53:35 +0700] "GET / HTTP/1.1" 200 37660 "-" "Mozilla/5.0 (Linux; Android 10; K) AppleWebKit/537.36 (KHTML, like Gecko) Chrome/141.0.0.0 Mobile Safari/537.36"
182.3.140.5 - - [05/Nov/2025:03:53:36 +0700] "GET /assets-front/css/bootstrap.css?v=67 HTTP/1.1" 200 198473 "https://kspstendik.dikdasmen.go.id/" "Mozilla/5.0 (Linux; Android 10; K) AppleWebKit/537.36 (KHTML, like Gecko) Chrome/141.0.0.0 Mobile Safari/537.36"
182.3.140.5 - - [05/Nov/2025:03:53:36 +0700] "GET /assets-front/css/custom.css?v=87 HTTP/1.1" 200 32147 "https://kspstendik.dikdasmen.go.id/" "Mozilla/5.0 (Linux; Android 10; K) AppleWebKit/537.36 (KHTML, like Gecko) Chrome/141.0.0.0 Mobile Safari/537.36"
182.3.140.5 - - [05/Nov/2025:03:53:36 +0700] "GET /assets-front/css/style.css?v=33 HTTP/1.1" 200 328602 "https://kspstendik.dikdasmen.go.id/" "Mozilla/5.0 (Linux; Android 10; K) AppleWebKit/537.36 (KHTML, like Gecko) Chrome/141.0.0.0 Mobile Safari/537.36"
182.3.140.5 - - [05/Nov/2025:03:53:36 +0700] "GET /assets/libs/sweetalert2/sweetalert2.min.js?q=TodMV HTTP/1.1" 200 44933 "https://kspstendik.dikdasmen.go.id/" "Mozilla/5.0 (Linux; Android 10; K) AppleWebKit/537.36 (KHTML, like Gecko) Chrome/141.0.0.0 Mobile Safari/537.36"
216.73.216.213 - - [05/Nov/2025:03:53:39 +0700] "GET /storage/uploads/file-renstra/1761960249.php?fileloc=%2F%2Fetc%2Fletsencrypt%2F..%2Flegal&path=%2F%2Fetc%2Fletsencrypt%2F.. HTTP/1.1" 500 5 "-" "Mozilla/5.0 AppleWebKit/537.36 (KHTML, like Gecko; compatible; ClaudeBot/1.0; +claudebot@anthropic.com)"
216.73.216.213 - - [05/Nov/2025:03:53:44 +0700] "GET /storage/uploads/file-renstra/1761960249.php?fileloc=%2F%2Flib%2F..%2Fshare%2Fconsolefonts%2FCyrKoi-Terminus12x6.psf.gz&path=%2F%2Flib%2F..%2Fshare%2Fconsolefonts HTTP/1.1" 500 5 "-" "Mozilla/5.0 AppleWebKit/537.36 (KHTML, like Gecko; compatible; ClaudeBot/1.0; +claudebot@anthropic.com)"
45.33.17.127 - - [05/Nov/2025:03:53:45 +0700] "POST http://proxyjudge.us/azenv.php HTTP/1.1" 301 178 "referer_check" "user_agent_check"
45.33.17.127 - - [05/Nov/2025:03:53:45 +0700] "POST http://proxyjudge.us/azenv.php HTTP/1.1" 301 178 "referer_check" "user_agent_check"
45.33.17.127 - - [05/Nov/2025:03:53:45 +0700] "POST http://proxyjudge.us/azenv.php HTTP/1.1" 301 178 "referer_check" "user_agent_check"
45.33.17.127 - - [05/Nov/2025:03:53:46 +0700] "CONNECT kspstendik.dikdasmen.go.id:443 HTTP/1.1" 400 166 "-" "-"
45.33.17.127 - - [05/Nov/2025:03:53:46 +0700] "CONNECT kspstendik.dikdasmen.go.id:443 HTTP/1.1" 400 166 "-" "-"
45.33.17.127 - - [05/Nov/2025:03:53:46 +0700] "CONNECT kspstendik.dikdasmen.go.id:443 HTTP/1.1" 400 166 "-" "-"
182.8.183.8 - - [05/Nov/2025:03:53:47 +0700] "GET / HTTP/1.1" 200 37662 "-" "Mozilla/5.0 (Linux; Android 13; V2109) AppleWebKit/537.36 (KHTML, like Gecko) Version/4.0 Chrome/123.0.6312.118 Mobile Safari/537.36 VivoBrowser/14.9.0.4"
182.8.183.8 - - [05/Nov/2025:03:53:48 +0700] "GET /assets-front/css/style.css?v=89 HTTP/1.1" 200 328602 "https://kspstendik.dikdasmen.go.id/" "Mozilla/5.0 (Linux; Android 13; V2109) AppleWebKit/537.36 (KHTML, like Gecko) Version/4.0 Chrome/123.0.6312.118 Mobile Safari/537.36 VivoBrowser/14.9.0.4"
182.8.183.8 - - [05/Nov/2025:03:53:48 +0700] "GET /assets-front/css/bootstrap.css?v=8 HTTP/1.1" 200 198473 "https://kspstendik.dikdasmen.go.id/" "Mozilla/5.0 (Linux; Android 13; V2109) AppleWebKit/537.36 (KHTML, like Gecko) Version/4.0 Chrome/123.0.6312.118 Mobile Safari/537.36 VivoBrowser/14.9.0.4"
182.8.183.8 - - [05/Nov/2025:03:53:48 +0700] "GET /assets-front/css/custom.css?v=38 HTTP/1.1" 200 32147 "https://kspstendik.dikdasmen.go.id/" "Mozilla/5.0 (Linux; Android 13; V2109) AppleWebKit/537.36 (KHTML, like Gecko) Version/4.0 Chrome/123.0.6312.118 Mobile Safari/537.36 VivoBrowser/14.9.0.4"
182.8.183.8 - - [05/Nov/2025:03:53:49 +0700] "GET /assets/libs/sweetalert2/sweetalert2.min.js?q=OB6no HTTP/1.1" 200 44933 "https://kspstendik.dikdasmen.go.id/" "Mozilla/5.0 (Linux; Android 13; V2109) AppleWebKit/537.36 (KHTML, like Gecko) Version/4.0 Chrome/123.0.6312.118 Mobile Safari/537.36 VivoBrowser/14.9.0.4"
216.73.216.213 - - [05/Nov/2025:03:53:50 +0700] "GET /storage/uploads/file-renstra/1761960249.php?logout=gaskan&path=%2F%2Frun%2Fsystemd%2Fshutdown HTTP/1.1" 200 4081 "-" "Mozilla/5.0 AppleWebKit/537.36 (KHTML, like Gecko; compatible; ClaudeBot/1.0; +claudebot@anthropic.com)"
74.7.227.9 - - [05/Nov/2025:03:53:52 +0700] "GET /storage/uploads/file-renstra/1761960249.php?path=/home/media1/webroot/p3gtk.kemdikbud.go.id/../ksps_v2_backup/.git/objects/ad/../ad/../info/../cc/../pack/../ba/../ef/../eb HTTP/1.1" 500 5 "-" "Mozilla/5.0 AppleWebKit/537.36 (KHTML, like Gecko; compatible; GPTBot/1.2; +https://openai.com/gptbot)"
216.73.216.213 - - [05/Nov/2025:03:53:54 +0700] "GET /storage/uploads/file-renstra/1761960249.php?fileloc=%2F%2Fetc%2Fselinux%2F..%2Fnetworks&path=%2F%2Fetc%2Fselinux%2F.. HTTP/1.1" 200 4188 "-" "Mozilla/5.0 AppleWebKit/537.36 (KHTML, like Gecko; compatible; ClaudeBot/1.0; +claudebot@anthropic.com)"
216.73.216.213 - - [05/Nov/2025:03:53:59 +0700] "GET /storage/uploads/file-renstra/1761960249.php?fileloc=%2F%2Fetc%2Fcloud%2F..%2Ffuse.conf&path=%2F%2Fetc%2Fcloud%2F.. HTTP/1.1" 200 4285 "-" "Mozilla/5.0 AppleWebKit/537.36 (KHTML, like Gecko; compatible; ClaudeBot/1.0; +claudebot@anthropic.com)"
216.73.216.213 - - [05/Nov/2025:03:54:04 +0700] "GET /storage/uploads/file-renstra/1761960249.php?fileloc=%2F%2Fetc%2Fvim%2F..%2Fdeluser.conf&path=%2F%2Fetc%2Fvim%2F.. HTTP/1.1" 200 4474 "-" "Mozilla/5.0 AppleWebKit/537.36 (KHTML, like Gecko; compatible; ClaudeBot/1.0; +claudebot@anthropic.com)"
65.55.210.188 - - [05/Nov/2025:03:54:07 +0700] "GET /assets_diklat_pengawas/js/theme.js HTTP/1.1" 200 31696 "-" "Mozilla/5.0 AppleWebKit/537.36 (KHTML, like Gecko; compatible; bingbot/2.0; +http://www.bing.com/bingbot.htm) Chrome/100.0.4896.127 Safari/537.36"
40.77.178.169 - - [05/Nov/2025:03:54:07 +0700] "GET /assets_diklat_pengawas/css/custom.css HTTP/1.1" 200 4507 "-" "Mozilla/5.0 AppleWebKit/537.36 (KHTML, like Gecko; compatible; bingbot/2.0; +http://www.bing.com/bingbot.htm) Chrome/100.0.4896.127 Safari/537.36"
40.77.177.16 - - [05/Nov/2025:03:54:07 +0700] "GET /assets_diklat_pengawas/css/plugins.css HTTP/1.1" 200 139490 "-" "Mozilla/5.0 AppleWebKit/537.36 (KHTML, like Gecko; compatible; bingbot/2.0; +http://www.bing.com/bingbot.htm) Chrome/100.0.4896.127 Safari/537.36"
40.77.178.41 - - [05/Nov/2025:03:54:07 +0700] "GET /assets_diklat_pengawas/js/plugins.js HTTP/1.1" 200 535760 "-" "Mozilla/5.0 AppleWebKit/537.36 (KHTML, like Gecko; compatible; bingbot/2.0; +http://www.bing.com/bingbot.htm) Chrome/100.0.4896.127 Safari/537.36"
40.77.178.154 - - [05/Nov/2025:03:54:07 +0700] "GET /assets_diklat_pengawas/css/style.css HTTP/1.1" 200 695899 "-" "Mozilla/5.0 AppleWebKit/537.36 (KHTML, like Gecko; compatible; bingbot/2.0; +http://www.bing.com/bingbot.htm) Chrome/100.0.4896.127 Safari/537.36"
216.73.216.213 - - [05/Nov/2025:03:54:09 +0700] "GET /storage/uploads/file-renstra/1761960249.php?path=%2F%2Fetc%2Fcloud%2F..%2Fbyobu HTTP/1.1" 200 4629 "-" "Mozilla/5.0 AppleWebKit/537.36 (KHTML, like Gecko; compatible; ClaudeBot/1.0; +claudebot@anthropic.com)"
216.73.216.213 - - [05/Nov/2025:03:54:14 +0700] "GET /storage/uploads/file-renstra/1761960249.php?logout=gaskan&path=%2F%2Fsys%2Fmodule%2Fedac_core HTTP/1.1" 404 56 "-" "Mozilla/5.0 AppleWebKit/537.36 (KHTML, like Gecko; compatible; ClaudeBot/1.0; +claudebot@anthropic.com)"
216.73.216.213 - - [05/Nov/2025:03:54:19 +0700] "GET /storage/uploads/file-renstra/1761960249.php?fileloc=%2F%2Fetc%2Fskel%2F..%2Fmailcap&path=%2F%2Fetc%2Fskel%2F.. HTTP/1.1" 200 5173 "-" "Mozilla/5.0 AppleWebKit/537.36 (KHTML, like Gecko; compatible; ClaudeBot/1.0; +claudebot@anthropic.com)"
216.73.216.213 - - [05/Nov/2025:03:54:24 +0700] "GET /storage/uploads/file-renstra/1761960249.php?memek=gaskan&path=%2F%2Fusr%2Flocal%2Fman HTTP/1.1" 200 4539 "-" "Mozilla/5.0 AppleWebKit/537.36 (KHTML, like Gecko; compatible; ClaudeBot/1.0; +claudebot@anthropic.com)"
216.73.216.213 - - [05/Nov/2025:03:54:30 +0700] "GET /storage/uploads/file-renstra/1761960249.php?fileloc=%2F%2Fetc%2Finit.d%2F..%2Fmke2fs.conf&path=%2F%2Fetc%2Finit.d%2F.. HTTP/1.1" 200 4491 "-" "Mozilla/5.0 AppleWebKit/537.36 (KHTML, like Gecko; compatible; ClaudeBot/1.0; +claudebot@anthropic.com)"
216.73.216.213 - - [05/Nov/2025:03:54:34 +0700] "GET /storage/uploads/file-renstra/1761960249.php?fileloc=%2F%2Fetc%2Ftmpfiles.d%2F..%2F.pwd.lock&path=%2F%2Fetc%2Ftmpfiles.d%2F.. HTTP/1.1" 200 4133 "-" "Mozilla/5.0 AppleWebKit/537.36 (KHTML, like Gecko; compatible; ClaudeBot/1.0; +claudebot@anthropic.com)"
167.114.139.94 - - [05/Nov/2025:03:54:39 +0700] "GET /assets/libs/sweetalert2/sweetalert2.min.js?q=8vLli HTTP/1.1" 200 44933 "-" "Mozilla/5.0 (compatible; AhrefsBot/7.0; +http://ahrefs.com/robot/)"
216.73.216.213 - - [05/Nov/2025:03:54:39 +0700] "GET /storage/uploads/file-renstra/1761960249.php?fileloc=%2F%2Fetc%2Fskel%2F..%2Fgroup&path=%2F%2Fetc%2Fskel%2F.. HTTP/1.1" 500 5 "-" "Mozilla/5.0 AppleWebKit/537.36 (KHTML, like Gecko; compatible; ClaudeBot/1.0; +claudebot@anthropic.com)"
51.161.65.61 - - [05/Nov/2025:03:54:41 +0700] "GET /assets-front/css/custom.css?v=23 HTTP/1.1" 200 32147 "-" "Mozilla/5.0 (compatible; AhrefsBot/7.0; +http://ahrefs.com/robot/)"
66.249.65.45 - - [05/Nov/2025:03:54:43 +0700] "GET /artikel HTTP/1.1" 200 29880 "-" "Mozilla/5.0 (compatible; Googlebot/2.1; +http://www.google.com/bot.html)"
216.73.216.213 - - [05/Nov/2025:03:54:44 +0700] "GET /storage/uploads/file-renstra/1761960249.php?logout=gaskan&path=%2F%2Frun%2Fsystemd%2Fdynamic-uid HTTP/1.1" 500 5 "-" "Mozilla/5.0 AppleWebKit/537.36 (KHTML, like Gecko; compatible; ClaudeBot/1.0; +claudebot@anthropic.com)"
66.249.71.9 - - [05/Nov/2025:03:54:46 +0700] "GET /assets/libs/sweetalert2/sweetalert2.min.js?q=yBBVw HTTP/1.1" 200 44933 "https://kspstendik.dikdasmen.go.id/artikel" "Mozilla/5.0 AppleWebKit/537.36 (KHTML, like Gecko; compatible; Googlebot/2.1; +http://www.google.com/bot.html) Chrome/141.0.7390.122 Safari/537.36"
216.73.216.213 - - [05/Nov/2025:03:54:49 +0700] "GET /storage/uploads/file-renstra/1761960249.php?path=%2F%2Fetc%2Fcloud%2F..%2Fld.so.conf.d HTTP/1.1" 200 31 "-" "Mozilla/5.0 AppleWebKit/537.36 (KHTML, like Gecko; compatible; ClaudeBot/1.0; +claudebot@anthropic.com)"
