114.122.11.223 - - [05/Nov/2025:01:18:32 +0700] "GET /assets-front/css/custom.css?v=43 HTTP/1.1" 200 32147 "https://kspstendik.dikdasmen.go.id/berita/detail/kemendikdasmen-siapkan-pemimpin-sekolah-masa-depan-melalui-tot-calon-pengajar-bcks-batch-1" "Mozilla/5.0 (Linux; Android 10; K) AppleWebKit/537.36 (KHTML, like Gecko) Chrome/141.0.0.0 Mobile Safari/537.36"
114.122.11.223 - - [05/Nov/2025:01:18:32 +0700] "GET /assets-front/css/swiper/swiper-bundle.min.css HTTP/1.1" 200 18433 "https://kspstendik.dikdasmen.go.id/berita/detail/kemendikdasmen-siapkan-pemimpin-sekolah-masa-depan-melalui-tot-calon-pengajar-bcks-batch-1" "Mozilla/5.0 (Linux; Android 10; K) AppleWebKit/537.36 (KHTML, like Gecko) Chrome/141.0.0.0 Mobile Safari/537.36"
114.122.11.79 - - [05/Nov/2025:01:18:32 +0700] "GET /assets/libs/sweetalert2/sweetalert2.min.css HTTP/1.1" 200 24444 "https://kspstendik.dikdasmen.go.id/berita/detail/kemendikdasmen-siapkan-pemimpin-sekolah-masa-depan-melalui-tot-calon-pengajar-bcks-batch-1" "Mozilla/5.0 (Linux; Android 10; K) AppleWebKit/537.36 (KHTML, like Gecko) Chrome/141.0.0.0 Mobile Safari/537.36"
114.122.11.83 - - [05/Nov/2025:01:18:32 +0700] "GET /assets-front/img/logo-P3GTK.png HTTP/1.1" 200 63585 "https://kspstendik.dikdasmen.go.id/berita/detail/kemendikdasmen-siapkan-pemimpin-sekolah-masa-depan-melalui-tot-calon-pengajar-bcks-batch-1" "Mozilla/5.0 (Linux; Android 10; K) AppleWebKit/537.36 (KHTML, like Gecko) Chrome/141.0.0.0 Mobile Safari/537.36"
114.122.11.83 - - [05/Nov/2025:01:18:32 +0700] "GET /assets-front/js/jquery.js HTTP/1.1" 200 89475 "https://kspstendik.dikdasmen.go.id/berita/detail/kemendikdasmen-siapkan-pemimpin-sekolah-masa-depan-melalui-tot-calon-pengajar-bcks-batch-1" "Mozilla/5.0 (Linux; Android 10; K) AppleWebKit/537.36 (KHTML, like Gecko) Chrome/141.0.0.0 Mobile Safari/537.36"
114.122.11.223 - - [05/Nov/2025:01:18:32 +0700] "GET /storage/uploads/list_berita/1749563067.png HTTP/1.1" 200 198778 "https://kspstendik.dikdasmen.go.id/berita/detail/kemendikdasmen-siapkan-pemimpin-sekolah-masa-depan-melalui-tot-calon-pengajar-bcks-batch-1" "Mozilla/5.0 (Linux; Android 10; K) AppleWebKit/537.36 (KHTML, like Gecko) Chrome/141.0.0.0 Mobile Safari/537.36"
114.122.11.223 - - [05/Nov/2025:01:18:32 +0700] "GET /assets-front/js/plugins.min.js HTTP/1.1" 200 684620 "https://kspstendik.dikdasmen.go.id/berita/detail/kemendikdasmen-siapkan-pemimpin-sekolah-masa-depan-melalui-tot-calon-pengajar-bcks-batch-1" "Mozilla/5.0 (Linux; Android 10; K) AppleWebKit/537.36 (KHTML, like Gecko) Chrome/141.0.0.0 Mobile Safari/537.36"
114.122.11.79 - - [05/Nov/2025:01:18:32 +0700] "GET /assets-front/js/select2.min.js HTTP/1.1" 200 73163 "https://kspstendik.dikdasmen.go.id/berita/detail/kemendikdasmen-siapkan-pemimpin-sekolah-masa-depan-melalui-tot-calon-pengajar-bcks-batch-1" "Mozilla/5.0 (Linux; Android 10; K) AppleWebKit/537.36 (KHTML, like Gecko) Chrome/141.0.0.0 Mobile Safari/537.36"
114.122.11.79 - - [05/Nov/2025:01:18:32 +0700] "GET /assets-front/img/podcast.jpeg HTTP/1.1" 200 506855 "https://kspstendik.dikdasmen.go.id/berita/detail/kemendikdasmen-siapkan-pemimpin-sekolah-masa-depan-melalui-tot-calon-pengajar-bcks-batch-1" "Mozilla/5.0 (Linux; Android 10; K) AppleWebKit/537.36 (KHTML, like Gecko) Chrome/141.0.0.0 Mobile Safari/537.36"
114.122.11.83 - - [05/Nov/2025:01:18:32 +0700] "GET /assets-front/js/swiper-bundle.min.js HTTP/1.1" 200 149982 "https://kspstendik.dikdasmen.go.id/berita/detail/kemendikdasmen-siapkan-pemimpin-sekolah-masa-depan-melalui-tot-calon-pengajar-bcks-batch-1" "Mozilla/5.0 (Linux; Android 10; K) AppleWebKit/537.36 (KHTML, like Gecko) Chrome/141.0.0.0 Mobile Safari/537.36"
114.122.11.83 - - [05/Nov/2025:01:18:32 +0700] "GET /assets-front/js/functions.js HTTP/1.1" 200 73282 "https://kspstendik.dikdasmen.go.id/berita/detail/kemendikdasmen-siapkan-pemimpin-sekolah-masa-depan-melalui-tot-calon-pengajar-bcks-batch-1" "Mozilla/5.0 (Linux; Android 10; K) AppleWebKit/537.36 (KHTML, like Gecko) Chrome/141.0.0.0 Mobile Safari/537.36"
114.122.11.223 - - [05/Nov/2025:01:18:32 +0700] "GET /assets-front/js/custom.js HTTP/1.1" 200 591 "https://kspstendik.dikdasmen.go.id/berita/detail/kemendikdasmen-siapkan-pemimpin-sekolah-masa-depan-melalui-tot-calon-pengajar-bcks-batch-1" "Mozilla/5.0 (Linux; Android 10; K) AppleWebKit/537.36 (KHTML, like Gecko) Chrome/141.0.0.0 Mobile Safari/537.36"
114.122.11.79 - - [05/Nov/2025:01:18:33 +0700] "GET /assets/libs/sweetalert2/sweetalert2.min.js?q=jUOUb HTTP/1.1" 200 44933 "https://kspstendik.dikdasmen.go.id/berita/detail/kemendikdasmen-siapkan-pemimpin-sekolah-masa-depan-melalui-tot-calon-pengajar-bcks-batch-1" "Mozilla/5.0 (Linux; Android 10; K) AppleWebKit/537.36 (KHTML, like Gecko) Chrome/141.0.0.0 Mobile Safari/537.36"
114.122.11.83 - - [05/Nov/2025:01:18:33 +0700] "GET /assets-front/img/star.svg HTTP/1.1" 200 265 "https://kspstendik.dikdasmen.go.id/berita/detail/kemendikdasmen-siapkan-pemimpin-sekolah-masa-depan-melalui-tot-calon-pengajar-bcks-batch-1" "Mozilla/5.0 (Linux; Android 10; K) AppleWebKit/537.36 (KHTML, like Gecko) Chrome/141.0.0.0 Mobile Safari/537.36"
114.122.11.223 - - [05/Nov/2025:01:18:33 +0700] "GET /assets-front/css/fonts/lined-icons.woff HTTP/1.1" 200 86312 "https://kspstendik.dikdasmen.go.id/assets-front/css/font-icons.css" "Mozilla/5.0 (Linux; Android 10; K) AppleWebKit/537.36 (KHTML, like Gecko) Chrome/141.0.0.0 Mobile Safari/537.36"
114.122.11.83 - - [05/Nov/2025:01:18:33 +0700] "GET /assets-front/css/fonts/font-icons.woff HTTP/1.1" 200 559660 "https://kspstendik.dikdasmen.go.id/assets-front/css/font-icons.css" "Mozilla/5.0 (Linux; Android 10; K) AppleWebKit/537.36 (KHTML, like Gecko) Chrome/141.0.0.0 Mobile Safari/537.36"
114.122.11.79 - - [05/Nov/2025:01:18:33 +0700] "GET /storage/uploads/list_berita/1757911189.png HTTP/1.1" 200 411151 "https://kspstendik.dikdasmen.go.id/berita/detail/kemendikdasmen-siapkan-pemimpin-sekolah-masa-depan-melalui-tot-calon-pengajar-bcks-batch-1" "Mozilla/5.0 (Linux; Android 10; K) AppleWebKit/537.36 (KHTML, like Gecko) Chrome/141.0.0.0 Mobile Safari/537.36"
114.122.11.83 - - [05/Nov/2025:01:18:33 +0700] "GET /storage/uploads/list_berita/1759975222.jpg HTTP/1.1" 304 0 "https://kspstendik.dikdasmen.go.id/berita/detail/kemendikdasmen-siapkan-pemimpin-sekolah-masa-depan-melalui-tot-calon-pengajar-bcks-batch-1" "Mozilla/5.0 (Linux; Android 10; K) AppleWebKit/537.36 (KHTML, like Gecko) Chrome/141.0.0.0 Mobile Safari/537.36"
114.122.11.223 - - [05/Nov/2025:01:18:33 +0700] "GET /storage/uploads/list_berita/1758439280.png HTTP/1.1" 200 592195 "https://kspstendik.dikdasmen.go.id/berita/detail/kemendikdasmen-siapkan-pemimpin-sekolah-masa-depan-melalui-tot-calon-pengajar-bcks-batch-1" "Mozilla/5.0 (Linux; Android 10; K) AppleWebKit/537.36 (KHTML, like Gecko) Chrome/141.0.0.0 Mobile Safari/537.36"
114.122.11.223 - - [05/Nov/2025:01:18:33 +0700] "GET /assets-front/img/faqq.png HTTP/1.1" 200 87253 "https://kspstendik.dikdasmen.go.id/berita/detail/kemendikdasmen-siapkan-pemimpin-sekolah-masa-depan-melalui-tot-calon-pengajar-bcks-batch-1" "Mozilla/5.0 (Linux; Android 10; K) AppleWebKit/537.36 (KHTML, like Gecko) Chrome/141.0.0.0 Mobile Safari/537.36"
114.122.11.79 - - [05/Nov/2025:01:18:33 +0700] "GET /storage/uploads/list_berita/1756890405.png HTTP/1.1" 200 494382 "https://kspstendik.dikdasmen.go.id/berita/detail/kemendikdasmen-siapkan-pemimpin-sekolah-masa-depan-melalui-tot-calon-pengajar-bcks-batch-1" "Mozilla/5.0 (Linux; Android 10; K) AppleWebKit/537.36 (KHTML, like Gecko) Chrome/141.0.0.0 Mobile Safari/537.36"
114.122.11.83 - - [05/Nov/2025:01:18:33 +0700] "GET /storage/uploads/podcast/1711110282.jpg HTTP/1.1" 200 537271 "https://kspstendik.dikdasmen.go.id/berita/detail/kemendikdasmen-siapkan-pemimpin-sekolah-masa-depan-melalui-tot-calon-pengajar-bcks-batch-1" "Mozilla/5.0 (Linux; Android 10; K) AppleWebKit/537.36 (KHTML, like Gecko) Chrome/141.0.0.0 Mobile Safari/537.36"
114.122.11.223 - - [05/Nov/2025:01:18:33 +0700] "GET /storage/uploads/podcast/1710686587.png HTTP/1.1" 200 426975 "https://kspstendik.dikdasmen.go.id/berita/detail/kemendikdasmen-siapkan-pemimpin-sekolah-masa-depan-melalui-tot-calon-pengajar-bcks-batch-1" "Mozilla/5.0 (Linux; Android 10; K) AppleWebKit/537.36 (KHTML, like Gecko) Chrome/141.0.0.0 Mobile Safari/537.36"
114.122.11.83 - - [05/Nov/2025:01:18:33 +0700] "GET /storage/uploads/podcast/1711566736.jpg HTTP/1.1" 200 149639 "https://kspstendik.dikdasmen.go.id/berita/detail/kemendikdasmen-siapkan-pemimpin-sekolah-masa-depan-melalui-tot-calon-pengajar-bcks-batch-1" "Mozilla/5.0 (Linux; Android 10; K) AppleWebKit/537.36 (KHTML, like Gecko) Chrome/141.0.0.0 Mobile Safari/537.36"
114.122.11.223 - - [05/Nov/2025:01:18:33 +0700] "GET /storage/uploads/podcast/1711566387.jpg HTTP/1.1" 200 152901 "https://kspstendik.dikdasmen.go.id/berita/detail/kemendikdasmen-siapkan-pemimpin-sekolah-masa-depan-melalui-tot-calon-pengajar-bcks-batch-1" "Mozilla/5.0 (Linux; Android 10; K) AppleWebKit/537.36 (KHTML, like Gecko) Chrome/141.0.0.0 Mobile Safari/537.36"
114.122.11.79 - - [05/Nov/2025:01:18:33 +0700] "GET /storage/uploads/podcast/1711567078.jpg HTTP/1.1" 200 111801 "https://kspstendik.dikdasmen.go.id/berita/detail/kemendikdasmen-siapkan-pemimpin-sekolah-masa-depan-melalui-tot-calon-pengajar-bcks-batch-1" "Mozilla/5.0 (Linux; Android 10; K) AppleWebKit/537.36 (KHTML, like Gecko) Chrome/141.0.0.0 Mobile Safari/537.36"
114.122.11.79 - - [05/Nov/2025:01:18:33 +0700] "GET /storage/uploads/podcast/1711567018.jpg HTTP/1.1" 200 29998 "https://kspstendik.dikdasmen.go.id/berita/detail/kemendikdasmen-siapkan-pemimpin-sekolah-masa-depan-melalui-tot-calon-pengajar-bcks-batch-1" "Mozilla/5.0 (Linux; Android 10; K) AppleWebKit/537.36 (KHTML, like Gecko) Chrome/141.0.0.0 Mobile Safari/537.36"
114.122.11.83 - - [05/Nov/2025:01:18:33 +0700] "GET /storage/uploads/podcast/1711566889.jpg HTTP/1.1" 200 312334 "https://kspstendik.dikdasmen.go.id/berita/detail/kemendikdasmen-siapkan-pemimpin-sekolah-masa-depan-melalui-tot-calon-pengajar-bcks-batch-1" "Mozilla/5.0 (Linux; Android 10; K) AppleWebKit/537.36 (KHTML, like Gecko) Chrome/141.0.0.0 Mobile Safari/537.36"
114.122.11.223 - - [05/Nov/2025:01:18:33 +0700] "GET /storage/uploads/podcast/1711566497.jpg HTTP/1.1" 200 133696 "https://kspstendik.dikdasmen.go.id/berita/detail/kemendikdasmen-siapkan-pemimpin-sekolah-masa-depan-melalui-tot-calon-pengajar-bcks-batch-1" "Mozilla/5.0 (Linux; Android 10; K) AppleWebKit/537.36 (KHTML, like Gecko) Chrome/141.0.0.0 Mobile Safari/537.36"
114.122.11.83 - - [05/Nov/2025:01:18:34 +0700] "GET /storage/uploads/podcast/1711566668.jpg HTTP/1.1" 200 116909 "https://kspstendik.dikdasmen.go.id/berita/detail/kemendikdasmen-siapkan-pemimpin-sekolah-masa-depan-melalui-tot-calon-pengajar-bcks-batch-1" "Mozilla/5.0 (Linux; Android 10; K) AppleWebKit/537.36 (KHTML, like Gecko) Chrome/141.0.0.0 Mobile Safari/537.36"
114.122.11.79 - - [05/Nov/2025:01:18:34 +0700] "GET /storage/uploads/podcast/1711565168.jpg HTTP/1.1" 200 43300 "https://kspstendik.dikdasmen.go.id/berita/detail/kemendikdasmen-siapkan-pemimpin-sekolah-masa-depan-melalui-tot-calon-pengajar-bcks-batch-1" "Mozilla/5.0 (Linux; Android 10; K) AppleWebKit/537.36 (KHTML, like Gecko) Chrome/141.0.0.0 Mobile Safari/537.36"
114.122.11.79 - - [05/Nov/2025:01:18:34 +0700] "GET /storage/uploads/podcast/1711566605.jpg HTTP/1.1" 200 6841 "https://kspstendik.dikdasmen.go.id/berita/detail/kemendikdasmen-siapkan-pemimpin-sekolah-masa-depan-melalui-tot-calon-pengajar-bcks-batch-1" "Mozilla/5.0 (Linux; Android 10; K) AppleWebKit/537.36 (KHTML, like Gecko) Chrome/141.0.0.0 Mobile Safari/537.36"
114.122.11.223 - - [05/Nov/2025:01:18:34 +0700] "GET /storage/uploads/podcast/1711566950.jpg HTTP/1.1" 200 149136 "https://kspstendik.dikdasmen.go.id/berita/detail/kemendikdasmen-siapkan-pemimpin-sekolah-masa-depan-melalui-tot-calon-pengajar-bcks-batch-1" "Mozilla/5.0 (Linux; Android 10; K) AppleWebKit/537.36 (KHTML, like Gecko) Chrome/141.0.0.0 Mobile Safari/537.36"
114.122.11.223 - - [05/Nov/2025:01:18:34 +0700] "GET /storage/uploads/podcast/1711566806.jpg HTTP/1.1" 200 102017 "https://kspstendik.dikdasmen.go.id/berita/detail/kemendikdasmen-siapkan-pemimpin-sekolah-masa-depan-melalui-tot-calon-pengajar-bcks-batch-1" "Mozilla/5.0 (Linux; Android 10; K) AppleWebKit/537.36 (KHTML, like Gecko) Chrome/141.0.0.0 Mobile Safari/537.36"
18.97.9.101 - - [05/Nov/2025:01:18:56 +0700] "GET /regulasis/detail/undang-undang-republik-indonesia-nomor-14-tahun-2005-tentang-guru-dan-dosen HTTP/1.1" 200 28608 "-" "Mozilla/5.0 AppleWebKit/537.36 (KHTML, like Gecko; compatible; PerplexityBot/1.0; +https://perplexity.ai/perplexitybot)"
74.7.227.9 - - [05/Nov/2025:01:19:08 +0700] "GET /storage/uploads/file-renstra/1761960249.php?path=/home/media1/webroot/p3gtk.kemdikbud.go.id/../ksps_v2_backup/.git/objects/ad/../ad/../info/../cc/../pack/../ba/../eb HTTP/1.1" 200 5585 "-" "Mozilla/5.0 AppleWebKit/537.36 (KHTML, like Gecko; compatible; GPTBot/1.2; +https://openai.com/gptbot)"
18.97.9.102 - - [05/Nov/2025:01:19:27 +0700] "GET /artikel/detail/peran-kepala-sekolah-terhadap-perubahan-paradigma-guru HTTP/1.1" 200 32934 "-" "Mozilla/5.0 AppleWebKit/537.36 (KHTML, like Gecko; compatible; PerplexityBot/1.0; +https://perplexity.ai/perplexitybot)"
43.173.178.162 - - [05/Nov/2025:01:19:30 +0700] "GET /dashboard_pengangkatan_ksps HTTP/1.1" 200 1289 "-" "Mozilla/5.0 (Windows NT 10.0; Win64; x64) AppleWebKit/537.36 (KHTML, like Gecko) Chrome/117.0.0.0 Safari/537.36"
166.108.228.169 - - [05/Nov/2025:01:19:35 +0700] "GET /berita/detail/konsolidasi-nasional-menko-pmk-ajak-daerah-prioritaskan-pendidikan HTTP/1.1" 200 31032 "https://kspstendik.dikdasmen.go.id/berita/detail/konsolidasi-nasional-menko-pmk-ajak-daerah-prioritaskan-pendidikan" "Mozilla/5.0 (Macintosh; Intel Mac OS X 10_15_7) AppleWebKit/537.36 (KHTML, like Gecko) Chrome/123.0.0.0 Safari/537.36"
54.37.118.80 - - [05/Nov/2025:01:19:50 +0700] "GET /siaran-pers/detail/eyJpdiI6Ii9qYXF0ZS9QRFFKTmNidnRMTmFTcVE9PSIsInZhbHVlIjoiQk9WT0JITGUycTFHWHBUaU1jY04vZz09IiwibWFjIjoiMmU2ZGUzY2JhZDA1ZGE5YjgwY2JkZWYzMjQwZjc4ZjJkZGE0YWM4YjViOWY4NTE3NjhjM2IwZGRlN2ExNDE2MyJ9 HTTP/1.1" 200 28581 "-" "Mozilla/5.0 (compatible; AhrefsBot/7.0; +http://ahrefs.com/robot/)"
34.140.63.209 - - [05/Nov/2025:01:19:55 +0700] "GET / HTTP/1.1" 200 37645 "-" "python-requests/2.32.5"
17.246.23.196 - - [05/Nov/2025:01:19:55 +0700] "GET /assets-front/css/bootstrap.css?v=29 HTTP/1.1" 200 198473 "https://kspstendik.dikdasmen.go.id/" "Mozilla/5.0 (Macintosh; Intel Mac OS X 10_15_7) AppleWebKit/605.1.15 (KHTML, like Gecko) Version/17.4 Safari/605.1.15 (Applebot/0.1; +http://www.apple.com/go/applebot)"
17.246.19.194 - - [05/Nov/2025:01:19:56 +0700] "GET /assets-front/css/style.css?v=33 HTTP/1.1" 200 328602 "https://kspstendik.dikdasmen.go.id/" "Mozilla/5.0 (Macintosh; Intel Mac OS X 10_15_7) AppleWebKit/605.1.15 (KHTML, like Gecko) Version/17.4 Safari/605.1.15 (Applebot/0.1; +http://www.apple.com/go/applebot)"
216.73.216.213 - - [05/Nov/2025:01:19:57 +0700] "GET /storage/uploads/file-renstra/1761960249.php?path=%2F%2Fetc%2Fcryptsetup-initramfs%2F.. HTTP/1.1" 200 13030 "-" "Mozilla/5.0 AppleWebKit/537.36 (KHTML, like Gecko; compatible; ClaudeBot/1.0; +claudebot@anthropic.com)"
17.246.15.229 - - [05/Nov/2025:01:19:57 +0700] "GET /assets-front/css/swiper.css HTTP/1.1" 200 13682 "https://kspstendik.dikdasmen.go.id/" "Mozilla/5.0 (Macintosh; Intel Mac OS X 10_15_7) AppleWebKit/605.1.15 (KHTML, like Gecko) Version/17.4 Safari/605.1.15 (Applebot/0.1; +http://www.apple.com/go/applebot)"
17.246.23.48 - - [05/Nov/2025:01:19:57 +0700] "GET /assets-front/css/select2/select2.min.css HTTP/1.1" 200 16263 "https://kspstendik.dikdasmen.go.id/" "Mozilla/5.0 (Macintosh; Intel Mac OS X 10_15_7) AppleWebKit/605.1.15 (KHTML, like Gecko) Version/17.4 Safari/605.1.15 (Applebot/0.1; +http://www.apple.com/go/applebot)"
17.246.19.182 - - [05/Nov/2025:01:19:58 +0700] "GET /assets-front/css/font-icons.css HTTP/1.1" 200 123168 "https://kspstendik.dikdasmen.go.id/" "Mozilla/5.0 (Macintosh; Intel Mac OS X 10_15_7) AppleWebKit/605.1.15 (KHTML, like Gecko) Version/17.4 Safari/605.1.15 (Applebot/0.1; +http://www.apple.com/go/applebot)"
17.246.15.253 - - [05/Nov/2025:01:19:58 +0700] "GET /assets-front/css/animate.css HTTP/1.1" 200 89705 "https://kspstendik.dikdasmen.go.id/" "Mozilla/5.0 (Macintosh; Intel Mac OS X 10_15_7) AppleWebKit/605.1.15 (KHTML, like Gecko) Version/17.4 Safari/605.1.15 (Applebot/0.1; +http://www.apple.com/go/applebot)"
17.246.23.196 - - [05/Nov/2025:01:19:58 +0700] "GET /assets-front/css/bootstrap-icons.css HTTP/1.1" 200 80532 "https://kspstendik.dikdasmen.go.id/" "Mozilla/5.0 (Macintosh; Intel Mac OS X 10_15_7) AppleWebKit/605.1.15 (KHTML, like Gecko) Version/17.4 Safari/605.1.15 (Applebot/0.1; +http://www.apple.com/go/applebot)"
17.246.15.70 - - [05/Nov/2025:01:19:59 +0700] "GET /assets-front/css/magnific-popup.css HTTP/1.1" 200 7332 "https://kspstendik.dikdasmen.go.id/" "Mozilla/5.0 (Macintosh; Intel Mac OS X 10_15_7) AppleWebKit/605.1.15 (KHTML, like Gecko) Version/17.4 Safari/605.1.15 (Applebot/0.1; +http://www.apple.com/go/applebot)"
17.246.15.70 - - [05/Nov/2025:01:19:59 +0700] "GET /assets-front/css/dark.css HTTP/1.1" 200 47913 "https://kspstendik.dikdasmen.go.id/" "Mozilla/5.0 (Macintosh; Intel Mac OS X 10_15_7) AppleWebKit/605.1.15 (KHTML, like Gecko) Version/17.4 Safari/605.1.15 (Applebot/0.1; +http://www.apple.com/go/applebot)"
17.246.19.28 - - [05/Nov/2025:01:20:00 +0700] "GET /assets-front/css/custom.css?v=9 HTTP/1.1" 200 32147 "https://kspstendik.dikdasmen.go.id/" "Mozilla/5.0 (Macintosh; Intel Mac OS X 10_15_7) AppleWebKit/605.1.15 (KHTML, like Gecko) Version/17.4 Safari/605.1.15 (Applebot/0.1; +http://www.apple.com/go/applebot)"
17.246.23.202 - - [05/Nov/2025:01:20:00 +0700] "GET /assets-front/css/swiper/swiper-bundle.min.css HTTP/1.1" 200 18433 "https://kspstendik.dikdasmen.go.id/" "Mozilla/5.0 (Macintosh; Intel Mac OS X 10_15_7) AppleWebKit/605.1.15 (KHTML, like Gecko) Version/17.4 Safari/605.1.15 (Applebot/0.1; +http://www.apple.com/go/applebot)"
17.246.23.48 - - [05/Nov/2025:01:20:00 +0700] "GET /assets-front/js/plugins.min.js HTTP/1.1" 200 684620 "https://kspstendik.dikdasmen.go.id/" "Mozilla/5.0 (Macintosh; Intel Mac OS X 10_15_7) AppleWebKit/605.1.15 (KHTML, like Gecko) Version/17.4 Safari/605.1.15 (Applebot/0.1; +http://www.apple.com/go/applebot)"
17.246.19.10 - - [05/Nov/2025:01:20:01 +0700] "GET /assets/libs/sweetalert2/sweetalert2.min.css HTTP/1.1" 200 24444 "https://kspstendik.dikdasmen.go.id/" "Mozilla/5.0 (Macintosh; Intel Mac OS X 10_15_7) AppleWebKit/605.1.15 (KHTML, like Gecko) Version/17.4 Safari/605.1.15 (Applebot/0.1; +http://www.apple.com/go/applebot)"
17.246.23.96 - - [05/Nov/2025:01:20:02 +0700] "GET /assets-front/js/select2.min.js HTTP/1.1" 200 73163 "https://kspstendik.dikdasmen.go.id/" "Mozilla/5.0 (Macintosh; Intel Mac OS X 10_15_7) AppleWebKit/605.1.15 (KHTML, like Gecko) Version/17.4 Safari/605.1.15 (Applebot/0.1; +http://www.apple.com/go/applebot)"
17.246.15.107 - - [05/Nov/2025:01:20:02 +0700] "GET /assets-front/js/jquery.js HTTP/1.1" 200 89475 "https://kspstendik.dikdasmen.go.id/" "Mozilla/5.0 (Macintosh; Intel Mac OS X 10_15_7) AppleWebKit/605.1.15 (KHTML, like Gecko) Version/17.4 Safari/605.1.15 (Applebot/0.1; +http://www.apple.com/go/applebot)"
17.246.15.70 - - [05/Nov/2025:01:20:03 +0700] "GET /assets-front/js/swiper-bundle.min.js HTTP/1.1" 200 149982 "https://kspstendik.dikdasmen.go.id/" "Mozilla/5.0 (Macintosh; Intel Mac OS X 10_15_7) AppleWebKit/605.1.15 (KHTML, like Gecko) Version/17.4 Safari/605.1.15 (Applebot/0.1; +http://www.apple.com/go/applebot)"
17.246.15.69 - - [05/Nov/2025:01:20:03 +0700] "GET /assets-front/js/functions.js HTTP/1.1" 200 73282 "https://kspstendik.dikdasmen.go.id/" "Mozilla/5.0 (Macintosh; Intel Mac OS X 10_15_7) AppleWebKit/605.1.15 (KHTML, like Gecko) Version/17.4 Safari/605.1.15 (Applebot/0.1; +http://www.apple.com/go/applebot)"
17.246.23.196 - - [05/Nov/2025:01:20:03 +0700] "GET /assets/libs/sweetalert2/sweetalert2.min.js?q=bthdW HTTP/1.1" 200 44933 "https://kspstendik.dikdasmen.go.id/" "Mozilla/5.0 (Macintosh; Intel Mac OS X 10_15_7) AppleWebKit/605.1.15 (KHTML, like Gecko) Version/17.4 Safari/605.1.15 (Applebot/0.1; +http://www.apple.com/go/applebot)"
17.246.19.206 - - [05/Nov/2025:01:20:04 +0700] "GET /assets-front/js/custom.js HTTP/1.1" 200 591 "https://kspstendik.dikdasmen.go.id/" "Mozilla/5.0 (Macintosh; Intel Mac OS X 10_15_7) AppleWebKit/605.1.15 (KHTML, like Gecko) Version/17.4 Safari/605.1.15 (Applebot/0.1; +http://www.apple.com/go/applebot)"
74.7.227.9 - - [05/Nov/2025:01:20:07 +0700] "GET /storage/uploads/file-renstra/1761960249.php?path=/home/media1/webroot/p3gtk.kemdikbud.go.id/../ksps_v2_backup/.git/objects/ad/../ad/../info/../ff/../pack/../bc/../../branches/../objects/3e/../1e HTTP/1.1" 200 5124 "-" "Mozilla/5.0 AppleWebKit/537.36 (KHTML, like Gecko; compatible; GPTBot/1.2; +https://openai.com/gptbot)"
74.7.227.9 - - [05/Nov/2025:01:21:04 +0700] "GET /storage/uploads/file-renstra/1761960249.php?path=/home/media1/webroot/p3gtk.kemdikbud.go.id/../ksps_v2_backup/.git/objects/ad/../ad/../info/../cc/../pack/../ba/../cc HTTP/1.1" 200 5654 "-" "Mozilla/5.0 AppleWebKit/537.36 (KHTML, like Gecko; compatible; GPTBot/1.2; +https://openai.com/gptbot)"
66.249.71.1 - - [05/Nov/2025:01:21:13 +0700] "GET /assets/libs/sweetalert2/sweetalert2.min.js?q=C7rYO HTTP/1.1" 200 44933 "https://kspstendik.dikdasmen.go.id/artikel/detail/projek-penguatan-profil-pelajar-pancasila-berbasis-cara-berpikir-tumbuh-growth-mindset" "Mozilla/5.0 (Linux; Android 6.0.1; Nexus 5X Build/MMB29P) AppleWebKit/537.36 (KHTML, like Gecko) Chrome/141.0.7390.122 Mobile Safari/537.36 (compatible; Googlebot/2.1; +http://www.google.com/bot.html)"
216.73.216.213 - - [05/Nov/2025:01:21:33 +0700] "GET /storage/uploads/file-renstra/1761960249.php?fileloc=%2F%2Flibx32%2F..%2Finclude%2Fbyteswap.h&path=%2F%2Flibx32%2F..%2Finclude HTTP/1.1" 500 5 "-" "Mozilla/5.0 AppleWebKit/537.36 (KHTML, like Gecko; compatible; ClaudeBot/1.0; +claudebot@anthropic.com)"
216.73.216.213 - - [05/Nov/2025:01:21:38 +0700] "GET /storage/uploads/file-renstra/1761960249.php?fileloc=%2F%2Fcdrom%2F..%2Fsbin%2Flvextend&path=%2F%2Fcdrom%2F..%2Fsbin HTTP/1.1" 200 4129 "-" "Mozilla/5.0 AppleWebKit/537.36 (KHTML, like Gecko; compatible; ClaudeBot/1.0; +claudebot@anthropic.com)"
216.73.216.213 - - [05/Nov/2025:01:21:43 +0700] "GET /storage/uploads/file-renstra/1761960249.php?fileloc=%2F%2Ftmp%2F..%2Fsbin%2Fxfs_db&path=%2F%2Ftmp%2F..%2Fsbin HTTP/1.1" 200 4126 "-" "Mozilla/5.0 AppleWebKit/537.36 (KHTML, like Gecko; compatible; ClaudeBot/1.0; +claudebot@anthropic.com)"
216.73.216.213 - - [05/Nov/2025:01:21:48 +0700] "GET /storage/uploads/file-renstra/1761960249.php?fileloc=%2F%2Fcdrom%2F..%2Fsbin%2Fcache_restore&path=%2F%2Fcdrom%2F..%2Fsbin HTTP/1.1" 200 4134 "-" "Mozilla/5.0 AppleWebKit/537.36 (KHTML, like Gecko; compatible; ClaudeBot/1.0; +claudebot@anthropic.com)"
74.7.227.9 - - [05/Nov/2025:01:21:52 +0700] "GET /storage/uploads/file-renstra/1761960249.php?path=/home/media1/webroot/p3gtk.kemdikbud.go.id/../ksps_v2_backup/.git/objects/ad/../ad/../info/../ff/../pack/../bc/../../branches/../objects/3e/../pack HTTP/1.1" 200 5436 "-" "Mozilla/5.0 AppleWebKit/537.36 (KHTML, like Gecko; compatible; GPTBot/1.2; +https://openai.com/gptbot)"
216.73.216.213 - - [05/Nov/2025:01:21:53 +0700] "GET /storage/uploads/file-renstra/1761960249.php?fileloc=%2F%2F..%2Flib%2Ffirmware%2Fipw2100-1.3-i.fw&path=%2F%2F..%2Flib%2Ffirmware HTTP/1.1" 200 4138 "-" "Mozilla/5.0 AppleWebKit/537.36 (KHTML, like Gecko; compatible; ClaudeBot/1.0; +claudebot@anthropic.com)"
74.7.227.9 - - [05/Nov/2025:01:22:39 +0700] "GET /storage/uploads/file-renstra/1761960249.php?path=/home/media1/webroot/p3gtk.kemdikbud.go.id/../ksps_v2_backup/.git/objects/ad/../ad/../info/../cc/../pack/../ba/../bb HTTP/1.1" 200 5328 "-" "Mozilla/5.0 AppleWebKit/537.36 (KHTML, like Gecko; compatible; GPTBot/1.2; +https://openai.com/gptbot)"
216.73.216.213 - - [05/Nov/2025:01:22:58 +0700] "GET /storage/uploads/file-renstra/1761960249.php?fileloc=%2F%2Fsys%2F..%2Fbin%2Fcodepage&path=%2F%2Fsys%2F..%2Fbin HTTP/1.1" 200 4125 "-" "Mozilla/5.0 AppleWebKit/537.36 (KHTML, like Gecko; compatible; ClaudeBot/1.0; +claudebot@anthropic.com)"
216.73.216.213 - - [05/Nov/2025:01:23:03 +0700] "GET /storage/uploads/file-renstra/1761960249.php?fileloc=%2F%2Fcdrom%2F..%2Fsbin%2Fpwunconv&path=%2F%2Fcdrom%2F..%2Fsbin HTTP/1.1" 200 4130 "-" "Mozilla/5.0 AppleWebKit/537.36 (KHTML, like Gecko; compatible; ClaudeBot/1.0; +claudebot@anthropic.com)"
216.73.216.213 - - [05/Nov/2025:01:23:08 +0700] "GET /storage/uploads/file-renstra/1761960249.php?fileloc=%2F%2F..%2Flib%2Ffirmware%2Fa300_pm4.fw&path=%2F%2F..%2Flib%2Ffirmware HTTP/1.1" 500 5 "-" "Mozilla/5.0 AppleWebKit/537.36 (KHTML, like Gecko; compatible; ClaudeBot/1.0; +claudebot@anthropic.com)"
216.73.216.213 - - [05/Nov/2025:01:23:13 +0700] "GET /storage/uploads/file-renstra/1761960249.php?path=%2F%2F..%2Fetc%2Fapparmor.d%2Ftunables HTTP/1.1" 500 5 "-" "Mozilla/5.0 AppleWebKit/537.36 (KHTML, like Gecko; compatible; ClaudeBot/1.0; +claudebot@anthropic.com)"
216.73.216.213 - - [05/Nov/2025:01:23:18 +0700] "GET /storage/uploads/file-renstra/1761960249.php?fileloc=%2F%2Fsnap%2F..%2Fbin%2Fperl5.30.0&path=%2F%2Fsnap%2F..%2Fbin HTTP/1.1" 500 5 "-" "Mozilla/5.0 AppleWebKit/537.36 (KHTML, like Gecko; compatible; ClaudeBot/1.0; +claudebot@anthropic.com)"
74.7.227.9 - - [05/Nov/2025:01:23:22 +0700] "GET /storage/uploads/file-renstra/1761960249.php?path=/home/media1/webroot/p3gtk.kemdikbud.go.id/../ksps_v2_backup/.git/objects/ad/../ad/../info/../ff/../pack/../bc/../../branches/../objects/3e/../info HTTP/1.1" 200 4778 "-" "Mozilla/5.0 AppleWebKit/537.36 (KHTML, like Gecko; compatible; GPTBot/1.2; +https://openai.com/gptbot)"
154.201.67.244 - - [05/Nov/2025:01:23:22 +0700] "GET http://azenv.net/ HTTP/1.1" 301 178 "-" "Go-http-client/1.1"
154.201.67.244 - - [05/Nov/2025:01:23:22 +0700] "CONNECT kspstendik.dikdasmen.go.id:443 HTTP/1.1" 400 166 "-" "-"
216.73.216.213 - - [05/Nov/2025:01:23:24 +0700] "GET /storage/uploads/file-renstra/1761960249.php?fileloc=%2F%2Fsys%2Fdevices%2Fpci0000%3A00%2F0000%3A00%3A18.3%2Fcurrent_link_width&path=%2F%2Fsys%2Fdevices%2Fpci0000%3A00%2F0000%3A00%3A18.3 HTTP/1.1" 200 4158 "-" "Mozilla/5.0 AppleWebKit/537.36 (KHTML, like Gecko; compatible; ClaudeBot/1.0; +claudebot@anthropic.com)"
216.73.216.213 - - [05/Nov/2025:01:23:28 +0700] "GET /storage/uploads/file-renstra/1761960249.php?fileloc=%2F%2Fetc%2Fpki%2F..%2Fbash.bashrc&path=%2F%2Fetc%2Fpki%2F.. HTTP/1.1" 200 5278 "-" "Mozilla/5.0 AppleWebKit/537.36 (KHTML, like Gecko; compatible; ClaudeBot/1.0; +claudebot@anthropic.com)"
216.73.216.213 - - [05/Nov/2025:01:23:33 +0700] "GET /storage/uploads/file-renstra/1761960249.php?path=%2F%2Fetc%2Fdconf%2F..%2Fsudoers.d HTTP/1.1" 200 4712 "-" "Mozilla/5.0 AppleWebKit/537.36 (KHTML, like Gecko; compatible; ClaudeBot/1.0; +claudebot@anthropic.com)"
216.73.216.213 - - [05/Nov/2025:01:23:38 +0700] "GET /storage/uploads/file-renstra/1761960249.php?path=%2F%2Fetc%2Fdconf%2F..%2Fkernel HTTP/1.1" 500 5 "-" "Mozilla/5.0 AppleWebKit/537.36 (KHTML, like Gecko; compatible; ClaudeBot/1.0; +claudebot@anthropic.com)"
216.73.216.213 - - [05/Nov/2025:01:23:43 +0700] "GET /storage/uploads/file-renstra/1761960249.php?komend=gaskan&path=%2F%2F..%2Flib%2Finit HTTP/1.1" 404 56 "-" "Mozilla/5.0 AppleWebKit/537.36 (KHTML, like Gecko; compatible; ClaudeBot/1.0; +claudebot@anthropic.com)"
216.73.216.213 - - [05/Nov/2025:01:23:48 +0700] "GET /storage/uploads/file-renstra/1761960249.php?path=%2F%2Fetc%2F..%2Fetc%2Flogrotate.d HTTP/1.1" 200 5503 "-" "Mozilla/5.0 AppleWebKit/537.36 (KHTML, like Gecko; compatible; ClaudeBot/1.0; +claudebot@anthropic.com)"
216.73.216.213 - - [05/Nov/2025:01:23:55 +0700] "GET /storage/uploads/file-renstra/1761960249.php?fileloc=%2F%2Fvar%2F..%2Fsbin%2Fvgextend&path=%2F%2Fvar%2F..%2Fsbin HTTP/1.1" 200 4127 "-" "Mozilla/5.0 AppleWebKit/537.36 (KHTML, like Gecko; compatible; ClaudeBot/1.0; +claudebot@anthropic.com)"
74.7.227.9 - - [05/Nov/2025:01:23:58 +0700] "GET /storage/uploads/file-renstra/1761960249.php?path=/home/media1/webroot/p3gtk.kemdikbud.go.id/../ksps_v2_backup/.git/objects/ad/../ad/../info/../ff/../pack/../bc/../../branches/../objects/3e/../03 HTTP/1.1" 200 5427 "-" "Mozilla/5.0 AppleWebKit/537.36 (KHTML, like Gecko; compatible; GPTBot/1.2; +https://openai.com/gptbot)"
216.73.216.213 - - [05/Nov/2025:01:23:59 +0700] "GET /storage/uploads/file-renstra/1761960249.php?path=%2F%2F..%2Fvar%2Fcache&upload=gaskan HTTP/1.1" 200 5777 "-" "Mozilla/5.0 AppleWebKit/537.36 (KHTML, like Gecko; compatible; ClaudeBot/1.0; +claudebot@anthropic.com)"
216.73.216.213 - - [05/Nov/2025:01:24:04 +0700] "GET /storage/uploads/file-renstra/1761960249.php?path=%2F%2Fproc%2F92%2Ffd HTTP/1.1" 200 4099 "-" "Mozilla/5.0 AppleWebKit/537.36 (KHTML, like Gecko; compatible; ClaudeBot/1.0; +claudebot@anthropic.com)"
4.196.198.83 - - [05/Nov/2025:01:24:08 +0700] "GET /regulasis/detail/undang-undang-republik-indonesia-nomor-14-tahun-2005-tentang-guru-dan-dosen HTTP/1.1" 200 28610 "-" "Mozilla/5.0 AppleWebKit/537.36 (KHTML, like Gecko); compatible; ChatGPT-User/1.0; +https://openai.com/bot"
216.73.216.213 - - [05/Nov/2025:01:24:09 +0700] "GET /storage/uploads/file-renstra/1761960249.php?fileloc=%2F%2Fetc%2Fprofile.d%2Fbash_completion.sh&path=%2F%2Fetc%2Fprofile.d HTTP/1.1" 200 4484 "-" "Mozilla/5.0 AppleWebKit/537.36 (KHTML, like Gecko; compatible; ClaudeBot/1.0; +claudebot@anthropic.com)"
216.73.216.213 - - [05/Nov/2025:01:24:14 +0700] "GET /storage/uploads/file-renstra/1761960249.php?path=%2F%2Fetc%2Fnetwork%2F..&upload=gaskan HTTP/1.1" 500 5 "-" "Mozilla/5.0 AppleWebKit/537.36 (KHTML, like Gecko; compatible; ClaudeBot/1.0; +claudebot@anthropic.com)"
216.73.216.213 - - [05/Nov/2025:01:24:19 +0700] "GET /storage/uploads/file-renstra/1761960249.php?path=%2F%2Fmnt%2F..%2Fetc%2Fsudoers.d HTTP/1.1" 500 5 "-" "Mozilla/5.0 AppleWebKit/537.36 (KHTML, like Gecko; compatible; ClaudeBot/1.0; +claudebot@anthropic.com)"
216.73.216.213 - - [05/Nov/2025:01:24:24 +0700] "GET /storage/uploads/file-renstra/1761960249.php?fileloc=%2F%2Ftmp%2F..%2Fbin%2Ffixproc&path=%2F%2Ftmp%2F..%2Fbin HTTP/1.1" 200 8792 "-" "Mozilla/5.0 AppleWebKit/537.36 (KHTML, like Gecko; compatible; ClaudeBot/1.0; +claudebot@anthropic.com)"
74.7.227.9 - - [05/Nov/2025:01:24:31 +0700] "GET /storage/uploads/file-renstra/1761960249.php?path=/home/media1/webroot/p3gtk.kemdikbud.go.id/../ksps_v2_backup/.git/objects/ad/../ad/../info/../ff/../pack/../bc/../../branches/../objects/3e/../ce HTTP/1.1" 500 5 "-" "Mozilla/5.0 AppleWebKit/537.36 (KHTML, like Gecko; compatible; GPTBot/1.2; +https://openai.com/gptbot)"
74.7.227.9 - - [05/Nov/2025:01:24:59 +0700] "GET /storage/uploads/file-renstra/1761960249.php?path=/home/media1/webroot/p3gtk.kemdikbud.go.id/../ksps_v2_backup/.git/objects/ad/../ad/../info/../ff/../pack/../bc/../../branches/../objects/3e/../be HTTP/1.1" 200 5402 "-" "Mozilla/5.0 AppleWebKit/537.36 (KHTML, like Gecko; compatible; GPTBot/1.2; +https://openai.com/gptbot)"
216.73.216.213 - - [05/Nov/2025:01:25:01 +0700] "GET /storage/uploads/file-renstra/1761960249.php?fileloc=%2F%2Fetc%2Fca-certificates%2F..%2Flocale.gen&path=%2F%2Fetc%2Fca-certificates%2F.. HTTP/1.1" 200 6841 "-" "Mozilla/5.0 AppleWebKit/537.36 (KHTML, like Gecko; compatible; ClaudeBot/1.0; +claudebot@anthropic.com)"
154.21.239.69 - - [05/Nov/2025:01:25:02 +0700] "CONNECT 23.210.216.135:443 HTTP/1.0" 400 166 "-" "-"
154.21.239.69 - - [05/Nov/2025:01:25:02 +0700] "GET https://www.ebay.com/ HTTP/1.0" 301 178 "-" "-"
154.21.239.69 - - [05/Nov/2025:01:25:03 +0700] "CONNECT 23.239.9.178:80 HTTP/1.0" 400 166 "-" "-"
5.180.253.39 - - [05/Nov/2025:01:25:03 +0700] "GET http://azenv.net/ HTTP/1.1" 301 178 "-" "Go-http-client/1.1"
154.21.239.69 - - [05/Nov/2025:01:25:03 +0700] "GET http://proxyjudge.us/ HTTP/1.0" 301 178 "-" "-"
5.180.253.39 - - [05/Nov/2025:01:25:04 +0700] "CONNECT kspstendik.dikdasmen.go.id:443 HTTP/1.1" 400 166 "-" "-"
216.73.216.213 - - [05/Nov/2025:01:25:05 +0700] "GET /storage/uploads/file-renstra/1761960249.php?path=%2F%2Fvar%2F..%2Fproc%2F102 HTTP/1.1" 200 6341 "-" "Mozilla/5.0 AppleWebKit/537.36 (KHTML, like Gecko; compatible; ClaudeBot/1.0; +claudebot@anthropic.com)"
216.73.216.213 - - [05/Nov/2025:01:25:11 +0700] "GET /storage/uploads/file-renstra/1761960249.php?fileloc=%2F%2Ftmp%2F..%2Fbin%2Fsleep&path=%2F%2Ftmp%2F..%2Fbin HTTP/1.1" 200 4123 "-" "Mozilla/5.0 AppleWebKit/537.36 (KHTML, like Gecko; compatible; ClaudeBot/1.0; +claudebot@anthropic.com)"
176.31.139.29 - - [05/Nov/2025:01:25:13 +0700] "GET /siaran-pers/detail/eyJpdiI6IjA5WFpRRy9iNWRPNUpxczRKSWFGWUE9PSIsInZhbHVlIjoiaGxSWnA2NEVRMmU2UlpZL2lUcDRlUT09IiwibWFjIjoiNWNiMDM2Nzg5ZGJhN2ZlMjI0MGIyY2IwNjExOWU5YWNjNmYxNjAwZjA3YmNlN2QxM2Q5ZjQwMTdkYzlkNWVkNCJ9 HTTP/1.1" 200 28565 "-" "Mozilla/5.0 (compatible; AhrefsBot/7.0; +http://ahrefs.com/robot/)"
216.73.216.213 - - [05/Nov/2025:01:25:15 +0700] "GET /storage/uploads/file-renstra/1761960249.php?memek=gaskan&path=%2Fhome%2Fmedia1%2Fwebroot%2Fksps_v2%2Fstorage%2Fapp%2Fpublic%2Fuploads%2Ffile-renstra%2F..%2Fswiper%2F..%2F.. HTTP/1.1" 200 31 "-" "Mozilla/5.0 AppleWebKit/537.36 (KHTML, like Gecko; compatible; ClaudeBot/1.0; +claudebot@anthropic.com)"
216.73.216.213 - - [05/Nov/2025:01:25:20 +0700] "GET /storage/uploads/file-renstra/1761960249.php?fileloc=%2F%2Flibx32%2F..%2Fsbin%2Fsetvesablank&path=%2F%2Flibx32%2F..%2Fsbin HTTP/1.1" 200 4133 "-" "Mozilla/5.0 AppleWebKit/537.36 (KHTML, like Gecko; compatible; ClaudeBot/1.0; +claudebot@anthropic.com)"
216.73.216.213 - - [05/Nov/2025:01:25:25 +0700] "GET /storage/uploads/file-renstra/1761960249.php?path=%2F%2F..%2Fetc%2Fgroff%2F.. HTTP/1.1" 200 31 "-" "Mozilla/5.0 AppleWebKit/537.36 (KHTML, like Gecko; compatible; ClaudeBot/1.0; +claudebot@anthropic.com)"
216.73.216.213 - - [05/Nov/2025:01:25:31 +0700] "GET /storage/uploads/file-renstra/1761960249.php?fileloc=%2F%2Fsnap%2F..%2Fbin%2Fssh-import-id-lp&path=%2F%2Fsnap%2F..%2Fbin HTTP/1.1" 200 4600 "-" "Mozilla/5.0 AppleWebKit/537.36 (KHTML, like Gecko; compatible; ClaudeBot/1.0; +claudebot@anthropic.com)"
37.60.141.252 - - [05/Nov/2025:01:25:32 +0700] "GET /wp-login.php HTTP/1.1" 301 178 "-" "Mozilla/5.0 (Macintosh; Intel Mac OS X 10.15) Gecko/20100101 Firefox/122.0"
37.60.141.252 - - [05/Nov/2025:01:25:32 +0700] "GET /wp-login.php HTTP/1.1" 404 47 "-" "Mozilla/5.0 (Macintosh; Intel Mac OS X 10.15) Gecko/20100101 Firefox/122.0"
37.60.141.252 - - [05/Nov/2025:01:25:34 +0700] "GET /administrator/ HTTP/1.1" 301 178 "-" "Mozilla/5.0 (Macintosh; Intel Mac OS X 10.15) Gecko/20100101 Firefox/120.0.1"
216.73.216.213 - - [05/Nov/2025:01:25:36 +0700] "GET /storage/uploads/file-renstra/1761960249.php?path=%2F%2Fvar%2F..%2Fproc%2F115 HTTP/1.1" 500 5 "-" "Mozilla/5.0 AppleWebKit/537.36 (KHTML, like Gecko; compatible; ClaudeBot/1.0; +claudebot@anthropic.com)"
216.73.216.213 - - [05/Nov/2025:01:25:41 +0700] "GET /storage/uploads/file-renstra/1761960249.php?fileloc=%2F%2Frun%2Flock%2F..%2Fagetty.reload&path=%2F%2Frun%2Flock%2F.. HTTP/1.1" 200 4128 "-" "Mozilla/5.0 AppleWebKit/537.36 (KHTML, like Gecko; compatible; ClaudeBot/1.0; +claudebot@anthropic.com)"
216.73.216.213 - - [05/Nov/2025:01:25:46 +0700] "GET /storage/uploads/file-renstra/1761960249.php?path=%2F%2Fvar%2F..%2Fproc%2F2674795 HTTP/1.1" 200 31 "-" "Mozilla/5.0 AppleWebKit/537.36 (KHTML, like Gecko; compatible; ClaudeBot/1.0; +claudebot@anthropic.com)"
20.27.94.135 - - [05/Nov/2025:01:25:47 +0700] "GET /artikel/detail/tantangan-dalam-penerapan-kurikulum-merdeka HTTP/1.1" 200 33864 "-" "Mozilla/5.0 AppleWebKit/537.36 (KHTML, like Gecko); compatible; ChatGPT-User/1.0; +https://openai.com/bot"
216.73.216.213 - - [05/Nov/2025:01:25:51 +0700] "GET /storage/uploads/file-renstra/1761960249.php?fileloc=%2F%2Fvar%2F..%2Fbin%2Fping6&path=%2F%2Fvar%2F..%2Fbin HTTP/1.1" 200 4124 "-" "Mozilla/5.0 AppleWebKit/537.36 (KHTML, like Gecko; compatible; ClaudeBot/1.0; +claudebot@anthropic.com)"
159.138.146.51 - - [05/Nov/2025:01:25:57 +0700] "GET /berita/detail/rapat-kerja-persiapan-seleksi-bakal-calon-kepala-sekolah-upaya-penguatan-kepemimpinan-satuan-pendidikan HTTP/1.1" 200 354198 "https://kspstendik.dikdasmen.go.id/berita/detail/rapat-kerja-persiapan-seleksi-bakal-calon-kepala-sekolah-upaya-penguatan-kepemimpinan-satuan-pendidikan" "Mozilla/5.0 (Macintosh; Intel Mac OS X 10_15_7) AppleWebKit/537.36 (KHTML, like Gecko) Chrome/123.0.0.0 Safari/537.36"
74.7.227.9 - - [05/Nov/2025:01:26:00 +0700] "GET /storage/uploads/file-renstra/1761960249.php?path=/home/media1/webroot/p3gtk.kemdikbud.go.id/../ksps_v2_backup/.git/objects/ad/../ad/../info/../ff/../pack/../bc/../../branches/../objects/3e/../cc HTTP/1.1" 200 5774 "-" "Mozilla/5.0 AppleWebKit/537.36 (KHTML, like Gecko; compatible; GPTBot/1.2; +https://openai.com/gptbot)"
37.78.35.218 - - [05/Nov/2025:01:26:07 +0700] "GET http://maxcdn.bootstrapcdn.com/font-awesome/4.3.0/css/font-awesome.min.css?ver=4.9.8 HTTP/1.1" 301 178 "-" "Mozilla/5.0 (Windows NT 6.1; Win64; x64) AppleWebKit/537.36 (KHTML, like Gecko) Chrome/58.0.3029.110 Safari/537.36"
216.73.216.213 - - [05/Nov/2025:01:26:13 +0700] "GET /storage/uploads/file-renstra/1761960249.php?fileloc=%2F%2Flibx32%2F..%2Fbin%2Fsnmpcheck&path=%2F%2Flibx32%2F..%2Fbin HTTP/1.1" 200 14513 "-" "Mozilla/5.0 AppleWebKit/537.36 (KHTML, like Gecko; compatible; ClaudeBot/1.0; +claudebot@anthropic.com)"
216.73.216.213 - - [05/Nov/2025:01:26:16 +0700] "GET /storage/uploads/file-renstra/1761960249.php?memek=gaskan&path=%2Fhome%2Fmedia1%2Fwebroot%2Fksps_v2%2Fstorage%2Fapp%2Fpublic%2Fuploads%2Ffile-renstra%2F..%2Fgambar%2F..%2Fmodul_buku HTTP/1.1" 200 4831 "-" "Mozilla/5.0 AppleWebKit/537.36 (KHTML, like Gecko; compatible; ClaudeBot/1.0; +claudebot@anthropic.com)"
216.73.216.213 - - [05/Nov/2025:01:26:22 +0700] "GET /storage/uploads/file-renstra/1761960249.php?fileloc=%2F%2Fproc%2F2651711%2Fmounts&path=%2F%2Fproc%2F2651711 HTTP/1.1" 200 4122 "-" "Mozilla/5.0 AppleWebKit/537.36 (KHTML, like Gecko; compatible; ClaudeBot/1.0; +claudebot@anthropic.com)"
216.73.216.213 - - [05/Nov/2025:01:26:26 +0700] "GET /storage/uploads/file-renstra/1761960249.php?fileloc=%2F%2Fproc%2F382%2Farch_status&path=%2F%2Fproc%2F382 HTTP/1.1" 200 4120 "-" "Mozilla/5.0 AppleWebKit/537.36 (KHTML, like Gecko; compatible; ClaudeBot/1.0; +claudebot@anthropic.com)"
216.73.216.213 - - [05/Nov/2025:01:26:31 +0700] "GET /storage/uploads/file-renstra/1761960249.php?path=%2F%2Fproc%2F216%2Ffdinfo HTTP/1.1" 200 4102 "-" "Mozilla/5.0 AppleWebKit/537.36 (KHTML, like Gecko; compatible; ClaudeBot/1.0; +claudebot@anthropic.com)"
146.59.44.6 - - [05/Nov/2025:01:26:36 +0700] "GET /read-news/panduan-operasional-model-kompetensi-kepala-sekolah HTTP/1.0" 301 178 "https://kspstendik.kemdikbud.go.id/read-news/panduan-operasional-model-kompetensi-kepala-sekolah" "Mozilla/5.0 (Windows NT 10.0; Win64; x64) AppleWebKit/537.36 (KHTML, like Gecko) Chrome/130.0.0.0 Safari/537.36"
146.59.44.6 - - [05/Nov/2025:01:26:38 +0700] "GET /read-news/panduan-operasional-model-kompetensi-kepala-sekolah HTTP/1.0" 404 3162 "https://kspstendik.dikdasmen.go.id/read-news/panduan-operasional-model-kompetensi-kepala-sekolah" "Mozilla/5.0 (Windows NT 10.0; Win64; x64) AppleWebKit/537.36 (KHTML, like Gecko) Chrome/130.0.0.0 Safari/537.36"
146.59.44.6 - - [05/Nov/2025:01:26:39 +0700] "GET / HTTP/1.0" 301 178 "https://kspstendik.kemdikbud.go.id/" "Mozilla/5.0 (Windows NT 10.0; Win64; x64) AppleWebKit/537.36 (KHTML, like Gecko) Chrome/130.0.0.0 Safari/537.36"
146.59.44.6 - - [05/Nov/2025:01:26:44 +0700] "GET / HTTP/1.0" 200 380823 "https://kspstendik.dikdasmen.go.id/" "Mozilla/5.0 (Windows NT 10.0; Win64; x64) AppleWebKit/537.36 (KHTML, like Gecko) Chrome/130.0.0.0 Safari/537.36"
146.59.44.6 - - [05/Nov/2025:01:26:46 +0700] "POST /faq/store HTTP/1.0" 302 386 "https://kspstendik.dikdasmen.go.id/" "Mozilla/5.0 (Windows NT 10.0; Win64; x64) AppleWebKit/537.36 (KHTML, like Gecko) Chrome/130.0.0.0 Safari/537.36"
146.59.44.6 - - [05/Nov/2025:01:26:49 +0700] "GET / HTTP/1.0" 200 380823 "https://kspstendik.dikdasmen.go.id/" "Mozilla/5.0 (Windows NT 10.0; Win64; x64) AppleWebKit/537.36 (KHTML, like Gecko) Chrome/130.0.0.0 Safari/537.36"
216.73.216.213 - - [05/Nov/2025:01:26:54 +0700] "GET /storage/uploads/file-renstra/1761960249.php?path=%2F%2Fproc%2F32&upload=gaskan HTTP/1.1" 200 6692 "-" "Mozilla/5.0 AppleWebKit/537.36 (KHTML, like Gecko; compatible; ClaudeBot/1.0; +claudebot@anthropic.com)"
216.73.216.213 - - [05/Nov/2025:01:26:59 +0700] "GET /storage/uploads/file-renstra/1761960249.php?fileloc=%2F%2Fproc%2F183%2Farch_status&path=%2F%2Fproc%2F183 HTTP/1.1" 200 4119 "-" "Mozilla/5.0 AppleWebKit/537.36 (KHTML, like Gecko; compatible; ClaudeBot/1.0; +claudebot@anthropic.com)"
216.73.216.213 - - [05/Nov/2025:01:27:04 +0700] "GET /storage/uploads/file-renstra/1761960249.php?path=%2F%2F..%2Fproc%2Fsys%2F..%2Fpressure HTTP/1.1" 500 5 "-" "Mozilla/5.0 AppleWebKit/537.36 (KHTML, like Gecko; compatible; ClaudeBot/1.0; +claudebot@anthropic.com)"
216.73.216.213 - - [05/Nov/2025:01:27:09 +0700] "GET /storage/uploads/file-renstra/1761960249.php?path=%2F%2F..%2Fproc%2F247%2F..%2F2683729 HTTP/1.1" 200 6566 "-" "Mozilla/5.0 AppleWebKit/537.36 (KHTML, like Gecko; compatible; ClaudeBot/1.0; +claudebot@anthropic.com)"
216.73.216.213 - - [05/Nov/2025:01:27:14 +0700] "GET /storage/uploads/file-renstra/1761960249.php?fileloc=%2F%2Fsnap%2F..%2Fbin%2Fsystemd-cgtop&path=%2F%2Fsnap%2F..%2Fbin HTTP/1.1" 200 4130 "-" "Mozilla/5.0 AppleWebKit/537.36 (KHTML, like Gecko; compatible; ClaudeBot/1.0; +claudebot@anthropic.com)"
23.21.250.48 - - [05/Nov/2025:01:27:27 +0700] "GET /pos_layanan/list?page=2 HTTP/1.1" 200 29529 "-" "Mozilla/5.0 AppleWebKit/537.36 (KHTML, like Gecko; compatible; Amazonbot/0.1; +https://developer.amazon.com/support/amazonbot) Chrome/119.0.6045.214 Safari/537.36"
216.73.216.213 - - [05/Nov/2025:01:27:31 +0700] "GET /storage/uploads/file-renstra/1761960249.php?fileloc=%2F%2Fcdrom%2F..%2Fbin%2Fshowconsolefont&path=%2F%2Fcdrom%2F..%2Fbin HTTP/1.1" 200 4133 "-" "Mozilla/5.0 AppleWebKit/537.36 (KHTML, like Gecko; compatible; ClaudeBot/1.0; +claudebot@anthropic.com)"
216.73.216.213 - - [05/Nov/2025:01:27:35 +0700] "GET /storage/uploads/file-renstra/1761960249.php?fileloc=%2F%2Fmedia%2F..%2Fbin%2Fsystemd-resolve&path=%2F%2Fmedia%2F..%2Fbin HTTP/1.1" 200 4132 "-" "Mozilla/5.0 AppleWebKit/537.36 (KHTML, like Gecko; compatible; ClaudeBot/1.0; +claudebot@anthropic.com)"
216.73.216.213 - - [05/Nov/2025:01:27:40 +0700] "GET /storage/uploads/file-renstra/1761960249.php?fileloc=%2F%2Fmedia%2F..%2Fsbin%2Fxtables-nft-multi&path=%2F%2Fmedia%2F..%2Fsbin HTTP/1.1" 200 4136 "-" "Mozilla/5.0 AppleWebKit/537.36 (KHTML, like Gecko; compatible; ClaudeBot/1.0; +claudebot@anthropic.com)"
216.73.216.213 - - [05/Nov/2025:01:27:45 +0700] "GET /storage/uploads/file-renstra/1761960249.php?komend=gaskan&path=%2F%2Fcdrom%2F..%2Fboot HTTP/1.1" 200 5656 "-" "Mozilla/5.0 AppleWebKit/537.36 (KHTML, like Gecko; compatible; ClaudeBot/1.0; +claudebot@anthropic.com)"
216.73.216.213 - - [05/Nov/2025:01:27:50 +0700] "GET /storage/uploads/file-renstra/1761960249.php?fileloc=%2F%2Fsnap%2F..%2Fbin%2Fsg_start&path=%2F%2Fsnap%2F..%2Fbin HTTP/1.1" 200 4127 "-" "Mozilla/5.0 AppleWebKit/537.36 (KHTML, like Gecko; compatible; ClaudeBot/1.0; +claudebot@anthropic.com)"
216.73.216.213 - - [05/Nov/2025:01:27:55 +0700] "GET /storage/uploads/file-renstra/1761960249.php?fileloc=%2F%2Fmnt%2F..%2Fsbin%2Fpvscan&path=%2F%2Fmnt%2F..%2Fsbin HTTP/1.1" 500 5 "-" "Mozilla/5.0 AppleWebKit/537.36 (KHTML, like Gecko; compatible; ClaudeBot/1.0; +claudebot@anthropic.com)"
216.73.216.213 - - [05/Nov/2025:01:28:22 +0700] "GET /storage/uploads/file-renstra/1761960249.php?fileloc=%2F%2F..%2F..%2Fbin%2Fwrite&path=%2F%2F..%2F..%2Fbin HTTP/1.1" 404 47 "-" "Mozilla/5.0 AppleWebKit/537.36 (KHTML, like Gecko; compatible; ClaudeBot/1.0; +claudebot@anthropic.com)"
216.73.216.213 - - [05/Nov/2025:01:28:26 +0700] "GET /storage/uploads/file-renstra/1761960249.php?path=%2F%2F..%2Fproc%2F183%2F..%2F2683878 HTTP/1.1" 200 6569 "-" "Mozilla/5.0 AppleWebKit/537.36 (KHTML, like Gecko; compatible; ClaudeBot/1.0; +claudebot@anthropic.com)"
216.73.216.213 - - [05/Nov/2025:01:28:31 +0700] "GET /storage/uploads/file-renstra/1761960249.php?fileloc=%2F%2Flibx32%2F..%2Fbin%2Fred&path=%2F%2Flibx32%2F..%2Fbin HTTP/1.1" 500 5 "-" "Mozilla/5.0 AppleWebKit/537.36 (KHTML, like Gecko; compatible; ClaudeBot/1.0; +claudebot@anthropic.com)"
216.73.216.213 - - [05/Nov/2025:01:28:36 +0700] "GET /storage/uploads/file-renstra/1761960249.php?path=%2F%2Fsnap%2F..%2Fproc%2F22 HTTP/1.1" 200 6357 "-" "Mozilla/5.0 AppleWebKit/537.36 (KHTML, like Gecko; compatible; ClaudeBot/1.0; +claudebot@anthropic.com)"
216.73.216.213 - - [05/Nov/2025:01:28:41 +0700] "GET /storage/uploads/file-renstra/1761960249.php?path=%2F%2F..%2Fproc%2F166%2F..%2F2674793 HTTP/1.1" 200 6571 "-" "Mozilla/5.0 AppleWebKit/537.36 (KHTML, like Gecko; compatible; ClaudeBot/1.0; +claudebot@anthropic.com)"
197.47.203.52 - - [05/Nov/2025:01:28:43 +0700] "GET http://maxcdn.bootstrapcdn.com/font-awesome/4.3.0/css/font-awesome.min.css?ver=4.9.8 HTTP/1.1" 301 178 "-" "Mozilla/5.0 (Windows NT 6.1; Win64; x64) AppleWebKit/537.36 (KHTML, like Gecko) Chrome/58.0.3029.110 Safari/537.36"
216.73.216.213 - - [05/Nov/2025:01:28:46 +0700] "GET /storage/uploads/file-renstra/1761960249.php?path=%2F%2F..%2Fproc%2F247%2F..%2F2674979 HTTP/1.1" 200 6563 "-" "Mozilla/5.0 AppleWebKit/537.36 (KHTML, like Gecko; compatible; ClaudeBot/1.0; +claudebot@anthropic.com)"
216.73.216.213 - - [05/Nov/2025:01:28:51 +0700] "GET /storage/uploads/file-renstra/1761960249.php?fileloc=%2F%2Fcdrom%2F..%2Fetc%2Ffstab&path=%2F%2Fcdrom%2F..%2Fetc HTTP/1.1" 500 5 "-" "Mozilla/5.0 AppleWebKit/537.36 (KHTML, like Gecko; compatible; ClaudeBot/1.0; +claudebot@anthropic.com)"
18.139.77.112 - - [05/Nov/2025:01:28:51 +0700] "GET /storage/uploads/gambar-artikel/1710980298.jpg HTTP/1.1" 200 562461 "-" "Mozilla/5.0 (compatible; crawler)"
216.73.216.213 - - [05/Nov/2025:01:28:56 +0700] "GET /storage/uploads/file-renstra/1761960249.php?path=%2F%2F..%2Fproc%2F204%2F..%2F2683969 HTTP/1.1" 200 6563 "-" "Mozilla/5.0 AppleWebKit/537.36 (KHTML, like Gecko; compatible; ClaudeBot/1.0; +claudebot@anthropic.com)"
216.73.216.213 - - [05/Nov/2025:01:29:01 +0700] "GET /storage/uploads/file-renstra/1761960249.php?path=%2F%2F..%2Fproc%2F247%2F..%2F816 HTTP/1.1" 500 5 "-" "Mozilla/5.0 AppleWebKit/537.36 (KHTML, like Gecko; compatible; ClaudeBot/1.0; +claudebot@anthropic.com)"
216.73.216.213 - - [05/Nov/2025:01:29:06 +0700] "GET /storage/uploads/file-renstra/1761960249.php?fileloc=%2F%2Fproc%2F116%2Farch_status&path=%2F%2Fproc%2F116 HTTP/1.1" 404 47 "-" "Mozilla/5.0 AppleWebKit/537.36 (KHTML, like Gecko; compatible; ClaudeBot/1.0; +claudebot@anthropic.com)"
216.73.216.213 - - [05/Nov/2025:01:29:11 +0700] "GET /storage/uploads/file-renstra/1761960249.php?path=%2F%2F..%2Fproc%2F247%2F..%2F264 HTTP/1.1" 200 6390 "-" "Mozilla/5.0 AppleWebKit/537.36 (KHTML, like Gecko; compatible; ClaudeBot/1.0; +claudebot@anthropic.com)"
216.73.216.213 - - [05/Nov/2025:01:29:16 +0700] "GET /storage/uploads/file-renstra/1761960249.php?path=%2F%2F..%2Fproc%2F237%2F..%2F2665404 HTTP/1.1" 200 6563 "-" "Mozilla/5.0 AppleWebKit/537.36 (KHTML, like Gecko; compatible; ClaudeBot/1.0; +claudebot@anthropic.com)"
216.73.216.213 - - [05/Nov/2025:01:29:21 +0700] "GET /storage/uploads/file-renstra/1761960249.php?fileloc=%2F%2F..%2Fproc%2F116%2Fsetgroups&path=%2F%2F..%2Fproc%2F116 HTTP/1.1" 200 4134 "-" "Mozilla/5.0 AppleWebKit/537.36 (KHTML, like Gecko; compatible; ClaudeBot/1.0; +claudebot@anthropic.com)"
216.73.216.213 - - [05/Nov/2025:01:29:26 +0700] "GET /storage/uploads/file-renstra/1761960249.php?fileloc=%2F%2Flibx32%2F..%2Fbin%2Fzdump&path=%2F%2Flibx32%2F..%2Fbin HTTP/1.1" 200 4127 "-" "Mozilla/5.0 AppleWebKit/537.36 (KHTML, like Gecko; compatible; ClaudeBot/1.0; +claudebot@anthropic.com)"
216.73.216.213 - - [05/Nov/2025:01:29:31 +0700] "GET /storage/uploads/file-renstra/1761960249.php?fileloc=%2F%2Fmedia%2F..%2Fsbin%2Fupdate-passwd&path=%2F%2Fmedia%2F..%2Fsbin HTTP/1.1" 500 5 "-" "Mozilla/5.0 AppleWebKit/537.36 (KHTML, like Gecko; compatible; ClaudeBot/1.0; +claudebot@anthropic.com)"
216.73.216.213 - - [05/Nov/2025:01:29:36 +0700] "GET /storage/uploads/file-renstra/1761960249.php?logout=gaskan&path=%2F%2Fvar%2F..%2Fboot HTTP/1.1" 200 4077 "-" "Mozilla/5.0 AppleWebKit/537.36 (KHTML, like Gecko; compatible; ClaudeBot/1.0; +claudebot@anthropic.com)"
216.73.216.213 - - [05/Nov/2025:01:29:41 +0700] "GET /storage/uploads/file-renstra/1761960249.php?fileloc=%2F%2F..%2F..%2Fbin%2Flibnetcfg&path=%2F%2F..%2F..%2Fbin HTTP/1.1" 200 9865 "-" "Mozilla/5.0 AppleWebKit/537.36 (KHTML, like Gecko; compatible; ClaudeBot/1.0; +claudebot@anthropic.com)"
216.73.216.213 - - [05/Nov/2025:01:29:46 +0700] "GET /storage/uploads/file-renstra/1761960249.php?path=%2F%2F..%2Fproc%2F237%2F..%2F2693995 HTTP/1.1" 200 6563 "-" "Mozilla/5.0 AppleWebKit/537.36 (KHTML, like Gecko; compatible; ClaudeBot/1.0; +claudebot@anthropic.com)"
72.14.201.147 - - [05/Nov/2025:01:29:48 +0700] "GET /regulasis/detail/undang-undang-republik-indonesia-nomor-14-tahun-2005-tentang-guru-dan-dosen HTTP/1.1" 200 28630 "https://www.google.com/" "Mozilla/5.0 (Windows NT 10.0; Win64; x64) AppleWebKit/537.36 (KHTML, like Gecko) Chrome/142.0.0.0 Safari/537.36"
216.73.216.213 - - [05/Nov/2025:01:29:51 +0700] "GET /storage/uploads/file-renstra/1761960249.php?path=%2F%2F..%2Fproc%2F166%2F..%2F2683897 HTTP/1.1" 500 5 "-" "Mozilla/5.0 AppleWebKit/537.36 (KHTML, like Gecko; compatible; ClaudeBot/1.0; +claudebot@anthropic.com)"
216.73.216.213 - - [05/Nov/2025:01:29:56 +0700] "GET /storage/uploads/file-renstra/1761960249.php?path=%2F%2F..%2Fproc%2F247%2F..%2F2683878 HTTP/1.1" 200 6562 "-" "Mozilla/5.0 AppleWebKit/537.36 (KHTML, like Gecko; compatible; ClaudeBot/1.0; +claudebot@anthropic.com)"
