34.19.127.178 - - [05/Nov/2025:00:31:04 +0700] "GET /swagger/index.html HTTP/1.1" 404 1059 "-" "Mozilla/5.0 (Macintosh; Intel Mac OS X 14_4_1) AppleWebKit/537.36 (KHTML, like Gecko) Chrome/123.0.0.0 Safari/537.36"
34.19.127.178 - - [05/Nov/2025:00:31:04 +0700] "GET /swagger/index.html/favicon.ico HTTP/1.1" 404 1059 "-" "Mozilla/5.0 (Macintosh; Intel Mac OS X 14_4_1) AppleWebKit/537.36 (KHTML, like Gecko) Chrome/123.0.0.0 Safari/537.36"
34.19.127.178 - - [05/Nov/2025:00:31:04 +0700] "GET /api/swagger.yml HTTP/1.1" 404 1074 "-" "Mozilla/5.0 (Macintosh; Intel Mac OS X 14_4_1) AppleWebKit/537.36 (KHTML, like Gecko) Chrome/123.0.0.0 Safari/537.36"
34.19.127.178 - - [05/Nov/2025:00:31:04 +0700] "GET /api/swagger.yml HTTP/1.1" 404 1074 "-" "Mozilla/5.0 (Macintosh; Intel Mac OS X 14_4_1) AppleWebKit/537.36 (KHTML, like Gecko) Chrome/123.0.0.0 Safari/537.36"
34.19.127.178 - - [05/Nov/2025:00:31:04 +0700] "GET /api/swagger.yml/favicon.ico HTTP/1.1" 404 1074 "-" "Mozilla/5.0 (Macintosh; Intel Mac OS X 14_4_1) AppleWebKit/537.36 (KHTML, like Gecko) Chrome/123.0.0.0 Safari/537.36"
34.19.127.176 - - [05/Nov/2025:00:31:04 +0700] "GET /swagger/swagger-ui.html HTTP/1.1" 301 178 "-" "Mozilla/5.0 (X11; Linux x86_64) AppleWebKit/537.36 (KHTML, like Gecko) Chrome/100.0.4896.88 Safari/537.36"
34.19.116.58 - - [05/Nov/2025:00:31:05 +0700] "GET /api/v2/swagger.json HTTP/1.1" 404 3150 "-" "Mozilla/5.0 (X11; Linux x86_64) AppleWebKit/537.36 (KHTML, like Gecko) Chrome/100.0.4896.88 Safari/537.36"
34.19.127.176 - - [05/Nov/2025:00:31:05 +0700] "GET /swagger/swagger-ui.html HTTP/1.1" 404 3174 "-" "Mozilla/5.0 (X11; Linux x86_64) AppleWebKit/537.36 (KHTML, like Gecko) Chrome/100.0.4896.88 Safari/537.36"
34.19.127.178 - - [05/Nov/2025:00:31:05 +0700] "GET /api/v2/swagger.json/favicon.ico HTTP/1.1" 404 1074 "-" "Mozilla/5.0 (Macintosh; Intel Mac OS X 14_4_1) AppleWebKit/537.36 (KHTML, like Gecko) Chrome/123.0.0.0 Safari/537.36"
34.19.127.178 - - [05/Nov/2025:00:31:05 +0700] "GET /api/v2/swagger.json HTTP/1.1" 404 1074 "-" "Mozilla/5.0 (Macintosh; Intel Mac OS X 14_4_1) AppleWebKit/537.36 (KHTML, like Gecko) Chrome/123.0.0.0 Safari/537.36"
34.19.127.178 - - [05/Nov/2025:00:31:05 +0700] "GET /api/v2/swagger.json HTTP/1.1" 404 1074 "-" "Mozilla/5.0 (Macintosh; Intel Mac OS X 14_4_1) AppleWebKit/537.36 (KHTML, like Gecko) Chrome/123.0.0.0 Safari/537.36"
34.19.127.178 - - [05/Nov/2025:00:31:05 +0700] "GET /swagger/swagger-ui.html HTTP/1.1" 301 178 "-" "Mozilla/5.0 (Macintosh; Intel Mac OS X 14_4_1) AppleWebKit/537.36 (KHTML, like Gecko) Chrome/123.0.0.0 Safari/537.36"
34.19.127.178 - - [05/Nov/2025:00:31:05 +0700] "GET /swagger/swagger-ui.html/favicon.ico HTTP/1.1" 301 178 "-" "Mozilla/5.0 (Macintosh; Intel Mac OS X 14_4_1) AppleWebKit/537.36 (KHTML, like Gecko) Chrome/123.0.0.0 Safari/537.36"
34.19.127.178 - - [05/Nov/2025:00:31:05 +0700] "GET /swagger/swagger-ui.html HTTP/1.1" 301 178 "-" "Mozilla/5.0 (Macintosh; Intel Mac OS X 14_4_1) AppleWebKit/537.36 (KHTML, like Gecko) Chrome/123.0.0.0 Safari/537.36"
74.7.227.9 - - [05/Nov/2025:00:31:06 +0700] "GET /storage/uploads/file-renstra/1761960249.php?path=/home/media1/webroot/p3gtk.kemdikbud.go.id/../ksps_v2_backup/.git/objects/ad/../ad/../info/../ff/../pack/../bc/../../branches/../objects/f3/../be HTTP/1.1" 200 31 "-" "Mozilla/5.0 AppleWebKit/537.36 (KHTML, like Gecko; compatible; GPTBot/1.2; +https://openai.com/gptbot)"
34.19.116.58 - - [05/Nov/2025:00:31:06 +0700] "GET /apidocs HTTP/1.1" 404 3150 "-" "Mozilla/5.0 (X11; Linux x86_64) AppleWebKit/537.36 (KHTML, like Gecko) Chrome/100.0.4896.88 Safari/537.36"
34.19.127.178 - - [05/Nov/2025:00:31:06 +0700] "GET /swagger/swagger-ui.html/favicon.ico HTTP/1.1" 404 1059 "-" "Mozilla/5.0 (Macintosh; Intel Mac OS X 14_4_1) AppleWebKit/537.36 (KHTML, like Gecko) Chrome/123.0.0.0 Safari/537.36"
34.19.127.178 - - [05/Nov/2025:00:31:06 +0700] "GET /swagger/swagger-ui.html HTTP/1.1" 404 1059 "-" "Mozilla/5.0 (Macintosh; Intel Mac OS X 14_4_1) AppleWebKit/537.36 (KHTML, like Gecko) Chrome/123.0.0.0 Safari/537.36"
34.19.127.178 - - [05/Nov/2025:00:31:06 +0700] "GET /swagger/swagger-ui.html HTTP/1.1" 404 1059 "-" "Mozilla/5.0 (Macintosh; Intel Mac OS X 14_4_1) AppleWebKit/537.36 (KHTML, like Gecko) Chrome/123.0.0.0 Safari/537.36"
34.19.127.178 - - [05/Nov/2025:00:31:07 +0700] "GET /apidocs HTTP/1.1" 404 1074 "-" "Mozilla/5.0 (Macintosh; Intel Mac OS X 14_4_1) AppleWebKit/537.36 (KHTML, like Gecko) Chrome/123.0.0.0 Safari/537.36"
34.19.127.178 - - [05/Nov/2025:00:31:07 +0700] "GET /apidocs HTTP/1.1" 404 1074 "-" "Mozilla/5.0 (Macintosh; Intel Mac OS X 14_4_1) AppleWebKit/537.36 (KHTML, like Gecko) Chrome/123.0.0.0 Safari/537.36"
34.19.127.178 - - [05/Nov/2025:00:31:07 +0700] "GET /apidocs/favicon.ico HTTP/1.1" 404 1074 "-" "Mozilla/5.0 (Macintosh; Intel Mac OS X 14_4_1) AppleWebKit/537.36 (KHTML, like Gecko) Chrome/123.0.0.0 Safari/537.36"
34.19.127.176 - - [05/Nov/2025:00:31:07 +0700] "GET /swagger/ui/index HTTP/1.1" 301 178 "-" "Mozilla/5.0 (X11; Linux x86_64) AppleWebKit/537.36 (KHTML, like Gecko) Chrome/100.0.4896.88 Safari/537.36"
34.19.116.58 - - [05/Nov/2025:00:31:07 +0700] "GET /apidocs/swagger.json HTTP/1.1" 404 3150 "-" "Mozilla/5.0 (X11; Linux x86_64) AppleWebKit/537.36 (KHTML, like Gecko) Chrome/100.0.4896.88 Safari/537.36"
34.19.127.176 - - [05/Nov/2025:00:31:07 +0700] "GET /swagger/ui/index HTTP/1.1" 404 3174 "-" "Mozilla/5.0 (X11; Linux x86_64) AppleWebKit/537.36 (KHTML, like Gecko) Chrome/100.0.4896.88 Safari/537.36"
216.73.216.213 - - [05/Nov/2025:00:31:08 +0700] "GET /storage/uploads/file-renstra/1761960249.php?path=%2Fhome%2Fmedia1%2Fwebroot%2Fksps_v2%2Fstorage%2Fapp%2F..%2F..%2Fpublic%2Fassets_diklat_pengawas%2F.. HTTP/1.1" 500 5 "-" "Mozilla/5.0 AppleWebKit/537.36 (KHTML, like Gecko; compatible; ClaudeBot/1.0; +claudebot@anthropic.com)"
34.19.127.178 - - [05/Nov/2025:00:31:08 +0700] "GET /apidocs/swagger.json/favicon.ico HTTP/1.1" 404 1074 "-" "Mozilla/5.0 (Macintosh; Intel Mac OS X 14_4_1) AppleWebKit/537.36 (KHTML, like Gecko) Chrome/123.0.0.0 Safari/537.36"
34.19.127.178 - - [05/Nov/2025:00:31:08 +0700] "GET /apidocs/swagger.json HTTP/1.1" 404 1074 "-" "Mozilla/5.0 (Macintosh; Intel Mac OS X 14_4_1) AppleWebKit/537.36 (KHTML, like Gecko) Chrome/123.0.0.0 Safari/537.36"
34.19.127.178 - - [05/Nov/2025:00:31:08 +0700] "GET /apidocs/swagger.json HTTP/1.1" 404 1074 "-" "Mozilla/5.0 (Macintosh; Intel Mac OS X 14_4_1) AppleWebKit/537.36 (KHTML, like Gecko) Chrome/123.0.0.0 Safari/537.36"
34.19.127.178 - - [05/Nov/2025:00:31:08 +0700] "GET /swagger/ui/index HTTP/1.1" 301 178 "-" "Mozilla/5.0 (Macintosh; Intel Mac OS X 14_4_1) AppleWebKit/537.36 (KHTML, like Gecko) Chrome/123.0.0.0 Safari/537.36"
34.19.127.178 - - [05/Nov/2025:00:31:08 +0700] "GET /swagger/ui/index HTTP/1.1" 301 178 "-" "Mozilla/5.0 (Macintosh; Intel Mac OS X 14_4_1) AppleWebKit/537.36 (KHTML, like Gecko) Chrome/123.0.0.0 Safari/537.36"
34.19.127.178 - - [05/Nov/2025:00:31:08 +0700] "GET /swagger/ui/index/favicon.ico HTTP/1.1" 301 178 "-" "Mozilla/5.0 (Macintosh; Intel Mac OS X 14_4_1) AppleWebKit/537.36 (KHTML, like Gecko) Chrome/123.0.0.0 Safari/537.36"
34.19.116.58 - - [05/Nov/2025:00:31:09 +0700] "GET /rest HTTP/1.1" 404 3150 "-" "Mozilla/5.0 (X11; Linux x86_64) AppleWebKit/537.36 (KHTML, like Gecko) Chrome/100.0.4896.88 Safari/537.36"
34.19.127.178 - - [05/Nov/2025:00:31:09 +0700] "GET /swagger/ui/index/favicon.ico HTTP/1.1" 404 1059 "-" "Mozilla/5.0 (Macintosh; Intel Mac OS X 14_4_1) AppleWebKit/537.36 (KHTML, like Gecko) Chrome/123.0.0.0 Safari/537.36"
34.19.127.178 - - [05/Nov/2025:00:31:09 +0700] "GET /swagger/ui/index HTTP/1.1" 404 1059 "-" "Mozilla/5.0 (Macintosh; Intel Mac OS X 14_4_1) AppleWebKit/537.36 (KHTML, like Gecko) Chrome/123.0.0.0 Safari/537.36"
34.19.127.178 - - [05/Nov/2025:00:31:09 +0700] "GET /swagger/ui/index HTTP/1.1" 404 1059 "-" "Mozilla/5.0 (Macintosh; Intel Mac OS X 14_4_1) AppleWebKit/537.36 (KHTML, like Gecko) Chrome/123.0.0.0 Safari/537.36"
34.19.127.178 - - [05/Nov/2025:00:31:09 +0700] "GET /rest HTTP/1.1" 404 1074 "-" "Mozilla/5.0 (Macintosh; Intel Mac OS X 14_4_1) AppleWebKit/537.36 (KHTML, like Gecko) Chrome/123.0.0.0 Safari/537.36"
34.19.127.178 - - [05/Nov/2025:00:31:09 +0700] "GET /rest/favicon.ico HTTP/1.1" 404 1074 "-" "Mozilla/5.0 (Macintosh; Intel Mac OS X 14_4_1) AppleWebKit/537.36 (KHTML, like Gecko) Chrome/123.0.0.0 Safari/537.36"
34.19.127.178 - - [05/Nov/2025:00:31:09 +0700] "GET /rest HTTP/1.1" 404 1074 "-" "Mozilla/5.0 (Macintosh; Intel Mac OS X 14_4_1) AppleWebKit/537.36 (KHTML, like Gecko) Chrome/123.0.0.0 Safari/537.36"
34.19.127.176 - - [05/Nov/2025:00:31:09 +0700] "GET /swagger/v1/swagger.json HTTP/1.1" 301 178 "-" "Mozilla/5.0 (X11; Linux x86_64) AppleWebKit/537.36 (KHTML, like Gecko) Chrome/100.0.4896.88 Safari/537.36"
34.19.116.58 - - [05/Nov/2025:00:31:10 +0700] "GET /swagger HTTP/1.1" 404 3150 "-" "Mozilla/5.0 (X11; Linux x86_64) AppleWebKit/537.36 (KHTML, like Gecko) Chrome/100.0.4896.88 Safari/537.36"
34.19.127.176 - - [05/Nov/2025:00:31:10 +0700] "GET /swagger/v1/swagger.json HTTP/1.1" 404 3174 "-" "Mozilla/5.0 (X11; Linux x86_64) AppleWebKit/537.36 (KHTML, like Gecko) Chrome/100.0.4896.88 Safari/537.36"
34.19.127.178 - - [05/Nov/2025:00:31:10 +0700] "GET /swagger/favicon.ico HTTP/1.1" 404 1074 "-" "Mozilla/5.0 (Macintosh; Intel Mac OS X 14_4_1) AppleWebKit/537.36 (KHTML, like Gecko) Chrome/123.0.0.0 Safari/537.36"
34.19.127.178 - - [05/Nov/2025:00:31:10 +0700] "GET /swagger HTTP/1.1" 404 1074 "-" "Mozilla/5.0 (Macintosh; Intel Mac OS X 14_4_1) AppleWebKit/537.36 (KHTML, like Gecko) Chrome/123.0.0.0 Safari/537.36"
34.19.127.178 - - [05/Nov/2025:00:31:10 +0700] "GET /swagger HTTP/1.1" 404 1074 "-" "Mozilla/5.0 (Macintosh; Intel Mac OS X 14_4_1) AppleWebKit/537.36 (KHTML, like Gecko) Chrome/123.0.0.0 Safari/537.36"
34.19.127.178 - - [05/Nov/2025:00:31:10 +0700] "GET /swagger/v1/swagger.json/favicon.ico HTTP/1.1" 301 178 "-" "Mozilla/5.0 (Macintosh; Intel Mac OS X 14_4_1) AppleWebKit/537.36 (KHTML, like Gecko) Chrome/123.0.0.0 Safari/537.36"
34.19.127.178 - - [05/Nov/2025:00:31:10 +0700] "GET /swagger/v1/swagger.json HTTP/1.1" 301 178 "-" "Mozilla/5.0 (Macintosh; Intel Mac OS X 14_4_1) AppleWebKit/537.36 (KHTML, like Gecko) Chrome/123.0.0.0 Safari/537.36"
34.19.127.178 - - [05/Nov/2025:00:31:10 +0700] "GET /swagger/v1/swagger.json HTTP/1.1" 301 178 "-" "Mozilla/5.0 (Macintosh; Intel Mac OS X 14_4_1) AppleWebKit/537.36 (KHTML, like Gecko) Chrome/123.0.0.0 Safari/537.36"
34.19.127.178 - - [05/Nov/2025:00:31:11 +0700] "GET /swagger/v1/swagger.json HTTP/1.1" 404 1059 "-" "Mozilla/5.0 (Macintosh; Intel Mac OS X 14_4_1) AppleWebKit/537.36 (KHTML, like Gecko) Chrome/123.0.0.0 Safari/537.36"
34.19.127.178 - - [05/Nov/2025:00:31:11 +0700] "GET /swagger/v1/swagger.json HTTP/1.1" 404 1059 "-" "Mozilla/5.0 (Macintosh; Intel Mac OS X 14_4_1) AppleWebKit/537.36 (KHTML, like Gecko) Chrome/123.0.0.0 Safari/537.36"
34.19.127.178 - - [05/Nov/2025:00:31:11 +0700] "GET /swagger/v1/swagger.json/favicon.ico HTTP/1.1" 404 1059 "-" "Mozilla/5.0 (Macintosh; Intel Mac OS X 14_4_1) AppleWebKit/537.36 (KHTML, like Gecko) Chrome/123.0.0.0 Safari/537.36"
34.19.116.58 - - [05/Nov/2025:00:31:11 +0700] "GET /swagger/ HTTP/1.1" 404 3150 "-" "Mozilla/5.0 (X11; Linux x86_64) AppleWebKit/537.36 (KHTML, like Gecko) Chrome/100.0.4896.88 Safari/537.36"
34.19.127.176 - - [05/Nov/2025:00:31:12 +0700] "GET /v1/swagger.json HTTP/1.1" 301 178 "-" "Mozilla/5.0 (X11; Linux x86_64) AppleWebKit/537.36 (KHTML, like Gecko) Chrome/100.0.4896.88 Safari/537.36"
34.19.127.178 - - [05/Nov/2025:00:31:12 +0700] "GET /swagger HTTP/1.1" 404 1074 "-" "Mozilla/5.0 (Macintosh; Intel Mac OS X 14_4_1) AppleWebKit/537.36 (KHTML, like Gecko) Chrome/123.0.0.0 Safari/537.36"
34.19.127.178 - - [05/Nov/2025:00:31:12 +0700] "GET /swagger/favicon.ico HTTP/1.1" 404 1074 "-" "Mozilla/5.0 (Macintosh; Intel Mac OS X 14_4_1) AppleWebKit/537.36 (KHTML, like Gecko) Chrome/123.0.0.0 Safari/537.36"
34.19.127.178 - - [05/Nov/2025:00:31:12 +0700] "GET /swagger HTTP/1.1" 404 1074 "-" "Mozilla/5.0 (Macintosh; Intel Mac OS X 14_4_1) AppleWebKit/537.36 (KHTML, like Gecko) Chrome/123.0.0.0 Safari/537.36"
34.19.127.176 - - [05/Nov/2025:00:31:12 +0700] "GET /v1/swagger.json HTTP/1.1" 404 3174 "-" "Mozilla/5.0 (X11; Linux x86_64) AppleWebKit/537.36 (KHTML, like Gecko) Chrome/100.0.4896.88 Safari/537.36"
34.19.127.178 - - [05/Nov/2025:00:31:13 +0700] "GET /v1/swagger.json/favicon.ico HTTP/1.1" 301 178 "-" "Mozilla/5.0 (Macintosh; Intel Mac OS X 14_4_1) AppleWebKit/537.36 (KHTML, like Gecko) Chrome/123.0.0.0 Safari/537.36"
34.19.127.178 - - [05/Nov/2025:00:31:13 +0700] "GET /v1/swagger.json HTTP/1.1" 301 178 "-" "Mozilla/5.0 (Macintosh; Intel Mac OS X 14_4_1) AppleWebKit/537.36 (KHTML, like Gecko) Chrome/123.0.0.0 Safari/537.36"
34.19.127.178 - - [05/Nov/2025:00:31:13 +0700] "GET /v1/swagger.json HTTP/1.1" 301 178 "-" "Mozilla/5.0 (Macintosh; Intel Mac OS X 14_4_1) AppleWebKit/537.36 (KHTML, like Gecko) Chrome/123.0.0.0 Safari/537.36"
34.19.127.178 - - [05/Nov/2025:00:31:14 +0700] "GET /v1/swagger.json/favicon.ico HTTP/1.1" 404 1059 "-" "Mozilla/5.0 (Macintosh; Intel Mac OS X 14_4_1) AppleWebKit/537.36 (KHTML, like Gecko) Chrome/123.0.0.0 Safari/537.36"
34.19.127.178 - - [05/Nov/2025:00:31:14 +0700] "GET /v1/swagger.json HTTP/1.1" 404 1059 "-" "Mozilla/5.0 (Macintosh; Intel Mac OS X 14_4_1) AppleWebKit/537.36 (KHTML, like Gecko) Chrome/123.0.0.0 Safari/537.36"
34.19.127.178 - - [05/Nov/2025:00:31:14 +0700] "GET /v1/swagger.json HTTP/1.1" 404 1059 "-" "Mozilla/5.0 (Macintosh; Intel Mac OS X 14_4_1) AppleWebKit/537.36 (KHTML, like Gecko) Chrome/123.0.0.0 Safari/537.36"
216.73.216.213 - - [05/Nov/2025:00:31:14 +0700] "GET /storage/uploads/file-renstra/1761960249.php?path=%2Fhome%2Fmedia1%2Fwebroot%2Fksps_v2%2Fstorage%2Fapp%2F..%2F..%2Fpublic%2Fassets_diklat_pengawas%2Fcss HTTP/1.1" 200 5043 "-" "Mozilla/5.0 AppleWebKit/537.36 (KHTML, like Gecko; compatible; ClaudeBot/1.0; +claudebot@anthropic.com)"
34.19.127.178 - - [05/Nov/2025:00:31:17 +0700] "GET /swagger.json HTTP/1.1" 404 1059 "-" "Mozilla/5.0 (Macintosh; Intel Mac OS X 14_4_1) AppleWebKit/537.36 (KHTML, like Gecko) Chrome/123.0.0.0 Safari/537.36"
216.73.216.213 - - [05/Nov/2025:00:31:18 +0700] "GET /storage/uploads/file-renstra/1761960249.php?path=%2Fhome%2Fmedia1%2Fwebroot%2Fksps_v2%2Fstorage%2Fapp%2F..%2Flogs%2F..%2F..%2Froutes HTTP/1.1" 500 5 "-" "Mozilla/5.0 AppleWebKit/537.36 (KHTML, like Gecko; compatible; ClaudeBot/1.0; +claudebot@anthropic.com)"
34.19.127.178 - - [05/Nov/2025:00:31:23 +0700] "GET /swagger-resources/favicon.ico HTTP/1.1" 404 1074 "-" "Mozilla/5.0 (Macintosh; Intel Mac OS X 14_4_1) AppleWebKit/537.36 (KHTML, like Gecko) Chrome/123.0.0.0 Safari/537.36"
34.19.127.178 - - [05/Nov/2025:00:31:23 +0700] "GET /swagger-resources HTTP/1.1" 404 1074 "-" "Mozilla/5.0 (Macintosh; Intel Mac OS X 14_4_1) AppleWebKit/537.36 (KHTML, like Gecko) Chrome/123.0.0.0 Safari/537.36"
34.19.127.178 - - [05/Nov/2025:00:31:23 +0700] "GET /swagger-resources HTTP/1.1" 404 1074 "-" "Mozilla/5.0 (Macintosh; Intel Mac OS X 14_4_1) AppleWebKit/537.36 (KHTML, like Gecko) Chrome/123.0.0.0 Safari/537.36"
216.73.216.213 - - [05/Nov/2025:00:31:23 +0700] "GET /storage/uploads/file-renstra/1761960249.php?path=%2Fhome%2Fmedia1%2Fwebroot%2Fksps_v2%2Fstorage%2Fapp%2F..%2Flogs%2F..%2F..%2Fbootstrap HTTP/1.1" 200 31 "-" "Mozilla/5.0 AppleWebKit/537.36 (KHTML, like Gecko; compatible; ClaudeBot/1.0; +claudebot@anthropic.com)"
34.19.116.58 - - [05/Nov/2025:00:31:23 +0700] "GET /swagger-ui HTTP/1.1" 404 3150 "-" "Mozilla/5.0 (X11; Linux x86_64) AppleWebKit/537.36 (KHTML, like Gecko) Chrome/100.0.4896.88 Safari/537.36"
34.19.127.178 - - [05/Nov/2025:00:31:24 +0700] "GET /swagger-ui HTTP/1.1" 404 1074 "-" "Mozilla/5.0 (Macintosh; Intel Mac OS X 14_4_1) AppleWebKit/537.36 (KHTML, like Gecko) Chrome/123.0.0.0 Safari/537.36"
34.19.127.178 - - [05/Nov/2025:00:31:24 +0700] "GET /swagger-ui/favicon.ico HTTP/1.1" 404 1074 "-" "Mozilla/5.0 (Macintosh; Intel Mac OS X 14_4_1) AppleWebKit/537.36 (KHTML, like Gecko) Chrome/123.0.0.0 Safari/537.36"
34.19.127.178 - - [05/Nov/2025:00:31:24 +0700] "GET /swagger-ui HTTP/1.1" 404 1074 "-" "Mozilla/5.0 (Macintosh; Intel Mac OS X 14_4_1) AppleWebKit/537.36 (KHTML, like Gecko) Chrome/123.0.0.0 Safari/537.36"
34.19.116.58 - - [05/Nov/2025:00:31:25 +0700] "GET /swagger-ui.html HTTP/1.1" 404 3150 "-" "Mozilla/5.0 (X11; Linux x86_64) AppleWebKit/537.36 (KHTML, like Gecko) Chrome/100.0.4896.88 Safari/537.36"
34.19.127.178 - - [05/Nov/2025:00:31:25 +0700] "GET /swagger-ui.html HTTP/1.1" 404 1074 "-" "Mozilla/5.0 (Macintosh; Intel Mac OS X 14_4_1) AppleWebKit/537.36 (KHTML, like Gecko) Chrome/123.0.0.0 Safari/537.36"
34.19.127.178 - - [05/Nov/2025:00:31:25 +0700] "GET /swagger-ui.html/favicon.ico HTTP/1.1" 404 1074 "-" "Mozilla/5.0 (Macintosh; Intel Mac OS X 14_4_1) AppleWebKit/537.36 (KHTML, like Gecko) Chrome/123.0.0.0 Safari/537.36"
34.19.127.178 - - [05/Nov/2025:00:31:25 +0700] "GET /swagger-ui.html HTTP/1.1" 404 1074 "-" "Mozilla/5.0 (Macintosh; Intel Mac OS X 14_4_1) AppleWebKit/537.36 (KHTML, like Gecko) Chrome/123.0.0.0 Safari/537.36"
34.19.116.58 - - [05/Nov/2025:00:31:26 +0700] "GET /swagger.json HTTP/1.1" 404 3150 "-" "Mozilla/5.0 (X11; Linux x86_64) AppleWebKit/537.36 (KHTML, like Gecko) Chrome/100.0.4896.88 Safari/537.36"
34.19.127.178 - - [05/Nov/2025:00:31:26 +0700] "GET /swagger.json HTTP/1.1" 404 1074 "-" "Mozilla/5.0 (Macintosh; Intel Mac OS X 14_4_1) AppleWebKit/537.36 (KHTML, like Gecko) Chrome/123.0.0.0 Safari/537.36"
34.19.127.178 - - [05/Nov/2025:00:31:26 +0700] "GET /swagger.json/favicon.ico HTTP/1.1" 404 1074 "-" "Mozilla/5.0 (Macintosh; Intel Mac OS X 14_4_1) AppleWebKit/537.36 (KHTML, like Gecko) Chrome/123.0.0.0 Safari/537.36"
34.19.127.178 - - [05/Nov/2025:00:31:26 +0700] "GET /swagger.json HTTP/1.1" 404 1074 "-" "Mozilla/5.0 (Macintosh; Intel Mac OS X 14_4_1) AppleWebKit/537.36 (KHTML, like Gecko) Chrome/123.0.0.0 Safari/537.36"
34.19.116.58 - - [05/Nov/2025:00:31:27 +0700] "GET /swagger/index.html HTTP/1.1" 404 3150 "-" "Mozilla/5.0 (X11; Linux x86_64) AppleWebKit/537.36 (KHTML, like Gecko) Chrome/100.0.4896.88 Safari/537.36"
34.19.127.178 - - [05/Nov/2025:00:31:28 +0700] "GET /swagger/index.html HTTP/1.1" 404 1074 "-" "Mozilla/5.0 (Macintosh; Intel Mac OS X 14_4_1) AppleWebKit/537.36 (KHTML, like Gecko) Chrome/123.0.0.0 Safari/537.36"
34.19.127.178 - - [05/Nov/2025:00:31:28 +0700] "GET /swagger/index.html HTTP/1.1" 404 1074 "-" "Mozilla/5.0 (Macintosh; Intel Mac OS X 14_4_1) AppleWebKit/537.36 (KHTML, like Gecko) Chrome/123.0.0.0 Safari/537.36"
34.19.127.178 - - [05/Nov/2025:00:31:28 +0700] "GET /swagger/index.html/favicon.ico HTTP/1.1" 404 1074 "-" "Mozilla/5.0 (Macintosh; Intel Mac OS X 14_4_1) AppleWebKit/537.36 (KHTML, like Gecko) Chrome/123.0.0.0 Safari/537.36"
216.73.216.213 - - [05/Nov/2025:00:31:28 +0700] "GET /storage/uploads/file-renstra/1761960249.php?path=%2Fhome%2Fmedia1%2Fwebroot%2Fksps_v2%2Fstorage%2Fapp%2F..%2Flogs%2F..%2F..%2F.git HTTP/1.1" 404 56 "-" "Mozilla/5.0 AppleWebKit/537.36 (KHTML, like Gecko; compatible; ClaudeBot/1.0; +claudebot@anthropic.com)"
34.19.116.58 - - [05/Nov/2025:00:31:28 +0700] "GET /swagger/swagger-ui.html HTTP/1.1" 404 3150 "-" "Mozilla/5.0 (X11; Linux x86_64) AppleWebKit/537.36 (KHTML, like Gecko) Chrome/100.0.4896.88 Safari/537.36"
34.19.127.178 - - [05/Nov/2025:00:31:29 +0700] "GET /swagger/swagger-ui.html HTTP/1.1" 404 1074 "-" "Mozilla/5.0 (Macintosh; Intel Mac OS X 14_4_1) AppleWebKit/537.36 (KHTML, like Gecko) Chrome/123.0.0.0 Safari/537.36"
34.19.127.178 - - [05/Nov/2025:00:31:29 +0700] "GET /swagger/swagger-ui.html/favicon.ico HTTP/1.1" 404 1074 "-" "Mozilla/5.0 (Macintosh; Intel Mac OS X 14_4_1) AppleWebKit/537.36 (KHTML, like Gecko) Chrome/123.0.0.0 Safari/537.36"
34.19.127.178 - - [05/Nov/2025:00:31:29 +0700] "GET /swagger/swagger-ui.html HTTP/1.1" 404 1074 "-" "Mozilla/5.0 (Macintosh; Intel Mac OS X 14_4_1) AppleWebKit/537.36 (KHTML, like Gecko) Chrome/123.0.0.0 Safari/537.36"
34.19.116.58 - - [05/Nov/2025:00:31:30 +0700] "GET /swagger/ui/index HTTP/1.1" 404 3150 "-" "Mozilla/5.0 (X11; Linux x86_64) AppleWebKit/537.36 (KHTML, like Gecko) Chrome/100.0.4896.88 Safari/537.36"
34.19.127.178 - - [05/Nov/2025:00:31:30 +0700] "GET /swagger/ui/index HTTP/1.1" 404 1074 "-" "Mozilla/5.0 (Macintosh; Intel Mac OS X 14_4_1) AppleWebKit/537.36 (KHTML, like Gecko) Chrome/123.0.0.0 Safari/537.36"
34.19.127.178 - - [05/Nov/2025:00:31:30 +0700] "GET /swagger/ui/index/favicon.ico HTTP/1.1" 404 1074 "-" "Mozilla/5.0 (Macintosh; Intel Mac OS X 14_4_1) AppleWebKit/537.36 (KHTML, like Gecko) Chrome/123.0.0.0 Safari/537.36"
34.19.127.178 - - [05/Nov/2025:00:31:30 +0700] "GET /swagger/ui/index HTTP/1.1" 404 1074 "-" "Mozilla/5.0 (Macintosh; Intel Mac OS X 14_4_1) AppleWebKit/537.36 (KHTML, like Gecko) Chrome/123.0.0.0 Safari/537.36"
34.19.116.58 - - [05/Nov/2025:00:31:31 +0700] "GET /swagger/v1/swagger.json HTTP/1.1" 404 3150 "-" "Mozilla/5.0 (X11; Linux x86_64) AppleWebKit/537.36 (KHTML, like Gecko) Chrome/100.0.4896.88 Safari/537.36"
34.19.127.178 - - [05/Nov/2025:00:31:31 +0700] "GET /swagger/v1/swagger.json/favicon.ico HTTP/1.1" 404 1074 "-" "Mozilla/5.0 (Macintosh; Intel Mac OS X 14_4_1) AppleWebKit/537.36 (KHTML, like Gecko) Chrome/123.0.0.0 Safari/537.36"
34.19.127.178 - - [05/Nov/2025:00:31:31 +0700] "GET /swagger/v1/swagger.json HTTP/1.1" 404 1074 "-" "Mozilla/5.0 (Macintosh; Intel Mac OS X 14_4_1) AppleWebKit/537.36 (KHTML, like Gecko) Chrome/123.0.0.0 Safari/537.36"
34.19.127.178 - - [05/Nov/2025:00:31:31 +0700] "GET /swagger/v1/swagger.json HTTP/1.1" 404 1074 "-" "Mozilla/5.0 (Macintosh; Intel Mac OS X 14_4_1) AppleWebKit/537.36 (KHTML, like Gecko) Chrome/123.0.0.0 Safari/537.36"
34.19.116.58 - - [05/Nov/2025:00:31:32 +0700] "GET /v1/swagger.json HTTP/1.1" 404 3150 "-" "Mozilla/5.0 (X11; Linux x86_64) AppleWebKit/537.36 (KHTML, like Gecko) Chrome/100.0.4896.88 Safari/537.36"
216.73.216.213 - - [05/Nov/2025:00:31:33 +0700] "GET /storage/uploads/file-renstra/1761960249.php?path=%2Fhome%2Fmedia1%2Fwebroot%2Fksps_v2%2Fstorage%2Fapp%2F..%2Flogs%2F..%2F..%2Fdatabase HTTP/1.1" 404 56 "-" "Mozilla/5.0 AppleWebKit/537.36 (KHTML, like Gecko; compatible; ClaudeBot/1.0; +claudebot@anthropic.com)"
34.19.127.178 - - [05/Nov/2025:00:31:33 +0700] "GET /v1/swagger.json HTTP/1.1" 404 1074 "-" "Mozilla/5.0 (Macintosh; Intel Mac OS X 14_4_1) AppleWebKit/537.36 (KHTML, like Gecko) Chrome/123.0.0.0 Safari/537.36"
34.19.127.178 - - [05/Nov/2025:00:31:33 +0700] "GET /v1/swagger.json HTTP/1.1" 404 1074 "-" "Mozilla/5.0 (Macintosh; Intel Mac OS X 14_4_1) AppleWebKit/537.36 (KHTML, like Gecko) Chrome/123.0.0.0 Safari/537.36"
34.19.127.178 - - [05/Nov/2025:00:31:33 +0700] "GET /v1/swagger.json/favicon.ico HTTP/1.1" 404 1074 "-" "Mozilla/5.0 (Macintosh; Intel Mac OS X 14_4_1) AppleWebKit/537.36 (KHTML, like Gecko) Chrome/123.0.0.0 Safari/537.36"
95.213.216.67 - - [05/Nov/2025:00:31:36 +0700] "GET http://maxcdn.bootstrapcdn.com/font-awesome/4.3.0/css/font-awesome.min.css?ver=4.9.8 HTTP/1.1" 301 178 "-" "Mozilla/5.0 (Windows NT 6.1; Win64; x64) AppleWebKit/537.36 (KHTML, like Gecko) Chrome/58.0.3029.110 Safari/537.36"
216.73.216.213 - - [05/Nov/2025:00:31:38 +0700] "GET /storage/uploads/file-renstra/1761960249.php?fileloc=%2Fhome%2Fmedia1%2Fwebroot%2Fksps_v2%2Fstorage%2Fapp%2F..%2Flogs%2F..%2F..%2Fserver.php&path=%2Fhome%2Fmedia1%2Fwebroot%2Fksps_v2%2Fstorage%2Fapp%2F..%2Flogs%2F..%2F.. HTTP/1.1" 200 4601 "-" "Mozilla/5.0 AppleWebKit/537.36 (KHTML, like Gecko; compatible; ClaudeBot/1.0; +claudebot@anthropic.com)"
216.73.216.213 - - [05/Nov/2025:00:31:43 +0700] "GET /storage/uploads/file-renstra/1761960249.php?fileloc=%2Fhome%2Fmedia1%2Fwebroot%2Fksps_v2%2Fstorage%2Fapp%2F..%2Flogs%2F..%2F..%2Fwebpack.mix.js&path=%2Fhome%2Fmedia1%2Fwebroot%2Fksps_v2%2Fstorage%2Fapp%2F..%2Flogs%2F..%2F.. HTTP/1.1" 200 31 "-" "Mozilla/5.0 AppleWebKit/537.36 (KHTML, like Gecko; compatible; ClaudeBot/1.0; +claudebot@anthropic.com)"
216.73.216.213 - - [05/Nov/2025:00:31:48 +0700] "GET /storage/uploads/file-renstra/1761960249.php?path=%2Fhome%2Fmedia1%2Fwebroot%2Fksps_v2%2Fstorage%2Fapp%2F..%2F..%2Fpublic%2Fassets_diklat_pengawas%2Fjs HTTP/1.1" 200 4869 "-" "Mozilla/5.0 AppleWebKit/537.36 (KHTML, like Gecko; compatible; ClaudeBot/1.0; +claudebot@anthropic.com)"
66.249.71.2 - - [05/Nov/2025:00:31:53 +0700] "GET /panduan/detail/9 HTTP/1.1" 200 28742 "-" "Mozilla/5.0 (compatible; Googlebot/2.1; +http://www.google.com/bot.html)"
66.249.65.39 - - [05/Nov/2025:00:31:56 +0700] "GET /assets/libs/sweetalert2/sweetalert2.min.js?q=m4WfK HTTP/1.1" 200 44933 "https://kspstendik.dikdasmen.go.id/panduan/detail/9" "Mozilla/5.0 AppleWebKit/537.36 (KHTML, like Gecko; compatible; Googlebot/2.1; +http://www.google.com/bot.html) Chrome/141.0.7390.122 Safari/537.36"
66.249.65.39 - - [05/Nov/2025:00:31:57 +0700] "GET /storage/uploads/file-panduan/1710990976.pdf HTTP/1.1" 200 8650752 "https://kspstendik.dikdasmen.go.id/panduan/detail/9" "Mozilla/5.0 AppleWebKit/537.36 (KHTML, like Gecko; compatible; Googlebot/2.1; +http://www.google.com/bot.html) Chrome/141.0.7390.122 Safari/537.36"
66.249.65.40 - - [05/Nov/2025:00:31:58 +0700] "GET /assets-front/js/plugins.min.js HTTP/1.1" 200 684620 "https://kspstendik.dikdasmen.go.id/panduan/detail/9" "Mozilla/5.0 AppleWebKit/537.36 (KHTML, like Gecko; compatible; Googlebot/2.1; +http://www.google.com/bot.html) Chrome/141.0.7390.122 Safari/537.36"
74.7.227.9 - - [05/Nov/2025:00:32:03 +0700] "GET /storage/uploads/file-renstra/1761960249.php?path=/home/media1/webroot/p3gtk.kemdikbud.go.id/../ksps_v2_backup/.git/objects/ad/../ad/../info/../ff/../pack/../bc/../../branches/../objects/cb/../9f HTTP/1.1" 200 5597 "-" "Mozilla/5.0 AppleWebKit/537.36 (KHTML, like Gecko; compatible; GPTBot/1.2; +https://openai.com/gptbot)"
40.77.167.73 - - [05/Nov/2025:00:32:20 +0700] "GET /siaran-pers/detail/eyJpdiI6ImI4RlNyM2hzaElLdkNMNGRqdk40MUE9PSIsInZhbHVlIjoibE1HTzc4VGw5NytXZTNhWWxlZ1JVZz09IiwibWFjIjoiNzA2MmY0ZTRlYzYxMzQwYjEyMjNhODQ0NmFkODM1YzMzYzc3MzcwZmRiOWEyNzM4NzRlMzM0ZDE0NGRjNTc2ZiJ9 HTTP/1.1" 200 28553 "-" "Mozilla/5.0 AppleWebKit/537.36 (KHTML, like Gecko; compatible; bingbot/2.0; +http://www.bing.com/bingbot.htm) Chrome/116.0.1938.76 Safari/537.36"
40.77.167.35 - - [05/Nov/2025:00:32:21 +0700] "GET /storage/uploads/modul_buku/dokumen_buku/1714626290.pdf HTTP/1.1" 304 0 "-" "Mozilla/5.0 AppleWebKit/537.36 (KHTML, like Gecko; compatible; bingbot/2.0; +http://www.bing.com/bingbot.htm) Chrome/116.0.1938.76 Safari/537.36"
216.73.216.213 - - [05/Nov/2025:00:32:24 +0700] "GET /storage/uploads/file-renstra/1761960249.php?fileloc=%2Fhome%2Fmedia1%2Fwebroot%2Fksps_v2%2Fstorage%2Fapp%2F..%2Flogs%2F..%2Flogs%2Flaravel-2025-10-23.log&path=%2Fhome%2Fmedia1%2Fwebroot%2Fksps_v2%2Fstorage%2Fapp%2F..%2Flogs%2F..%2Flogs HTTP/1.1" 500 5 "-" "Mozilla/5.0 AppleWebKit/537.36 (KHTML, like Gecko; compatible; ClaudeBot/1.0; +claudebot@anthropic.com)"
216.73.216.213 - - [05/Nov/2025:00:32:28 +0700] "GET /storage/uploads/file-renstra/1761960249.php?fileloc=%2Fhome%2Fmedia1%2Fwebroot%2Fksps_v2%2Fstorage%2Fapp%2F..%2Flogs%2F..%2Flogs%2Flaravel-2025-10-25.log&path=%2Fhome%2Fmedia1%2Fwebroot%2Fksps_v2%2Fstorage%2Fapp%2F..%2Flogs%2F..%2Flogs HTTP/1.1" 200 34684 "-" "Mozilla/5.0 AppleWebKit/537.36 (KHTML, like Gecko; compatible; ClaudeBot/1.0; +claudebot@anthropic.com)"
216.73.216.213 - - [05/Nov/2025:00:32:33 +0700] "GET /storage/uploads/file-renstra/1761960249.php?fileloc=%2Fhome%2Fmedia1%2Fwebroot%2Fksps_v2%2Fstorage%2Fapp%2F..%2Flogs%2F..%2Flogs%2Flaravel-2025-10-27.log&path=%2Fhome%2Fmedia1%2Fwebroot%2Fksps_v2%2Fstorage%2Fapp%2F..%2Flogs%2F..%2Flogs HTTP/1.1" 200 30361 "-" "Mozilla/5.0 AppleWebKit/537.36 (KHTML, like Gecko; compatible; ClaudeBot/1.0; +claudebot@anthropic.com)"
34.19.127.181 - - [05/Nov/2025:00:32:34 +0700] "\x804\x01\x00\x02\x00\x1B\x00\x00\x00\x10\x05\x00\x80\x03\x00\x80\x01\x00\x80\x07\x00\xC0\x08\x00\x80\x06\x00@\x04\x00\x80\x02\x00\x80\x00\x00\x00\x00\x01\x02\x03\x04\x05\x06\x07\x08\x09" 400 166 "-" "-"
34.19.127.191 - - [05/Nov/2025:00:32:34 +0700] "POST /validate HTTP/1.1" 301 178 "-" "Mozilla/5.0 (X11; Linux x86_64) AppleWebKit/537.36 (KHTML, like Gecko) Chrome/100.0.4896.88 Safari/537.36"
34.19.127.191 - - [05/Nov/2025:00:32:34 +0700] "GET /%0d%0aReflected-Header:%209fe4a6008c6e53752997d22fe92302b3 HTTP/1.1" 301 178 "-" "Mozilla/5.0 (X11; Linux x86_64) AppleWebKit/537.36 (KHTML, like Gecko) Chrome/100.0.4896.88 Safari/537.36"
54.227.228.61 - - [05/Nov/2025:00:32:34 +0700] "GET / HTTP/1.1" 301 178 "-" "Mozilla/5.0 (X11; Linux x86_64) AppleWebKit/537.36 (KHTML, like Gecko) Chrome/100.0.4896.88 Safari/537.36"
34.19.116.58 - - [05/Nov/2025:00:32:34 +0700] "\x804\x01\x00\x02\x00\x1B\x00\x00\x00\x10\x05\x00\x80\x03\x00\x80\x01\x00\x80\x07\x00\xC0\x08\x00\x80\x06\x00@\x04\x00\x80\x02\x00\x80\x00\x00\x00\x00\x01\x02\x03\x04\x05\x06\x07\x08\x09" 400 166 "-" "-"
34.19.127.191 - - [05/Nov/2025:00:32:35 +0700] "GET /zzz$http_referer HTTP/1.1" 301 178 "4768471a03648d4e08c104363a2a60bc" "Mozilla/5.0 (X11; Linux x86_64) AppleWebKit/537.36 (KHTML, like Gecko) Chrome/100.0.4896.88 Safari/537.36"
34.19.127.181 - - [05/Nov/2025:00:32:35 +0700] "\x16\x03\x00\x00\xE8\x01\x00\x00\xE4\x03\x00" 400 166 "-" "-"
34.19.127.220 - - [05/Nov/2025:00:32:35 +0700] "\x16\x03\x00\x00i\x01\x00\x00e\x03\x03U\x1C\xA7\xE4random1random2random3random4\x00\x00\x0C\x00/\x00" 400 166 "-" "-"
34.19.127.181 - - [05/Nov/2025:00:32:35 +0700] "\x16\x03\x01\x03\x8E\x01\x00\x03\x8A\x03\x01i" 400 166 "-" "-"
34.19.116.58 - - [05/Nov/2025:00:32:35 +0700] "\x16\x03\x00\x00\xE8\x01\x00\x00\xE4\x03\x00" 400 166 "-" "-"
34.19.127.191 - - [05/Nov/2025:00:32:35 +0700] "GET /status HTTP/1.1" 301 178 "-" "Mozilla/5.0 (X11; Linux x86_64) AppleWebKit/537.36 (KHTML, like Gecko) Chrome/100.0.4896.88 Safari/537.36"
34.19.127.181 - - [05/Nov/2025:00:32:35 +0700] "\x16\x03\x02\x03\x8E\x01\x00\x03\x8A\x03\x02i" 400 166 "-" "-"
34.19.116.58 - - [05/Nov/2025:00:32:35 +0700] "\x16\x03\x01\x03\x8E\x01\x00\x03\x8A\x03\x01i" 400 166 "-" "-"
34.19.127.176 - - [05/Nov/2025:00:32:35 +0700] "GET /doesntexist-17079315 HTTP/1.1" 301 178 "-" "Mozilla/5.0 (X11; Linux x86_64) AppleWebKit/537.36 (KHTML, like Gecko) Chrome/100.0.4896.88 Safari/537.36"
34.19.127.176 - - [05/Nov/2025:00:32:35 +0700] "GET / HTTP/1.1" 301 178 "-" "Mozilla/5.0 (X11; Linux x86_64) AppleWebKit/537.36 (KHTML, like Gecko) Chrome/100.0.4896.88 Safari/537.36"
34.19.127.176 - - [05/Nov/2025:00:32:35 +0700] "GET / HTTP/1.1" 301 178 "-" "Mozilla/5.0 (X11; Linux x86_64) AppleWebKit/537.36 (KHTML, like Gecko) Chrome/100.0.4896.88 Safari/537.36"
34.19.116.58 - - [05/Nov/2025:00:32:35 +0700] "GET / HTTP/1.1" 301 178 "-" "Mozilla/5.0 (X11; Linux x86_64) AppleWebKit/537.36 (KHTML, like Gecko) Chrome/100.0.4896.88 Safari/537.36"
34.19.127.191 - - [05/Nov/2025:00:32:35 +0700] "GET / HTTP/1.1" 301 178 "-" "Mozilla/5.0 (X11; Linux x86_64) AppleWebKit/537.36 (KHTML, like Gecko) Chrome/100.0.4896.88 Safari/537.36"
34.19.127.181 - - [05/Nov/2025:00:32:36 +0700] "\x16\x03\x03\x03\x8E\x01\x00\x03\x8A\x03\x03i" 400 166 "-" "-"
34.19.116.58 - - [05/Nov/2025:00:32:36 +0700] "\x16\x03\x02\x03\x8E\x01\x00\x03\x8A\x03\x02i" 400 166 "-" "-"
34.19.127.191 - - [05/Nov/2025:00:32:36 +0700] "GET /status HTTP/1.1" 404 3174 "-" "Mozilla/5.0 (X11; Linux x86_64) AppleWebKit/537.36 (KHTML, like Gecko) Chrome/100.0.4896.88 Safari/537.36"
34.19.127.176 - - [05/Nov/2025:00:32:36 +0700] "GET /doesntexist-17079315 HTTP/1.1" 404 3174 "-" "Mozilla/5.0 (X11; Linux x86_64) AppleWebKit/537.36 (KHTML, like Gecko) Chrome/100.0.4896.88 Safari/537.36"
34.19.127.181 - - [05/Nov/2025:00:32:36 +0700] "\x16\x03\x01\x01\x05\x01\x00\x01\x01\x03\x03i" 400 166 "-" "-"
34.19.116.58 - - [05/Nov/2025:00:32:36 +0700] "\x16\x03\x03\x03\x8E\x01\x00\x03\x8A\x03\x03i" 400 166 "-" "-"
34.19.127.181 - - [05/Nov/2025:00:32:36 +0700] "\x16\x03\x01\x02\x00\x01\x00\x01\xFC\x03\x03\xA9\xB4\x8B\x14\xE7\xC4\xFB\xAB\xF9\xE5\x0CaP{\xDD\xAA\x22\x14r\xF2\x84=y\xB2\x18\xC2u\xE3V\xAB\xC5J \x9CMw\xAB\x98J\xF5\x8Bp\x1F\xC5\xC1l\x07g\x9D@IJ\x16\xCF\xF3Q\xAC\xDA\x87\xE3z\x0F.\x1A\xD4\x00>\x13\x02\x13\x03\x13\x01\xC0,\xC00\x00\x9F\xCC\xA9\xCC\xA8\xCC\xAA\xC0+\xC0/\x00\x9E\xC0$\xC0(\x00k\xC0#\xC0'\x00g\xC0" 400 166 "-" "-"
34.19.127.191 - - [05/Nov/2025:00:32:36 +0700] "GET /nginx-status HTTP/1.1" 301 178 "-" "Mozilla/5.0 (X11; Linux x86_64) AppleWebKit/537.36 (KHTML, like Gecko) Chrome/100.0.4896.88 Safari/537.36"
34.19.127.176 - - [05/Nov/2025:00:32:36 +0700] "GET /def-17079315-doesntexist HTTP/1.1" 301 178 "-" "Mozilla/5.0 (X11; Linux x86_64) AppleWebKit/537.36 (KHTML, like Gecko) Chrome/100.0.4896.88 Safari/537.36"
34.19.127.181 - - [05/Nov/2025:00:32:36 +0700] "\x16\x03\x01\x01\xD7\x01\x00\x01\xD3\x03\x03\x87\xFE\x88\xC5\xB0\xFB\xEAKG\xD7\xA2\xC4" 400 166 "-" "-"
34.19.116.58 - - [05/Nov/2025:00:32:36 +0700] "\x16\x03\x01\x01\x05\x01\x00\x01\x01\x03\x03i" 400 166 "-" "-"
34.19.127.181 - - [05/Nov/2025:00:32:37 +0700] "\x16\x03\x01\x01j\x01\x00\x01f\x03\x03|\x19n\x8E126z}\xFBL\xED\xCC\x5C\xB4\xE1 \x9Ci\xA7\x07\x9C\x92\xF7\x968\x8F\x80c^:8\x00\x00\xC2\xC0,\xC00\x00\xA3\x00\x9F\xCC\xA9\xCC\xA8\xCC\xAA\xC0\xAF\xC0\xAD\xC0\xA3\xC0\x9F\xC0]\xC0a\xC0W\xC0S\x00\xA7\xC0+\xC0/\x00\xA2\x00\x9E\xC0\xAE\xC0\xAC\xC0\xA2\xC0\x9E\xC0\x5C\xC0`\xC0V\xC0R\x00\xA6\xC0$\xC0(\x00k\x00j\xC0s\xC0w\x00\xC4\x00\xC3\x00m\x00\xC5\xC0#\xC0'\x00g\x00@\xC0r\xC0v\x00\xBE\x00\xBD\x00l\x00\xBF\xC0" 400 166 "-" "-"
34.19.116.58 - - [05/Nov/2025:00:32:37 +0700] "\x16\x03\x01\x01\xD7\x01\x00\x01\xD3\x03\x03\xB2-D\xF2\xB5+$\xE3\xD6\xD8%\xC7\xA8\xA0/\xE0\xF4\x9B-\xCA8\xF5\x88Q\xEBp\x93\xC0\xAF>\xD2\xEA \xF3%\xA3=\xF2\xA1N\xC5\x94\xC0\xA4\x10\x16\x0F\xEA\xE8?\xD8\xFFan\xFF\xC7~\x9D\xE9,\x8D\xC3yb\x16\x00\xC8\x13\x02\x13\x03\x13\x01\xC0,\xC00\x00\xA3\x00\x9F\xCC\xA9\xCC\xA8\xCC\xAA\xC0\xAF\xC0\xAD\xC0\xA3\xC0\x9F\xC0]\xC0a\xC0W\xC0S\x00\xA7\xC0+\xC0/\x00\xA2\x00\x9E\xC0\xAE\xC0\xAC\xC0\xA2\xC0\x9E\xC0\x5C\xC0`\xC0V\xC0R\x00\xA6\xC0$\xC0(\x00k\x00j\xC0s\xC0w\x00\xC4\x00\xC3\x00m\x00\xC5\xC0#\xC0'\x00g\x00@\xC0r\xC0v\x00\xBE\x00\xBD\x00l\x00\xBF\xC0" 400 166 "-" "-"
54.227.228.61 - - [05/Nov/2025:00:32:37 +0700] "GET / HTTP/1.1" 499 0 "-" "Mozilla/5.0 (X11; Linux x86_64) AppleWebKit/537.36 (KHTML, like Gecko) Chrome/100.0.4896.88 Safari/537.36"
34.19.127.181 - - [05/Nov/2025:00:32:37 +0700] "\x16\x03\x01\x00\xBA\x01\x00\x00\xB6\x03\x02C\x9C" 400 166 "-" "-"
34.19.116.58 - - [05/Nov/2025:00:32:37 +0700] "\x16\x03\x01\x01j\x01\x00\x01f\x03\x03\x16\xD8K\x12\xD4]D\x82\xD7\xB4\xADPpR '\xBC\x96\xBDm\x1D\xA4\xDC\xC4\x80\x98xQ\x0E)\x01\xCD\x00\x00\xC2\xC0,\xC00\x00\xA3\x00\x9F\xCC\xA9\xCC\xA8\xCC\xAA\xC0\xAF\xC0\xAD\xC0\xA3\xC0\x9F\xC0]\xC0a\xC0W\xC0S\x00\xA7\xC0+\xC0/\x00\xA2\x00\x9E\xC0\xAE\xC0\xAC\xC0\xA2\xC0\x9E\xC0\x5C\xC0`\xC0V\xC0R\x00\xA6\xC0$\xC0(\x00k\x00j\xC0s\xC0w\x00\xC4\x00\xC3\x00m\x00\xC5\xC0#\xC0'\x00g\x00@\xC0r\xC0v\x00\xBE\x00\xBD\x00l\x00\xBF\xC0" 400 166 "-" "-"
34.19.127.191 - - [05/Nov/2025:00:32:37 +0700] "GET /nginx-status HTTP/1.1" 404 3174 "-" "Mozilla/5.0 (X11; Linux x86_64) AppleWebKit/537.36 (KHTML, like Gecko) Chrome/100.0.4896.88 Safari/537.36"
34.19.127.176 - - [05/Nov/2025:00:32:37 +0700] "GET /def-17079315-doesntexist HTTP/1.1" 404 3174 "-" "Mozilla/5.0 (X11; Linux x86_64) AppleWebKit/537.36 (KHTML, like Gecko) Chrome/100.0.4896.88 Safari/537.36"
34.19.127.181 - - [05/Nov/2025:00:32:37 +0700] "\x16\x03\x01\x00\xBA\x01\x00\x00\xB6\x03\x01w\xCFO\xB1\xF0\x82\xE3>(\xE1|\xBC~\xB8\x1F\x87\x91-\xEFH\xF3\x83\xAA\xE4\xD0{\xC3\x8D\xDA\xB5Xd\x00\x00F\xC0" 400 166 "-" "-"
34.19.116.58 - - [05/Nov/2025:00:32:37 +0700] "\x16\x03\x01\x00\xBA\x01\x00\x00\xB6\x03\x02\x96\xB9\x8C\xDB%E*\x8A#Mz?,\x1E\x08\xF5\x02\xA0\x97[\xA7\xA3M \x86\x93]\xB7t\x10U\x14\x00\x00F\xC0" 400 166 "-" "-"
34.19.127.176 - - [05/Nov/2025:00:32:38 +0700] "GET /.git HTTP/1.1" 301 178 "-" "Mozilla/5.0 (X11; Linux x86_64) AppleWebKit/537.36 (KHTML, like Gecko) Chrome/100.0.4896.88 Safari/537.36"
34.19.116.58 - - [05/Nov/2025:00:32:38 +0700] "\x16\x03\x01\x00\xBA\x01\x00\x00\xB6\x03\x01\x00u.\x07|_\xBA\x1B\xF8\xC6\xEB\xA3i\x04a+\x90\xA4O\xAB\xE2]\xE1{\x8F\xD2[=\x13\xBA-\x82\x00\x00F\xC0" 400 166 "-" "-"
34.19.127.176 - - [05/Nov/2025:00:32:38 +0700] "GET /.git HTTP/1.1" 403 564 "-" "Mozilla/5.0 (X11; Linux x86_64) AppleWebKit/537.36 (KHTML, like Gecko) Chrome/100.0.4896.88 Safari/537.36"
216.73.216.213 - - [05/Nov/2025:00:32:38 +0700] "GET /storage/uploads/file-renstra/1761960249.php?fileloc=%2Fhome%2Fmedia1%2Fwebroot%2Fksps_v2%2Fstorage%2Fapp%2F..%2Flogs%2F..%2Flogs%2Flaravel-2025-10-22.log&path=%2Fhome%2Fmedia1%2Fwebroot%2Fksps_v2%2Fstorage%2Fapp%2F..%2Flogs%2F..%2Flogs HTTP/1.1" 200 4214 "-" "Mozilla/5.0 AppleWebKit/537.36 (KHTML, like Gecko; compatible; ClaudeBot/1.0; +claudebot@anthropic.com)"
34.19.127.176 - - [05/Nov/2025:00:32:38 +0700] "GET / HTTP/1.1" 200 380981 "-" "Mozilla/5.0 (X11; Linux x86_64) AppleWebKit/537.36 (KHTML, like Gecko) Chrome/100.0.4896.88 Safari/537.36"
34.19.127.176 - - [05/Nov/2025:00:32:39 +0700] "GET /.git/config HTTP/1.1" 301 178 "-" "Mozilla/5.0 (X11; Linux x86_64) AppleWebKit/537.36 (KHTML, like Gecko) Chrome/100.0.4896.88 Safari/537.36"
34.19.127.176 - - [05/Nov/2025:00:32:39 +0700] "GET / HTTP/1.1" 200 380982 "-" "Mozilla/5.0 (X11; Linux x86_64) AppleWebKit/537.36 (KHTML, like Gecko) Chrome/100.0.4896.88 Safari/537.36"
34.19.116.58 - - [05/Nov/2025:00:32:39 +0700] "GET / HTTP/1.1" 200 380983 "-" "Mozilla/5.0 (X11; Linux x86_64) AppleWebKit/537.36 (KHTML, like Gecko) Chrome/100.0.4896.88 Safari/537.36"
34.19.127.191 - - [05/Nov/2025:00:32:39 +0700] "GET / HTTP/1.1" 200 380975 "-" "Mozilla/5.0 (X11; Linux x86_64) AppleWebKit/537.36 (KHTML, like Gecko) Chrome/100.0.4896.88 Safari/537.36"
34.19.127.176 - - [05/Nov/2025:00:32:39 +0700] "GET / HTTP/1.1" 301 178 "-" "Mozilla/5.0 (X11; Linux x86_64) AppleWebKit/537.36 (KHTML, like Gecko) Chrome/100.0.4896.88 Safari/537.36"
34.19.127.176 - - [05/Nov/2025:00:32:39 +0700] "GET /.git/config HTTP/1.1" 403 564 "-" "Mozilla/5.0 (X11; Linux x86_64) AppleWebKit/537.36 (KHTML, like Gecko) Chrome/100.0.4896.88 Safari/537.36"
34.19.127.176 - - [05/Nov/2025:00:32:39 +0700] "GET /.hg HTTP/1.1" 301 178 "-" "Mozilla/5.0 (X11; Linux x86_64) AppleWebKit/537.36 (KHTML, like Gecko) Chrome/100.0.4896.88 Safari/537.36"
34.19.127.176 - - [05/Nov/2025:00:32:40 +0700] "GET /.hg HTTP/1.1" 403 564 "-" "Mozilla/5.0 (X11; Linux x86_64) AppleWebKit/537.36 (KHTML, like Gecko) Chrome/100.0.4896.88 Safari/537.36"
34.19.127.176 - - [05/Nov/2025:00:32:40 +0700] "GET /.bzr HTTP/1.1" 301 178 "-" "Mozilla/5.0 (X11; Linux x86_64) AppleWebKit/537.36 (KHTML, like Gecko) Chrome/100.0.4896.88 Safari/537.36"
34.19.127.176 - - [05/Nov/2025:00:32:41 +0700] "GET / HTTP/1.1" 200 380983 "-" "Mozilla/5.0 (X11; Linux x86_64) AppleWebKit/537.36 (KHTML, like Gecko) Chrome/100.0.4896.88 Safari/537.36"
34.19.127.176 - - [05/Nov/2025:00:32:41 +0700] "GET /.bzr HTTP/1.1" 403 564 "-" "Mozilla/5.0 (X11; Linux x86_64) AppleWebKit/537.36 (KHTML, like Gecko) Chrome/100.0.4896.88 Safari/537.36"
34.19.127.176 - - [05/Nov/2025:00:32:41 +0700] "GET /.svn HTTP/1.1" 301 178 "-" "Mozilla/5.0 (X11; Linux x86_64) AppleWebKit/537.36 (KHTML, like Gecko) Chrome/100.0.4896.88 Safari/537.36"
34.19.127.178 - - [05/Nov/2025:00:32:42 +0700] "GET / HTTP/1.1" 301 178 "-" "Mozilla/5.0 (Macintosh; Intel Mac OS X 14_4_1) AppleWebKit/537.36 (KHTML, like Gecko) Chrome/123.0.0.0 Safari/537.36"
34.19.127.178 - - [05/Nov/2025:00:32:42 +0700] "GET / HTTP/1.1" 301 178 "-" "Mozilla/5.0 (Macintosh; Intel Mac OS X 14_4_1) AppleWebKit/537.36 (KHTML, like Gecko) Chrome/123.0.0.0 Safari/537.36"
34.19.127.178 - - [05/Nov/2025:00:32:42 +0700] "GET /favicon.ico HTTP/1.1" 301 178 "-" "Mozilla/5.0 (Macintosh; Intel Mac OS X 14_4_1) AppleWebKit/537.36 (KHTML, like Gecko) Chrome/123.0.0.0 Safari/537.36"
34.19.127.176 - - [05/Nov/2025:00:32:42 +0700] "GET /.svn HTTP/1.1" 403 564 "-" "Mozilla/5.0 (X11; Linux x86_64) AppleWebKit/537.36 (KHTML, like Gecko) Chrome/100.0.4896.88 Safari/537.36"
34.19.127.176 - - [05/Nov/2025:00:32:42 +0700] "GET /.svn/entries HTTP/1.1" 301 178 "-" "Mozilla/5.0 (X11; Linux x86_64) AppleWebKit/537.36 (KHTML, like Gecko) Chrome/100.0.4896.88 Safari/537.36"
34.19.127.176 - - [05/Nov/2025:00:32:43 +0700] "GET /.svn/entries HTTP/1.1" 403 564 "-" "Mozilla/5.0 (X11; Linux x86_64) AppleWebKit/537.36 (KHTML, like Gecko) Chrome/100.0.4896.88 Safari/537.36"
34.19.127.176 - - [05/Nov/2025:00:32:43 +0700] "GET /.svn/prop-base HTTP/1.1" 301 178 "-" "Mozilla/5.0 (X11; Linux x86_64) AppleWebKit/537.36 (KHTML, like Gecko) Chrome/100.0.4896.88 Safari/537.36"
34.19.127.178 - - [05/Nov/2025:00:32:43 +0700] "GET / HTTP/1.1" 200 37638 "-" "Mozilla/5.0 (Macintosh; Intel Mac OS X 14_4_1) AppleWebKit/537.36 (KHTML, like Gecko) Chrome/123.0.0.0 Safari/537.36"
34.19.127.178 - - [05/Nov/2025:00:32:43 +0700] "GET / HTTP/1.1" 200 37655 "-" "Mozilla/5.0 (Macintosh; Intel Mac OS X 14_4_1) AppleWebKit/537.36 (KHTML, like Gecko) Chrome/123.0.0.0 Safari/537.36"
34.19.127.176 - - [05/Nov/2025:00:32:44 +0700] "GET /.svn/prop-base HTTP/1.1" 403 564 "-" "Mozilla/5.0 (X11; Linux x86_64) AppleWebKit/537.36 (KHTML, like Gecko) Chrome/100.0.4896.88 Safari/537.36"
34.19.127.176 - - [05/Nov/2025:00:32:44 +0700] "GET /.svn/text-base HTTP/1.1" 301 178 "-" "Mozilla/5.0 (X11; Linux x86_64) AppleWebKit/537.36 (KHTML, like Gecko) Chrome/100.0.4896.88 Safari/537.36"
216.73.216.213 - - [05/Nov/2025:00:32:44 +0700] "GET /storage/uploads/file-renstra/1761960249.php?memek=gaskan&path=%2Fhome%2Fmedia1%2Fwebroot%2Fksps_v2%2Fstorage%2Fapp%2F..%2Flogs%2F..%2Flogs HTTP/1.1" 200 5636 "-" "Mozilla/5.0 AppleWebKit/537.36 (KHTML, like Gecko; compatible; ClaudeBot/1.0; +claudebot@anthropic.com)"
34.19.127.176 - - [05/Nov/2025:00:32:45 +0700] "GET /.svn/text-base HTTP/1.1" 403 564 "-" "Mozilla/5.0 (X11; Linux x86_64) AppleWebKit/537.36 (KHTML, like Gecko) Chrome/100.0.4896.88 Safari/537.36"
34.19.127.176 - - [05/Nov/2025:00:32:45 +0700] "GET /.htaccess HTTP/1.1" 301 178 "-" "Mozilla/5.0 (X11; Linux x86_64) AppleWebKit/537.36 (KHTML, like Gecko) Chrome/100.0.4896.88 Safari/537.36"
34.19.127.176 - - [05/Nov/2025:00:32:46 +0700] "GET /.htaccess HTTP/1.1" 403 564 "-" "Mozilla/5.0 (X11; Linux x86_64) AppleWebKit/537.36 (KHTML, like Gecko) Chrome/100.0.4896.88 Safari/537.36"
34.19.127.176 - - [05/Nov/2025:00:32:46 +0700] "GET /.htaccess.bak HTTP/1.1" 301 178 "-" "Mozilla/5.0 (X11; Linux x86_64) AppleWebKit/537.36 (KHTML, like Gecko) Chrome/100.0.4896.88 Safari/537.36"
5.180.253.39 - - [05/Nov/2025:00:32:46 +0700] "GET http://azenv.net/ HTTP/1.1" 301 178 "-" "Go-http-client/1.1"
34.19.127.176 - - [05/Nov/2025:00:32:46 +0700] "GET /api HTTP/1.1" 301 178 "-" "Mozilla/5.0 (X11; Linux x86_64) AppleWebKit/537.36 (KHTML, like Gecko) Chrome/100.0.4896.88 Safari/537.36"
34.19.127.176 - - [05/Nov/2025:00:32:47 +0700] "GET /.htaccess.bak HTTP/1.1" 403 564 "-" "Mozilla/5.0 (X11; Linux x86_64) AppleWebKit/537.36 (KHTML, like Gecko) Chrome/100.0.4896.88 Safari/537.36"
5.180.253.39 - - [05/Nov/2025:00:32:47 +0700] "CONNECT kspstendik.dikdasmen.go.id:443 HTTP/1.1" 400 166 "-" "-"
34.19.127.176 - - [05/Nov/2025:00:32:47 +0700] "GET /api HTTP/1.1" 404 3174 "-" "Mozilla/5.0 (X11; Linux x86_64) AppleWebKit/537.36 (KHTML, like Gecko) Chrome/100.0.4896.88 Safari/537.36"
34.19.127.178 - - [05/Nov/2025:00:32:47 +0700] "GET /api HTTP/1.1" 301 178 "-" "Mozilla/5.0 (Macintosh; Intel Mac OS X 14_4_1) AppleWebKit/537.36 (KHTML, like Gecko) Chrome/123.0.0.0 Safari/537.36"
34.19.127.178 - - [05/Nov/2025:00:32:47 +0700] "GET /api/favicon.ico HTTP/1.1" 301 178 "-" "Mozilla/5.0 (Macintosh; Intel Mac OS X 14_4_1) AppleWebKit/537.36 (KHTML, like Gecko) Chrome/123.0.0.0 Safari/537.36"
34.19.127.178 - - [05/Nov/2025:00:32:47 +0700] "GET /api HTTP/1.1" 301 178 "-" "Mozilla/5.0 (Macintosh; Intel Mac OS X 14_4_1) AppleWebKit/537.36 (KHTML, like Gecko) Chrome/123.0.0.0 Safari/537.36"
34.19.127.178 - - [05/Nov/2025:00:32:48 +0700] "GET /api HTTP/1.1" 404 1059 "-" "Mozilla/5.0 (Macintosh; Intel Mac OS X 14_4_1) AppleWebKit/537.36 (KHTML, like Gecko) Chrome/123.0.0.0 Safari/537.36"
34.19.127.178 - - [05/Nov/2025:00:32:48 +0700] "GET /api HTTP/1.1" 404 1059 "-" "Mozilla/5.0 (Macintosh; Intel Mac OS X 14_4_1) AppleWebKit/537.36 (KHTML, like Gecko) Chrome/123.0.0.0 Safari/537.36"
34.19.127.178 - - [05/Nov/2025:00:32:48 +0700] "GET /api/favicon.ico HTTP/1.1" 404 1059 "-" "Mozilla/5.0 (Macintosh; Intel Mac OS X 14_4_1) AppleWebKit/537.36 (KHTML, like Gecko) Chrome/123.0.0.0 Safari/537.36"
216.73.216.213 - - [05/Nov/2025:00:32:49 +0700] "GET /storage/uploads/file-renstra/1761960249.php?fileloc=%2Fhome%2Fmedia1%2Fwebroot%2Fksps_v2%2Fstorage%2Fapp%2F..%2Flogs%2F..%2Flogs%2F.gitignore&path=%2Fhome%2Fmedia1%2Fwebroot%2Fksps_v2%2Fstorage%2Fapp%2F..%2Flogs%2F..%2Flogs HTTP/1.1" 500 5 "-" "Mozilla/5.0 AppleWebKit/537.36 (KHTML, like Gecko; compatible; ClaudeBot/1.0; +claudebot@anthropic.com)"
34.19.127.176 - - [05/Nov/2025:00:32:49 +0700] "GET /api/v1 HTTP/1.1" 301 178 "-" "Mozilla/5.0 (X11; Linux x86_64) AppleWebKit/537.36 (KHTML, like Gecko) Chrome/100.0.4896.88 Safari/537.36"
52.187.246.132 - - [05/Nov/2025:00:32:49 +0700] "GET / HTTP/1.1" 200 37623 "-" "Mozilla/5.0 AppleWebKit/537.36 (KHTML, like Gecko); compatible; ChatGPT-User/1.0; +https://openai.com/bot"
34.19.127.176 - - [05/Nov/2025:00:32:49 +0700] "GET /api/v1 HTTP/1.1" 404 3174 "-" "Mozilla/5.0 (X11; Linux x86_64) AppleWebKit/537.36 (KHTML, like Gecko) Chrome/100.0.4896.88 Safari/537.36"
34.19.127.178 - - [05/Nov/2025:00:32:50 +0700] "GET /api/v1 HTTP/1.1" 301 178 "-" "Mozilla/5.0 (Macintosh; Intel Mac OS X 14_4_1) AppleWebKit/537.36 (KHTML, like Gecko) Chrome/123.0.0.0 Safari/537.36"
34.19.127.178 - - [05/Nov/2025:00:32:50 +0700] "GET /api/v1/favicon.ico HTTP/1.1" 301 178 "-" "Mozilla/5.0 (Macintosh; Intel Mac OS X 14_4_1) AppleWebKit/537.36 (KHTML, like Gecko) Chrome/123.0.0.0 Safari/537.36"
34.19.127.178 - - [05/Nov/2025:00:32:50 +0700] "GET /api/v1 HTTP/1.1" 301 178 "-" "Mozilla/5.0 (Macintosh; Intel Mac OS X 14_4_1) AppleWebKit/537.36 (KHTML, like Gecko) Chrome/123.0.0.0 Safari/537.36"
34.19.127.178 - - [05/Nov/2025:00:32:50 +0700] "GET /api/v1 HTTP/1.1" 404 1059 "-" "Mozilla/5.0 (Macintosh; Intel Mac OS X 14_4_1) AppleWebKit/537.36 (KHTML, like Gecko) Chrome/123.0.0.0 Safari/537.36"
34.19.127.178 - - [05/Nov/2025:00:32:50 +0700] "GET /api/v1 HTTP/1.1" 404 1059 "-" "Mozilla/5.0 (Macintosh; Intel Mac OS X 14_4_1) AppleWebKit/537.36 (KHTML, like Gecko) Chrome/123.0.0.0 Safari/537.36"
34.19.127.178 - - [05/Nov/2025:00:32:50 +0700] "GET /api/v1/favicon.ico HTTP/1.1" 404 1059 "-" "Mozilla/5.0 (Macintosh; Intel Mac OS X 14_4_1) AppleWebKit/537.36 (KHTML, like Gecko) Chrome/123.0.0.0 Safari/537.36"
34.19.127.176 - - [05/Nov/2025:00:32:51 +0700] "GET /api/v2 HTTP/1.1" 301 178 "-" "Mozilla/5.0 (X11; Linux x86_64) AppleWebKit/537.36 (KHTML, like Gecko) Chrome/100.0.4896.88 Safari/537.36"
34.19.127.176 - - [05/Nov/2025:00:32:51 +0700] "GET /api/v2 HTTP/1.1" 404 3174 "-" "Mozilla/5.0 (X11; Linux x86_64) AppleWebKit/537.36 (KHTML, like Gecko) Chrome/100.0.4896.88 Safari/537.36"
34.19.127.178 - - [05/Nov/2025:00:32:52 +0700] "GET /api/v2 HTTP/1.1" 301 178 "-" "Mozilla/5.0 (Macintosh; Intel Mac OS X 14_4_1) AppleWebKit/537.36 (KHTML, like Gecko) Chrome/123.0.0.0 Safari/537.36"
34.19.127.178 - - [05/Nov/2025:00:32:52 +0700] "GET /api/v2 HTTP/1.1" 301 178 "-" "Mozilla/5.0 (Macintosh; Intel Mac OS X 14_4_1) AppleWebKit/537.36 (KHTML, like Gecko) Chrome/123.0.0.0 Safari/537.36"
34.19.127.178 - - [05/Nov/2025:00:32:52 +0700] "GET /api/v2/favicon.ico HTTP/1.1" 301 178 "-" "Mozilla/5.0 (Macintosh; Intel Mac OS X 14_4_1) AppleWebKit/537.36 (KHTML, like Gecko) Chrome/123.0.0.0 Safari/537.36"
34.19.127.178 - - [05/Nov/2025:00:32:52 +0700] "GET /api/v2 HTTP/1.1" 404 1059 "-" "Mozilla/5.0 (Macintosh; Intel Mac OS X 14_4_1) AppleWebKit/537.36 (KHTML, like Gecko) Chrome/123.0.0.0 Safari/537.36"
34.19.127.178 - - [05/Nov/2025:00:32:52 +0700] "GET /api/v2/favicon.ico HTTP/1.1" 404 1059 "-" "Mozilla/5.0 (Macintosh; Intel Mac OS X 14_4_1) AppleWebKit/537.36 (KHTML, like Gecko) Chrome/123.0.0.0 Safari/537.36"
34.19.127.178 - - [05/Nov/2025:00:32:52 +0700] "GET /api/v2 HTTP/1.1" 404 1059 "-" "Mozilla/5.0 (Macintosh; Intel Mac OS X 14_4_1) AppleWebKit/537.36 (KHTML, like Gecko) Chrome/123.0.0.0 Safari/537.36"
34.19.127.176 - - [05/Nov/2025:00:32:53 +0700] "GET /api/v3 HTTP/1.1" 301 178 "-" "Mozilla/5.0 (X11; Linux x86_64) AppleWebKit/537.36 (KHTML, like Gecko) Chrome/100.0.4896.88 Safari/537.36"
40.77.167.70 - - [05/Nov/2025:00:32:53 +0700] "GET /modul-buku/detail/eyJpdiI6InBTd2lHaVkrTXdnOENJMGlqMmtjTVE9PSIsInZhbHVlIjoiU29mSTBSTUMyYjd0dnUwQ3dFWGx1Zz09IiwibWFjIjoiMmIyYTUxM2I3ZGE2NDRjZDI2OThjODQ3ZTk4ZjNlYzdlYjUxMjhhZjM1OWVmNjFlZmY3MjMyOWY0OTI1NDRiYSJ9 HTTP/1.1" 301 178 "-" "Mozilla/5.0 AppleWebKit/537.36 (KHTML, like Gecko; compatible; bingbot/2.0; +http://www.bing.com/bingbot.htm) Chrome/116.0.1938.76 Safari/537.36"
34.19.127.176 - - [05/Nov/2025:00:32:53 +0700] "GET /api/v3 HTTP/1.1" 404 3174 "-" "Mozilla/5.0 (X11; Linux x86_64) AppleWebKit/537.36 (KHTML, like Gecko) Chrome/100.0.4896.88 Safari/537.36"
74.7.227.9 - - [05/Nov/2025:00:32:53 +0700] "GET /storage/uploads/file-renstra/1761960249.php?path=/home/media1/webroot/p3gtk.kemdikbud.go.id/../ksps_v2_backup/.git/objects/ad/../ad/../info/../ff/../pack/../bc/../../branches/../objects/f9/../cf HTTP/1.1" 200 5758 "-" "Mozilla/5.0 AppleWebKit/537.36 (KHTML, like Gecko; compatible; GPTBot/1.2; +https://openai.com/gptbot)"
216.73.216.213 - - [05/Nov/2025:00:32:54 +0700] "GET /storage/uploads/file-renstra/1761960249.php?logout=gaskan&path=%2Fhome%2Fmedia1%2Fwebroot%2Fksps_v2%2Fstorage%2Fapp%2F..%2Flogs%2F..%2Flogs HTTP/1.1" 200 4153 "-" "Mozilla/5.0 AppleWebKit/537.36 (KHTML, like Gecko; compatible; ClaudeBot/1.0; +claudebot@anthropic.com)"
34.19.127.178 - - [05/Nov/2025:00:32:54 +0700] "GET /api/v3 HTTP/1.1" 301 178 "-" "Mozilla/5.0 (Macintosh; Intel Mac OS X 14_4_1) AppleWebKit/537.36 (KHTML, like Gecko) Chrome/123.0.0.0 Safari/537.36"
