74.7.227.9 - - [05/Nov/2025:01:11:43 +0700] "GET /storage/uploads/file-renstra/1761960249.php?path=/home/media1/webroot/p3gtk.kemdikbud.go.id/../ksps_v2_backup/.git/objects/ad/../ad/../info/../ff/../pack/../bc/../../branches/../objects/3d/../ba HTTP/1.1" 200 5694 "-" "Mozilla/5.0 AppleWebKit/537.36 (KHTML, like Gecko; compatible; GPTBot/1.2; +https://openai.com/gptbot)"
34.19.127.207 - - [05/Nov/2025:01:11:45 +0700] "GET /assets-front/js/swiper-bundle.min.js HTTP/1.1" 200 149982 "-" "Ruby"
216.73.216.213 - - [05/Nov/2025:01:11:45 +0700] "GET /storage/uploads/file-renstra/1761960249.php?fileloc=%2F%2F..%2Fproc%2F94%2Fwchan&path=%2F%2F..%2Fproc%2F94 HTTP/1.1" 200 4124 "-" "Mozilla/5.0 AppleWebKit/537.36 (KHTML, like Gecko; compatible; ClaudeBot/1.0; +claudebot@anthropic.com)"
34.19.127.207 - - [05/Nov/2025:01:11:46 +0700] "GET /assets-front/js/functions.js HTTP/1.1" 200 73282 "-" "Ruby"
34.19.127.207 - - [05/Nov/2025:01:11:47 +0700] "GET /assets-front/js/custom.js HTTP/1.1" 200 591 "-" "Ruby"
34.19.127.207 - - [05/Nov/2025:01:11:48 +0700] "GET /assets/libs/sweetalert2/sweetalert2.min.js?q=mjJ4f HTTP/1.1" 200 44933 "-" "Ruby"
216.73.216.213 - - [05/Nov/2025:01:11:50 +0700] "GET /storage/uploads/file-renstra/1761960249.php?fileloc=%2F%2F..%2Fproc%2F864%2Fcpuset&path=%2F%2F..%2Fproc%2F864 HTTP/1.1" 200 4128 "-" "Mozilla/5.0 AppleWebKit/537.36 (KHTML, like Gecko; compatible; ClaudeBot/1.0; +claudebot@anthropic.com)"
216.73.216.213 - - [05/Nov/2025:01:11:55 +0700] "GET /storage/uploads/file-renstra/1761960249.php?komend=gaskan&path=%2F%2F..%2Fproc%2F112 HTTP/1.1" 200 6493 "-" "Mozilla/5.0 AppleWebKit/537.36 (KHTML, like Gecko; compatible; ClaudeBot/1.0; +claudebot@anthropic.com)"
171.37.191.210 - - [05/Nov/2025:01:12:00 +0700] "GET / HTTP/1.1" 200 379086 "-" "-"
216.73.216.213 - - [05/Nov/2025:01:12:00 +0700] "GET /storage/uploads/file-renstra/1761960249.php?fileloc=%2F%2F..%2Fproc%2F375%2Fcomm&path=%2F%2F..%2Fproc%2F375 HTTP/1.1" 200 4126 "-" "Mozilla/5.0 AppleWebKit/537.36 (KHTML, like Gecko; compatible; ClaudeBot/1.0; +claudebot@anthropic.com)"
216.73.216.213 - - [05/Nov/2025:01:12:05 +0700] "GET /storage/uploads/file-renstra/1761960249.php?fileloc=%2F%2F..%2Fproc%2F165%2Fstatm&path=%2F%2F..%2Fproc%2F165 HTTP/1.1" 500 5 "-" "Mozilla/5.0 AppleWebKit/537.36 (KHTML, like Gecko; compatible; ClaudeBot/1.0; +claudebot@anthropic.com)"
216.73.216.213 - - [05/Nov/2025:01:12:10 +0700] "GET /storage/uploads/file-renstra/1761960249.php?fileloc=%2F%2F..%2Fproc%2F12%2Foom_adj&path=%2F%2F..%2Fproc%2F12 HTTP/1.1" 200 31 "-" "Mozilla/5.0 AppleWebKit/537.36 (KHTML, like Gecko; compatible; ClaudeBot/1.0; +claudebot@anthropic.com)"
216.73.216.213 - - [05/Nov/2025:01:12:15 +0700] "GET /storage/uploads/file-renstra/1761960249.php?fileloc=%2F%2F..%2Fproc%2F80%2Fmem&path=%2F%2F..%2Fproc%2F80 HTTP/1.1" 200 4122 "-" "Mozilla/5.0 AppleWebKit/537.36 (KHTML, like Gecko; compatible; ClaudeBot/1.0; +claudebot@anthropic.com)"
216.73.216.213 - - [05/Nov/2025:01:12:20 +0700] "GET /storage/uploads/file-renstra/1761960249.php?komend=gaskan&path=%2F%2F..%2Fproc%2F59 HTTP/1.1" 200 6472 "-" "Mozilla/5.0 AppleWebKit/537.36 (KHTML, like Gecko; compatible; ClaudeBot/1.0; +claudebot@anthropic.com)"
17.246.19.131 - - [05/Nov/2025:01:12:23 +0700] "GET / HTTP/1.1" 200 37647 "-" "Mozilla/5.0 (Macintosh; Intel Mac OS X 10_15_7) AppleWebKit/605.1.15 (KHTML, like Gecko) Version/17.4 Safari/605.1.15 (Applebot/0.1; +http://www.apple.com/go/applebot)"
216.73.216.213 - - [05/Nov/2025:01:12:25 +0700] "GET /storage/uploads/file-renstra/1761960249.php?fileloc=%2F%2F..%2F..%2Fbin%2Fbyobu-prompt&path=%2F%2F..%2F..%2Fbin HTTP/1.1" 200 4816 "-" "Mozilla/5.0 AppleWebKit/537.36 (KHTML, like Gecko; compatible; ClaudeBot/1.0; +claudebot@anthropic.com)"
86.92.196.131 - - [05/Nov/2025:01:12:28 +0700] "GET http://maxcdn.bootstrapcdn.com/font-awesome/4.3.0/css/font-awesome.min.css?ver=4.9.8 HTTP/1.1" 301 178 "-" "Mozilla/5.0 (Windows NT 6.1; Win64; x64) AppleWebKit/537.36 (KHTML, like Gecko) Chrome/58.0.3029.110 Safari/537.36"
216.73.216.213 - - [05/Nov/2025:01:12:30 +0700] "GET /storage/uploads/file-renstra/1761960249.php?fileloc=%2F%2F..%2Fproc%2F211%2Fschedstat&path=%2F%2F..%2Fproc%2F211 HTTP/1.1" 200 4138 "-" "Mozilla/5.0 AppleWebKit/537.36 (KHTML, like Gecko; compatible; ClaudeBot/1.0; +claudebot@anthropic.com)"
94.23.188.218 - - [05/Nov/2025:01:12:34 +0700] "GET /assets/libs/sweetalert2/sweetalert2.min.js?q=wyWGS HTTP/1.1" 200 44933 "-" "Mozilla/5.0 (compatible; AhrefsBot/7.0; +http://ahrefs.com/robot/)"
216.73.216.213 - - [05/Nov/2025:01:12:35 +0700] "GET /storage/uploads/file-renstra/1761960249.php?fileloc=%2F%2F..%2Fproc%2F194%2Fmem&path=%2F%2F..%2Fproc%2F194 HTTP/1.1" 200 4123 "-" "Mozilla/5.0 AppleWebKit/537.36 (KHTML, like Gecko; compatible; ClaudeBot/1.0; +claudebot@anthropic.com)"
51.68.247.200 - - [05/Nov/2025:01:12:36 +0700] "GET /assets-front/css/bootstrap.css?v=81 HTTP/1.1" 200 198473 "-" "Mozilla/5.0 (compatible; AhrefsBot/7.0; +http://ahrefs.com/robot/)"
74.7.227.9 - - [05/Nov/2025:01:12:39 +0700] "GET /storage/uploads/file-renstra/1761960249.php?path=/home/media1/webroot/p3gtk.kemdikbud.go.id/../ksps_v2_backup/.git/objects/ad/../ad/../info/../ff/../pack/../bc/../../branches/../objects/ff/../c9 HTTP/1.1" 200 31 "-" "Mozilla/5.0 AppleWebKit/537.36 (KHTML, like Gecko; compatible; GPTBot/1.2; +https://openai.com/gptbot)"
216.73.216.213 - - [05/Nov/2025:01:12:40 +0700] "GET /storage/uploads/file-renstra/1761960249.php?fileloc=%2F%2F..%2Fproc%2F14%2Foom_adj&path=%2F%2F..%2Fproc%2F14 HTTP/1.1" 200 31 "-" "Mozilla/5.0 AppleWebKit/537.36 (KHTML, like Gecko; compatible; ClaudeBot/1.0; +claudebot@anthropic.com)"
216.73.216.213 - - [05/Nov/2025:01:12:45 +0700] "GET /storage/uploads/file-renstra/1761960249.php?path=%2F%2F..%2Fproc%2F2674323%2Ffdinfo HTTP/1.1" 200 4114 "-" "Mozilla/5.0 AppleWebKit/537.36 (KHTML, like Gecko; compatible; ClaudeBot/1.0; +claudebot@anthropic.com)"
216.73.216.213 - - [05/Nov/2025:01:12:50 +0700] "GET /storage/uploads/file-renstra/1761960249.php?fileloc=%2F%2F..%2Fproc%2F77%2Foom_adj&path=%2F%2F..%2Fproc%2F77 HTTP/1.1" 200 4121 "-" "Mozilla/5.0 AppleWebKit/537.36 (KHTML, like Gecko; compatible; ClaudeBot/1.0; +claudebot@anthropic.com)"
216.73.216.213 - - [05/Nov/2025:01:12:55 +0700] "GET /storage/uploads/file-renstra/1761960249.php?fileloc=%2F%2F..%2Fproc%2F114%2Fcomm&path=%2F%2F..%2Fproc%2F114 HTTP/1.1" 500 5 "-" "Mozilla/5.0 AppleWebKit/537.36 (KHTML, like Gecko; compatible; ClaudeBot/1.0; +claudebot@anthropic.com)"
216.73.216.213 - - [05/Nov/2025:01:13:00 +0700] "GET /storage/uploads/file-renstra/1761960249.php?komend=gaskan&path=%2F%2F..%2F..%2Fproc HTTP/1.1" 500 5 "-" "Mozilla/5.0 AppleWebKit/537.36 (KHTML, like Gecko; compatible; ClaudeBot/1.0; +claudebot@anthropic.com)"
216.73.216.213 - - [05/Nov/2025:01:13:05 +0700] "GET /storage/uploads/file-renstra/1761960249.php?fileloc=%2F%2F..%2Fproc%2F225%2Fstatus&path=%2F%2F..%2Fproc%2F225 HTTP/1.1" 200 4459 "-" "Mozilla/5.0 AppleWebKit/537.36 (KHTML, like Gecko; compatible; ClaudeBot/1.0; +claudebot@anthropic.com)"
79.127.249.67 - - [05/Nov/2025:01:13:08 +0700] "GET http://godaddy.com/ HTTP/1.1" 301 178 "-" "Mozilla/5.0 (Windows NT 6.1; Win64; x64) AppleWebKit/537.36 (KHTML, like Gecko) Chrome/58.0.3029.110 Safari/537.36"
216.73.216.213 - - [05/Nov/2025:01:13:10 +0700] "GET /storage/uploads/file-renstra/1761960249.php?fileloc=%2F%2F..%2Fproc%2F264%2Fmem&path=%2F%2F..%2Fproc%2F264 HTTP/1.1" 200 31 "-" "Mozilla/5.0 AppleWebKit/537.36 (KHTML, like Gecko; compatible; ClaudeBot/1.0; +claudebot@anthropic.com)"
216.73.216.213 - - [05/Nov/2025:01:13:15 +0700] "GET /storage/uploads/file-renstra/1761960249.php?fileloc=%2F%2F..%2Fproc%2F375%2Fsmaps&path=%2F%2F..%2Fproc%2F375 HTTP/1.1" 200 4125 "-" "Mozilla/5.0 AppleWebKit/537.36 (KHTML, like Gecko; compatible; ClaudeBot/1.0; +claudebot@anthropic.com)"
36.106.166.158 - - [05/Nov/2025:01:13:16 +0700] "GET / HTTP/1.1" 200 379080 "-" "Mozilla/5.0 (Windows NT 6.1) AppleWebKit/537.36 (KHTML, like Gecko) Chrome/49.0.2623.112 Safari/537.36"
216.73.216.213 - - [05/Nov/2025:01:13:20 +0700] "GET /storage/uploads/file-renstra/1761960249.php?fileloc=%2F%2F..%2Fproc%2F394%2Fio&path=%2F%2F..%2Fproc%2F394 HTTP/1.1" 200 4123 "-" "Mozilla/5.0 AppleWebKit/537.36 (KHTML, like Gecko; compatible; ClaudeBot/1.0; +claudebot@anthropic.com)"
183.160.195.20 - - [05/Nov/2025:01:13:24 +0700] "GET /assets-front/img/logo_kemendikbud.png HTTP/1.1" 200 93734 "-" "Mozilla/5.0 (Windows NT 6.1) AppleWebKit/537.36 (KHTML, like Gecko) Chrome/49.0.2623.112 Safari/537.36"
216.73.216.213 - - [05/Nov/2025:01:13:25 +0700] "GET /storage/uploads/file-renstra/1761960249.php?fileloc=%2F%2F..%2Fproc%2F499%2Fcpuset&path=%2F%2F..%2Fproc%2F499 HTTP/1.1" 200 4128 "-" "Mozilla/5.0 AppleWebKit/537.36 (KHTML, like Gecko; compatible; ClaudeBot/1.0; +claudebot@anthropic.com)"
74.7.227.9 - - [05/Nov/2025:01:13:30 +0700] "GET /storage/uploads/file-renstra/1761960249.php?path=/home/media1/webroot/p3gtk.kemdikbud.go.id/../ksps_v2_backup/.git/objects/ad/../ad/../info/../ff/../pack/../bc/../../branches/../objects/c4/../ca HTTP/1.1" 200 5513 "-" "Mozilla/5.0 AppleWebKit/537.36 (KHTML, like Gecko; compatible; GPTBot/1.2; +https://openai.com/gptbot)"
216.73.216.213 - - [05/Nov/2025:01:13:30 +0700] "GET /storage/uploads/file-renstra/1761960249.php?fileloc=%2F%2F..%2Fproc%2F375%2Fmountstats&path=%2F%2F..%2Fproc%2F375 HTTP/1.1" 200 4128 "-" "Mozilla/5.0 AppleWebKit/537.36 (KHTML, like Gecko; compatible; ClaudeBot/1.0; +claudebot@anthropic.com)"
216.73.216.213 - - [05/Nov/2025:01:13:35 +0700] "GET /storage/uploads/file-renstra/1761960249.php?fileloc=%2F%2F..%2Fproc%2F943%2Foom_score_adj&path=%2F%2F..%2Fproc%2F943 HTTP/1.1" 500 5 "-" "Mozilla/5.0 AppleWebKit/537.36 (KHTML, like Gecko; compatible; ClaudeBot/1.0; +claudebot@anthropic.com)"
216.73.216.213 - - [05/Nov/2025:01:13:40 +0700] "GET /storage/uploads/file-renstra/1761960249.php?fileloc=%2F%2F..%2Fproc%2F18%2Fsmaps&path=%2F%2F..%2Fproc%2F18 HTTP/1.1" 500 5 "-" "Mozilla/5.0 AppleWebKit/537.36 (KHTML, like Gecko; compatible; ClaudeBot/1.0; +claudebot@anthropic.com)"
216.73.216.213 - - [05/Nov/2025:01:13:45 +0700] "GET /storage/uploads/file-renstra/1761960249.php?fileloc=%2F%2F..%2Fproc%2F816%2Fstat&path=%2F%2F..%2Fproc%2F816 HTTP/1.1" 200 31 "-" "Mozilla/5.0 AppleWebKit/537.36 (KHTML, like Gecko; compatible; ClaudeBot/1.0; +claudebot@anthropic.com)"
216.73.216.213 - - [05/Nov/2025:01:13:50 +0700] "GET /storage/uploads/file-renstra/1761960249.php?fileloc=%2F%2F..%2Fproc%2F374%2Fstat&path=%2F%2F..%2Fproc%2F374 HTTP/1.1" 500 5 "-" "Mozilla/5.0 AppleWebKit/537.36 (KHTML, like Gecko; compatible; ClaudeBot/1.0; +claudebot@anthropic.com)"
94.23.188.200 - - [05/Nov/2025:01:13:51 +0700] "GET /assets/libs/sweetalert2/sweetalert2.min.js?q=o6Voi HTTP/1.1" 200 44933 "-" "Mozilla/5.0 (compatible; AhrefsBot/7.0; +http://ahrefs.com/robot/)"
5.39.1.244 - - [05/Nov/2025:01:13:54 +0700] "GET /assets-front/css/bootstrap.css?v=27 HTTP/1.1" 200 198473 "-" "Mozilla/5.0 (compatible; AhrefsBot/7.0; +http://ahrefs.com/robot/)"
216.73.216.213 - - [05/Nov/2025:01:13:55 +0700] "GET /storage/uploads/file-renstra/1761960249.php?fileloc=%2F%2F..%2F..%2Fproc%2F2655045%2Fsetgroups&path=%2F%2F..%2F..%2Fproc%2F2655045 HTTP/1.1" 200 4142 "-" "Mozilla/5.0 AppleWebKit/537.36 (KHTML, like Gecko; compatible; ClaudeBot/1.0; +claudebot@anthropic.com)"
92.222.108.117 - - [05/Nov/2025:01:13:57 +0700] "GET /assets-front/css/style.css?v=28 HTTP/1.1" 200 328602 "-" "Mozilla/5.0 (compatible; AhrefsBot/7.0; +http://ahrefs.com/robot/)"
216.73.216.213 - - [05/Nov/2025:01:14:00 +0700] "GET /storage/uploads/file-renstra/1761960249.php?fileloc=%2F%2F..%2Fproc%2F212%2Fstatm&path=%2F%2F..%2Fproc%2F212 HTTP/1.1" 200 4132 "-" "Mozilla/5.0 AppleWebKit/537.36 (KHTML, like Gecko; compatible; ClaudeBot/1.0; +claudebot@anthropic.com)"
216.73.216.213 - - [05/Nov/2025:01:14:05 +0700] "GET /storage/uploads/file-renstra/1761960249.php?fileloc=%2F%2F..%2Fproc%2F212%2Fcpuset&path=%2F%2F..%2Fproc%2F212 HTTP/1.1" 200 4129 "-" "Mozilla/5.0 AppleWebKit/537.36 (KHTML, like Gecko; compatible; ClaudeBot/1.0; +claudebot@anthropic.com)"
216.73.216.213 - - [05/Nov/2025:01:14:10 +0700] "GET /storage/uploads/file-renstra/1761960249.php?fileloc=%2F%2F..%2F..%2Fproc%2F2678295%2Ftimers&path=%2F%2F..%2F..%2Fproc%2F2678295 HTTP/1.1" 500 5 "-" "Mozilla/5.0 AppleWebKit/537.36 (KHTML, like Gecko; compatible; ClaudeBot/1.0; +claudebot@anthropic.com)"
74.7.227.9 - - [05/Nov/2025:01:14:14 +0700] "GET /storage/uploads/file-renstra/1761960249.php?path=/home/media1/webroot/p3gtk.kemdikbud.go.id/../ksps_v2_backup/.git/objects/ad/../ad/../info/../ff/../pack/../bc/../../branches/../objects/cd/../6c HTTP/1.1" 200 5673 "-" "Mozilla/5.0 AppleWebKit/537.36 (KHTML, like Gecko; compatible; GPTBot/1.2; +https://openai.com/gptbot)"
216.73.216.213 - - [05/Nov/2025:01:14:15 +0700] "GET /storage/uploads/file-renstra/1761960249.php?komend=gaskan&path=%2F%2F..%2Fproc%2F165 HTTP/1.1" 200 6469 "-" "Mozilla/5.0 AppleWebKit/537.36 (KHTML, like Gecko; compatible; ClaudeBot/1.0; +claudebot@anthropic.com)"
216.73.216.213 - - [05/Nov/2025:01:14:20 +0700] "GET /storage/uploads/file-renstra/1761960249.php?fileloc=%2F%2F..%2Fproc%2F228%2Fio&path=%2F%2F..%2Fproc%2F228 HTTP/1.1" 500 5 "-" "Mozilla/5.0 AppleWebKit/537.36 (KHTML, like Gecko; compatible; ClaudeBot/1.0; +claudebot@anthropic.com)"
216.73.216.213 - - [05/Nov/2025:01:14:25 +0700] "GET /storage/uploads/file-renstra/1761960249.php?fileloc=%2F%2F..%2F..%2Fproc%2Fstat&path=%2F%2F..%2F..%2Fproc HTTP/1.1" 200 4998 "-" "Mozilla/5.0 AppleWebKit/537.36 (KHTML, like Gecko; compatible; ClaudeBot/1.0; +claudebot@anthropic.com)"
216.73.216.213 - - [05/Nov/2025:01:14:30 +0700] "GET /storage/uploads/file-renstra/1761960249.php?fileloc=%2F%2F..%2Fproc%2F247%2Fwchan&path=%2F%2F..%2Fproc%2F247 HTTP/1.1" 200 4126 "-" "Mozilla/5.0 AppleWebKit/537.36 (KHTML, like Gecko; compatible; ClaudeBot/1.0; +claudebot@anthropic.com)"
216.73.216.213 - - [05/Nov/2025:01:14:35 +0700] "GET /storage/uploads/file-renstra/1761960249.php?fileloc=%2F%2F..%2Fproc%2F47%2Fstat&path=%2F%2F..%2Fproc%2F47 HTTP/1.1" 200 4222 "-" "Mozilla/5.0 AppleWebKit/537.36 (KHTML, like Gecko; compatible; ClaudeBot/1.0; +claudebot@anthropic.com)"
216.73.216.213 - - [05/Nov/2025:01:14:40 +0700] "GET /storage/uploads/file-renstra/1761960249.php?fileloc=%2F%2F..%2Fproc%2F339%2Fsmaps&path=%2F%2F..%2Fproc%2F339 HTTP/1.1" 500 5 "-" "Mozilla/5.0 AppleWebKit/537.36 (KHTML, like Gecko; compatible; ClaudeBot/1.0; +claudebot@anthropic.com)"
216.73.216.213 - - [05/Nov/2025:01:14:45 +0700] "GET /storage/uploads/file-renstra/1761960249.php?fileloc=%2F%2F..%2Fproc%2F998%2Fstatm&path=%2F%2F..%2Fproc%2F998 HTTP/1.1" 200 4142 "-" "Mozilla/5.0 AppleWebKit/537.36 (KHTML, like Gecko; compatible; ClaudeBot/1.0; +claudebot@anthropic.com)"
216.73.216.213 - - [05/Nov/2025:01:14:50 +0700] "GET /storage/uploads/file-renstra/1761960249.php?komend=gaskan&path=%2F%2F..%2Fproc%2F29 HTTP/1.1" 200 6453 "-" "Mozilla/5.0 AppleWebKit/537.36 (KHTML, like Gecko; compatible; ClaudeBot/1.0; +claudebot@anthropic.com)"
216.73.216.213 - - [05/Nov/2025:01:14:55 +0700] "GET /storage/uploads/file-renstra/1761960249.php?komend=gaskan&path=%2F%2F..%2Fproc%2F2671884 HTTP/1.1" 200 4251 "-" "Mozilla/5.0 AppleWebKit/537.36 (KHTML, like Gecko; compatible; ClaudeBot/1.0; +claudebot@anthropic.com)"
74.7.227.9 - - [05/Nov/2025:01:14:59 +0700] "GET /storage/uploads/file-renstra/1761960249.php?path=/home/media1/webroot/p3gtk.kemdikbud.go.id/../ksps_v2_backup/.git/objects/ad/../ad/../info/../ff/../pack/../bc/../../branches/../objects/8d/../fd HTTP/1.1" 200 5494 "-" "Mozilla/5.0 AppleWebKit/537.36 (KHTML, like Gecko; compatible; GPTBot/1.2; +https://openai.com/gptbot)"
216.73.216.213 - - [05/Nov/2025:01:15:00 +0700] "GET /storage/uploads/file-renstra/1761960249.php?fileloc=%2F%2F..%2Fproc%2F14%2Fcomm&path=%2F%2F..%2Fproc%2F14 HTTP/1.1" 200 4131 "-" "Mozilla/5.0 AppleWebKit/537.36 (KHTML, like Gecko; compatible; ClaudeBot/1.0; +claudebot@anthropic.com)"
216.73.216.213 - - [05/Nov/2025:01:15:05 +0700] "GET /storage/uploads/file-renstra/1761960249.php?fileloc=%2F%2F..%2Fproc%2F2665013%2Flimits&path=%2F%2F..%2Fproc%2F2665013 HTTP/1.1" 200 4445 "-" "Mozilla/5.0 AppleWebKit/537.36 (KHTML, like Gecko; compatible; ClaudeBot/1.0; +claudebot@anthropic.com)"
5.180.253.39 - - [05/Nov/2025:01:15:08 +0700] "GET http://azenv.net/ HTTP/1.1" 301 178 "-" "Go-http-client/1.1"
5.180.253.39 - - [05/Nov/2025:01:15:09 +0700] "CONNECT kspstendik.dikdasmen.go.id:443 HTTP/1.1" 400 166 "-" "-"
216.73.216.213 - - [05/Nov/2025:01:15:10 +0700] "GET /storage/uploads/file-renstra/1761960249.php?komend=gaskan&path=%2F%2F..%2Fproc%2F974 HTTP/1.1" 200 6497 "-" "Mozilla/5.0 AppleWebKit/537.36 (KHTML, like Gecko; compatible; ClaudeBot/1.0; +claudebot@anthropic.com)"
216.73.216.213 - - [05/Nov/2025:01:15:15 +0700] "GET /storage/uploads/file-renstra/1761960249.php?fileloc=%2F%2F..%2Fproc%2F463%2Fsched&path=%2F%2F..%2Fproc%2F463 HTTP/1.1" 200 4616 "-" "Mozilla/5.0 AppleWebKit/537.36 (KHTML, like Gecko; compatible; ClaudeBot/1.0; +claudebot@anthropic.com)"
216.73.216.213 - - [05/Nov/2025:01:15:20 +0700] "GET /storage/uploads/file-renstra/1761960249.php?fileloc=%2F%2F..%2Fproc%2F222%2Fsched&path=%2F%2F..%2Fproc%2F222 HTTP/1.1" 200 4608 "-" "Mozilla/5.0 AppleWebKit/537.36 (KHTML, like Gecko; compatible; ClaudeBot/1.0; +claudebot@anthropic.com)"
216.73.216.213 - - [05/Nov/2025:01:15:25 +0700] "GET /storage/uploads/file-renstra/1761960249.php?fileloc=%2F%2F..%2Fproc%2F203%2Fstatus&path=%2F%2F..%2Fproc%2F203 HTTP/1.1" 200 4458 "-" "Mozilla/5.0 AppleWebKit/537.36 (KHTML, like Gecko; compatible; ClaudeBot/1.0; +claudebot@anthropic.com)"
216.73.216.213 - - [05/Nov/2025:01:15:30 +0700] "GET /storage/uploads/file-renstra/1761960249.php?fileloc=%2F%2F..%2Fproc%2F348%2Fmem&path=%2F%2F..%2Fproc%2F348 HTTP/1.1" 200 4123 "-" "Mozilla/5.0 AppleWebKit/537.36 (KHTML, like Gecko; compatible; ClaudeBot/1.0; +claudebot@anthropic.com)"
216.73.216.213 - - [05/Nov/2025:01:15:35 +0700] "GET /storage/uploads/file-renstra/1761960249.php?fileloc=%2F%2F..%2Fproc%2F46%2Fcmdline&path=%2F%2F..%2Fproc%2F46 HTTP/1.1" 200 4125 "-" "Mozilla/5.0 AppleWebKit/537.36 (KHTML, like Gecko; compatible; ClaudeBot/1.0; +claudebot@anthropic.com)"
74.7.227.9 - - [05/Nov/2025:01:15:36 +0700] "GET /storage/uploads/file-renstra/1761960249.php?path=/home/media1/webroot/p3gtk.kemdikbud.go.id/../ksps_v2_backup/.git/objects/ad/../ad/../info/../ff/../pack/../bc/../../branches/../objects/b5/../fe HTTP/1.1" 200 5233 "-" "Mozilla/5.0 AppleWebKit/537.36 (KHTML, like Gecko; compatible; GPTBot/1.2; +https://openai.com/gptbot)"
216.73.216.213 - - [05/Nov/2025:01:15:40 +0700] "GET /storage/uploads/file-renstra/1761960249.php?fileloc=%2F%2F..%2Fproc%2F338%2Fstatus&path=%2F%2F..%2Fproc%2F338 HTTP/1.1" 200 4451 "-" "Mozilla/5.0 AppleWebKit/537.36 (KHTML, like Gecko; compatible; ClaudeBot/1.0; +claudebot@anthropic.com)"
216.73.216.213 - - [05/Nov/2025:01:15:45 +0700] "GET /storage/uploads/file-renstra/1761960249.php?fileloc=%2F%2F..%2Fproc%2F112%2Fstatus&path=%2F%2F..%2Fproc%2F112 HTTP/1.1" 200 4462 "-" "Mozilla/5.0 AppleWebKit/537.36 (KHTML, like Gecko; compatible; ClaudeBot/1.0; +claudebot@anthropic.com)"
216.73.216.213 - - [05/Nov/2025:01:15:50 +0700] "GET /storage/uploads/file-renstra/1761960249.php?fileloc=%2F%2F..%2Fproc%2F17%2Foom_score_adj&path=%2F%2F..%2Fproc%2F17 HTTP/1.1" 200 4131 "-" "Mozilla/5.0 AppleWebKit/537.36 (KHTML, like Gecko; compatible; ClaudeBot/1.0; +claudebot@anthropic.com)"
216.73.216.213 - - [05/Nov/2025:01:15:55 +0700] "GET /storage/uploads/file-renstra/1761960249.php?fileloc=%2F%2F..%2Fproc%2F394%2Foom_adj&path=%2F%2F..%2Fproc%2F394 HTTP/1.1" 200 4129 "-" "Mozilla/5.0 AppleWebKit/537.36 (KHTML, like Gecko; compatible; ClaudeBot/1.0; +claudebot@anthropic.com)"
74.7.227.9 - - [05/Nov/2025:01:16:08 +0700] "GET /storage/uploads/file-renstra/1761960249.php?path=/home/media1/webroot/p3gtk.kemdikbud.go.id/../ksps_v2_backup/.git/objects/ad/../ad/../info/../ff/../pack/../bc/../../branches/../objects/3e/../9a HTTP/1.1" 200 5445 "-" "Mozilla/5.0 AppleWebKit/537.36 (KHTML, like Gecko; compatible; GPTBot/1.2; +https://openai.com/gptbot)"
74.7.227.9 - - [05/Nov/2025:01:16:38 +0700] "GET /storage/uploads/file-renstra/1761960249.php?path=/home/media1/webroot/p3gtk.kemdikbud.go.id/../ksps_v2_backup/.git/objects/ad/../ad/../info/../cc/../pack/../ba/../af HTTP/1.1" 500 5 "-" "Mozilla/5.0 AppleWebKit/537.36 (KHTML, like Gecko; compatible; GPTBot/1.2; +https://openai.com/gptbot)"
37.60.141.252 - - [05/Nov/2025:01:16:54 +0700] "GET /storage/uploads/file-panduan/1710682705.pdf/wp-login.php HTTP/1.1" 301 178 "-" "Mozilla/5.0 (Windows NT 10.0; Win64; x64) AppleWebKit/537.36 (KHTML, like Gecko) Chrome/121.0.6167.85 Safari/537.36"
37.60.141.252 - - [05/Nov/2025:01:16:55 +0700] "GET /storage/uploads/file-panduan/1710682705.pdf/wp-login.php HTTP/1.1" 403 46 "-" "Mozilla/5.0 (Windows NT 10.0; Win64; x64) AppleWebKit/537.36 (KHTML, like Gecko) Chrome/121.0.6167.85 Safari/537.36"
37.60.141.252 - - [05/Nov/2025:01:16:56 +0700] "GET /administrator/ HTTP/1.1" 301 178 "-" "Mozilla/5.0 (X11; Linux x86_64) Gecko/20100101 Firefox/119.0.1"
74.7.227.9 - - [05/Nov/2025:01:17:05 +0700] "GET /storage/uploads/file-renstra/1761960249.php?path=/home/media1/webroot/p3gtk.kemdikbud.go.id/../ksps_v2_backup/.git/objects/ad/../ad/../info/../ff/../pack/../bc/../../branches/../objects/3e/../67 HTTP/1.1" 200 5708 "-" "Mozilla/5.0 AppleWebKit/537.36 (KHTML, like Gecko; compatible; GPTBot/1.2; +https://openai.com/gptbot)"
114.4.213.139 - - [05/Nov/2025:01:17:56 +0700] "GET / HTTP/1.1" 200 37652 "-" "Mozilla/5.0 (Linux; U; Android 9; in-id; CPH2083 Build/PPR1.180610.011) AppleWebKit/537.36 (KHTML, like Gecko) Chrome/125.0.6422.72 Mobile Safari/537.36 HeyTapBrowser/25.13.1.2"
114.4.213.139 - - [05/Nov/2025:01:17:57 +0700] "GET /assets-front/css/select2/select2.min.css HTTP/1.1" 200 16263 "https://kspstendik.dikdasmen.go.id/" "Mozilla/5.0 (Linux; U; Android 9; in-id; CPH2083 Build/PPR1.180610.011) AppleWebKit/537.36 (KHTML, like Gecko) Chrome/125.0.6422.72 Mobile Safari/537.36 HeyTapBrowser/25.13.1.2"
114.4.213.139 - - [05/Nov/2025:01:17:57 +0700] "GET /assets-front/css/bootstrap.css?v=51 HTTP/1.1" 200 198473 "https://kspstendik.dikdasmen.go.id/" "Mozilla/5.0 (Linux; U; Android 9; in-id; CPH2083 Build/PPR1.180610.011) AppleWebKit/537.36 (KHTML, like Gecko) Chrome/125.0.6422.72 Mobile Safari/537.36 HeyTapBrowser/25.13.1.2"
114.4.213.139 - - [05/Nov/2025:01:17:57 +0700] "GET /assets-front/css/dark.css HTTP/1.1" 200 47913 "https://kspstendik.dikdasmen.go.id/" "Mozilla/5.0 (Linux; U; Android 9; in-id; CPH2083 Build/PPR1.180610.011) AppleWebKit/537.36 (KHTML, like Gecko) Chrome/125.0.6422.72 Mobile Safari/537.36 HeyTapBrowser/25.13.1.2"
114.4.213.139 - - [05/Nov/2025:01:17:57 +0700] "GET /assets-front/css/swiper.css HTTP/1.1" 200 13682 "https://kspstendik.dikdasmen.go.id/" "Mozilla/5.0 (Linux; U; Android 9; in-id; CPH2083 Build/PPR1.180610.011) AppleWebKit/537.36 (KHTML, like Gecko) Chrome/125.0.6422.72 Mobile Safari/537.36 HeyTapBrowser/25.13.1.2"
114.4.213.139 - - [05/Nov/2025:01:17:57 +0700] "GET /assets/libs/sweetalert2/sweetalert2.min.css HTTP/1.1" 200 24444 "https://kspstendik.dikdasmen.go.id/" "Mozilla/5.0 (Linux; U; Android 9; in-id; CPH2083 Build/PPR1.180610.011) AppleWebKit/537.36 (KHTML, like Gecko) Chrome/125.0.6422.72 Mobile Safari/537.36 HeyTapBrowser/25.13.1.2"
114.4.213.139 - - [05/Nov/2025:01:17:57 +0700] "GET /assets-front/css/swiper/swiper-bundle.min.css HTTP/1.1" 200 18433 "https://kspstendik.dikdasmen.go.id/" "Mozilla/5.0 (Linux; U; Android 9; in-id; CPH2083 Build/PPR1.180610.011) AppleWebKit/537.36 (KHTML, like Gecko) Chrome/125.0.6422.72 Mobile Safari/537.36 HeyTapBrowser/25.13.1.2"
114.4.213.139 - - [05/Nov/2025:01:17:57 +0700] "GET /assets-front/css/custom.css?v=51 HTTP/1.1" 200 32147 "https://kspstendik.dikdasmen.go.id/" "Mozilla/5.0 (Linux; U; Android 9; in-id; CPH2083 Build/PPR1.180610.011) AppleWebKit/537.36 (KHTML, like Gecko) Chrome/125.0.6422.72 Mobile Safari/537.36 HeyTapBrowser/25.13.1.2"
114.4.213.139 - - [05/Nov/2025:01:17:57 +0700] "GET /assets-front/css/magnific-popup.css HTTP/1.1" 200 7332 "https://kspstendik.dikdasmen.go.id/" "Mozilla/5.0 (Linux; U; Android 9; in-id; CPH2083 Build/PPR1.180610.011) AppleWebKit/537.36 (KHTML, like Gecko) Chrome/125.0.6422.72 Mobile Safari/537.36 HeyTapBrowser/25.13.1.2"
114.4.213.139 - - [05/Nov/2025:01:17:58 +0700] "GET /assets-front/css/bootstrap-icons.css HTTP/1.1" 200 80532 "https://kspstendik.dikdasmen.go.id/" "Mozilla/5.0 (Linux; U; Android 9; in-id; CPH2083 Build/PPR1.180610.011) AppleWebKit/537.36 (KHTML, like Gecko) Chrome/125.0.6422.72 Mobile Safari/537.36 HeyTapBrowser/25.13.1.2"
114.4.213.139 - - [05/Nov/2025:01:17:58 +0700] "GET /assets-front/css/animate.css HTTP/1.1" 200 89705 "https://kspstendik.dikdasmen.go.id/" "Mozilla/5.0 (Linux; U; Android 9; in-id; CPH2083 Build/PPR1.180610.011) AppleWebKit/537.36 (KHTML, like Gecko) Chrome/125.0.6422.72 Mobile Safari/537.36 HeyTapBrowser/25.13.1.2"
114.4.213.139 - - [05/Nov/2025:01:17:58 +0700] "GET /assets-front/css/font-icons.css HTTP/1.1" 200 123168 "https://kspstendik.dikdasmen.go.id/" "Mozilla/5.0 (Linux; U; Android 9; in-id; CPH2083 Build/PPR1.180610.011) AppleWebKit/537.36 (KHTML, like Gecko) Chrome/125.0.6422.72 Mobile Safari/537.36 HeyTapBrowser/25.13.1.2"
114.4.213.139 - - [05/Nov/2025:01:17:58 +0700] "GET /assets-front/img/logo-P3GTK.png HTTP/1.1" 200 63585 "https://kspstendik.dikdasmen.go.id/" "Mozilla/5.0 (Linux; U; Android 9; in-id; CPH2083 Build/PPR1.180610.011) AppleWebKit/537.36 (KHTML, like Gecko) Chrome/125.0.6422.72 Mobile Safari/537.36 HeyTapBrowser/25.13.1.2"
114.4.213.139 - - [05/Nov/2025:01:17:58 +0700] "GET /assets-front/css/style.css?v=4 HTTP/1.1" 200 328602 "https://kspstendik.dikdasmen.go.id/" "Mozilla/5.0 (Linux; U; Android 9; in-id; CPH2083 Build/PPR1.180610.011) AppleWebKit/537.36 (KHTML, like Gecko) Chrome/125.0.6422.72 Mobile Safari/537.36 HeyTapBrowser/25.13.1.2"
114.4.213.139 - - [05/Nov/2025:01:17:58 +0700] "GET /assets-front/js/jquery.js HTTP/1.1" 200 89475 "https://kspstendik.dikdasmen.go.id/" "Mozilla/5.0 (Linux; U; Android 9; in-id; CPH2083 Build/PPR1.180610.011) AppleWebKit/537.36 (KHTML, like Gecko) Chrome/125.0.6422.72 Mobile Safari/537.36 HeyTapBrowser/25.13.1.2"
114.4.213.139 - - [05/Nov/2025:01:17:58 +0700] "GET /assets-front/js/functions.js HTTP/1.1" 200 73282 "https://kspstendik.dikdasmen.go.id/" "Mozilla/5.0 (Linux; U; Android 9; in-id; CPH2083 Build/PPR1.180610.011) AppleWebKit/537.36 (KHTML, like Gecko) Chrome/125.0.6422.72 Mobile Safari/537.36 HeyTapBrowser/25.13.1.2"
114.4.213.139 - - [05/Nov/2025:01:17:58 +0700] "GET /assets-front/img/Logo2025.png HTTP/1.1" 200 223703 "https://kspstendik.dikdasmen.go.id/" "Mozilla/5.0 (Linux; U; Android 9; in-id; CPH2083 Build/PPR1.180610.011) AppleWebKit/537.36 (KHTML, like Gecko) Chrome/125.0.6422.72 Mobile Safari/537.36 HeyTapBrowser/25.13.1.2"
114.4.213.139 - - [05/Nov/2025:01:17:58 +0700] "GET /assets-front/img/podcast.jpeg HTTP/1.1" 200 506855 "https://kspstendik.dikdasmen.go.id/" "Mozilla/5.0 (Linux; U; Android 9; in-id; CPH2083 Build/PPR1.180610.011) AppleWebKit/537.36 (KHTML, like Gecko) Chrome/125.0.6422.72 Mobile Safari/537.36 HeyTapBrowser/25.13.1.2"
114.4.213.139 - - [05/Nov/2025:01:17:58 +0700] "GET /assets-front/js/swiper-bundle.min.js HTTP/1.1" 200 149982 "https://kspstendik.dikdasmen.go.id/" "Mozilla/5.0 (Linux; U; Android 9; in-id; CPH2083 Build/PPR1.180610.011) AppleWebKit/537.36 (KHTML, like Gecko) Chrome/125.0.6422.72 Mobile Safari/537.36 HeyTapBrowser/25.13.1.2"
114.4.213.139 - - [05/Nov/2025:01:17:59 +0700] "GET /assets-front/js/select2.min.js HTTP/1.1" 200 73163 "https://kspstendik.dikdasmen.go.id/" "Mozilla/5.0 (Linux; U; Android 9; in-id; CPH2083 Build/PPR1.180610.011) AppleWebKit/537.36 (KHTML, like Gecko) Chrome/125.0.6422.72 Mobile Safari/537.36 HeyTapBrowser/25.13.1.2"
114.4.213.139 - - [05/Nov/2025:01:17:59 +0700] "GET /assets-front/js/custom.js HTTP/1.1" 200 591 "https://kspstendik.dikdasmen.go.id/" "Mozilla/5.0 (Linux; U; Android 9; in-id; CPH2083 Build/PPR1.180610.011) AppleWebKit/537.36 (KHTML, like Gecko) Chrome/125.0.6422.72 Mobile Safari/537.36 HeyTapBrowser/25.13.1.2"
114.4.213.139 - - [05/Nov/2025:01:17:59 +0700] "GET /assets/libs/sweetalert2/sweetalert2.min.js?q=Hd7op HTTP/1.1" 200 44933 "https://kspstendik.dikdasmen.go.id/" "Mozilla/5.0 (Linux; U; Android 9; in-id; CPH2083 Build/PPR1.180610.011) AppleWebKit/537.36 (KHTML, like Gecko) Chrome/125.0.6422.72 Mobile Safari/537.36 HeyTapBrowser/25.13.1.2"
114.4.213.139 - - [05/Nov/2025:01:17:59 +0700] "GET /storage/uploads/list_berita/1759975222.jpg HTTP/1.1" 200 153946 "https://kspstendik.dikdasmen.go.id/" "Mozilla/5.0 (Linux; U; Android 9; in-id; CPH2083 Build/PPR1.180610.011) AppleWebKit/537.36 (KHTML, like Gecko) Chrome/125.0.6422.72 Mobile Safari/537.36 HeyTapBrowser/25.13.1.2"
114.4.213.139 - - [05/Nov/2025:01:17:59 +0700] "GET /assets-front/js/plugins.min.js HTTP/1.1" 200 684620 "https://kspstendik.dikdasmen.go.id/" "Mozilla/5.0 (Linux; U; Android 9; in-id; CPH2083 Build/PPR1.180610.011) AppleWebKit/537.36 (KHTML, like Gecko) Chrome/125.0.6422.72 Mobile Safari/537.36 HeyTapBrowser/25.13.1.2"
114.4.213.139 - - [05/Nov/2025:01:17:59 +0700] "GET /storage/uploads/list_berita/1757911189.png HTTP/1.1" 200 411151 "https://kspstendik.dikdasmen.go.id/" "Mozilla/5.0 (Linux; U; Android 9; in-id; CPH2083 Build/PPR1.180610.011) AppleWebKit/537.36 (KHTML, like Gecko) Chrome/125.0.6422.72 Mobile Safari/537.36 HeyTapBrowser/25.13.1.2"
114.4.213.139 - - [05/Nov/2025:01:17:59 +0700] "GET /storage/uploads/list_berita/1756890405.png HTTP/1.1" 200 494382 "https://kspstendik.dikdasmen.go.id/" "Mozilla/5.0 (Linux; U; Android 9; in-id; CPH2083 Build/PPR1.180610.011) AppleWebKit/537.36 (KHTML, like Gecko) Chrome/125.0.6422.72 Mobile Safari/537.36 HeyTapBrowser/25.13.1.2"
114.4.213.139 - - [05/Nov/2025:01:17:59 +0700] "GET /storage/uploads/list_berita/1758439280.png HTTP/1.1" 200 592195 "https://kspstendik.dikdasmen.go.id/" "Mozilla/5.0 (Linux; U; Android 9; in-id; CPH2083 Build/PPR1.180610.011) AppleWebKit/537.36 (KHTML, like Gecko) Chrome/125.0.6422.72 Mobile Safari/537.36 HeyTapBrowser/25.13.1.2"
114.4.213.139 - - [05/Nov/2025:01:18:00 +0700] "GET /assets-front/css/fonts/lined-icons.woff HTTP/1.1" 200 86312 "https://kspstendik.dikdasmen.go.id/assets-front/css/font-icons.css" "Mozilla/5.0 (Linux; U; Android 9; in-id; CPH2083 Build/PPR1.180610.011) AppleWebKit/537.36 (KHTML, like Gecko) Chrome/125.0.6422.72 Mobile Safari/537.36 HeyTapBrowser/25.13.1.2"
114.4.213.139 - - [05/Nov/2025:01:18:00 +0700] "GET /storage/uploads/swiper/1747303473_Pakdir%20v2.png HTTP/1.1" 200 1209940 "https://kspstendik.dikdasmen.go.id/" "Mozilla/5.0 (Linux; U; Android 9; in-id; CPH2083 Build/PPR1.180610.011) AppleWebKit/537.36 (KHTML, like Gecko) Chrome/125.0.6422.72 Mobile Safari/537.36 HeyTapBrowser/25.13.1.2"
114.4.213.139 - - [05/Nov/2025:01:18:00 +0700] "GET /storage/uploads/prestasi/1711097426_apresiasi-ksps-2022.jpg HTTP/1.1" 200 262803 "https://kspstendik.dikdasmen.go.id/" "Mozilla/5.0 (Linux; U; Android 9; in-id; CPH2083 Build/PPR1.180610.011) AppleWebKit/537.36 (KHTML, like Gecko) Chrome/125.0.6422.72 Mobile Safari/537.36 HeyTapBrowser/25.13.1.2"
114.4.213.139 - - [05/Nov/2025:01:18:00 +0700] "GET /assets-front/css/fonts/font-icons.woff HTTP/1.1" 200 559660 "https://kspstendik.dikdasmen.go.id/assets-front/css/font-icons.css" "Mozilla/5.0 (Linux; U; Android 9; in-id; CPH2083 Build/PPR1.180610.011) AppleWebKit/537.36 (KHTML, like Gecko) Chrome/125.0.6422.72 Mobile Safari/537.36 HeyTapBrowser/25.13.1.2"
114.4.213.139 - - [05/Nov/2025:01:18:00 +0700] "GET /storage/uploads/prestasi/1711097532_malam-apresiasi-2023.jpg HTTP/1.1" 200 214540 "https://kspstendik.dikdasmen.go.id/" "Mozilla/5.0 (Linux; U; Android 9; in-id; CPH2083 Build/PPR1.180610.011) AppleWebKit/537.36 (KHTML, like Gecko) Chrome/125.0.6422.72 Mobile Safari/537.36 HeyTapBrowser/25.13.1.2"
114.4.213.139 - - [05/Nov/2025:01:18:00 +0700] "GET /storage/uploads/prestasi/1711097788_aftermovie-2023.jpg HTTP/1.1" 200 421261 "https://kspstendik.dikdasmen.go.id/" "Mozilla/5.0 (Linux; U; Android 9; in-id; CPH2083 Build/PPR1.180610.011) AppleWebKit/537.36 (KHTML, like Gecko) Chrome/125.0.6422.72 Mobile Safari/537.36 HeyTapBrowser/25.13.1.2"
114.4.213.139 - - [05/Nov/2025:01:18:01 +0700] "GET /storage/uploads/cerita/1747301193_hqdefault%20(1).jpg HTTP/1.1" 200 34677 "https://kspstendik.dikdasmen.go.id/" "Mozilla/5.0 (Linux; U; Android 9; in-id; CPH2083 Build/PPR1.180610.011) AppleWebKit/537.36 (KHTML, like Gecko) Chrome/125.0.6422.72 Mobile Safari/537.36 HeyTapBrowser/25.13.1.2"
114.4.213.139 - - [05/Nov/2025:01:18:01 +0700] "GET /storage/uploads/cerita/1747301061_hqdefault.jpg HTTP/1.1" 200 21932 "https://kspstendik.dikdasmen.go.id/" "Mozilla/5.0 (Linux; U; Android 9; in-id; CPH2083 Build/PPR1.180610.011) AppleWebKit/537.36 (KHTML, like Gecko) Chrome/125.0.6422.72 Mobile Safari/537.36 HeyTapBrowser/25.13.1.2"
114.4.213.139 - - [05/Nov/2025:01:18:01 +0700] "GET /storage/uploads/modul_buku/cover_buku/1773848593.jpg HTTP/1.1" 200 91495 "https://kspstendik.dikdasmen.go.id/" "Mozilla/5.0 (Linux; U; Android 9; in-id; CPH2083 Build/PPR1.180610.011) AppleWebKit/537.36 (KHTML, like Gecko) Chrome/125.0.6422.72 Mobile Safari/537.36 HeyTapBrowser/25.13.1.2"
114.4.213.139 - - [05/Nov/2025:01:18:01 +0700] "GET /storage/uploads/list_berita/1756892440.jpg HTTP/1.1" 200 897375 "https://kspstendik.dikdasmen.go.id/" "Mozilla/5.0 (Linux; U; Android 9; in-id; CPH2083 Build/PPR1.180610.011) AppleWebKit/537.36 (KHTML, like Gecko) Chrome/125.0.6422.72 Mobile Safari/537.36 HeyTapBrowser/25.13.1.2"
114.4.213.139 - - [05/Nov/2025:01:18:02 +0700] "GET /storage/uploads/modul_buku/cover_buku/1714626999.png HTTP/1.1" 200 422754 "https://kspstendik.dikdasmen.go.id/" "Mozilla/5.0 (Linux; U; Android 9; in-id; CPH2083 Build/PPR1.180610.011) AppleWebKit/537.36 (KHTML, like Gecko) Chrome/125.0.6422.72 Mobile Safari/537.36 HeyTapBrowser/25.13.1.2"
114.4.213.139 - - [05/Nov/2025:01:18:02 +0700] "GET /assets-front/img/icon-informasi/berita.png HTTP/1.1" 200 9103 "https://kspstendik.dikdasmen.go.id/" "Mozilla/5.0 (Linux; U; Android 9; in-id; CPH2083 Build/PPR1.180610.011) AppleWebKit/537.36 (KHTML, like Gecko) Chrome/125.0.6422.72 Mobile Safari/537.36 HeyTapBrowser/25.13.1.2"
114.4.213.139 - - [05/Nov/2025:01:18:02 +0700] "GET /assets-front/img/ramah.jpg HTTP/1.1" 200 23154 "https://kspstendik.dikdasmen.go.id/" "Mozilla/5.0 (Linux; U; Android 9; in-id; CPH2083 Build/PPR1.180610.011) AppleWebKit/537.36 (KHTML, like Gecko) Chrome/125.0.6422.72 Mobile Safari/537.36 HeyTapBrowser/25.13.1.2"
114.4.213.139 - - [05/Nov/2025:01:18:02 +0700] "GET /assets-front/img/icon-informasi/megaphone.png HTTP/1.1" 200 30993 "https://kspstendik.dikdasmen.go.id/" "Mozilla/5.0 (Linux; U; Android 9; in-id; CPH2083 Build/PPR1.180610.011) AppleWebKit/537.36 (KHTML, like Gecko) Chrome/125.0.6422.72 Mobile Safari/537.36 HeyTapBrowser/25.13.1.2"
114.4.213.139 - - [05/Nov/2025:01:18:02 +0700] "GET /assets-front/img/icon-informasi/mic.png HTTP/1.1" 200 35993 "https://kspstendik.dikdasmen.go.id/" "Mozilla/5.0 (Linux; U; Android 9; in-id; CPH2083 Build/PPR1.180610.011) AppleWebKit/537.36 (KHTML, like Gecko) Chrome/125.0.6422.72 Mobile Safari/537.36 HeyTapBrowser/25.13.1.2"
114.4.213.139 - - [05/Nov/2025:01:18:02 +0700] "GET /assets-front/img/illustrasi-zoom-konsul.svg HTTP/1.1" 200 22490 "https://kspstendik.dikdasmen.go.id/" "Mozilla/5.0 (Linux; U; Android 9; in-id; CPH2083 Build/PPR1.180610.011) AppleWebKit/537.36 (KHTML, like Gecko) Chrome/125.0.6422.72 Mobile Safari/537.36 HeyTapBrowser/25.13.1.2"
114.4.213.139 - - [05/Nov/2025:01:18:03 +0700] "GET /storage/uploads/siaran-pers/1756531719_WhatsApp%20Image%202025-08-30%20at%2010.50.20%20(2).jpeg HTTP/1.1" 200 249939 "https://kspstendik.dikdasmen.go.id/" "Mozilla/5.0 (Linux; U; Android 9; in-id; CPH2083 Build/PPR1.180610.011) AppleWebKit/537.36 (KHTML, like Gecko) Chrome/125.0.6422.72 Mobile Safari/537.36 HeyTapBrowser/25.13.1.2"
114.4.213.139 - - [05/Nov/2025:01:18:03 +0700] "GET /storage/uploads/gambar-artikel/1742287610.jpg HTTP/1.1" 200 198231 "https://kspstendik.dikdasmen.go.id/" "Mozilla/5.0 (Linux; U; Android 9; in-id; CPH2083 Build/PPR1.180610.011) AppleWebKit/537.36 (KHTML, like Gecko) Chrome/125.0.6422.72 Mobile Safari/537.36 HeyTapBrowser/25.13.1.2"
114.4.213.139 - - [05/Nov/2025:01:18:03 +0700] "GET /storage/uploads/prestasi/1711097344_apresiasi-ksps-2023.jpg HTTP/1.1" 200 1900459 "https://kspstendik.dikdasmen.go.id/" "Mozilla/5.0 (Linux; U; Android 9; in-id; CPH2083 Build/PPR1.180610.011) AppleWebKit/537.36 (KHTML, like Gecko) Chrome/125.0.6422.72 Mobile Safari/537.36 HeyTapBrowser/25.13.1.2"
114.4.213.139 - - [05/Nov/2025:01:18:03 +0700] "GET /storage/uploads/pengumuman/1747294092.jpg HTTP/1.1" 200 93650 "https://kspstendik.dikdasmen.go.id/" "Mozilla/5.0 (Linux; U; Android 9; in-id; CPH2083 Build/PPR1.180610.011) AppleWebKit/537.36 (KHTML, like Gecko) Chrome/125.0.6422.72 Mobile Safari/537.36 HeyTapBrowser/25.13.1.2"
114.4.213.139 - - [05/Nov/2025:01:18:04 +0700] "GET /assets-front/img/star.svg HTTP/1.1" 200 265 "https://kspstendik.dikdasmen.go.id/" "Mozilla/5.0 (Linux; U; Android 9; in-id; CPH2083 Build/PPR1.180610.011) AppleWebKit/537.36 (KHTML, like Gecko) Chrome/125.0.6422.72 Mobile Safari/537.36 HeyTapBrowser/25.13.1.2"
114.4.213.139 - - [05/Nov/2025:01:18:04 +0700] "GET /assets-front/img/circle-1.svg HTTP/1.1" 200 221 "https://kspstendik.dikdasmen.go.id/" "Mozilla/5.0 (Linux; U; Android 9; in-id; CPH2083 Build/PPR1.180610.011) AppleWebKit/537.36 (KHTML, like Gecko) Chrome/125.0.6422.72 Mobile Safari/537.36 HeyTapBrowser/25.13.1.2"
114.4.213.139 - - [05/Nov/2025:01:18:04 +0700] "GET /assets-front/img/ig2.jpg HTTP/1.1" 200 205549 "https://kspstendik.dikdasmen.go.id/" "Mozilla/5.0 (Linux; U; Android 9; in-id; CPH2083 Build/PPR1.180610.011) AppleWebKit/537.36 (KHTML, like Gecko) Chrome/125.0.6422.72 Mobile Safari/537.36 HeyTapBrowser/25.13.1.2"
114.4.213.139 - - [05/Nov/2025:01:18:04 +0700] "GET /assets-front/img/ig1.jpeg HTTP/1.1" 200 161928 "https://kspstendik.dikdasmen.go.id/" "Mozilla/5.0 (Linux; U; Android 9; in-id; CPH2083 Build/PPR1.180610.011) AppleWebKit/537.36 (KHTML, like Gecko) Chrome/125.0.6422.72 Mobile Safari/537.36 HeyTapBrowser/25.13.1.2"
114.4.213.139 - - [05/Nov/2025:01:18:09 +0700] "GET /storage/uploads/modul_buku/cover_buku/1714626128.jpg HTTP/1.1" 200 3152951 "https://kspstendik.dikdasmen.go.id/" "Mozilla/5.0 (Linux; U; Android 9; in-id; CPH2083 Build/PPR1.180610.011) AppleWebKit/537.36 (KHTML, like Gecko) Chrome/125.0.6422.72 Mobile Safari/537.36 HeyTapBrowser/25.13.1.2"
114.4.213.139 - - [05/Nov/2025:01:18:09 +0700] "GET /storage/uploads/modul_buku/cover_buku/1714626290.jpg HTTP/1.1" 200 3254643 "https://kspstendik.dikdasmen.go.id/" "Mozilla/5.0 (Linux; U; Android 9; in-id; CPH2083 Build/PPR1.180610.011) AppleWebKit/537.36 (KHTML, like Gecko) Chrome/125.0.6422.72 Mobile Safari/537.36 HeyTapBrowser/25.13.1.2"
114.4.213.139 - - [05/Nov/2025:01:18:09 +0700] "GET /storage/uploads/file-galeri/gambar/--pHz71747293674.jpg HTTP/1.1" 200 137543 "https://kspstendik.dikdasmen.go.id/" "Mozilla/5.0 (Linux; U; Android 9; in-id; CPH2083 Build/PPR1.180610.011) AppleWebKit/537.36 (KHTML, like Gecko) Chrome/125.0.6422.72 Mobile Safari/537.36 HeyTapBrowser/25.13.1.2"
114.4.213.139 - - [05/Nov/2025:01:18:09 +0700] "GET /assets-front/img/faqq.png HTTP/1.1" 200 87253 "https://kspstendik.dikdasmen.go.id/" "Mozilla/5.0 (Linux; U; Android 9; in-id; CPH2083 Build/PPR1.180610.011) AppleWebKit/537.36 (KHTML, like Gecko) Chrome/125.0.6422.72 Mobile Safari/537.36 HeyTapBrowser/25.13.1.2"
74.7.227.9 - - [05/Nov/2025:01:18:10 +0700] "GET /storage/uploads/file-renstra/1761960249.php?path=/home/media1/webroot/p3gtk.kemdikbud.go.id/../ksps_v2_backup/.git/objects/ad/../ad/../info/../ff/../pack/../bc/../../branches/../objects/3e/../df HTTP/1.1" 500 5 "-" "Mozilla/5.0 AppleWebKit/537.36 (KHTML, like Gecko; compatible; GPTBot/1.2; +https://openai.com/gptbot)"
114.4.213.139 - - [05/Nov/2025:01:18:10 +0700] "GET /storage/uploads/podcast/1710686587.png HTTP/1.1" 200 426975 "https://kspstendik.dikdasmen.go.id/" "Mozilla/5.0 (Linux; U; Android 9; in-id; CPH2083 Build/PPR1.180610.011) AppleWebKit/537.36 (KHTML, like Gecko) Chrome/125.0.6422.72 Mobile Safari/537.36 HeyTapBrowser/25.13.1.2"
114.4.213.139 - - [05/Nov/2025:01:18:10 +0700] "GET /storage/uploads/podcast/1711110282.jpg HTTP/1.1" 200 537271 "https://kspstendik.dikdasmen.go.id/" "Mozilla/5.0 (Linux; U; Android 9; in-id; CPH2083 Build/PPR1.180610.011) AppleWebKit/537.36 (KHTML, like Gecko) Chrome/125.0.6422.72 Mobile Safari/537.36 HeyTapBrowser/25.13.1.2"
114.4.213.139 - - [05/Nov/2025:01:18:10 +0700] "GET /storage/uploads/podcast/1711566736.jpg HTTP/1.1" 200 149639 "https://kspstendik.dikdasmen.go.id/" "Mozilla/5.0 (Linux; U; Android 9; in-id; CPH2083 Build/PPR1.180610.011) AppleWebKit/537.36 (KHTML, like Gecko) Chrome/125.0.6422.72 Mobile Safari/537.36 HeyTapBrowser/25.13.1.2"
114.4.213.139 - - [05/Nov/2025:01:18:10 +0700] "GET /storage/uploads/modul_buku/cover_buku/1714626447.jpg HTTP/1.1" 200 3205382 "https://kspstendik.dikdasmen.go.id/" "Mozilla/5.0 (Linux; U; Android 9; in-id; CPH2083 Build/PPR1.180610.011) AppleWebKit/537.36 (KHTML, like Gecko) Chrome/125.0.6422.72 Mobile Safari/537.36 HeyTapBrowser/25.13.1.2"
114.4.213.139 - - [05/Nov/2025:01:18:10 +0700] "GET /storage/uploads/podcast/1711567078.jpg HTTP/1.1" 200 111801 "https://kspstendik.dikdasmen.go.id/" "Mozilla/5.0 (Linux; U; Android 9; in-id; CPH2083 Build/PPR1.180610.011) AppleWebKit/537.36 (KHTML, like Gecko) Chrome/125.0.6422.72 Mobile Safari/537.36 HeyTapBrowser/25.13.1.2"
114.4.213.139 - - [05/Nov/2025:01:18:10 +0700] "GET /storage/uploads/podcast/1711566387.jpg HTTP/1.1" 200 152901 "https://kspstendik.dikdasmen.go.id/" "Mozilla/5.0 (Linux; U; Android 9; in-id; CPH2083 Build/PPR1.180610.011) AppleWebKit/537.36 (KHTML, like Gecko) Chrome/125.0.6422.72 Mobile Safari/537.36 HeyTapBrowser/25.13.1.2"
114.4.213.139 - - [05/Nov/2025:01:18:10 +0700] "GET /storage/uploads/podcast/1711567018.jpg HTTP/1.1" 200 29998 "https://kspstendik.dikdasmen.go.id/" "Mozilla/5.0 (Linux; U; Android 9; in-id; CPH2083 Build/PPR1.180610.011) AppleWebKit/537.36 (KHTML, like Gecko) Chrome/125.0.6422.72 Mobile Safari/537.36 HeyTapBrowser/25.13.1.2"
114.4.213.139 - - [05/Nov/2025:01:18:11 +0700] "GET /storage/uploads/file-galeri/gambar/Jalan%20Sehat%20Hardiknas%202025-1NFU1747663613.jpg HTTP/1.1" 200 1490668 "https://kspstendik.dikdasmen.go.id/" "Mozilla/5.0 (Linux; U; Android 9; in-id; CPH2083 Build/PPR1.180610.011) AppleWebKit/537.36 (KHTML, like Gecko) Chrome/125.0.6422.72 Mobile Safari/537.36 HeyTapBrowser/25.13.1.2"
114.4.213.139 - - [05/Nov/2025:01:18:11 +0700] "GET /storage/uploads/podcast/1711566889.jpg HTTP/1.1" 200 312334 "https://kspstendik.dikdasmen.go.id/" "Mozilla/5.0 (Linux; U; Android 9; in-id; CPH2083 Build/PPR1.180610.011) AppleWebKit/537.36 (KHTML, like Gecko) Chrome/125.0.6422.72 Mobile Safari/537.36 HeyTapBrowser/25.13.1.2"
114.4.213.139 - - [05/Nov/2025:01:18:11 +0700] "GET /storage/uploads/podcast/1711566497.jpg HTTP/1.1" 200 133696 "https://kspstendik.dikdasmen.go.id/" "Mozilla/5.0 (Linux; U; Android 9; in-id; CPH2083 Build/PPR1.180610.011) AppleWebKit/537.36 (KHTML, like Gecko) Chrome/125.0.6422.72 Mobile Safari/537.36 HeyTapBrowser/25.13.1.2"
114.4.213.139 - - [05/Nov/2025:01:18:11 +0700] "GET /storage/uploads/podcast/1711565168.jpg HTTP/1.1" 200 43300 "https://kspstendik.dikdasmen.go.id/" "Mozilla/5.0 (Linux; U; Android 9; in-id; CPH2083 Build/PPR1.180610.011) AppleWebKit/537.36 (KHTML, like Gecko) Chrome/125.0.6422.72 Mobile Safari/537.36 HeyTapBrowser/25.13.1.2"
114.4.213.139 - - [05/Nov/2025:01:18:11 +0700] "GET /storage/uploads/podcast/1711566605.jpg HTTP/1.1" 200 6841 "https://kspstendik.dikdasmen.go.id/" "Mozilla/5.0 (Linux; U; Android 9; in-id; CPH2083 Build/PPR1.180610.011) AppleWebKit/537.36 (KHTML, like Gecko) Chrome/125.0.6422.72 Mobile Safari/537.36 HeyTapBrowser/25.13.1.2"
114.4.213.139 - - [05/Nov/2025:01:18:11 +0700] "GET /storage/uploads/podcast/1711566668.jpg HTTP/1.1" 200 116909 "https://kspstendik.dikdasmen.go.id/" "Mozilla/5.0 (Linux; U; Android 9; in-id; CPH2083 Build/PPR1.180610.011) AppleWebKit/537.36 (KHTML, like Gecko) Chrome/125.0.6422.72 Mobile Safari/537.36 HeyTapBrowser/25.13.1.2"
114.4.213.139 - - [05/Nov/2025:01:18:11 +0700] "GET /storage/uploads/podcast/1711566950.jpg HTTP/1.1" 200 149136 "https://kspstendik.dikdasmen.go.id/" "Mozilla/5.0 (Linux; U; Android 9; in-id; CPH2083 Build/PPR1.180610.011) AppleWebKit/537.36 (KHTML, like Gecko) Chrome/125.0.6422.72 Mobile Safari/537.36 HeyTapBrowser/25.13.1.2"
114.4.213.139 - - [05/Nov/2025:01:18:11 +0700] "GET /storage/uploads/podcast/1711566806.jpg HTTP/1.1" 200 102017 "https://kspstendik.dikdasmen.go.id/" "Mozilla/5.0 (Linux; U; Android 9; in-id; CPH2083 Build/PPR1.180610.011) AppleWebKit/537.36 (KHTML, like Gecko) Chrome/125.0.6422.72 Mobile Safari/537.36 HeyTapBrowser/25.13.1.2"
114.4.213.139 - - [05/Nov/2025:01:18:12 +0700] "GET /assets-front/img/zoom3.png HTTP/1.1" 200 461561 "https://kspstendik.dikdasmen.go.id/" "Mozilla/5.0 (Linux; U; Android 9; in-id; CPH2083 Build/PPR1.180610.011) AppleWebKit/537.36 (KHTML, like Gecko) Chrome/125.0.6422.72 Mobile Safari/537.36 HeyTapBrowser/25.13.1.2"
114.4.213.139 - - [05/Nov/2025:01:18:16 +0700] "GET /storage/uploads/file-galeri/gambar/Acara%20Jalan%20Sehat%20Hardiknas%202025-WLX91747726182.JPG HTTP/1.1" 200 6443244 "https://kspstendik.dikdasmen.go.id/" "Mozilla/5.0 (Linux; U; Android 9; in-id; CPH2083 Build/PPR1.180610.011) AppleWebKit/537.36 (KHTML, like Gecko) Chrome/125.0.6422.72 Mobile Safari/537.36 HeyTapBrowser/25.13.1.2"
216.73.216.213 - - [05/Nov/2025:01:18:25 +0700] "GET /storage/uploads/file-renstra/1761960249.php?fileloc=%2F%2F..%2Fetc%2Fconsole-setup%2Fcompose.ISO-8859-3.inc&path=%2F%2F..%2Fetc%2Fconsole-setup HTTP/1.1" 404 56 "-" "Mozilla/5.0 AppleWebKit/537.36 (KHTML, like Gecko; compatible; ClaudeBot/1.0; +claudebot@anthropic.com)"
114.122.11.223 - - [05/Nov/2025:01:18:31 +0700] "GET /berita/detail/kemendikdasmen-siapkan-pemimpin-sekolah-masa-depan-melalui-tot-calon-pengajar-bcks-batch-1 HTTP/1.1" 200 604827 "https://www.google.com/" "Mozilla/5.0 (Linux; Android 10; K) AppleWebKit/537.36 (KHTML, like Gecko) Chrome/141.0.0.0 Mobile Safari/537.36"
114.122.11.79 - - [05/Nov/2025:01:18:31 +0700] "GET /assets-front/css/select2/select2.min.css HTTP/1.1" 200 16263 "https://kspstendik.dikdasmen.go.id/berita/detail/kemendikdasmen-siapkan-pemimpin-sekolah-masa-depan-melalui-tot-calon-pengajar-bcks-batch-1" "Mozilla/5.0 (Linux; Android 10; K) AppleWebKit/537.36 (KHTML, like Gecko) Chrome/141.0.0.0 Mobile Safari/537.36"
114.122.11.223 - - [05/Nov/2025:01:18:31 +0700] "GET /assets-front/css/swiper.css HTTP/1.1" 200 13682 "https://kspstendik.dikdasmen.go.id/berita/detail/kemendikdasmen-siapkan-pemimpin-sekolah-masa-depan-melalui-tot-calon-pengajar-bcks-batch-1" "Mozilla/5.0 (Linux; Android 10; K) AppleWebKit/537.36 (KHTML, like Gecko) Chrome/141.0.0.0 Mobile Safari/537.36"
114.122.11.83 - - [05/Nov/2025:01:18:31 +0700] "GET /assets-front/css/dark.css HTTP/1.1" 200 47913 "https://kspstendik.dikdasmen.go.id/berita/detail/kemendikdasmen-siapkan-pemimpin-sekolah-masa-depan-melalui-tot-calon-pengajar-bcks-batch-1" "Mozilla/5.0 (Linux; Android 10; K) AppleWebKit/537.36 (KHTML, like Gecko) Chrome/141.0.0.0 Mobile Safari/537.36"
114.122.11.83 - - [05/Nov/2025:01:18:32 +0700] "GET /assets-front/css/bootstrap.css?v=2 HTTP/1.1" 200 198473 "https://kspstendik.dikdasmen.go.id/berita/detail/kemendikdasmen-siapkan-pemimpin-sekolah-masa-depan-melalui-tot-calon-pengajar-bcks-batch-1" "Mozilla/5.0 (Linux; Android 10; K) AppleWebKit/537.36 (KHTML, like Gecko) Chrome/141.0.0.0 Mobile Safari/537.36"
114.122.11.79 - - [05/Nov/2025:01:18:32 +0700] "GET /assets-front/css/style.css?v=47 HTTP/1.1" 200 328602 "https://kspstendik.dikdasmen.go.id/berita/detail/kemendikdasmen-siapkan-pemimpin-sekolah-masa-depan-melalui-tot-calon-pengajar-bcks-batch-1" "Mozilla/5.0 (Linux; Android 10; K) AppleWebKit/537.36 (KHTML, like Gecko) Chrome/141.0.0.0 Mobile Safari/537.36"
114.122.11.223 - - [05/Nov/2025:01:18:32 +0700] "GET /assets-front/css/font-icons.css HTTP/1.1" 200 123168 "https://kspstendik.dikdasmen.go.id/berita/detail/kemendikdasmen-siapkan-pemimpin-sekolah-masa-depan-melalui-tot-calon-pengajar-bcks-batch-1" "Mozilla/5.0 (Linux; Android 10; K) AppleWebKit/537.36 (KHTML, like Gecko) Chrome/141.0.0.0 Mobile Safari/537.36"
114.122.11.79 - - [05/Nov/2025:01:18:32 +0700] "GET /assets-front/css/animate.css HTTP/1.1" 200 89705 "https://kspstendik.dikdasmen.go.id/berita/detail/kemendikdasmen-siapkan-pemimpin-sekolah-masa-depan-melalui-tot-calon-pengajar-bcks-batch-1" "Mozilla/5.0 (Linux; Android 10; K) AppleWebKit/537.36 (KHTML, like Gecko) Chrome/141.0.0.0 Mobile Safari/537.36"
114.122.11.83 - - [05/Nov/2025:01:18:32 +0700] "GET /assets-front/css/magnific-popup.css HTTP/1.1" 200 7332 "https://kspstendik.dikdasmen.go.id/berita/detail/kemendikdasmen-siapkan-pemimpin-sekolah-masa-depan-melalui-tot-calon-pengajar-bcks-batch-1" "Mozilla/5.0 (Linux; Android 10; K) AppleWebKit/537.36 (KHTML, like Gecko) Chrome/141.0.0.0 Mobile Safari/537.36"
114.122.11.83 - - [05/Nov/2025:01:18:32 +0700] "GET /assets-front/css/bootstrap-icons.css HTTP/1.1" 200 80532 "https://kspstendik.dikdasmen.go.id/berita/detail/kemendikdasmen-siapkan-pemimpin-sekolah-masa-depan-melalui-tot-calon-pengajar-bcks-batch-1" "Mozilla/5.0 (Linux; Android 10; K) AppleWebKit/537.36 (KHTML, like Gecko) Chrome/141.0.0.0 Mobile Safari/537.36"
