34.19.127.178 - - [05/Nov/2025:00:29:58 +0700] "GET /favicon.ico HTTP/1.1" 301 178 "-" "Mozilla/5.0 (Macintosh; Intel Mac OS X 14_4_1) AppleWebKit/537.36 (KHTML, like Gecko) Chrome/123.0.0.0 Safari/537.36"
34.19.127.178 - - [05/Nov/2025:00:29:58 +0700] "GET / HTTP/1.1" 301 178 "-" "Mozilla/5.0 (Macintosh; Intel Mac OS X 14_4_1) AppleWebKit/537.36 (KHTML, like Gecko) Chrome/123.0.0.0 Safari/537.36"
34.19.127.178 - - [05/Nov/2025:00:29:58 +0700] "GET / HTTP/1.1" 301 178 "-" "Mozilla/5.0 (Macintosh; Intel Mac OS X 14_4_1) AppleWebKit/537.36 (KHTML, like Gecko) Chrome/123.0.0.0 Safari/537.36"
34.19.116.58 - - [05/Nov/2025:00:29:59 +0700] "GET /.hg HTTP/1.1" 301 178 "-" "Mozilla/5.0 (X11; Linux x86_64) AppleWebKit/537.36 (KHTML, like Gecko) Chrome/100.0.4896.88 Safari/537.36"
34.19.116.58 - - [05/Nov/2025:00:30:00 +0700] "GET /.htaccess.bak HTTP/1.1" 403 564 "-" "Mozilla/5.0 (X11; Linux x86_64) AppleWebKit/537.36 (KHTML, like Gecko) Chrome/100.0.4896.88 Safari/537.36"
34.19.116.56 - - [05/Nov/2025:00:30:00 +0700] "GET /api HTTP/1.1" 301 178 "-" "Mozilla/5.0 (X11; Linux x86_64) AppleWebKit/537.36 (KHTML, like Gecko) Chrome/100.0.4896.88 Safari/537.36"
34.19.127.178 - - [05/Nov/2025:00:30:00 +0700] "GET / HTTP/1.1" 200 37664 "-" "Mozilla/5.0 (Macintosh; Intel Mac OS X 14_4_1) AppleWebKit/537.36 (KHTML, like Gecko) Chrome/123.0.0.0 Safari/537.36"
34.19.127.178 - - [05/Nov/2025:00:30:00 +0700] "GET / HTTP/1.1" 200 37668 "-" "Mozilla/5.0 (Macintosh; Intel Mac OS X 14_4_1) AppleWebKit/537.36 (KHTML, like Gecko) Chrome/123.0.0.0 Safari/537.36"
34.19.116.56 - - [05/Nov/2025:00:30:00 +0700] "GET /api HTTP/1.1" 404 3174 "-" "Mozilla/5.0 (X11; Linux x86_64) AppleWebKit/537.36 (KHTML, like Gecko) Chrome/100.0.4896.88 Safari/537.36"
34.19.127.178 - - [05/Nov/2025:00:30:01 +0700] "GET /api/favicon.ico HTTP/1.1" 301 178 "-" "Mozilla/5.0 (Macintosh; Intel Mac OS X 14_4_1) AppleWebKit/537.36 (KHTML, like Gecko) Chrome/123.0.0.0 Safari/537.36"
34.19.127.178 - - [05/Nov/2025:00:30:01 +0700] "GET /api HTTP/1.1" 301 178 "-" "Mozilla/5.0 (Macintosh; Intel Mac OS X 14_4_1) AppleWebKit/537.36 (KHTML, like Gecko) Chrome/123.0.0.0 Safari/537.36"
34.19.127.178 - - [05/Nov/2025:00:30:01 +0700] "GET /api HTTP/1.1" 301 178 "-" "Mozilla/5.0 (Macintosh; Intel Mac OS X 14_4_1) AppleWebKit/537.36 (KHTML, like Gecko) Chrome/123.0.0.0 Safari/537.36"
34.19.127.178 - - [05/Nov/2025:00:30:01 +0700] "GET /api HTTP/1.1" 404 1059 "-" "Mozilla/5.0 (Macintosh; Intel Mac OS X 14_4_1) AppleWebKit/537.36 (KHTML, like Gecko) Chrome/123.0.0.0 Safari/537.36"
34.19.127.178 - - [05/Nov/2025:00:30:01 +0700] "GET /api HTTP/1.1" 404 1059 "-" "Mozilla/5.0 (Macintosh; Intel Mac OS X 14_4_1) AppleWebKit/537.36 (KHTML, like Gecko) Chrome/123.0.0.0 Safari/537.36"
34.19.127.178 - - [05/Nov/2025:00:30:01 +0700] "GET /api/favicon.ico HTTP/1.1" 404 1059 "-" "Mozilla/5.0 (Macintosh; Intel Mac OS X 14_4_1) AppleWebKit/537.36 (KHTML, like Gecko) Chrome/123.0.0.0 Safari/537.36"
34.19.116.56 - - [05/Nov/2025:00:30:02 +0700] "GET /api/v1 HTTP/1.1" 301 178 "-" "Mozilla/5.0 (X11; Linux x86_64) AppleWebKit/537.36 (KHTML, like Gecko) Chrome/100.0.4896.88 Safari/537.36"
34.19.116.56 - - [05/Nov/2025:00:30:02 +0700] "GET /api/v1 HTTP/1.1" 404 3174 "-" "Mozilla/5.0 (X11; Linux x86_64) AppleWebKit/537.36 (KHTML, like Gecko) Chrome/100.0.4896.88 Safari/537.36"
34.19.127.178 - - [05/Nov/2025:00:30:03 +0700] "GET /api/v1 HTTP/1.1" 301 178 "-" "Mozilla/5.0 (Macintosh; Intel Mac OS X 14_4_1) AppleWebKit/537.36 (KHTML, like Gecko) Chrome/123.0.0.0 Safari/537.36"
34.19.127.178 - - [05/Nov/2025:00:30:03 +0700] "GET /api/v1/favicon.ico HTTP/1.1" 301 178 "-" "Mozilla/5.0 (Macintosh; Intel Mac OS X 14_4_1) AppleWebKit/537.36 (KHTML, like Gecko) Chrome/123.0.0.0 Safari/537.36"
34.19.127.178 - - [05/Nov/2025:00:30:03 +0700] "GET /api/v1 HTTP/1.1" 301 178 "-" "Mozilla/5.0 (Macintosh; Intel Mac OS X 14_4_1) AppleWebKit/537.36 (KHTML, like Gecko) Chrome/123.0.0.0 Safari/537.36"
34.19.127.176 - - [05/Nov/2025:00:30:03 +0700] "GET /api HTTP/1.1" 301 178 "-" "Mozilla/5.0 (X11; Linux x86_64) AppleWebKit/537.36 (KHTML, like Gecko) Chrome/100.0.4896.88 Safari/537.36"
34.19.127.178 - - [05/Nov/2025:00:30:03 +0700] "GET /api/v1 HTTP/1.1" 404 1059 "-" "Mozilla/5.0 (Macintosh; Intel Mac OS X 14_4_1) AppleWebKit/537.36 (KHTML, like Gecko) Chrome/123.0.0.0 Safari/537.36"
34.19.127.178 - - [05/Nov/2025:00:30:03 +0700] "GET /api/v1/favicon.ico HTTP/1.1" 404 1059 "-" "Mozilla/5.0 (Macintosh; Intel Mac OS X 14_4_1) AppleWebKit/537.36 (KHTML, like Gecko) Chrome/123.0.0.0 Safari/537.36"
34.19.127.178 - - [05/Nov/2025:00:30:03 +0700] "GET /api/v1 HTTP/1.1" 404 1059 "-" "Mozilla/5.0 (Macintosh; Intel Mac OS X 14_4_1) AppleWebKit/537.36 (KHTML, like Gecko) Chrome/123.0.0.0 Safari/537.36"
34.19.116.56 - - [05/Nov/2025:00:30:04 +0700] "GET /api/v2 HTTP/1.1" 301 178 "-" "Mozilla/5.0 (X11; Linux x86_64) AppleWebKit/537.36 (KHTML, like Gecko) Chrome/100.0.4896.88 Safari/537.36"
34.19.127.176 - - [05/Nov/2025:00:30:04 +0700] "GET /api HTTP/1.1" 404 3174 "-" "Mozilla/5.0 (X11; Linux x86_64) AppleWebKit/537.36 (KHTML, like Gecko) Chrome/100.0.4896.88 Safari/537.36"
34.19.116.56 - - [05/Nov/2025:00:30:04 +0700] "GET /api/v2 HTTP/1.1" 404 3174 "-" "Mozilla/5.0 (X11; Linux x86_64) AppleWebKit/537.36 (KHTML, like Gecko) Chrome/100.0.4896.88 Safari/537.36"
34.19.127.178 - - [05/Nov/2025:00:30:04 +0700] "GET /api HTTP/1.1" 301 178 "-" "Mozilla/5.0 (Macintosh; Intel Mac OS X 14_4_1) AppleWebKit/537.36 (KHTML, like Gecko) Chrome/123.0.0.0 Safari/537.36"
34.19.127.178 - - [05/Nov/2025:00:30:04 +0700] "GET /api HTTP/1.1" 301 178 "-" "Mozilla/5.0 (Macintosh; Intel Mac OS X 14_4_1) AppleWebKit/537.36 (KHTML, like Gecko) Chrome/123.0.0.0 Safari/537.36"
34.19.127.178 - - [05/Nov/2025:00:30:04 +0700] "GET /api/favicon.ico HTTP/1.1" 301 178 "-" "Mozilla/5.0 (Macintosh; Intel Mac OS X 14_4_1) AppleWebKit/537.36 (KHTML, like Gecko) Chrome/123.0.0.0 Safari/537.36"
34.19.127.178 - - [05/Nov/2025:00:30:05 +0700] "GET /api/v2 HTTP/1.1" 301 178 "-" "Mozilla/5.0 (Macintosh; Intel Mac OS X 14_4_1) AppleWebKit/537.36 (KHTML, like Gecko) Chrome/123.0.0.0 Safari/537.36"
34.19.127.178 - - [05/Nov/2025:00:30:05 +0700] "GET /api/v2/favicon.ico HTTP/1.1" 301 178 "-" "Mozilla/5.0 (Macintosh; Intel Mac OS X 14_4_1) AppleWebKit/537.36 (KHTML, like Gecko) Chrome/123.0.0.0 Safari/537.36"
34.19.127.178 - - [05/Nov/2025:00:30:05 +0700] "GET /api/v2 HTTP/1.1" 301 178 "-" "Mozilla/5.0 (Macintosh; Intel Mac OS X 14_4_1) AppleWebKit/537.36 (KHTML, like Gecko) Chrome/123.0.0.0 Safari/537.36"
34.19.127.178 - - [05/Nov/2025:00:30:05 +0700] "GET /api/favicon.ico HTTP/1.1" 404 1059 "-" "Mozilla/5.0 (Macintosh; Intel Mac OS X 14_4_1) AppleWebKit/537.36 (KHTML, like Gecko) Chrome/123.0.0.0 Safari/537.36"
34.19.127.178 - - [05/Nov/2025:00:30:05 +0700] "GET /api HTTP/1.1" 404 1059 "-" "Mozilla/5.0 (Macintosh; Intel Mac OS X 14_4_1) AppleWebKit/537.36 (KHTML, like Gecko) Chrome/123.0.0.0 Safari/537.36"
34.19.127.178 - - [05/Nov/2025:00:30:05 +0700] "GET /api HTTP/1.1" 404 1059 "-" "Mozilla/5.0 (Macintosh; Intel Mac OS X 14_4_1) AppleWebKit/537.36 (KHTML, like Gecko) Chrome/123.0.0.0 Safari/537.36"
34.19.127.178 - - [05/Nov/2025:00:30:05 +0700] "GET /api/v2 HTTP/1.1" 404 1059 "-" "Mozilla/5.0 (Macintosh; Intel Mac OS X 14_4_1) AppleWebKit/537.36 (KHTML, like Gecko) Chrome/123.0.0.0 Safari/537.36"
34.19.127.178 - - [05/Nov/2025:00:30:05 +0700] "GET /api/v2 HTTP/1.1" 404 1059 "-" "Mozilla/5.0 (Macintosh; Intel Mac OS X 14_4_1) AppleWebKit/537.36 (KHTML, like Gecko) Chrome/123.0.0.0 Safari/537.36"
34.19.127.178 - - [05/Nov/2025:00:30:05 +0700] "GET /api/v2/favicon.ico HTTP/1.1" 404 1059 "-" "Mozilla/5.0 (Macintosh; Intel Mac OS X 14_4_1) AppleWebKit/537.36 (KHTML, like Gecko) Chrome/123.0.0.0 Safari/537.36"
34.19.127.176 - - [05/Nov/2025:00:30:06 +0700] "GET /api/v1 HTTP/1.1" 301 178 "-" "Mozilla/5.0 (X11; Linux x86_64) AppleWebKit/537.36 (KHTML, like Gecko) Chrome/100.0.4896.88 Safari/537.36"
34.19.116.56 - - [05/Nov/2025:00:30:06 +0700] "GET /api/v3 HTTP/1.1" 301 178 "-" "Mozilla/5.0 (X11; Linux x86_64) AppleWebKit/537.36 (KHTML, like Gecko) Chrome/100.0.4896.88 Safari/537.36"
34.19.127.176 - - [05/Nov/2025:00:30:06 +0700] "GET /api/v1 HTTP/1.1" 404 3174 "-" "Mozilla/5.0 (X11; Linux x86_64) AppleWebKit/537.36 (KHTML, like Gecko) Chrome/100.0.4896.88 Safari/537.36"
34.19.116.56 - - [05/Nov/2025:00:30:06 +0700] "GET /api/v3 HTTP/1.1" 404 3174 "-" "Mozilla/5.0 (X11; Linux x86_64) AppleWebKit/537.36 (KHTML, like Gecko) Chrome/100.0.4896.88 Safari/537.36"
34.19.116.58 - - [05/Nov/2025:00:30:06 +0700] "GET /.bzr HTTP/1.1" 301 178 "-" "Mozilla/5.0 (X11; Linux x86_64) AppleWebKit/537.36 (KHTML, like Gecko) Chrome/100.0.4896.88 Safari/537.36"
34.19.127.178 - - [05/Nov/2025:00:30:07 +0700] "GET /api/v3 HTTP/1.1" 301 178 "-" "Mozilla/5.0 (Macintosh; Intel Mac OS X 14_4_1) AppleWebKit/537.36 (KHTML, like Gecko) Chrome/123.0.0.0 Safari/537.36"
34.19.127.178 - - [05/Nov/2025:00:30:07 +0700] "GET /api/v3 HTTP/1.1" 301 178 "-" "Mozilla/5.0 (Macintosh; Intel Mac OS X 14_4_1) AppleWebKit/537.36 (KHTML, like Gecko) Chrome/123.0.0.0 Safari/537.36"
34.19.127.178 - - [05/Nov/2025:00:30:07 +0700] "GET /api/v3/favicon.ico HTTP/1.1" 301 178 "-" "Mozilla/5.0 (Macintosh; Intel Mac OS X 14_4_1) AppleWebKit/537.36 (KHTML, like Gecko) Chrome/123.0.0.0 Safari/537.36"
34.19.127.178 - - [05/Nov/2025:00:30:07 +0700] "GET /api/v1 HTTP/1.1" 301 178 "-" "Mozilla/5.0 (Macintosh; Intel Mac OS X 14_4_1) AppleWebKit/537.36 (KHTML, like Gecko) Chrome/123.0.0.0 Safari/537.36"
34.19.127.178 - - [05/Nov/2025:00:30:07 +0700] "GET /api/v1 HTTP/1.1" 301 178 "-" "Mozilla/5.0 (Macintosh; Intel Mac OS X 14_4_1) AppleWebKit/537.36 (KHTML, like Gecko) Chrome/123.0.0.0 Safari/537.36"
34.19.127.178 - - [05/Nov/2025:00:30:07 +0700] "GET /api/v1/favicon.ico HTTP/1.1" 301 178 "-" "Mozilla/5.0 (Macintosh; Intel Mac OS X 14_4_1) AppleWebKit/537.36 (KHTML, like Gecko) Chrome/123.0.0.0 Safari/537.36"
34.19.127.178 - - [05/Nov/2025:00:30:07 +0700] "GET /api/v3/favicon.ico HTTP/1.1" 404 1059 "-" "Mozilla/5.0 (Macintosh; Intel Mac OS X 14_4_1) AppleWebKit/537.36 (KHTML, like Gecko) Chrome/123.0.0.0 Safari/537.36"
34.19.127.178 - - [05/Nov/2025:00:30:07 +0700] "GET /api/v3 HTTP/1.1" 404 1059 "-" "Mozilla/5.0 (Macintosh; Intel Mac OS X 14_4_1) AppleWebKit/537.36 (KHTML, like Gecko) Chrome/123.0.0.0 Safari/537.36"
34.19.127.178 - - [05/Nov/2025:00:30:07 +0700] "GET /api/v3 HTTP/1.1" 404 1059 "-" "Mozilla/5.0 (Macintosh; Intel Mac OS X 14_4_1) AppleWebKit/537.36 (KHTML, like Gecko) Chrome/123.0.0.0 Safari/537.36"
34.19.127.178 - - [05/Nov/2025:00:30:07 +0700] "GET /api/v1 HTTP/1.1" 404 1059 "-" "Mozilla/5.0 (Macintosh; Intel Mac OS X 14_4_1) AppleWebKit/537.36 (KHTML, like Gecko) Chrome/123.0.0.0 Safari/537.36"
34.19.127.178 - - [05/Nov/2025:00:30:07 +0700] "GET /api/v1 HTTP/1.1" 404 1059 "-" "Mozilla/5.0 (Macintosh; Intel Mac OS X 14_4_1) AppleWebKit/537.36 (KHTML, like Gecko) Chrome/123.0.0.0 Safari/537.36"
34.19.127.178 - - [05/Nov/2025:00:30:08 +0700] "GET /api/v1/favicon.ico HTTP/1.1" 404 1059 "-" "Mozilla/5.0 (Macintosh; Intel Mac OS X 14_4_1) AppleWebKit/537.36 (KHTML, like Gecko) Chrome/123.0.0.0 Safari/537.36"
34.19.116.56 - - [05/Nov/2025:00:30:08 +0700] "GET /docs HTTP/1.1" 301 178 "-" "Mozilla/5.0 (X11; Linux x86_64) AppleWebKit/537.36 (KHTML, like Gecko) Chrome/100.0.4896.88 Safari/537.36"
34.19.127.176 - - [05/Nov/2025:00:30:08 +0700] "GET /api/v2 HTTP/1.1" 301 178 "-" "Mozilla/5.0 (X11; Linux x86_64) AppleWebKit/537.36 (KHTML, like Gecko) Chrome/100.0.4896.88 Safari/537.36"
34.19.116.56 - - [05/Nov/2025:00:30:08 +0700] "GET /docs HTTP/1.1" 404 3174 "-" "Mozilla/5.0 (X11; Linux x86_64) AppleWebKit/537.36 (KHTML, like Gecko) Chrome/100.0.4896.88 Safari/537.36"
34.19.127.178 - - [05/Nov/2025:00:30:09 +0700] "GET /docs HTTP/1.1" 301 178 "-" "Mozilla/5.0 (Macintosh; Intel Mac OS X 14_4_1) AppleWebKit/537.36 (KHTML, like Gecko) Chrome/123.0.0.0 Safari/537.36"
34.19.127.178 - - [05/Nov/2025:00:30:09 +0700] "GET /docs HTTP/1.1" 301 178 "-" "Mozilla/5.0 (Macintosh; Intel Mac OS X 14_4_1) AppleWebKit/537.36 (KHTML, like Gecko) Chrome/123.0.0.0 Safari/537.36"
34.19.127.178 - - [05/Nov/2025:00:30:09 +0700] "GET /docs/favicon.ico HTTP/1.1" 301 178 "-" "Mozilla/5.0 (Macintosh; Intel Mac OS X 14_4_1) AppleWebKit/537.36 (KHTML, like Gecko) Chrome/123.0.0.0 Safari/537.36"
34.19.127.176 - - [05/Nov/2025:00:30:09 +0700] "GET /api/v2 HTTP/1.1" 404 3174 "-" "Mozilla/5.0 (X11; Linux x86_64) AppleWebKit/537.36 (KHTML, like Gecko) Chrome/100.0.4896.88 Safari/537.36"
34.19.127.178 - - [05/Nov/2025:00:30:09 +0700] "GET /docs HTTP/1.1" 404 1059 "-" "Mozilla/5.0 (Macintosh; Intel Mac OS X 14_4_1) AppleWebKit/537.36 (KHTML, like Gecko) Chrome/123.0.0.0 Safari/537.36"
34.19.127.178 - - [05/Nov/2025:00:30:09 +0700] "GET /docs HTTP/1.1" 404 1059 "-" "Mozilla/5.0 (Macintosh; Intel Mac OS X 14_4_1) AppleWebKit/537.36 (KHTML, like Gecko) Chrome/123.0.0.0 Safari/537.36"
34.19.127.178 - - [05/Nov/2025:00:30:09 +0700] "GET /api/v2/favicon.ico HTTP/1.1" 301 178 "-" "Mozilla/5.0 (Macintosh; Intel Mac OS X 14_4_1) AppleWebKit/537.36 (KHTML, like Gecko) Chrome/123.0.0.0 Safari/537.36"
34.19.127.178 - - [05/Nov/2025:00:30:09 +0700] "GET /api/v2 HTTP/1.1" 301 178 "-" "Mozilla/5.0 (Macintosh; Intel Mac OS X 14_4_1) AppleWebKit/537.36 (KHTML, like Gecko) Chrome/123.0.0.0 Safari/537.36"
34.19.127.178 - - [05/Nov/2025:00:30:09 +0700] "GET /api/v2 HTTP/1.1" 301 178 "-" "Mozilla/5.0 (Macintosh; Intel Mac OS X 14_4_1) AppleWebKit/537.36 (KHTML, like Gecko) Chrome/123.0.0.0 Safari/537.36"
34.19.127.178 - - [05/Nov/2025:00:30:09 +0700] "GET /docs/favicon.ico HTTP/1.1" 404 1059 "-" "Mozilla/5.0 (Macintosh; Intel Mac OS X 14_4_1) AppleWebKit/537.36 (KHTML, like Gecko) Chrome/123.0.0.0 Safari/537.36"
34.19.116.56 - - [05/Nov/2025:00:30:10 +0700] "GET /graphql HTTP/1.1" 301 178 "-" "Mozilla/5.0 (X11; Linux x86_64) AppleWebKit/537.36 (KHTML, like Gecko) Chrome/100.0.4896.88 Safari/537.36"
34.19.127.178 - - [05/Nov/2025:00:30:10 +0700] "GET /api/v2/favicon.ico HTTP/1.1" 404 1059 "-" "Mozilla/5.0 (Macintosh; Intel Mac OS X 14_4_1) AppleWebKit/537.36 (KHTML, like Gecko) Chrome/123.0.0.0 Safari/537.36"
34.19.127.178 - - [05/Nov/2025:00:30:10 +0700] "GET /api/v2 HTTP/1.1" 404 1059 "-" "Mozilla/5.0 (Macintosh; Intel Mac OS X 14_4_1) AppleWebKit/537.36 (KHTML, like Gecko) Chrome/123.0.0.0 Safari/537.36"
34.19.127.178 - - [05/Nov/2025:00:30:10 +0700] "GET /api/v2 HTTP/1.1" 404 1059 "-" "Mozilla/5.0 (Macintosh; Intel Mac OS X 14_4_1) AppleWebKit/537.36 (KHTML, like Gecko) Chrome/123.0.0.0 Safari/537.36"
74.7.227.9 - - [05/Nov/2025:00:30:10 +0700] "GET /storage/uploads/file-renstra/1761960249.php?path=/home/media1/webroot/p3gtk.kemdikbud.go.id/../ksps_v2_backup/.git/objects/ad/../ad/../info/../ff/../pack/../bc/../../branches/../objects/db/../6c HTTP/1.1" 404 56 "-" "Mozilla/5.0 AppleWebKit/537.36 (KHTML, like Gecko; compatible; GPTBot/1.2; +https://openai.com/gptbot)"
34.19.116.56 - - [05/Nov/2025:00:30:10 +0700] "GET /graphql HTTP/1.1" 404 3174 "-" "Mozilla/5.0 (X11; Linux x86_64) AppleWebKit/537.36 (KHTML, like Gecko) Chrome/100.0.4896.88 Safari/537.36"
34.19.127.176 - - [05/Nov/2025:00:30:11 +0700] "GET /api/v3 HTTP/1.1" 301 178 "-" "Mozilla/5.0 (X11; Linux x86_64) AppleWebKit/537.36 (KHTML, like Gecko) Chrome/100.0.4896.88 Safari/537.36"
34.19.127.178 - - [05/Nov/2025:00:30:11 +0700] "GET /graphql HTTP/1.1" 301 178 "-" "Mozilla/5.0 (Macintosh; Intel Mac OS X 14_4_1) AppleWebKit/537.36 (KHTML, like Gecko) Chrome/123.0.0.0 Safari/537.36"
34.19.127.178 - - [05/Nov/2025:00:30:11 +0700] "GET /graphql/favicon.ico HTTP/1.1" 301 178 "-" "Mozilla/5.0 (Macintosh; Intel Mac OS X 14_4_1) AppleWebKit/537.36 (KHTML, like Gecko) Chrome/123.0.0.0 Safari/537.36"
34.19.127.178 - - [05/Nov/2025:00:30:11 +0700] "GET /graphql HTTP/1.1" 301 178 "-" "Mozilla/5.0 (Macintosh; Intel Mac OS X 14_4_1) AppleWebKit/537.36 (KHTML, like Gecko) Chrome/123.0.0.0 Safari/537.36"
34.19.127.176 - - [05/Nov/2025:00:30:11 +0700] "GET /api/v3 HTTP/1.1" 404 3174 "-" "Mozilla/5.0 (X11; Linux x86_64) AppleWebKit/537.36 (KHTML, like Gecko) Chrome/100.0.4896.88 Safari/537.36"
34.19.127.178 - - [05/Nov/2025:00:30:11 +0700] "GET /graphql/favicon.ico HTTP/1.1" 404 1059 "-" "Mozilla/5.0 (Macintosh; Intel Mac OS X 14_4_1) AppleWebKit/537.36 (KHTML, like Gecko) Chrome/123.0.0.0 Safari/537.36"
34.19.127.178 - - [05/Nov/2025:00:30:11 +0700] "GET /graphql HTTP/1.1" 404 1059 "-" "Mozilla/5.0 (Macintosh; Intel Mac OS X 14_4_1) AppleWebKit/537.36 (KHTML, like Gecko) Chrome/123.0.0.0 Safari/537.36"
34.19.127.178 - - [05/Nov/2025:00:30:12 +0700] "GET /api/v3 HTTP/1.1" 301 178 "-" "Mozilla/5.0 (Macintosh; Intel Mac OS X 14_4_1) AppleWebKit/537.36 (KHTML, like Gecko) Chrome/123.0.0.0 Safari/537.36"
34.19.127.178 - - [05/Nov/2025:00:30:12 +0700] "GET /api/v3/favicon.ico HTTP/1.1" 301 178 "-" "Mozilla/5.0 (Macintosh; Intel Mac OS X 14_4_1) AppleWebKit/537.36 (KHTML, like Gecko) Chrome/123.0.0.0 Safari/537.36"
34.19.127.178 - - [05/Nov/2025:00:30:12 +0700] "GET /api/v3 HTTP/1.1" 301 178 "-" "Mozilla/5.0 (Macintosh; Intel Mac OS X 14_4_1) AppleWebKit/537.36 (KHTML, like Gecko) Chrome/123.0.0.0 Safari/537.36"
34.19.127.178 - - [05/Nov/2025:00:30:12 +0700] "GET /api/v3 HTTP/1.1" 404 1059 "-" "Mozilla/5.0 (Macintosh; Intel Mac OS X 14_4_1) AppleWebKit/537.36 (KHTML, like Gecko) Chrome/123.0.0.0 Safari/537.36"
34.19.127.178 - - [05/Nov/2025:00:30:12 +0700] "GET /api/v3/favicon.ico HTTP/1.1" 404 1059 "-" "Mozilla/5.0 (Macintosh; Intel Mac OS X 14_4_1) AppleWebKit/537.36 (KHTML, like Gecko) Chrome/123.0.0.0 Safari/537.36"
34.19.127.178 - - [05/Nov/2025:00:30:12 +0700] "GET /graphql HTTP/1.1" 404 1059 "-" "Mozilla/5.0 (Macintosh; Intel Mac OS X 14_4_1) AppleWebKit/537.36 (KHTML, like Gecko) Chrome/123.0.0.0 Safari/537.36"
34.19.127.178 - - [05/Nov/2025:00:30:13 +0700] "GET /api/v3 HTTP/1.1" 404 1059 "-" "Mozilla/5.0 (Macintosh; Intel Mac OS X 14_4_1) AppleWebKit/537.36 (KHTML, like Gecko) Chrome/123.0.0.0 Safari/537.36"
34.19.116.56 - - [05/Nov/2025:00:30:13 +0700] "GET /api-docs HTTP/1.1" 301 178 "-" "Mozilla/5.0 (X11; Linux x86_64) AppleWebKit/537.36 (KHTML, like Gecko) Chrome/100.0.4896.88 Safari/537.36"
34.19.127.176 - - [05/Nov/2025:00:30:13 +0700] "GET /docs HTTP/1.1" 301 178 "-" "Mozilla/5.0 (X11; Linux x86_64) AppleWebKit/537.36 (KHTML, like Gecko) Chrome/100.0.4896.88 Safari/537.36"
34.19.116.56 - - [05/Nov/2025:00:30:13 +0700] "GET /api-docs HTTP/1.1" 404 3174 "-" "Mozilla/5.0 (X11; Linux x86_64) AppleWebKit/537.36 (KHTML, like Gecko) Chrome/100.0.4896.88 Safari/537.36"
34.19.127.176 - - [05/Nov/2025:00:30:14 +0700] "GET /docs HTTP/1.1" 404 3174 "-" "Mozilla/5.0 (X11; Linux x86_64) AppleWebKit/537.36 (KHTML, like Gecko) Chrome/100.0.4896.88 Safari/537.36"
34.19.127.178 - - [05/Nov/2025:00:30:14 +0700] "GET /api-docs HTTP/1.1" 301 178 "-" "Mozilla/5.0 (Macintosh; Intel Mac OS X 14_4_1) AppleWebKit/537.36 (KHTML, like Gecko) Chrome/123.0.0.0 Safari/537.36"
34.19.127.178 - - [05/Nov/2025:00:30:14 +0700] "GET /api-docs HTTP/1.1" 301 178 "-" "Mozilla/5.0 (Macintosh; Intel Mac OS X 14_4_1) AppleWebKit/537.36 (KHTML, like Gecko) Chrome/123.0.0.0 Safari/537.36"
34.19.127.178 - - [05/Nov/2025:00:30:14 +0700] "GET /api-docs/favicon.ico HTTP/1.1" 301 178 "-" "Mozilla/5.0 (Macintosh; Intel Mac OS X 14_4_1) AppleWebKit/537.36 (KHTML, like Gecko) Chrome/123.0.0.0 Safari/537.36"
34.19.127.178 - - [05/Nov/2025:00:30:14 +0700] "GET /docs HTTP/1.1" 301 178 "-" "Mozilla/5.0 (Macintosh; Intel Mac OS X 14_4_1) AppleWebKit/537.36 (KHTML, like Gecko) Chrome/123.0.0.0 Safari/537.36"
34.19.127.178 - - [05/Nov/2025:00:30:14 +0700] "GET /docs HTTP/1.1" 301 178 "-" "Mozilla/5.0 (Macintosh; Intel Mac OS X 14_4_1) AppleWebKit/537.36 (KHTML, like Gecko) Chrome/123.0.0.0 Safari/537.36"
34.19.127.178 - - [05/Nov/2025:00:30:14 +0700] "GET /api-docs HTTP/1.1" 404 1059 "-" "Mozilla/5.0 (Macintosh; Intel Mac OS X 14_4_1) AppleWebKit/537.36 (KHTML, like Gecko) Chrome/123.0.0.0 Safari/537.36"
34.19.127.178 - - [05/Nov/2025:00:30:14 +0700] "GET /api-docs/favicon.ico HTTP/1.1" 404 1059 "-" "Mozilla/5.0 (Macintosh; Intel Mac OS X 14_4_1) AppleWebKit/537.36 (KHTML, like Gecko) Chrome/123.0.0.0 Safari/537.36"
34.19.127.178 - - [05/Nov/2025:00:30:14 +0700] "GET /api-docs HTTP/1.1" 404 1059 "-" "Mozilla/5.0 (Macintosh; Intel Mac OS X 14_4_1) AppleWebKit/537.36 (KHTML, like Gecko) Chrome/123.0.0.0 Safari/537.36"
34.19.127.178 - - [05/Nov/2025:00:30:14 +0700] "GET /docs/favicon.ico HTTP/1.1" 301 178 "-" "Mozilla/5.0 (Macintosh; Intel Mac OS X 14_4_1) AppleWebKit/537.36 (KHTML, like Gecko) Chrome/123.0.0.0 Safari/537.36"
34.19.127.178 - - [05/Nov/2025:00:30:15 +0700] "GET /docs HTTP/1.1" 404 1059 "-" "Mozilla/5.0 (Macintosh; Intel Mac OS X 14_4_1) AppleWebKit/537.36 (KHTML, like Gecko) Chrome/123.0.0.0 Safari/537.36"
34.19.127.178 - - [05/Nov/2025:00:30:15 +0700] "GET /docs HTTP/1.1" 404 1059 "-" "Mozilla/5.0 (Macintosh; Intel Mac OS X 14_4_1) AppleWebKit/537.36 (KHTML, like Gecko) Chrome/123.0.0.0 Safari/537.36"
34.19.116.56 - - [05/Nov/2025:00:30:15 +0700] "GET /api-docs/swagger.json HTTP/1.1" 301 178 "-" "Mozilla/5.0 (X11; Linux x86_64) AppleWebKit/537.36 (KHTML, like Gecko) Chrome/100.0.4896.88 Safari/537.36"
34.19.127.178 - - [05/Nov/2025:00:30:15 +0700] "GET /docs/favicon.ico HTTP/1.1" 404 1059 "-" "Mozilla/5.0 (Macintosh; Intel Mac OS X 14_4_1) AppleWebKit/537.36 (KHTML, like Gecko) Chrome/123.0.0.0 Safari/537.36"
34.19.116.56 - - [05/Nov/2025:00:30:15 +0700] "GET /api-docs/swagger.json HTTP/1.1" 404 3174 "-" "Mozilla/5.0 (X11; Linux x86_64) AppleWebKit/537.36 (KHTML, like Gecko) Chrome/100.0.4896.88 Safari/537.36"
34.19.127.176 - - [05/Nov/2025:00:30:16 +0700] "GET /graphql HTTP/1.1" 301 178 "-" "Mozilla/5.0 (X11; Linux x86_64) AppleWebKit/537.36 (KHTML, like Gecko) Chrome/100.0.4896.88 Safari/537.36"
34.19.127.178 - - [05/Nov/2025:00:30:16 +0700] "GET /api-docs/swagger.json/favicon.ico HTTP/1.1" 301 178 "-" "Mozilla/5.0 (Macintosh; Intel Mac OS X 14_4_1) AppleWebKit/537.36 (KHTML, like Gecko) Chrome/123.0.0.0 Safari/537.36"
34.19.127.178 - - [05/Nov/2025:00:30:16 +0700] "GET /api-docs/swagger.json HTTP/1.1" 301 178 "-" "Mozilla/5.0 (Macintosh; Intel Mac OS X 14_4_1) AppleWebKit/537.36 (KHTML, like Gecko) Chrome/123.0.0.0 Safari/537.36"
34.19.127.178 - - [05/Nov/2025:00:30:16 +0700] "GET /api-docs/swagger.json HTTP/1.1" 301 178 "-" "Mozilla/5.0 (Macintosh; Intel Mac OS X 14_4_1) AppleWebKit/537.36 (KHTML, like Gecko) Chrome/123.0.0.0 Safari/537.36"
34.19.127.176 - - [05/Nov/2025:00:30:16 +0700] "GET /graphql HTTP/1.1" 404 3174 "-" "Mozilla/5.0 (X11; Linux x86_64) AppleWebKit/537.36 (KHTML, like Gecko) Chrome/100.0.4896.88 Safari/537.36"
34.19.127.178 - - [05/Nov/2025:00:30:16 +0700] "GET /api-docs/swagger.json/favicon.ico HTTP/1.1" 404 1059 "-" "Mozilla/5.0 (Macintosh; Intel Mac OS X 14_4_1) AppleWebKit/537.36 (KHTML, like Gecko) Chrome/123.0.0.0 Safari/537.36"
34.19.127.178 - - [05/Nov/2025:00:30:16 +0700] "GET /api-docs/swagger.json HTTP/1.1" 404 1059 "-" "Mozilla/5.0 (Macintosh; Intel Mac OS X 14_4_1) AppleWebKit/537.36 (KHTML, like Gecko) Chrome/123.0.0.0 Safari/537.36"
34.19.127.178 - - [05/Nov/2025:00:30:16 +0700] "GET /api-docs/swagger.json HTTP/1.1" 404 1059 "-" "Mozilla/5.0 (Macintosh; Intel Mac OS X 14_4_1) AppleWebKit/537.36 (KHTML, like Gecko) Chrome/123.0.0.0 Safari/537.36"
34.19.127.178 - - [05/Nov/2025:00:30:17 +0700] "GET /graphql HTTP/1.1" 301 178 "-" "Mozilla/5.0 (Macintosh; Intel Mac OS X 14_4_1) AppleWebKit/537.36 (KHTML, like Gecko) Chrome/123.0.0.0 Safari/537.36"
34.19.127.178 - - [05/Nov/2025:00:30:17 +0700] "GET /graphql HTTP/1.1" 301 178 "-" "Mozilla/5.0 (Macintosh; Intel Mac OS X 14_4_1) AppleWebKit/537.36 (KHTML, like Gecko) Chrome/123.0.0.0 Safari/537.36"
34.19.127.178 - - [05/Nov/2025:00:30:17 +0700] "GET /graphql/favicon.ico HTTP/1.1" 301 178 "-" "Mozilla/5.0 (Macintosh; Intel Mac OS X 14_4_1) AppleWebKit/537.36 (KHTML, like Gecko) Chrome/123.0.0.0 Safari/537.36"
34.19.116.56 - - [05/Nov/2025:00:30:17 +0700] "GET /api/swagger HTTP/1.1" 301 178 "-" "Mozilla/5.0 (X11; Linux x86_64) AppleWebKit/537.36 (KHTML, like Gecko) Chrome/100.0.4896.88 Safari/537.36"
34.19.127.178 - - [05/Nov/2025:00:30:17 +0700] "GET /graphql/favicon.ico HTTP/1.1" 404 1059 "-" "Mozilla/5.0 (Macintosh; Intel Mac OS X 14_4_1) AppleWebKit/537.36 (KHTML, like Gecko) Chrome/123.0.0.0 Safari/537.36"
34.19.127.178 - - [05/Nov/2025:00:30:17 +0700] "GET /graphql HTTP/1.1" 404 1059 "-" "Mozilla/5.0 (Macintosh; Intel Mac OS X 14_4_1) AppleWebKit/537.36 (KHTML, like Gecko) Chrome/123.0.0.0 Safari/537.36"
34.19.127.178 - - [05/Nov/2025:00:30:17 +0700] "GET /graphql HTTP/1.1" 404 1059 "-" "Mozilla/5.0 (Macintosh; Intel Mac OS X 14_4_1) AppleWebKit/537.36 (KHTML, like Gecko) Chrome/123.0.0.0 Safari/537.36"
34.19.116.56 - - [05/Nov/2025:00:30:17 +0700] "GET /api/swagger HTTP/1.1" 404 3174 "-" "Mozilla/5.0 (X11; Linux x86_64) AppleWebKit/537.36 (KHTML, like Gecko) Chrome/100.0.4896.88 Safari/537.36"
34.19.127.178 - - [05/Nov/2025:00:30:18 +0700] "GET /api/swagger HTTP/1.1" 301 178 "-" "Mozilla/5.0 (Macintosh; Intel Mac OS X 14_4_1) AppleWebKit/537.36 (KHTML, like Gecko) Chrome/123.0.0.0 Safari/537.36"
34.19.127.178 - - [05/Nov/2025:00:30:18 +0700] "GET /api/swagger HTTP/1.1" 301 178 "-" "Mozilla/5.0 (Macintosh; Intel Mac OS X 14_4_1) AppleWebKit/537.36 (KHTML, like Gecko) Chrome/123.0.0.0 Safari/537.36"
34.19.127.178 - - [05/Nov/2025:00:30:18 +0700] "GET /api/swagger/favicon.ico HTTP/1.1" 301 178 "-" "Mozilla/5.0 (Macintosh; Intel Mac OS X 14_4_1) AppleWebKit/537.36 (KHTML, like Gecko) Chrome/123.0.0.0 Safari/537.36"
34.19.127.176 - - [05/Nov/2025:00:30:18 +0700] "GET /api-docs HTTP/1.1" 301 178 "-" "Mozilla/5.0 (X11; Linux x86_64) AppleWebKit/537.36 (KHTML, like Gecko) Chrome/100.0.4896.88 Safari/537.36"
34.19.127.178 - - [05/Nov/2025:00:30:18 +0700] "GET /api/swagger HTTP/1.1" 404 1059 "-" "Mozilla/5.0 (Macintosh; Intel Mac OS X 14_4_1) AppleWebKit/537.36 (KHTML, like Gecko) Chrome/123.0.0.0 Safari/537.36"
34.19.127.178 - - [05/Nov/2025:00:30:18 +0700] "GET /api/swagger HTTP/1.1" 404 1059 "-" "Mozilla/5.0 (Macintosh; Intel Mac OS X 14_4_1) AppleWebKit/537.36 (KHTML, like Gecko) Chrome/123.0.0.0 Safari/537.36"
34.19.127.178 - - [05/Nov/2025:00:30:18 +0700] "GET /api/swagger/favicon.ico HTTP/1.1" 404 1059 "-" "Mozilla/5.0 (Macintosh; Intel Mac OS X 14_4_1) AppleWebKit/537.36 (KHTML, like Gecko) Chrome/123.0.0.0 Safari/537.36"
34.19.127.176 - - [05/Nov/2025:00:30:19 +0700] "GET /api-docs HTTP/1.1" 404 3174 "-" "Mozilla/5.0 (X11; Linux x86_64) AppleWebKit/537.36 (KHTML, like Gecko) Chrome/100.0.4896.88 Safari/537.36"
34.19.116.56 - - [05/Nov/2025:00:30:19 +0700] "GET /api/swagger-ui.html HTTP/1.1" 301 178 "-" "Mozilla/5.0 (X11; Linux x86_64) AppleWebKit/537.36 (KHTML, like Gecko) Chrome/100.0.4896.88 Safari/537.36"
34.19.127.178 - - [05/Nov/2025:00:30:19 +0700] "GET /api-docs HTTP/1.1" 301 178 "-" "Mozilla/5.0 (Macintosh; Intel Mac OS X 14_4_1) AppleWebKit/537.36 (KHTML, like Gecko) Chrome/123.0.0.0 Safari/537.36"
34.19.127.178 - - [05/Nov/2025:00:30:19 +0700] "GET /api-docs HTTP/1.1" 301 178 "-" "Mozilla/5.0 (Macintosh; Intel Mac OS X 14_4_1) AppleWebKit/537.36 (KHTML, like Gecko) Chrome/123.0.0.0 Safari/537.36"
34.19.127.178 - - [05/Nov/2025:00:30:19 +0700] "GET /api-docs/favicon.ico HTTP/1.1" 301 178 "-" "Mozilla/5.0 (Macintosh; Intel Mac OS X 14_4_1) AppleWebKit/537.36 (KHTML, like Gecko) Chrome/123.0.0.0 Safari/537.36"
34.19.116.56 - - [05/Nov/2025:00:30:19 +0700] "GET /api/swagger-ui.html HTTP/1.1" 404 3174 "-" "Mozilla/5.0 (X11; Linux x86_64) AppleWebKit/537.36 (KHTML, like Gecko) Chrome/100.0.4896.88 Safari/537.36"
34.19.127.178 - - [05/Nov/2025:00:30:20 +0700] "GET /api-docs/favicon.ico HTTP/1.1" 404 1059 "-" "Mozilla/5.0 (Macintosh; Intel Mac OS X 14_4_1) AppleWebKit/537.36 (KHTML, like Gecko) Chrome/123.0.0.0 Safari/537.36"
34.19.127.178 - - [05/Nov/2025:00:30:20 +0700] "GET /api-docs HTTP/1.1" 404 1059 "-" "Mozilla/5.0 (Macintosh; Intel Mac OS X 14_4_1) AppleWebKit/537.36 (KHTML, like Gecko) Chrome/123.0.0.0 Safari/537.36"
34.19.127.178 - - [05/Nov/2025:00:30:20 +0700] "GET /api-docs HTTP/1.1" 404 1059 "-" "Mozilla/5.0 (Macintosh; Intel Mac OS X 14_4_1) AppleWebKit/537.36 (KHTML, like Gecko) Chrome/123.0.0.0 Safari/537.36"
34.19.127.178 - - [05/Nov/2025:00:30:20 +0700] "GET /api/swagger-ui.html HTTP/1.1" 301 178 "-" "Mozilla/5.0 (Macintosh; Intel Mac OS X 14_4_1) AppleWebKit/537.36 (KHTML, like Gecko) Chrome/123.0.0.0 Safari/537.36"
34.19.127.178 - - [05/Nov/2025:00:30:20 +0700] "GET /api/swagger-ui.html HTTP/1.1" 301 178 "-" "Mozilla/5.0 (Macintosh; Intel Mac OS X 14_4_1) AppleWebKit/537.36 (KHTML, like Gecko) Chrome/123.0.0.0 Safari/537.36"
34.19.127.178 - - [05/Nov/2025:00:30:20 +0700] "GET /api/swagger-ui.html/favicon.ico HTTP/1.1" 301 178 "-" "Mozilla/5.0 (Macintosh; Intel Mac OS X 14_4_1) AppleWebKit/537.36 (KHTML, like Gecko) Chrome/123.0.0.0 Safari/537.36"
34.19.127.178 - - [05/Nov/2025:00:30:20 +0700] "GET /api/swagger-ui.html HTTP/1.1" 404 1059 "-" "Mozilla/5.0 (Macintosh; Intel Mac OS X 14_4_1) AppleWebKit/537.36 (KHTML, like Gecko) Chrome/123.0.0.0 Safari/537.36"
34.19.127.178 - - [05/Nov/2025:00:30:20 +0700] "GET /api/swagger-ui.html/favicon.ico HTTP/1.1" 404 1059 "-" "Mozilla/5.0 (Macintosh; Intel Mac OS X 14_4_1) AppleWebKit/537.36 (KHTML, like Gecko) Chrome/123.0.0.0 Safari/537.36"
34.19.127.178 - - [05/Nov/2025:00:30:20 +0700] "GET /api/swagger-ui.html HTTP/1.1" 404 1059 "-" "Mozilla/5.0 (Macintosh; Intel Mac OS X 14_4_1) AppleWebKit/537.36 (KHTML, like Gecko) Chrome/123.0.0.0 Safari/537.36"
34.19.127.176 - - [05/Nov/2025:00:30:21 +0700] "GET /api-docs/swagger.json HTTP/1.1" 301 178 "-" "Mozilla/5.0 (X11; Linux x86_64) AppleWebKit/537.36 (KHTML, like Gecko) Chrome/100.0.4896.88 Safari/537.36"
34.19.116.56 - - [05/Nov/2025:00:30:21 +0700] "GET /api/swagger.yml HTTP/1.1" 301 178 "-" "Mozilla/5.0 (X11; Linux x86_64) AppleWebKit/537.36 (KHTML, like Gecko) Chrome/100.0.4896.88 Safari/537.36"
34.19.127.176 - - [05/Nov/2025:00:30:21 +0700] "GET /api-docs/swagger.json HTTP/1.1" 404 3174 "-" "Mozilla/5.0 (X11; Linux x86_64) AppleWebKit/537.36 (KHTML, like Gecko) Chrome/100.0.4896.88 Safari/537.36"
34.19.116.56 - - [05/Nov/2025:00:30:22 +0700] "GET /api/swagger.yml HTTP/1.1" 404 3174 "-" "Mozilla/5.0 (X11; Linux x86_64) AppleWebKit/537.36 (KHTML, like Gecko) Chrome/100.0.4896.88 Safari/537.36"
34.19.127.178 - - [05/Nov/2025:00:30:22 +0700] "GET /api-docs/swagger.json HTTP/1.1" 301 178 "-" "Mozilla/5.0 (Macintosh; Intel Mac OS X 14_4_1) AppleWebKit/537.36 (KHTML, like Gecko) Chrome/123.0.0.0 Safari/537.36"
34.19.127.178 - - [05/Nov/2025:00:30:22 +0700] "GET /api-docs/swagger.json/favicon.ico HTTP/1.1" 301 178 "-" "Mozilla/5.0 (Macintosh; Intel Mac OS X 14_4_1) AppleWebKit/537.36 (KHTML, like Gecko) Chrome/123.0.0.0 Safari/537.36"
34.19.127.178 - - [05/Nov/2025:00:30:22 +0700] "GET /api-docs/swagger.json HTTP/1.1" 301 178 "-" "Mozilla/5.0 (Macintosh; Intel Mac OS X 14_4_1) AppleWebKit/537.36 (KHTML, like Gecko) Chrome/123.0.0.0 Safari/537.36"
34.19.127.178 - - [05/Nov/2025:00:30:22 +0700] "GET /api/swagger.yml HTTP/1.1" 301 178 "-" "Mozilla/5.0 (Macintosh; Intel Mac OS X 14_4_1) AppleWebKit/537.36 (KHTML, like Gecko) Chrome/123.0.0.0 Safari/537.36"
34.19.127.178 - - [05/Nov/2025:00:30:22 +0700] "GET /api/swagger.yml HTTP/1.1" 301 178 "-" "Mozilla/5.0 (Macintosh; Intel Mac OS X 14_4_1) AppleWebKit/537.36 (KHTML, like Gecko) Chrome/123.0.0.0 Safari/537.36"
34.19.127.178 - - [05/Nov/2025:00:30:22 +0700] "GET /api/swagger.yml/favicon.ico HTTP/1.1" 301 178 "-" "Mozilla/5.0 (Macintosh; Intel Mac OS X 14_4_1) AppleWebKit/537.36 (KHTML, like Gecko) Chrome/123.0.0.0 Safari/537.36"
34.19.127.178 - - [05/Nov/2025:00:30:22 +0700] "GET /api-docs/swagger.json HTTP/1.1" 404 1059 "-" "Mozilla/5.0 (Macintosh; Intel Mac OS X 14_4_1) AppleWebKit/537.36 (KHTML, like Gecko) Chrome/123.0.0.0 Safari/537.36"
34.19.127.178 - - [05/Nov/2025:00:30:22 +0700] "GET /api-docs/swagger.json/favicon.ico HTTP/1.1" 404 1059 "-" "Mozilla/5.0 (Macintosh; Intel Mac OS X 14_4_1) AppleWebKit/537.36 (KHTML, like Gecko) Chrome/123.0.0.0 Safari/537.36"
34.19.127.178 - - [05/Nov/2025:00:30:22 +0700] "GET /api-docs/swagger.json HTTP/1.1" 404 1059 "-" "Mozilla/5.0 (Macintosh; Intel Mac OS X 14_4_1) AppleWebKit/537.36 (KHTML, like Gecko) Chrome/123.0.0.0 Safari/537.36"
34.19.127.178 - - [05/Nov/2025:00:30:23 +0700] "GET /api/swagger.yml HTTP/1.1" 404 1059 "-" "Mozilla/5.0 (Macintosh; Intel Mac OS X 14_4_1) AppleWebKit/537.36 (KHTML, like Gecko) Chrome/123.0.0.0 Safari/537.36"
34.19.127.178 - - [05/Nov/2025:00:30:23 +0700] "GET /api/swagger.yml/favicon.ico HTTP/1.1" 404 1059 "-" "Mozilla/5.0 (Macintosh; Intel Mac OS X 14_4_1) AppleWebKit/537.36 (KHTML, like Gecko) Chrome/123.0.0.0 Safari/537.36"
34.19.127.178 - - [05/Nov/2025:00:30:23 +0700] "GET /api/swagger.yml HTTP/1.1" 404 1059 "-" "Mozilla/5.0 (Macintosh; Intel Mac OS X 14_4_1) AppleWebKit/537.36 (KHTML, like Gecko) Chrome/123.0.0.0 Safari/537.36"
34.19.127.176 - - [05/Nov/2025:00:30:23 +0700] "GET /api/swagger HTTP/1.1" 301 178 "-" "Mozilla/5.0 (X11; Linux x86_64) AppleWebKit/537.36 (KHTML, like Gecko) Chrome/100.0.4896.88 Safari/537.36"
34.19.116.56 - - [05/Nov/2025:00:30:23 +0700] "GET /api/v2/swagger.json HTTP/1.1" 301 178 "-" "Mozilla/5.0 (X11; Linux x86_64) AppleWebKit/537.36 (KHTML, like Gecko) Chrome/100.0.4896.88 Safari/537.36"
34.19.127.176 - - [05/Nov/2025:00:30:24 +0700] "GET /api/swagger HTTP/1.1" 404 3174 "-" "Mozilla/5.0 (X11; Linux x86_64) AppleWebKit/537.36 (KHTML, like Gecko) Chrome/100.0.4896.88 Safari/537.36"
34.19.116.56 - - [05/Nov/2025:00:30:24 +0700] "GET /api/v2/swagger.json HTTP/1.1" 404 3174 "-" "Mozilla/5.0 (X11; Linux x86_64) AppleWebKit/537.36 (KHTML, like Gecko) Chrome/100.0.4896.88 Safari/537.36"
34.19.127.178 - - [05/Nov/2025:00:30:24 +0700] "GET /api/v2/swagger.json HTTP/1.1" 301 178 "-" "Mozilla/5.0 (Macintosh; Intel Mac OS X 14_4_1) AppleWebKit/537.36 (KHTML, like Gecko) Chrome/123.0.0.0 Safari/537.36"
34.19.127.178 - - [05/Nov/2025:00:30:24 +0700] "GET /api/v2/swagger.json/favicon.ico HTTP/1.1" 301 178 "-" "Mozilla/5.0 (Macintosh; Intel Mac OS X 14_4_1) AppleWebKit/537.36 (KHTML, like Gecko) Chrome/123.0.0.0 Safari/537.36"
34.19.127.178 - - [05/Nov/2025:00:30:24 +0700] "GET /api/v2/swagger.json HTTP/1.1" 301 178 "-" "Mozilla/5.0 (Macintosh; Intel Mac OS X 14_4_1) AppleWebKit/537.36 (KHTML, like Gecko) Chrome/123.0.0.0 Safari/537.36"
34.19.127.178 - - [05/Nov/2025:00:30:24 +0700] "GET /api/swagger/favicon.ico HTTP/1.1" 301 178 "-" "Mozilla/5.0 (Macintosh; Intel Mac OS X 14_4_1) AppleWebKit/537.36 (KHTML, like Gecko) Chrome/123.0.0.0 Safari/537.36"
34.19.127.178 - - [05/Nov/2025:00:30:24 +0700] "GET /api/swagger HTTP/1.1" 301 178 "-" "Mozilla/5.0 (Macintosh; Intel Mac OS X 14_4_1) AppleWebKit/537.36 (KHTML, like Gecko) Chrome/123.0.0.0 Safari/537.36"
34.19.127.178 - - [05/Nov/2025:00:30:24 +0700] "GET /api/swagger HTTP/1.1" 301 178 "-" "Mozilla/5.0 (Macintosh; Intel Mac OS X 14_4_1) AppleWebKit/537.36 (KHTML, like Gecko) Chrome/123.0.0.0 Safari/537.36"
34.19.116.58 - - [05/Nov/2025:00:30:24 +0700] "GET /.svn HTTP/1.1" 301 178 "-" "Mozilla/5.0 (X11; Linux x86_64) AppleWebKit/537.36 (KHTML, like Gecko) Chrome/100.0.4896.88 Safari/537.36"
34.19.127.178 - - [05/Nov/2025:00:30:25 +0700] "GET /api/v2/swagger.json/favicon.ico HTTP/1.1" 404 1059 "-" "Mozilla/5.0 (Macintosh; Intel Mac OS X 14_4_1) AppleWebKit/537.36 (KHTML, like Gecko) Chrome/123.0.0.0 Safari/537.36"
34.19.127.178 - - [05/Nov/2025:00:30:25 +0700] "GET /api/v2/swagger.json HTTP/1.1" 404 1059 "-" "Mozilla/5.0 (Macintosh; Intel Mac OS X 14_4_1) AppleWebKit/537.36 (KHTML, like Gecko) Chrome/123.0.0.0 Safari/537.36"
34.19.127.178 - - [05/Nov/2025:00:30:25 +0700] "GET /api/v2/swagger.json HTTP/1.1" 404 1059 "-" "Mozilla/5.0 (Macintosh; Intel Mac OS X 14_4_1) AppleWebKit/537.36 (KHTML, like Gecko) Chrome/123.0.0.0 Safari/537.36"
34.19.127.178 - - [05/Nov/2025:00:30:25 +0700] "GET /api/swagger HTTP/1.1" 404 1059 "-" "Mozilla/5.0 (Macintosh; Intel Mac OS X 14_4_1) AppleWebKit/537.36 (KHTML, like Gecko) Chrome/123.0.0.0 Safari/537.36"
34.19.127.178 - - [05/Nov/2025:00:30:25 +0700] "GET /api/swagger/favicon.ico HTTP/1.1" 404 1059 "-" "Mozilla/5.0 (Macintosh; Intel Mac OS X 14_4_1) AppleWebKit/537.36 (KHTML, like Gecko) Chrome/123.0.0.0 Safari/537.36"
34.19.127.178 - - [05/Nov/2025:00:30:25 +0700] "GET /api/swagger HTTP/1.1" 404 1059 "-" "Mozilla/5.0 (Macintosh; Intel Mac OS X 14_4_1) AppleWebKit/537.36 (KHTML, like Gecko) Chrome/123.0.0.0 Safari/537.36"
34.19.116.58 - - [05/Nov/2025:00:30:25 +0700] "GET /.svn HTTP/1.1" 403 564 "-" "Mozilla/5.0 (X11; Linux x86_64) AppleWebKit/537.36 (KHTML, like Gecko) Chrome/100.0.4896.88 Safari/537.36"
34.19.116.56 - - [05/Nov/2025:00:30:25 +0700] "GET /apidocs HTTP/1.1" 301 178 "-" "Mozilla/5.0 (X11; Linux x86_64) AppleWebKit/537.36 (KHTML, like Gecko) Chrome/100.0.4896.88 Safari/537.36"
34.19.116.58 - - [05/Nov/2025:00:30:25 +0700] "GET /.svn/entries HTTP/1.1" 301 178 "-" "Mozilla/5.0 (X11; Linux x86_64) AppleWebKit/537.36 (KHTML, like Gecko) Chrome/100.0.4896.88 Safari/537.36"
34.19.127.176 - - [05/Nov/2025:00:30:25 +0700] "GET /api/swagger-ui.html HTTP/1.1" 301 178 "-" "Mozilla/5.0 (X11; Linux x86_64) AppleWebKit/537.36 (KHTML, like Gecko) Chrome/100.0.4896.88 Safari/537.36"
34.19.116.56 - - [05/Nov/2025:00:30:26 +0700] "GET /apidocs HTTP/1.1" 404 3174 "-" "Mozilla/5.0 (X11; Linux x86_64) AppleWebKit/537.36 (KHTML, like Gecko) Chrome/100.0.4896.88 Safari/537.36"
34.19.116.58 - - [05/Nov/2025:00:30:26 +0700] "GET /.svn/entries HTTP/1.1" 403 564 "-" "Mozilla/5.0 (X11; Linux x86_64) AppleWebKit/537.36 (KHTML, like Gecko) Chrome/100.0.4896.88 Safari/537.36"
34.19.127.176 - - [05/Nov/2025:00:30:26 +0700] "GET /api/swagger-ui.html HTTP/1.1" 404 3174 "-" "Mozilla/5.0 (X11; Linux x86_64) AppleWebKit/537.36 (KHTML, like Gecko) Chrome/100.0.4896.88 Safari/537.36"
34.19.127.178 - - [05/Nov/2025:00:30:26 +0700] "GET /apidocs/favicon.ico HTTP/1.1" 301 178 "-" "Mozilla/5.0 (Macintosh; Intel Mac OS X 14_4_1) AppleWebKit/537.36 (KHTML, like Gecko) Chrome/123.0.0.0 Safari/537.36"
34.19.127.178 - - [05/Nov/2025:00:30:26 +0700] "GET /apidocs HTTP/1.1" 301 178 "-" "Mozilla/5.0 (Macintosh; Intel Mac OS X 14_4_1) AppleWebKit/537.36 (KHTML, like Gecko) Chrome/123.0.0.0 Safari/537.36"
34.19.127.178 - - [05/Nov/2025:00:30:26 +0700] "GET /apidocs HTTP/1.1" 301 178 "-" "Mozilla/5.0 (Macintosh; Intel Mac OS X 14_4_1) AppleWebKit/537.36 (KHTML, like Gecko) Chrome/123.0.0.0 Safari/537.36"
34.19.116.58 - - [05/Nov/2025:00:30:26 +0700] "GET /.svn/prop-base HTTP/1.1" 301 178 "-" "Mozilla/5.0 (X11; Linux x86_64) AppleWebKit/537.36 (KHTML, like Gecko) Chrome/100.0.4896.88 Safari/537.36"
34.19.127.178 - - [05/Nov/2025:00:30:27 +0700] "GET /api/swagger-ui.html HTTP/1.1" 301 178 "-" "Mozilla/5.0 (Macintosh; Intel Mac OS X 14_4_1) AppleWebKit/537.36 (KHTML, like Gecko) Chrome/123.0.0.0 Safari/537.36"
34.19.127.178 - - [05/Nov/2025:00:30:27 +0700] "GET /api/swagger-ui.html HTTP/1.1" 301 178 "-" "Mozilla/5.0 (Macintosh; Intel Mac OS X 14_4_1) AppleWebKit/537.36 (KHTML, like Gecko) Chrome/123.0.0.0 Safari/537.36"
34.19.127.178 - - [05/Nov/2025:00:30:27 +0700] "GET /api/swagger-ui.html/favicon.ico HTTP/1.1" 301 178 "-" "Mozilla/5.0 (Macintosh; Intel Mac OS X 14_4_1) AppleWebKit/537.36 (KHTML, like Gecko) Chrome/123.0.0.0 Safari/537.36"
34.19.127.178 - - [05/Nov/2025:00:30:27 +0700] "GET /apidocs/favicon.ico HTTP/1.1" 404 1059 "-" "Mozilla/5.0 (Macintosh; Intel Mac OS X 14_4_1) AppleWebKit/537.36 (KHTML, like Gecko) Chrome/123.0.0.0 Safari/537.36"
34.19.127.178 - - [05/Nov/2025:00:30:27 +0700] "GET /apidocs HTTP/1.1" 404 1059 "-" "Mozilla/5.0 (Macintosh; Intel Mac OS X 14_4_1) AppleWebKit/537.36 (KHTML, like Gecko) Chrome/123.0.0.0 Safari/537.36"
34.19.127.178 - - [05/Nov/2025:00:30:27 +0700] "GET /apidocs HTTP/1.1" 404 1059 "-" "Mozilla/5.0 (Macintosh; Intel Mac OS X 14_4_1) AppleWebKit/537.36 (KHTML, like Gecko) Chrome/123.0.0.0 Safari/537.36"
34.19.116.56 - - [05/Nov/2025:00:30:27 +0700] "POST /validate HTTP/1.1" 404 3150 "-" "Mozilla/5.0 (X11; Linux x86_64) AppleWebKit/537.36 (KHTML, like Gecko) Chrome/100.0.4896.88 Safari/537.36"
34.19.116.58 - - [05/Nov/2025:00:30:27 +0700] "GET /.svn/prop-base HTTP/1.1" 403 564 "-" "Mozilla/5.0 (X11; Linux x86_64) AppleWebKit/537.36 (KHTML, like Gecko) Chrome/100.0.4896.88 Safari/537.36"
34.19.127.178 - - [05/Nov/2025:00:30:27 +0700] "GET /api/swagger-ui.html/favicon.ico HTTP/1.1" 404 1059 "-" "Mozilla/5.0 (Macintosh; Intel Mac OS X 14_4_1) AppleWebKit/537.36 (KHTML, like Gecko) Chrome/123.0.0.0 Safari/537.36"
34.19.127.178 - - [05/Nov/2025:00:30:27 +0700] "GET /api/swagger-ui.html HTTP/1.1" 404 1059 "-" "Mozilla/5.0 (Macintosh; Intel Mac OS X 14_4_1) AppleWebKit/537.36 (KHTML, like Gecko) Chrome/123.0.0.0 Safari/537.36"
34.19.127.178 - - [05/Nov/2025:00:30:27 +0700] "GET /api/swagger-ui.html HTTP/1.1" 404 1059 "-" "Mozilla/5.0 (Macintosh; Intel Mac OS X 14_4_1) AppleWebKit/537.36 (KHTML, like Gecko) Chrome/123.0.0.0 Safari/537.36"
34.19.127.207 - - [05/Nov/2025:00:30:27 +0700] "GET /%0d%0aReflected-Header:%2038097f493cd534248ca36bb56217f369 HTTP/1.1" 404 3150 "-" "Mozilla/5.0 (X11; Linux x86_64) AppleWebKit/537.36 (KHTML, like Gecko) Chrome/100.0.4896.88 Safari/537.36"
34.19.116.56 - - [05/Nov/2025:00:30:27 +0700] "GET /apidocs/swagger.json HTTP/1.1" 301 178 "-" "Mozilla/5.0 (X11; Linux x86_64) AppleWebKit/537.36 (KHTML, like Gecko) Chrome/100.0.4896.88 Safari/537.36"
34.19.116.58 - - [05/Nov/2025:00:30:28 +0700] "GET /.svn/text-base HTTP/1.1" 301 178 "-" "Mozilla/5.0 (X11; Linux x86_64) AppleWebKit/537.36 (KHTML, like Gecko) Chrome/100.0.4896.88 Safari/537.36"
34.19.127.207 - - [05/Nov/2025:00:30:28 +0700] "GET /zzz$http_referer HTTP/1.1" 404 3150 "483b92de00fb7a6cb17f3675a0cd777a" "Mozilla/5.0 (X11; Linux x86_64) AppleWebKit/537.36 (KHTML, like Gecko) Chrome/100.0.4896.88 Safari/537.36"
34.19.127.176 - - [05/Nov/2025:00:30:28 +0700] "GET /api/swagger.yml HTTP/1.1" 301 178 "-" "Mozilla/5.0 (X11; Linux x86_64) AppleWebKit/537.36 (KHTML, like Gecko) Chrome/100.0.4896.88 Safari/537.36"
34.19.116.56 - - [05/Nov/2025:00:30:28 +0700] "GET /apidocs/swagger.json HTTP/1.1" 404 3174 "-" "Mozilla/5.0 (X11; Linux x86_64) AppleWebKit/537.36 (KHTML, like Gecko) Chrome/100.0.4896.88 Safari/537.36"
34.19.116.58 - - [05/Nov/2025:00:30:28 +0700] "GET /.svn/text-base HTTP/1.1" 403 564 "-" "Mozilla/5.0 (X11; Linux x86_64) AppleWebKit/537.36 (KHTML, like Gecko) Chrome/100.0.4896.88 Safari/537.36"
34.19.127.178 - - [05/Nov/2025:00:30:28 +0700] "GET /apidocs/swagger.json/favicon.ico HTTP/1.1" 301 178 "-" "Mozilla/5.0 (Macintosh; Intel Mac OS X 14_4_1) AppleWebKit/537.36 (KHTML, like Gecko) Chrome/123.0.0.0 Safari/537.36"
34.19.127.178 - - [05/Nov/2025:00:30:28 +0700] "GET /apidocs/swagger.json HTTP/1.1" 301 178 "-" "Mozilla/5.0 (Macintosh; Intel Mac OS X 14_4_1) AppleWebKit/537.36 (KHTML, like Gecko) Chrome/123.0.0.0 Safari/537.36"
34.19.127.178 - - [05/Nov/2025:00:30:28 +0700] "GET /apidocs/swagger.json HTTP/1.1" 301 178 "-" "Mozilla/5.0 (Macintosh; Intel Mac OS X 14_4_1) AppleWebKit/537.36 (KHTML, like Gecko) Chrome/123.0.0.0 Safari/537.36"
34.19.127.207 - - [05/Nov/2025:00:30:28 +0700] "GET /status HTTP/1.1" 404 3150 "-" "Mozilla/5.0 (X11; Linux x86_64) AppleWebKit/537.36 (KHTML, like Gecko) Chrome/100.0.4896.88 Safari/537.36"
3.236.150.170 - - [05/Nov/2025:00:30:29 +0700] "GET / HTTP/1.1" 200 379103 "-" "Mozilla/5.0 (X11; Linux x86_64) AppleWebKit/537.36 (KHTML, like Gecko) Chrome/100.0.4896.88 Safari/537.36"
34.19.116.58 - - [05/Nov/2025:00:30:29 +0700] "GET /doesntexist-31741714 HTTP/1.1" 404 3150 "-" "Mozilla/5.0 (X11; Linux x86_64) AppleWebKit/537.36 (KHTML, like Gecko) Chrome/100.0.4896.88 Safari/537.36"
34.19.127.176 - - [05/Nov/2025:00:30:29 +0700] "GET /api/swagger.yml HTTP/1.1" 404 3174 "-" "Mozilla/5.0 (X11; Linux x86_64) AppleWebKit/537.36 (KHTML, like Gecko) Chrome/100.0.4896.88 Safari/537.36"
34.19.116.58 - - [05/Nov/2025:00:30:29 +0700] "GET /.htaccess HTTP/1.1" 301 178 "-" "Mozilla/5.0 (X11; Linux x86_64) AppleWebKit/537.36 (KHTML, like Gecko) Chrome/100.0.4896.88 Safari/537.36"
34.19.127.178 - - [05/Nov/2025:00:30:29 +0700] "GET /apidocs/swagger.json HTTP/1.1" 404 1059 "-" "Mozilla/5.0 (Macintosh; Intel Mac OS X 14_4_1) AppleWebKit/537.36 (KHTML, like Gecko) Chrome/123.0.0.0 Safari/537.36"
34.19.127.178 - - [05/Nov/2025:00:30:29 +0700] "GET /apidocs/swagger.json HTTP/1.1" 404 1059 "-" "Mozilla/5.0 (Macintosh; Intel Mac OS X 14_4_1) AppleWebKit/537.36 (KHTML, like Gecko) Chrome/123.0.0.0 Safari/537.36"
34.19.127.178 - - [05/Nov/2025:00:30:29 +0700] "GET /apidocs/swagger.json/favicon.ico HTTP/1.1" 404 1059 "-" "Mozilla/5.0 (Macintosh; Intel Mac OS X 14_4_1) AppleWebKit/537.36 (KHTML, like Gecko) Chrome/123.0.0.0 Safari/537.36"
34.19.127.207 - - [05/Nov/2025:00:30:29 +0700] "GET /nginx-status HTTP/1.1" 404 3150 "-" "Mozilla/5.0 (X11; Linux x86_64) AppleWebKit/537.36 (KHTML, like Gecko) Chrome/100.0.4896.88 Safari/537.36"
34.19.116.58 - - [05/Nov/2025:00:30:29 +0700] "GET /def-31741714-doesntexist HTTP/1.1" 404 3150 "-" "Mozilla/5.0 (X11; Linux x86_64) AppleWebKit/537.36 (KHTML, like Gecko) Chrome/100.0.4896.88 Safari/537.36"
34.19.116.58 - - [05/Nov/2025:00:30:29 +0700] "GET /.htaccess HTTP/1.1" 403 564 "-" "Mozilla/5.0 (X11; Linux x86_64) AppleWebKit/537.36 (KHTML, like Gecko) Chrome/100.0.4896.88 Safari/537.36"
34.19.116.56 - - [05/Nov/2025:00:30:29 +0700] "GET /rest HTTP/1.1" 301 178 "-" "Mozilla/5.0 (X11; Linux x86_64) AppleWebKit/537.36 (KHTML, like Gecko) Chrome/100.0.4896.88 Safari/537.36"
34.19.127.178 - - [05/Nov/2025:00:30:29 +0700] "GET /api/swagger.yml HTTP/1.1" 301 178 "-" "Mozilla/5.0 (Macintosh; Intel Mac OS X 14_4_1) AppleWebKit/537.36 (KHTML, like Gecko) Chrome/123.0.0.0 Safari/537.36"
34.19.127.178 - - [05/Nov/2025:00:30:29 +0700] "GET /api/swagger.yml HTTP/1.1" 301 178 "-" "Mozilla/5.0 (Macintosh; Intel Mac OS X 14_4_1) AppleWebKit/537.36 (KHTML, like Gecko) Chrome/123.0.0.0 Safari/537.36"
34.19.127.178 - - [05/Nov/2025:00:30:29 +0700] "GET /api/swagger.yml/favicon.ico HTTP/1.1" 301 178 "-" "Mozilla/5.0 (Macintosh; Intel Mac OS X 14_4_1) AppleWebKit/537.36 (KHTML, like Gecko) Chrome/123.0.0.0 Safari/537.36"
34.19.116.58 - - [05/Nov/2025:00:30:30 +0700] "GET /.git HTTP/1.1" 403 564 "-" "Mozilla/5.0 (X11; Linux x86_64) AppleWebKit/537.36 (KHTML, like Gecko) Chrome/100.0.4896.88 Safari/537.36"
34.19.116.58 - - [05/Nov/2025:00:30:30 +0700] "GET /.htaccess.bak HTTP/1.1" 301 178 "-" "Mozilla/5.0 (X11; Linux x86_64) AppleWebKit/537.36 (KHTML, like Gecko) Chrome/100.0.4896.88 Safari/537.36"
34.19.116.56 - - [05/Nov/2025:00:30:30 +0700] "GET /rest HTTP/1.1" 404 3174 "-" "Mozilla/5.0 (X11; Linux x86_64) AppleWebKit/537.36 (KHTML, like Gecko) Chrome/100.0.4896.88 Safari/537.36"
34.19.127.178 - - [05/Nov/2025:00:30:30 +0700] "GET /api/swagger.yml HTTP/1.1" 404 1059 "-" "Mozilla/5.0 (Macintosh; Intel Mac OS X 14_4_1) AppleWebKit/537.36 (KHTML, like Gecko) Chrome/123.0.0.0 Safari/537.36"
34.19.127.178 - - [05/Nov/2025:00:30:30 +0700] "GET /api/swagger.yml HTTP/1.1" 404 1059 "-" "Mozilla/5.0 (Macintosh; Intel Mac OS X 14_4_1) AppleWebKit/537.36 (KHTML, like Gecko) Chrome/123.0.0.0 Safari/537.36"
34.19.127.178 - - [05/Nov/2025:00:30:30 +0700] "GET /api/swagger.yml/favicon.ico HTTP/1.1" 404 1059 "-" "Mozilla/5.0 (Macintosh; Intel Mac OS X 14_4_1) AppleWebKit/537.36 (KHTML, like Gecko) Chrome/123.0.0.0 Safari/537.36"
34.19.127.178 - - [05/Nov/2025:00:30:30 +0700] "GET /rest HTTP/1.1" 301 178 "-" "Mozilla/5.0 (Macintosh; Intel Mac OS X 14_4_1) AppleWebKit/537.36 (KHTML, like Gecko) Chrome/123.0.0.0 Safari/537.36"
34.19.127.178 - - [05/Nov/2025:00:30:30 +0700] "GET /rest/favicon.ico HTTP/1.1" 301 178 "-" "Mozilla/5.0 (Macintosh; Intel Mac OS X 14_4_1) AppleWebKit/537.36 (KHTML, like Gecko) Chrome/123.0.0.0 Safari/537.36"
34.19.127.178 - - [05/Nov/2025:00:30:30 +0700] "GET /rest HTTP/1.1" 301 178 "-" "Mozilla/5.0 (Macintosh; Intel Mac OS X 14_4_1) AppleWebKit/537.36 (KHTML, like Gecko) Chrome/123.0.0.0 Safari/537.36"
34.19.116.58 - - [05/Nov/2025:00:30:30 +0700] "GET /.git/config HTTP/1.1" 403 564 "-" "Mozilla/5.0 (X11; Linux x86_64) AppleWebKit/537.36 (KHTML, like Gecko) Chrome/100.0.4896.88 Safari/537.36"
34.19.116.58 - - [05/Nov/2025:00:30:30 +0700] "GET /.htaccess.bak HTTP/1.1" 403 564 "-" "Mozilla/5.0 (X11; Linux x86_64) AppleWebKit/537.36 (KHTML, like Gecko) Chrome/100.0.4896.88 Safari/537.36"
34.19.127.176 - - [05/Nov/2025:00:30:31 +0700] "GET /api/v2/swagger.json HTTP/1.1" 301 178 "-" "Mozilla/5.0 (X11; Linux x86_64) AppleWebKit/537.36 (KHTML, like Gecko) Chrome/100.0.4896.88 Safari/537.36"
34.19.116.58 - - [05/Nov/2025:00:30:31 +0700] "GET / HTTP/1.1" 200 379111 "-" "Mozilla/5.0 (X11; Linux x86_64) AppleWebKit/537.36 (KHTML, like Gecko) Chrome/100.0.4896.88 Safari/537.36"
34.19.127.178 - - [05/Nov/2025:00:30:31 +0700] "GET /rest/favicon.ico HTTP/1.1" 404 1059 "-" "Mozilla/5.0 (Macintosh; Intel Mac OS X 14_4_1) AppleWebKit/537.36 (KHTML, like Gecko) Chrome/123.0.0.0 Safari/537.36"
34.19.127.178 - - [05/Nov/2025:00:30:31 +0700] "GET /rest HTTP/1.1" 404 1059 "-" "Mozilla/5.0 (Macintosh; Intel Mac OS X 14_4_1) AppleWebKit/537.36 (KHTML, like Gecko) Chrome/123.0.0.0 Safari/537.36"
34.19.116.58 - - [05/Nov/2025:00:30:31 +0700] "GET /.hg HTTP/1.1" 403 564 "-" "Mozilla/5.0 (X11; Linux x86_64) AppleWebKit/537.36 (KHTML, like Gecko) Chrome/100.0.4896.88 Safari/537.36"
34.19.127.178 - - [05/Nov/2025:00:30:31 +0700] "GET /rest HTTP/1.1" 404 1059 "-" "Mozilla/5.0 (Macintosh; Intel Mac OS X 14_4_1) AppleWebKit/537.36 (KHTML, like Gecko) Chrome/123.0.0.0 Safari/537.36"
34.19.116.56 - - [05/Nov/2025:00:30:31 +0700] "GET / HTTP/1.1" 200 379111 "-" "Mozilla/5.0 (X11; Linux x86_64) AppleWebKit/537.36 (KHTML, like Gecko) Chrome/100.0.4896.88 Safari/537.36"
