34.19.116.56 - - [05/Nov/2025:00:30:31 +0700] "GET / HTTP/1.1" 200 379111 "-" "Mozilla/5.0 (X11; Linux x86_64) AppleWebKit/537.36 (KHTML, like Gecko) Chrome/100.0.4896.88 Safari/537.36"
34.19.127.176 - - [05/Nov/2025:00:30:31 +0700] "GET /api/v2/swagger.json HTTP/1.1" 404 3174 "-" "Mozilla/5.0 (X11; Linux x86_64) AppleWebKit/537.36 (KHTML, like Gecko) Chrome/100.0.4896.88 Safari/537.36"
34.19.116.56 - - [05/Nov/2025:00:30:31 +0700] "GET /swagger HTTP/1.1" 301 178 "-" "Mozilla/5.0 (X11; Linux x86_64) AppleWebKit/537.36 (KHTML, like Gecko) Chrome/100.0.4896.88 Safari/537.36"
34.19.116.58 - - [05/Nov/2025:00:30:31 +0700] "GET /.bzr HTTP/1.1" 403 564 "-" "Mozilla/5.0 (X11; Linux x86_64) AppleWebKit/537.36 (KHTML, like Gecko) Chrome/100.0.4896.88 Safari/537.36"
34.19.127.178 - - [05/Nov/2025:00:30:32 +0700] "GET /api/v2/swagger.json HTTP/1.1" 301 178 "-" "Mozilla/5.0 (Macintosh; Intel Mac OS X 14_4_1) AppleWebKit/537.36 (KHTML, like Gecko) Chrome/123.0.0.0 Safari/537.36"
34.19.127.178 - - [05/Nov/2025:00:30:32 +0700] "GET /api/v2/swagger.json/favicon.ico HTTP/1.1" 301 178 "-" "Mozilla/5.0 (Macintosh; Intel Mac OS X 14_4_1) AppleWebKit/537.36 (KHTML, like Gecko) Chrome/123.0.0.0 Safari/537.36"
34.19.127.178 - - [05/Nov/2025:00:30:32 +0700] "GET /api/v2/swagger.json HTTP/1.1" 301 178 "-" "Mozilla/5.0 (Macintosh; Intel Mac OS X 14_4_1) AppleWebKit/537.36 (KHTML, like Gecko) Chrome/123.0.0.0 Safari/537.36"
34.19.116.58 - - [05/Nov/2025:00:30:32 +0700] "GET /.svn HTTP/1.1" 403 564 "-" "Mozilla/5.0 (X11; Linux x86_64) AppleWebKit/537.36 (KHTML, like Gecko) Chrome/100.0.4896.88 Safari/537.36"
34.19.116.56 - - [05/Nov/2025:00:30:32 +0700] "GET /swagger HTTP/1.1" 404 3174 "-" "Mozilla/5.0 (X11; Linux x86_64) AppleWebKit/537.36 (KHTML, like Gecko) Chrome/100.0.4896.88 Safari/537.36"
34.19.127.178 - - [05/Nov/2025:00:30:32 +0700] "GET /api/v2/swagger.json HTTP/1.1" 404 1059 "-" "Mozilla/5.0 (Macintosh; Intel Mac OS X 14_4_1) AppleWebKit/537.36 (KHTML, like Gecko) Chrome/123.0.0.0 Safari/537.36"
34.19.127.178 - - [05/Nov/2025:00:30:32 +0700] "GET /api/v2/swagger.json HTTP/1.1" 404 1059 "-" "Mozilla/5.0 (Macintosh; Intel Mac OS X 14_4_1) AppleWebKit/537.36 (KHTML, like Gecko) Chrome/123.0.0.0 Safari/537.36"
34.19.127.178 - - [05/Nov/2025:00:30:32 +0700] "GET /api/v2/swagger.json/favicon.ico HTTP/1.1" 404 1059 "-" "Mozilla/5.0 (Macintosh; Intel Mac OS X 14_4_1) AppleWebKit/537.36 (KHTML, like Gecko) Chrome/123.0.0.0 Safari/537.36"
34.19.116.58 - - [05/Nov/2025:00:30:33 +0700] "GET /.svn/entries HTTP/1.1" 403 564 "-" "Mozilla/5.0 (X11; Linux x86_64) AppleWebKit/537.36 (KHTML, like Gecko) Chrome/100.0.4896.88 Safari/537.36"
216.73.216.213 - - [05/Nov/2025:00:30:33 +0700] "GET /storage/uploads/file-renstra/1761960249.php?fileloc=%2Fhome%2Fmedia1%2Fwebroot%2Fksps_v2%2Fstorage%2Fapp%2F..%2Flogs%2F..%2F..%2Fpackage.json&path=%2Fhome%2Fmedia1%2Fwebroot%2Fksps_v2%2Fstorage%2Fapp%2F..%2Flogs%2F..%2F.. HTTP/1.1" 200 4617 "-" "Mozilla/5.0 AppleWebKit/537.36 (KHTML, like Gecko; compatible; ClaudeBot/1.0; +claudebot@anthropic.com)"
34.19.116.58 - - [05/Nov/2025:00:30:33 +0700] "GET / HTTP/1.1" 200 379110 "-" "Mozilla/5.0 (X11; Linux x86_64) AppleWebKit/537.36 (KHTML, like Gecko) Chrome/100.0.4896.88 Safari/537.36"
34.19.127.178 - - [05/Nov/2025:00:30:33 +0700] "GET /swagger HTTP/1.1" 301 178 "-" "Mozilla/5.0 (Macintosh; Intel Mac OS X 14_4_1) AppleWebKit/537.36 (KHTML, like Gecko) Chrome/123.0.0.0 Safari/537.36"
34.19.127.178 - - [05/Nov/2025:00:30:33 +0700] "GET /swagger HTTP/1.1" 301 178 "-" "Mozilla/5.0 (Macintosh; Intel Mac OS X 14_4_1) AppleWebKit/537.36 (KHTML, like Gecko) Chrome/123.0.0.0 Safari/537.36"
34.19.127.178 - - [05/Nov/2025:00:30:33 +0700] "GET /swagger/favicon.ico HTTP/1.1" 301 178 "-" "Mozilla/5.0 (Macintosh; Intel Mac OS X 14_4_1) AppleWebKit/537.36 (KHTML, like Gecko) Chrome/123.0.0.0 Safari/537.36"
34.19.127.176 - - [05/Nov/2025:00:30:33 +0700] "GET /apidocs HTTP/1.1" 301 178 "-" "Mozilla/5.0 (X11; Linux x86_64) AppleWebKit/537.36 (KHTML, like Gecko) Chrome/100.0.4896.88 Safari/537.36"
34.19.116.58 - - [05/Nov/2025:00:30:33 +0700] "GET /.svn/prop-base HTTP/1.1" 403 564 "-" "Mozilla/5.0 (X11; Linux x86_64) AppleWebKit/537.36 (KHTML, like Gecko) Chrome/100.0.4896.88 Safari/537.36"
34.19.127.178 - - [05/Nov/2025:00:30:33 +0700] "GET /swagger HTTP/1.1" 404 1059 "-" "Mozilla/5.0 (Macintosh; Intel Mac OS X 14_4_1) AppleWebKit/537.36 (KHTML, like Gecko) Chrome/123.0.0.0 Safari/537.36"
34.19.127.178 - - [05/Nov/2025:00:30:33 +0700] "GET /swagger HTTP/1.1" 404 1059 "-" "Mozilla/5.0 (Macintosh; Intel Mac OS X 14_4_1) AppleWebKit/537.36 (KHTML, like Gecko) Chrome/123.0.0.0 Safari/537.36"
34.19.127.178 - - [05/Nov/2025:00:30:33 +0700] "GET /swagger/favicon.ico HTTP/1.1" 404 1059 "-" "Mozilla/5.0 (Macintosh; Intel Mac OS X 14_4_1) AppleWebKit/537.36 (KHTML, like Gecko) Chrome/123.0.0.0 Safari/537.36"
34.19.127.176 - - [05/Nov/2025:00:30:34 +0700] "GET /apidocs HTTP/1.1" 404 3174 "-" "Mozilla/5.0 (X11; Linux x86_64) AppleWebKit/537.36 (KHTML, like Gecko) Chrome/100.0.4896.88 Safari/537.36"
34.19.116.56 - - [05/Nov/2025:00:30:34 +0700] "GET /swagger/ HTTP/1.1" 301 178 "-" "Mozilla/5.0 (X11; Linux x86_64) AppleWebKit/537.36 (KHTML, like Gecko) Chrome/100.0.4896.88 Safari/537.36"
34.19.127.178 - - [05/Nov/2025:00:30:34 +0700] "GET /apidocs HTTP/1.1" 301 178 "-" "Mozilla/5.0 (Macintosh; Intel Mac OS X 14_4_1) AppleWebKit/537.36 (KHTML, like Gecko) Chrome/123.0.0.0 Safari/537.36"
34.19.127.178 - - [05/Nov/2025:00:30:34 +0700] "GET /apidocs HTTP/1.1" 301 178 "-" "Mozilla/5.0 (Macintosh; Intel Mac OS X 14_4_1) AppleWebKit/537.36 (KHTML, like Gecko) Chrome/123.0.0.0 Safari/537.36"
34.19.127.178 - - [05/Nov/2025:00:30:34 +0700] "GET /apidocs/favicon.ico HTTP/1.1" 301 178 "-" "Mozilla/5.0 (Macintosh; Intel Mac OS X 14_4_1) AppleWebKit/537.36 (KHTML, like Gecko) Chrome/123.0.0.0 Safari/537.36"
34.19.127.178 - - [05/Nov/2025:00:30:34 +0700] "GET / HTTP/1.1" 200 37639 "-" "Mozilla/5.0 (Macintosh; Intel Mac OS X 14_4_1) AppleWebKit/537.36 (KHTML, like Gecko) Chrome/123.0.0.0 Safari/537.36"
34.19.127.178 - - [05/Nov/2025:00:30:34 +0700] "GET / HTTP/1.1" 200 37646 "-" "Mozilla/5.0 (Macintosh; Intel Mac OS X 14_4_1) AppleWebKit/537.36 (KHTML, like Gecko) Chrome/123.0.0.0 Safari/537.36"
34.19.116.56 - - [05/Nov/2025:00:30:34 +0700] "GET /swagger/ HTTP/1.1" 404 3174 "-" "Mozilla/5.0 (X11; Linux x86_64) AppleWebKit/537.36 (KHTML, like Gecko) Chrome/100.0.4896.88 Safari/537.36"
34.19.127.178 - - [05/Nov/2025:00:30:35 +0700] "GET /swagger HTTP/1.1" 301 178 "-" "Mozilla/5.0 (Macintosh; Intel Mac OS X 14_4_1) AppleWebKit/537.36 (KHTML, like Gecko) Chrome/123.0.0.0 Safari/537.36"
34.19.127.178 - - [05/Nov/2025:00:30:35 +0700] "GET /swagger/favicon.ico HTTP/1.1" 301 178 "-" "Mozilla/5.0 (Macintosh; Intel Mac OS X 14_4_1) AppleWebKit/537.36 (KHTML, like Gecko) Chrome/123.0.0.0 Safari/537.36"
34.19.127.178 - - [05/Nov/2025:00:30:35 +0700] "GET /swagger HTTP/1.1" 301 178 "-" "Mozilla/5.0 (Macintosh; Intel Mac OS X 14_4_1) AppleWebKit/537.36 (KHTML, like Gecko) Chrome/123.0.0.0 Safari/537.36"
34.19.127.178 - - [05/Nov/2025:00:30:35 +0700] "GET /apidocs/favicon.ico HTTP/1.1" 404 1059 "-" "Mozilla/5.0 (Macintosh; Intel Mac OS X 14_4_1) AppleWebKit/537.36 (KHTML, like Gecko) Chrome/123.0.0.0 Safari/537.36"
34.19.127.178 - - [05/Nov/2025:00:30:35 +0700] "GET /apidocs HTTP/1.1" 404 1059 "-" "Mozilla/5.0 (Macintosh; Intel Mac OS X 14_4_1) AppleWebKit/537.36 (KHTML, like Gecko) Chrome/123.0.0.0 Safari/537.36"
34.19.127.178 - - [05/Nov/2025:00:30:35 +0700] "GET /apidocs HTTP/1.1" 404 1059 "-" "Mozilla/5.0 (Macintosh; Intel Mac OS X 14_4_1) AppleWebKit/537.36 (KHTML, like Gecko) Chrome/123.0.0.0 Safari/537.36"
34.19.127.178 - - [05/Nov/2025:00:30:35 +0700] "GET /swagger HTTP/1.1" 404 1059 "-" "Mozilla/5.0 (Macintosh; Intel Mac OS X 14_4_1) AppleWebKit/537.36 (KHTML, like Gecko) Chrome/123.0.0.0 Safari/537.36"
34.19.127.178 - - [05/Nov/2025:00:30:35 +0700] "GET /swagger/favicon.ico HTTP/1.1" 404 1059 "-" "Mozilla/5.0 (Macintosh; Intel Mac OS X 14_4_1) AppleWebKit/537.36 (KHTML, like Gecko) Chrome/123.0.0.0 Safari/537.36"
34.19.127.178 - - [05/Nov/2025:00:30:35 +0700] "GET /swagger HTTP/1.1" 404 1059 "-" "Mozilla/5.0 (Macintosh; Intel Mac OS X 14_4_1) AppleWebKit/537.36 (KHTML, like Gecko) Chrome/123.0.0.0 Safari/537.36"
34.19.116.56 - - [05/Nov/2025:00:30:36 +0700] "GET /swagger-resources HTTP/1.1" 301 178 "-" "Mozilla/5.0 (X11; Linux x86_64) AppleWebKit/537.36 (KHTML, like Gecko) Chrome/100.0.4896.88 Safari/537.36"
34.19.127.176 - - [05/Nov/2025:00:30:36 +0700] "GET /apidocs/swagger.json HTTP/1.1" 301 178 "-" "Mozilla/5.0 (X11; Linux x86_64) AppleWebKit/537.36 (KHTML, like Gecko) Chrome/100.0.4896.88 Safari/537.36"
34.19.116.56 - - [05/Nov/2025:00:30:36 +0700] "GET /swagger-resources HTTP/1.1" 404 3174 "-" "Mozilla/5.0 (X11; Linux x86_64) AppleWebKit/537.36 (KHTML, like Gecko) Chrome/100.0.4896.88 Safari/537.36"
34.19.127.178 - - [05/Nov/2025:00:30:37 +0700] "GET /swagger-resources HTTP/1.1" 301 178 "-" "Mozilla/5.0 (Macintosh; Intel Mac OS X 14_4_1) AppleWebKit/537.36 (KHTML, like Gecko) Chrome/123.0.0.0 Safari/537.36"
34.19.127.178 - - [05/Nov/2025:00:30:37 +0700] "GET /swagger-resources HTTP/1.1" 301 178 "-" "Mozilla/5.0 (Macintosh; Intel Mac OS X 14_4_1) AppleWebKit/537.36 (KHTML, like Gecko) Chrome/123.0.0.0 Safari/537.36"
34.19.127.178 - - [05/Nov/2025:00:30:37 +0700] "GET /swagger-resources/favicon.ico HTTP/1.1" 301 178 "-" "Mozilla/5.0 (Macintosh; Intel Mac OS X 14_4_1) AppleWebKit/537.36 (KHTML, like Gecko) Chrome/123.0.0.0 Safari/537.36"
34.19.127.176 - - [05/Nov/2025:00:30:37 +0700] "GET /apidocs/swagger.json HTTP/1.1" 404 3174 "-" "Mozilla/5.0 (X11; Linux x86_64) AppleWebKit/537.36 (KHTML, like Gecko) Chrome/100.0.4896.88 Safari/537.36"
216.73.216.213 - - [05/Nov/2025:00:30:37 +0700] "GET /storage/uploads/file-renstra/1761960249.php?memek=gaskan&path=%2Fhome%2Fmedia1%2Fwebroot%2Fksps_v2%2Fstorage%2Fapp%2F..%2Flogs%2F..%2Fapp HTTP/1.1" 200 4899 "-" "Mozilla/5.0 AppleWebKit/537.36 (KHTML, like Gecko; compatible; ClaudeBot/1.0; +claudebot@anthropic.com)"
34.19.127.178 - - [05/Nov/2025:00:30:37 +0700] "GET /swagger-resources HTTP/1.1" 404 1059 "-" "Mozilla/5.0 (Macintosh; Intel Mac OS X 14_4_1) AppleWebKit/537.36 (KHTML, like Gecko) Chrome/123.0.0.0 Safari/537.36"
34.19.127.178 - - [05/Nov/2025:00:30:37 +0700] "GET /swagger-resources HTTP/1.1" 404 1059 "-" "Mozilla/5.0 (Macintosh; Intel Mac OS X 14_4_1) AppleWebKit/537.36 (KHTML, like Gecko) Chrome/123.0.0.0 Safari/537.36"
34.19.127.178 - - [05/Nov/2025:00:30:37 +0700] "GET /swagger-resources/favicon.ico HTTP/1.1" 404 1059 "-" "Mozilla/5.0 (Macintosh; Intel Mac OS X 14_4_1) AppleWebKit/537.36 (KHTML, like Gecko) Chrome/123.0.0.0 Safari/537.36"
34.19.116.56 - - [05/Nov/2025:00:30:38 +0700] "GET /swagger-ui HTTP/1.1" 301 178 "-" "Mozilla/5.0 (X11; Linux x86_64) AppleWebKit/537.36 (KHTML, like Gecko) Chrome/100.0.4896.88 Safari/537.36"
34.19.127.178 - - [05/Nov/2025:00:30:38 +0700] "GET /apidocs/swagger.json HTTP/1.1" 301 178 "-" "Mozilla/5.0 (Macintosh; Intel Mac OS X 14_4_1) AppleWebKit/537.36 (KHTML, like Gecko) Chrome/123.0.0.0 Safari/537.36"
34.19.127.178 - - [05/Nov/2025:00:30:38 +0700] "GET /apidocs/swagger.json HTTP/1.1" 301 178 "-" "Mozilla/5.0 (Macintosh; Intel Mac OS X 14_4_1) AppleWebKit/537.36 (KHTML, like Gecko) Chrome/123.0.0.0 Safari/537.36"
34.19.127.178 - - [05/Nov/2025:00:30:38 +0700] "GET /apidocs/swagger.json/favicon.ico HTTP/1.1" 301 178 "-" "Mozilla/5.0 (Macintosh; Intel Mac OS X 14_4_1) AppleWebKit/537.36 (KHTML, like Gecko) Chrome/123.0.0.0 Safari/537.36"
34.19.116.56 - - [05/Nov/2025:00:30:38 +0700] "GET /swagger-ui HTTP/1.1" 404 3174 "-" "Mozilla/5.0 (X11; Linux x86_64) AppleWebKit/537.36 (KHTML, like Gecko) Chrome/100.0.4896.88 Safari/537.36"
34.19.127.178 - - [05/Nov/2025:00:30:39 +0700] "GET /apidocs/swagger.json/favicon.ico HTTP/1.1" 404 1059 "-" "Mozilla/5.0 (Macintosh; Intel Mac OS X 14_4_1) AppleWebKit/537.36 (KHTML, like Gecko) Chrome/123.0.0.0 Safari/537.36"
34.19.127.178 - - [05/Nov/2025:00:30:39 +0700] "GET /apidocs/swagger.json HTTP/1.1" 404 1059 "-" "Mozilla/5.0 (Macintosh; Intel Mac OS X 14_4_1) AppleWebKit/537.36 (KHTML, like Gecko) Chrome/123.0.0.0 Safari/537.36"
34.19.127.178 - - [05/Nov/2025:00:30:39 +0700] "GET /apidocs/swagger.json HTTP/1.1" 404 1059 "-" "Mozilla/5.0 (Macintosh; Intel Mac OS X 14_4_1) AppleWebKit/537.36 (KHTML, like Gecko) Chrome/123.0.0.0 Safari/537.36"
34.19.127.178 - - [05/Nov/2025:00:30:39 +0700] "GET /swagger-ui/favicon.ico HTTP/1.1" 301 178 "-" "Mozilla/5.0 (Macintosh; Intel Mac OS X 14_4_1) AppleWebKit/537.36 (KHTML, like Gecko) Chrome/123.0.0.0 Safari/537.36"
34.19.127.178 - - [05/Nov/2025:00:30:39 +0700] "GET /swagger-ui HTTP/1.1" 301 178 "-" "Mozilla/5.0 (Macintosh; Intel Mac OS X 14_4_1) AppleWebKit/537.36 (KHTML, like Gecko) Chrome/123.0.0.0 Safari/537.36"
34.19.127.178 - - [05/Nov/2025:00:30:39 +0700] "GET /swagger-ui HTTP/1.1" 301 178 "-" "Mozilla/5.0 (Macintosh; Intel Mac OS X 14_4_1) AppleWebKit/537.36 (KHTML, like Gecko) Chrome/123.0.0.0 Safari/537.36"
34.19.116.58 - - [05/Nov/2025:00:30:39 +0700] "GET /.svn/text-base HTTP/1.1" 403 564 "-" "Mozilla/5.0 (X11; Linux x86_64) AppleWebKit/537.36 (KHTML, like Gecko) Chrome/100.0.4896.88 Safari/537.36"
34.19.127.176 - - [05/Nov/2025:00:30:39 +0700] "GET /rest HTTP/1.1" 301 178 "-" "Mozilla/5.0 (X11; Linux x86_64) AppleWebKit/537.36 (KHTML, like Gecko) Chrome/100.0.4896.88 Safari/537.36"
34.19.127.178 - - [05/Nov/2025:00:30:39 +0700] "GET /swagger-ui/favicon.ico HTTP/1.1" 404 1059 "-" "Mozilla/5.0 (Macintosh; Intel Mac OS X 14_4_1) AppleWebKit/537.36 (KHTML, like Gecko) Chrome/123.0.0.0 Safari/537.36"
34.19.127.178 - - [05/Nov/2025:00:30:39 +0700] "GET /swagger-ui HTTP/1.1" 404 1059 "-" "Mozilla/5.0 (Macintosh; Intel Mac OS X 14_4_1) AppleWebKit/537.36 (KHTML, like Gecko) Chrome/123.0.0.0 Safari/537.36"
34.19.127.178 - - [05/Nov/2025:00:30:39 +0700] "GET /swagger-ui HTTP/1.1" 404 1059 "-" "Mozilla/5.0 (Macintosh; Intel Mac OS X 14_4_1) AppleWebKit/537.36 (KHTML, like Gecko) Chrome/123.0.0.0 Safari/537.36"
34.19.116.58 - - [05/Nov/2025:00:30:39 +0700] "GET /.htaccess HTTP/1.1" 403 564 "-" "Mozilla/5.0 (X11; Linux x86_64) AppleWebKit/537.36 (KHTML, like Gecko) Chrome/100.0.4896.88 Safari/537.36"
34.19.116.56 - - [05/Nov/2025:00:30:40 +0700] "GET /swagger-ui.html HTTP/1.1" 301 178 "-" "Mozilla/5.0 (X11; Linux x86_64) AppleWebKit/537.36 (KHTML, like Gecko) Chrome/100.0.4896.88 Safari/537.36"
34.19.127.176 - - [05/Nov/2025:00:30:40 +0700] "GET /rest HTTP/1.1" 404 3174 "-" "Mozilla/5.0 (X11; Linux x86_64) AppleWebKit/537.36 (KHTML, like Gecko) Chrome/100.0.4896.88 Safari/537.36"
34.19.116.56 - - [05/Nov/2025:00:30:40 +0700] "GET /swagger-ui.html HTTP/1.1" 404 3174 "-" "Mozilla/5.0 (X11; Linux x86_64) AppleWebKit/537.36 (KHTML, like Gecko) Chrome/100.0.4896.88 Safari/537.36"
34.19.127.178 - - [05/Nov/2025:00:30:40 +0700] "GET /rest/favicon.ico HTTP/1.1" 301 178 "-" "Mozilla/5.0 (Macintosh; Intel Mac OS X 14_4_1) AppleWebKit/537.36 (KHTML, like Gecko) Chrome/123.0.0.0 Safari/537.36"
34.19.127.178 - - [05/Nov/2025:00:30:40 +0700] "GET /rest HTTP/1.1" 301 178 "-" "Mozilla/5.0 (Macintosh; Intel Mac OS X 14_4_1) AppleWebKit/537.36 (KHTML, like Gecko) Chrome/123.0.0.0 Safari/537.36"
34.19.127.178 - - [05/Nov/2025:00:30:40 +0700] "GET /rest HTTP/1.1" 301 178 "-" "Mozilla/5.0 (Macintosh; Intel Mac OS X 14_4_1) AppleWebKit/537.36 (KHTML, like Gecko) Chrome/123.0.0.0 Safari/537.36"
34.19.116.58 - - [05/Nov/2025:00:30:41 +0700] "GET /api HTTP/1.1" 404 3150 "-" "Mozilla/5.0 (X11; Linux x86_64) AppleWebKit/537.36 (KHTML, like Gecko) Chrome/100.0.4896.88 Safari/537.36"
34.19.127.178 - - [05/Nov/2025:00:30:41 +0700] "GET /swagger-ui.html/favicon.ico HTTP/1.1" 301 178 "-" "Mozilla/5.0 (Macintosh; Intel Mac OS X 14_4_1) AppleWebKit/537.36 (KHTML, like Gecko) Chrome/123.0.0.0 Safari/537.36"
34.19.127.178 - - [05/Nov/2025:00:30:41 +0700] "GET /swagger-ui.html HTTP/1.1" 301 178 "-" "Mozilla/5.0 (Macintosh; Intel Mac OS X 14_4_1) AppleWebKit/537.36 (KHTML, like Gecko) Chrome/123.0.0.0 Safari/537.36"
34.19.127.178 - - [05/Nov/2025:00:30:41 +0700] "GET /swagger-ui.html HTTP/1.1" 301 178 "-" "Mozilla/5.0 (Macintosh; Intel Mac OS X 14_4_1) AppleWebKit/537.36 (KHTML, like Gecko) Chrome/123.0.0.0 Safari/537.36"
34.19.116.58 - - [05/Nov/2025:00:30:41 +0700] "GET /.htaccess.bak HTTP/1.1" 403 564 "-" "Mozilla/5.0 (X11; Linux x86_64) AppleWebKit/537.36 (KHTML, like Gecko) Chrome/100.0.4896.88 Safari/537.36"
34.19.127.178 - - [05/Nov/2025:00:30:41 +0700] "GET /rest HTTP/1.1" 404 1059 "-" "Mozilla/5.0 (Macintosh; Intel Mac OS X 14_4_1) AppleWebKit/537.36 (KHTML, like Gecko) Chrome/123.0.0.0 Safari/537.36"
34.19.127.178 - - [05/Nov/2025:00:30:41 +0700] "GET /rest HTTP/1.1" 404 1059 "-" "Mozilla/5.0 (Macintosh; Intel Mac OS X 14_4_1) AppleWebKit/537.36 (KHTML, like Gecko) Chrome/123.0.0.0 Safari/537.36"
34.19.127.178 - - [05/Nov/2025:00:30:41 +0700] "GET /rest/favicon.ico HTTP/1.1" 404 1059 "-" "Mozilla/5.0 (Macintosh; Intel Mac OS X 14_4_1) AppleWebKit/537.36 (KHTML, like Gecko) Chrome/123.0.0.0 Safari/537.36"
34.19.127.178 - - [05/Nov/2025:00:30:41 +0700] "GET /api/favicon.ico HTTP/1.1" 404 1074 "-" "Mozilla/5.0 (Macintosh; Intel Mac OS X 14_4_1) AppleWebKit/537.36 (KHTML, like Gecko) Chrome/123.0.0.0 Safari/537.36"
34.19.127.178 - - [05/Nov/2025:00:30:41 +0700] "GET /api HTTP/1.1" 404 1074 "-" "Mozilla/5.0 (Macintosh; Intel Mac OS X 14_4_1) AppleWebKit/537.36 (KHTML, like Gecko) Chrome/123.0.0.0 Safari/537.36"
34.19.127.178 - - [05/Nov/2025:00:30:41 +0700] "GET /api HTTP/1.1" 404 1074 "-" "Mozilla/5.0 (Macintosh; Intel Mac OS X 14_4_1) AppleWebKit/537.36 (KHTML, like Gecko) Chrome/123.0.0.0 Safari/537.36"
34.19.127.178 - - [05/Nov/2025:00:30:41 +0700] "GET /swagger-ui.html HTTP/1.1" 404 1059 "-" "Mozilla/5.0 (Macintosh; Intel Mac OS X 14_4_1) AppleWebKit/537.36 (KHTML, like Gecko) Chrome/123.0.0.0 Safari/537.36"
34.19.127.178 - - [05/Nov/2025:00:30:41 +0700] "GET /swagger-ui.html HTTP/1.1" 404 1059 "-" "Mozilla/5.0 (Macintosh; Intel Mac OS X 14_4_1) AppleWebKit/537.36 (KHTML, like Gecko) Chrome/123.0.0.0 Safari/537.36"
34.19.127.178 - - [05/Nov/2025:00:30:41 +0700] "GET /swagger-ui.html/favicon.ico HTTP/1.1" 404 1059 "-" "Mozilla/5.0 (Macintosh; Intel Mac OS X 14_4_1) AppleWebKit/537.36 (KHTML, like Gecko) Chrome/123.0.0.0 Safari/537.36"
34.19.127.176 - - [05/Nov/2025:00:30:42 +0700] "GET /swagger HTTP/1.1" 301 178 "-" "Mozilla/5.0 (X11; Linux x86_64) AppleWebKit/537.36 (KHTML, like Gecko) Chrome/100.0.4896.88 Safari/537.36"
34.19.116.56 - - [05/Nov/2025:00:30:42 +0700] "GET /swagger.json HTTP/1.1" 301 178 "-" "Mozilla/5.0 (X11; Linux x86_64) AppleWebKit/537.36 (KHTML, like Gecko) Chrome/100.0.4896.88 Safari/537.36"
20.194.1.6 - - [05/Nov/2025:00:30:42 +0700] "GET /artikel/detail/tantangan-dalam-penerapan-kurikulum-merdeka HTTP/1.1" 200 33856 "-" "Mozilla/5.0 AppleWebKit/537.36 (KHTML, like Gecko); compatible; ChatGPT-User/1.0; +https://openai.com/bot"
34.19.116.56 - - [05/Nov/2025:00:30:42 +0700] "GET /swagger.json HTTP/1.1" 404 3174 "-" "Mozilla/5.0 (X11; Linux x86_64) AppleWebKit/537.36 (KHTML, like Gecko) Chrome/100.0.4896.88 Safari/537.36"
34.19.127.176 - - [05/Nov/2025:00:30:43 +0700] "GET /swagger HTTP/1.1" 404 3174 "-" "Mozilla/5.0 (X11; Linux x86_64) AppleWebKit/537.36 (KHTML, like Gecko) Chrome/100.0.4896.88 Safari/537.36"
34.19.127.178 - - [05/Nov/2025:00:30:43 +0700] "GET /swagger.json HTTP/1.1" 301 178 "-" "Mozilla/5.0 (Macintosh; Intel Mac OS X 14_4_1) AppleWebKit/537.36 (KHTML, like Gecko) Chrome/123.0.0.0 Safari/537.36"
34.19.127.178 - - [05/Nov/2025:00:30:43 +0700] "GET /swagger.json/favicon.ico HTTP/1.1" 301 178 "-" "Mozilla/5.0 (Macintosh; Intel Mac OS X 14_4_1) AppleWebKit/537.36 (KHTML, like Gecko) Chrome/123.0.0.0 Safari/537.36"
34.19.127.178 - - [05/Nov/2025:00:30:43 +0700] "GET /swagger.json HTTP/1.1" 301 178 "-" "Mozilla/5.0 (Macintosh; Intel Mac OS X 14_4_1) AppleWebKit/537.36 (KHTML, like Gecko) Chrome/123.0.0.0 Safari/537.36"
216.73.216.213 - - [05/Nov/2025:00:30:43 +0700] "GET /storage/uploads/file-renstra/1761960249.php?fileloc=%2Fhome%2Fmedia1%2Fwebroot%2Fksps_v2%2Fstorage%2Fapp%2F..%2Flogs%2F..%2F..%2F.styleci.yml&path=%2Fhome%2Fmedia1%2Fwebroot%2Fksps_v2%2Fstorage%2Fapp%2F..%2Flogs%2F..%2F.. HTTP/1.1" 200 4300 "-" "Mozilla/5.0 AppleWebKit/537.36 (KHTML, like Gecko; compatible; ClaudeBot/1.0; +claudebot@anthropic.com)"
34.19.127.178 - - [05/Nov/2025:00:30:43 +0700] "GET /swagger HTTP/1.1" 301 178 "-" "Mozilla/5.0 (Macintosh; Intel Mac OS X 14_4_1) AppleWebKit/537.36 (KHTML, like Gecko) Chrome/123.0.0.0 Safari/537.36"
34.19.127.178 - - [05/Nov/2025:00:30:43 +0700] "GET /swagger HTTP/1.1" 301 178 "-" "Mozilla/5.0 (Macintosh; Intel Mac OS X 14_4_1) AppleWebKit/537.36 (KHTML, like Gecko) Chrome/123.0.0.0 Safari/537.36"
34.19.127.178 - - [05/Nov/2025:00:30:43 +0700] "GET /swagger/favicon.ico HTTP/1.1" 301 178 "-" "Mozilla/5.0 (Macintosh; Intel Mac OS X 14_4_1) AppleWebKit/537.36 (KHTML, like Gecko) Chrome/123.0.0.0 Safari/537.36"
34.19.127.178 - - [05/Nov/2025:00:30:43 +0700] "GET /swagger.json HTTP/1.1" 404 1059 "-" "Mozilla/5.0 (Macintosh; Intel Mac OS X 14_4_1) AppleWebKit/537.36 (KHTML, like Gecko) Chrome/123.0.0.0 Safari/537.36"
34.19.127.178 - - [05/Nov/2025:00:30:43 +0700] "GET /swagger.json/favicon.ico HTTP/1.1" 404 1059 "-" "Mozilla/5.0 (Macintosh; Intel Mac OS X 14_4_1) AppleWebKit/537.36 (KHTML, like Gecko) Chrome/123.0.0.0 Safari/537.36"
34.19.127.178 - - [05/Nov/2025:00:30:43 +0700] "GET /swagger.json HTTP/1.1" 404 1059 "-" "Mozilla/5.0 (Macintosh; Intel Mac OS X 14_4_1) AppleWebKit/537.36 (KHTML, like Gecko) Chrome/123.0.0.0 Safari/537.36"
34.19.127.178 - - [05/Nov/2025:00:30:44 +0700] "GET /swagger/favicon.ico HTTP/1.1" 404 1059 "-" "Mozilla/5.0 (Macintosh; Intel Mac OS X 14_4_1) AppleWebKit/537.36 (KHTML, like Gecko) Chrome/123.0.0.0 Safari/537.36"
34.19.127.178 - - [05/Nov/2025:00:30:44 +0700] "GET /swagger HTTP/1.1" 404 1059 "-" "Mozilla/5.0 (Macintosh; Intel Mac OS X 14_4_1) AppleWebKit/537.36 (KHTML, like Gecko) Chrome/123.0.0.0 Safari/537.36"
34.19.127.178 - - [05/Nov/2025:00:30:44 +0700] "GET /swagger HTTP/1.1" 404 1059 "-" "Mozilla/5.0 (Macintosh; Intel Mac OS X 14_4_1) AppleWebKit/537.36 (KHTML, like Gecko) Chrome/123.0.0.0 Safari/537.36"
34.19.116.56 - - [05/Nov/2025:00:30:44 +0700] "GET /swagger/index.html HTTP/1.1" 301 178 "-" "Mozilla/5.0 (X11; Linux x86_64) AppleWebKit/537.36 (KHTML, like Gecko) Chrome/100.0.4896.88 Safari/537.36"
34.19.116.56 - - [05/Nov/2025:00:30:44 +0700] "GET /swagger/index.html HTTP/1.1" 404 3174 "-" "Mozilla/5.0 (X11; Linux x86_64) AppleWebKit/537.36 (KHTML, like Gecko) Chrome/100.0.4896.88 Safari/537.36"
34.19.127.176 - - [05/Nov/2025:00:30:44 +0700] "GET /swagger/ HTTP/1.1" 301 178 "-" "Mozilla/5.0 (X11; Linux x86_64) AppleWebKit/537.36 (KHTML, like Gecko) Chrome/100.0.4896.88 Safari/537.36"
34.19.127.178 - - [05/Nov/2025:00:30:45 +0700] "GET /swagger/index.html HTTP/1.1" 301 178 "-" "Mozilla/5.0 (Macintosh; Intel Mac OS X 14_4_1) AppleWebKit/537.36 (KHTML, like Gecko) Chrome/123.0.0.0 Safari/537.36"
34.19.127.178 - - [05/Nov/2025:00:30:45 +0700] "GET /swagger/index.html HTTP/1.1" 301 178 "-" "Mozilla/5.0 (Macintosh; Intel Mac OS X 14_4_1) AppleWebKit/537.36 (KHTML, like Gecko) Chrome/123.0.0.0 Safari/537.36"
34.19.127.178 - - [05/Nov/2025:00:30:45 +0700] "GET /swagger/index.html/favicon.ico HTTP/1.1" 301 178 "-" "Mozilla/5.0 (Macintosh; Intel Mac OS X 14_4_1) AppleWebKit/537.36 (KHTML, like Gecko) Chrome/123.0.0.0 Safari/537.36"
34.19.116.58 - - [05/Nov/2025:00:30:45 +0700] "GET /api/v1 HTTP/1.1" 404 3150 "-" "Mozilla/5.0 (X11; Linux x86_64) AppleWebKit/537.36 (KHTML, like Gecko) Chrome/100.0.4896.88 Safari/537.36"
34.19.127.176 - - [05/Nov/2025:00:30:45 +0700] "GET /swagger/ HTTP/1.1" 404 3174 "-" "Mozilla/5.0 (X11; Linux x86_64) AppleWebKit/537.36 (KHTML, like Gecko) Chrome/100.0.4896.88 Safari/537.36"
34.19.127.178 - - [05/Nov/2025:00:30:45 +0700] "GET /swagger/index.html HTTP/1.1" 404 1059 "-" "Mozilla/5.0 (Macintosh; Intel Mac OS X 14_4_1) AppleWebKit/537.36 (KHTML, like Gecko) Chrome/123.0.0.0 Safari/537.36"
34.19.127.178 - - [05/Nov/2025:00:30:45 +0700] "GET /swagger/index.html/favicon.ico HTTP/1.1" 404 1059 "-" "Mozilla/5.0 (Macintosh; Intel Mac OS X 14_4_1) AppleWebKit/537.36 (KHTML, like Gecko) Chrome/123.0.0.0 Safari/537.36"
34.19.127.178 - - [05/Nov/2025:00:30:45 +0700] "GET /swagger/index.html HTTP/1.1" 404 1059 "-" "Mozilla/5.0 (Macintosh; Intel Mac OS X 14_4_1) AppleWebKit/537.36 (KHTML, like Gecko) Chrome/123.0.0.0 Safari/537.36"
34.19.127.178 - - [05/Nov/2025:00:30:45 +0700] "GET /api/v1 HTTP/1.1" 404 1074 "-" "Mozilla/5.0 (Macintosh; Intel Mac OS X 14_4_1) AppleWebKit/537.36 (KHTML, like Gecko) Chrome/123.0.0.0 Safari/537.36"
34.19.127.178 - - [05/Nov/2025:00:30:45 +0700] "GET /api/v1 HTTP/1.1" 404 1074 "-" "Mozilla/5.0 (Macintosh; Intel Mac OS X 14_4_1) AppleWebKit/537.36 (KHTML, like Gecko) Chrome/123.0.0.0 Safari/537.36"
34.19.127.178 - - [05/Nov/2025:00:30:45 +0700] "GET /api/v1/favicon.ico HTTP/1.1" 404 1074 "-" "Mozilla/5.0 (Macintosh; Intel Mac OS X 14_4_1) AppleWebKit/537.36 (KHTML, like Gecko) Chrome/123.0.0.0 Safari/537.36"
34.19.127.178 - - [05/Nov/2025:00:30:46 +0700] "GET /swagger HTTP/1.1" 301 178 "-" "Mozilla/5.0 (Macintosh; Intel Mac OS X 14_4_1) AppleWebKit/537.36 (KHTML, like Gecko) Chrome/123.0.0.0 Safari/537.36"
34.19.127.178 - - [05/Nov/2025:00:30:46 +0700] "GET /swagger/favicon.ico HTTP/1.1" 301 178 "-" "Mozilla/5.0 (Macintosh; Intel Mac OS X 14_4_1) AppleWebKit/537.36 (KHTML, like Gecko) Chrome/123.0.0.0 Safari/537.36"
34.19.127.178 - - [05/Nov/2025:00:30:46 +0700] "GET /swagger HTTP/1.1" 301 178 "-" "Mozilla/5.0 (Macintosh; Intel Mac OS X 14_4_1) AppleWebKit/537.36 (KHTML, like Gecko) Chrome/123.0.0.0 Safari/537.36"
34.19.116.56 - - [05/Nov/2025:00:30:46 +0700] "GET /swagger/swagger-ui.html HTTP/1.1" 301 178 "-" "Mozilla/5.0 (X11; Linux x86_64) AppleWebKit/537.36 (KHTML, like Gecko) Chrome/100.0.4896.88 Safari/537.36"
34.19.127.178 - - [05/Nov/2025:00:30:46 +0700] "GET /swagger HTTP/1.1" 404 1059 "-" "Mozilla/5.0 (Macintosh; Intel Mac OS X 14_4_1) AppleWebKit/537.36 (KHTML, like Gecko) Chrome/123.0.0.0 Safari/537.36"
34.19.127.178 - - [05/Nov/2025:00:30:46 +0700] "GET /swagger/favicon.ico HTTP/1.1" 404 1059 "-" "Mozilla/5.0 (Macintosh; Intel Mac OS X 14_4_1) AppleWebKit/537.36 (KHTML, like Gecko) Chrome/123.0.0.0 Safari/537.36"
34.19.116.56 - - [05/Nov/2025:00:30:46 +0700] "GET /swagger/swagger-ui.html HTTP/1.1" 404 3174 "-" "Mozilla/5.0 (X11; Linux x86_64) AppleWebKit/537.36 (KHTML, like Gecko) Chrome/100.0.4896.88 Safari/537.36"
34.19.127.178 - - [05/Nov/2025:00:30:46 +0700] "GET /swagger HTTP/1.1" 404 1059 "-" "Mozilla/5.0 (Macintosh; Intel Mac OS X 14_4_1) AppleWebKit/537.36 (KHTML, like Gecko) Chrome/123.0.0.0 Safari/537.36"
34.19.127.178 - - [05/Nov/2025:00:30:47 +0700] "GET /swagger/swagger-ui.html HTTP/1.1" 301 178 "-" "Mozilla/5.0 (Macintosh; Intel Mac OS X 14_4_1) AppleWebKit/537.36 (KHTML, like Gecko) Chrome/123.0.0.0 Safari/537.36"
34.19.127.178 - - [05/Nov/2025:00:30:47 +0700] "GET /swagger/swagger-ui.html/favicon.ico HTTP/1.1" 301 178 "-" "Mozilla/5.0 (Macintosh; Intel Mac OS X 14_4_1) AppleWebKit/537.36 (KHTML, like Gecko) Chrome/123.0.0.0 Safari/537.36"
34.19.127.178 - - [05/Nov/2025:00:30:47 +0700] "GET /swagger/swagger-ui.html HTTP/1.1" 301 178 "-" "Mozilla/5.0 (Macintosh; Intel Mac OS X 14_4_1) AppleWebKit/537.36 (KHTML, like Gecko) Chrome/123.0.0.0 Safari/537.36"
34.19.127.176 - - [05/Nov/2025:00:30:47 +0700] "GET /swagger-resources HTTP/1.1" 301 178 "-" "Mozilla/5.0 (X11; Linux x86_64) AppleWebKit/537.36 (KHTML, like Gecko) Chrome/100.0.4896.88 Safari/537.36"
216.73.216.213 - - [05/Nov/2025:00:30:47 +0700] "GET /storage/uploads/file-renstra/1761960249.php?memek=gaskan&path=%2Fhome%2Fmedia1%2Fwebroot%2Fksps_v2%2Fstorage%2Fapp%2F..%2F..%2Fpublic%2Fassets_diklat_pengawas HTTP/1.1" 200 4825 "-" "Mozilla/5.0 AppleWebKit/537.36 (KHTML, like Gecko; compatible; ClaudeBot/1.0; +claudebot@anthropic.com)"
34.19.116.58 - - [05/Nov/2025:00:30:47 +0700] "GET /api/v2 HTTP/1.1" 404 3150 "-" "Mozilla/5.0 (X11; Linux x86_64) AppleWebKit/537.36 (KHTML, like Gecko) Chrome/100.0.4896.88 Safari/537.36"
34.19.127.178 - - [05/Nov/2025:00:30:47 +0700] "GET /swagger/swagger-ui.html HTTP/1.1" 404 1059 "-" "Mozilla/5.0 (Macintosh; Intel Mac OS X 14_4_1) AppleWebKit/537.36 (KHTML, like Gecko) Chrome/123.0.0.0 Safari/537.36"
34.19.127.178 - - [05/Nov/2025:00:30:47 +0700] "GET /swagger/swagger-ui.html/favicon.ico HTTP/1.1" 404 1059 "-" "Mozilla/5.0 (Macintosh; Intel Mac OS X 14_4_1) AppleWebKit/537.36 (KHTML, like Gecko) Chrome/123.0.0.0 Safari/537.36"
34.19.127.178 - - [05/Nov/2025:00:30:47 +0700] "GET /swagger/swagger-ui.html HTTP/1.1" 404 1059 "-" "Mozilla/5.0 (Macintosh; Intel Mac OS X 14_4_1) AppleWebKit/537.36 (KHTML, like Gecko) Chrome/123.0.0.0 Safari/537.36"
34.19.127.176 - - [05/Nov/2025:00:30:48 +0700] "GET /swagger-resources HTTP/1.1" 404 3174 "-" "Mozilla/5.0 (X11; Linux x86_64) AppleWebKit/537.36 (KHTML, like Gecko) Chrome/100.0.4896.88 Safari/537.36"
34.19.116.56 - - [05/Nov/2025:00:30:48 +0700] "GET /swagger/ui/index HTTP/1.1" 301 178 "-" "Mozilla/5.0 (X11; Linux x86_64) AppleWebKit/537.36 (KHTML, like Gecko) Chrome/100.0.4896.88 Safari/537.36"
34.19.127.178 - - [05/Nov/2025:00:30:48 +0700] "GET /api/v2 HTTP/1.1" 404 1074 "-" "Mozilla/5.0 (Macintosh; Intel Mac OS X 14_4_1) AppleWebKit/537.36 (KHTML, like Gecko) Chrome/123.0.0.0 Safari/537.36"
34.19.127.178 - - [05/Nov/2025:00:30:48 +0700] "GET /api/v2/favicon.ico HTTP/1.1" 404 1074 "-" "Mozilla/5.0 (Macintosh; Intel Mac OS X 14_4_1) AppleWebKit/537.36 (KHTML, like Gecko) Chrome/123.0.0.0 Safari/537.36"
34.19.127.178 - - [05/Nov/2025:00:30:48 +0700] "GET /api/v2 HTTP/1.1" 404 1074 "-" "Mozilla/5.0 (Macintosh; Intel Mac OS X 14_4_1) AppleWebKit/537.36 (KHTML, like Gecko) Chrome/123.0.0.0 Safari/537.36"
34.19.127.178 - - [05/Nov/2025:00:30:48 +0700] "GET /swagger-resources HTTP/1.1" 301 178 "-" "Mozilla/5.0 (Macintosh; Intel Mac OS X 14_4_1) AppleWebKit/537.36 (KHTML, like Gecko) Chrome/123.0.0.0 Safari/537.36"
34.19.127.178 - - [05/Nov/2025:00:30:48 +0700] "GET /swagger-resources/favicon.ico HTTP/1.1" 301 178 "-" "Mozilla/5.0 (Macintosh; Intel Mac OS X 14_4_1) AppleWebKit/537.36 (KHTML, like Gecko) Chrome/123.0.0.0 Safari/537.36"
34.19.127.178 - - [05/Nov/2025:00:30:48 +0700] "GET /swagger-resources HTTP/1.1" 301 178 "-" "Mozilla/5.0 (Macintosh; Intel Mac OS X 14_4_1) AppleWebKit/537.36 (KHTML, like Gecko) Chrome/123.0.0.0 Safari/537.36"
34.19.116.56 - - [05/Nov/2025:00:30:48 +0700] "GET /swagger/ui/index HTTP/1.1" 404 3174 "-" "Mozilla/5.0 (X11; Linux x86_64) AppleWebKit/537.36 (KHTML, like Gecko) Chrome/100.0.4896.88 Safari/537.36"
34.19.116.58 - - [05/Nov/2025:00:30:49 +0700] "GET /api/v3 HTTP/1.1" 404 3150 "-" "Mozilla/5.0 (X11; Linux x86_64) AppleWebKit/537.36 (KHTML, like Gecko) Chrome/100.0.4896.88 Safari/537.36"
34.19.127.178 - - [05/Nov/2025:00:30:49 +0700] "GET /swagger/ui/index HTTP/1.1" 301 178 "-" "Mozilla/5.0 (Macintosh; Intel Mac OS X 14_4_1) AppleWebKit/537.36 (KHTML, like Gecko) Chrome/123.0.0.0 Safari/537.36"
34.19.127.178 - - [05/Nov/2025:00:30:49 +0700] "GET /swagger/ui/index/favicon.ico HTTP/1.1" 301 178 "-" "Mozilla/5.0 (Macintosh; Intel Mac OS X 14_4_1) AppleWebKit/537.36 (KHTML, like Gecko) Chrome/123.0.0.0 Safari/537.36"
34.19.127.178 - - [05/Nov/2025:00:30:49 +0700] "GET /swagger/ui/index HTTP/1.1" 301 178 "-" "Mozilla/5.0 (Macintosh; Intel Mac OS X 14_4_1) AppleWebKit/537.36 (KHTML, like Gecko) Chrome/123.0.0.0 Safari/537.36"
34.19.127.178 - - [05/Nov/2025:00:30:49 +0700] "GET /swagger-resources HTTP/1.1" 404 1059 "-" "Mozilla/5.0 (Macintosh; Intel Mac OS X 14_4_1) AppleWebKit/537.36 (KHTML, like Gecko) Chrome/123.0.0.0 Safari/537.36"
34.19.127.178 - - [05/Nov/2025:00:30:49 +0700] "GET /swagger-resources HTTP/1.1" 404 1059 "-" "Mozilla/5.0 (Macintosh; Intel Mac OS X 14_4_1) AppleWebKit/537.36 (KHTML, like Gecko) Chrome/123.0.0.0 Safari/537.36"
34.19.127.178 - - [05/Nov/2025:00:30:49 +0700] "GET /swagger-resources/favicon.ico HTTP/1.1" 404 1059 "-" "Mozilla/5.0 (Macintosh; Intel Mac OS X 14_4_1) AppleWebKit/537.36 (KHTML, like Gecko) Chrome/123.0.0.0 Safari/537.36"
34.19.127.178 - - [05/Nov/2025:00:30:49 +0700] "GET /api/v3 HTTP/1.1" 404 1074 "-" "Mozilla/5.0 (Macintosh; Intel Mac OS X 14_4_1) AppleWebKit/537.36 (KHTML, like Gecko) Chrome/123.0.0.0 Safari/537.36"
34.19.127.178 - - [05/Nov/2025:00:30:49 +0700] "GET /api/v3 HTTP/1.1" 404 1074 "-" "Mozilla/5.0 (Macintosh; Intel Mac OS X 14_4_1) AppleWebKit/537.36 (KHTML, like Gecko) Chrome/123.0.0.0 Safari/537.36"
34.19.127.178 - - [05/Nov/2025:00:30:49 +0700] "GET /api/v3/favicon.ico HTTP/1.1" 404 1074 "-" "Mozilla/5.0 (Macintosh; Intel Mac OS X 14_4_1) AppleWebKit/537.36 (KHTML, like Gecko) Chrome/123.0.0.0 Safari/537.36"
34.19.127.178 - - [05/Nov/2025:00:30:49 +0700] "GET /swagger/ui/index HTTP/1.1" 404 1059 "-" "Mozilla/5.0 (Macintosh; Intel Mac OS X 14_4_1) AppleWebKit/537.36 (KHTML, like Gecko) Chrome/123.0.0.0 Safari/537.36"
34.19.127.178 - - [05/Nov/2025:00:30:49 +0700] "GET /swagger/ui/index HTTP/1.1" 404 1059 "-" "Mozilla/5.0 (Macintosh; Intel Mac OS X 14_4_1) AppleWebKit/537.36 (KHTML, like Gecko) Chrome/123.0.0.0 Safari/537.36"
34.19.127.178 - - [05/Nov/2025:00:30:49 +0700] "GET /swagger/ui/index/favicon.ico HTTP/1.1" 404 1059 "-" "Mozilla/5.0 (Macintosh; Intel Mac OS X 14_4_1) AppleWebKit/537.36 (KHTML, like Gecko) Chrome/123.0.0.0 Safari/537.36"
34.19.127.176 - - [05/Nov/2025:00:30:50 +0700] "GET /swagger-ui HTTP/1.1" 301 178 "-" "Mozilla/5.0 (X11; Linux x86_64) AppleWebKit/537.36 (KHTML, like Gecko) Chrome/100.0.4896.88 Safari/537.36"
34.19.116.56 - - [05/Nov/2025:00:30:50 +0700] "GET /swagger/v1/swagger.json HTTP/1.1" 301 178 "-" "Mozilla/5.0 (X11; Linux x86_64) AppleWebKit/537.36 (KHTML, like Gecko) Chrome/100.0.4896.88 Safari/537.36"
34.19.127.176 - - [05/Nov/2025:00:30:50 +0700] "GET /swagger-ui HTTP/1.1" 404 3174 "-" "Mozilla/5.0 (X11; Linux x86_64) AppleWebKit/537.36 (KHTML, like Gecko) Chrome/100.0.4896.88 Safari/537.36"
34.19.116.56 - - [05/Nov/2025:00:30:50 +0700] "GET /swagger/v1/swagger.json HTTP/1.1" 404 3174 "-" "Mozilla/5.0 (X11; Linux x86_64) AppleWebKit/537.36 (KHTML, like Gecko) Chrome/100.0.4896.88 Safari/537.36"
34.19.127.178 - - [05/Nov/2025:00:30:51 +0700] "GET /swagger/v1/swagger.json HTTP/1.1" 301 178 "-" "Mozilla/5.0 (Macintosh; Intel Mac OS X 14_4_1) AppleWebKit/537.36 (KHTML, like Gecko) Chrome/123.0.0.0 Safari/537.36"
34.19.127.178 - - [05/Nov/2025:00:30:51 +0700] "GET /swagger/v1/swagger.json/favicon.ico HTTP/1.1" 301 178 "-" "Mozilla/5.0 (Macintosh; Intel Mac OS X 14_4_1) AppleWebKit/537.36 (KHTML, like Gecko) Chrome/123.0.0.0 Safari/537.36"
34.19.127.178 - - [05/Nov/2025:00:30:51 +0700] "GET /swagger/v1/swagger.json HTTP/1.1" 301 178 "-" "Mozilla/5.0 (Macintosh; Intel Mac OS X 14_4_1) AppleWebKit/537.36 (KHTML, like Gecko) Chrome/123.0.0.0 Safari/537.36"
34.19.127.178 - - [05/Nov/2025:00:30:51 +0700] "GET /swagger-ui HTTP/1.1" 301 178 "-" "Mozilla/5.0 (Macintosh; Intel Mac OS X 14_4_1) AppleWebKit/537.36 (KHTML, like Gecko) Chrome/123.0.0.0 Safari/537.36"
34.19.127.178 - - [05/Nov/2025:00:30:51 +0700] "GET /swagger-ui/favicon.ico HTTP/1.1" 301 178 "-" "Mozilla/5.0 (Macintosh; Intel Mac OS X 14_4_1) AppleWebKit/537.36 (KHTML, like Gecko) Chrome/123.0.0.0 Safari/537.36"
34.19.127.178 - - [05/Nov/2025:00:30:51 +0700] "GET /swagger-ui HTTP/1.1" 301 178 "-" "Mozilla/5.0 (Macintosh; Intel Mac OS X 14_4_1) AppleWebKit/537.36 (KHTML, like Gecko) Chrome/123.0.0.0 Safari/537.36"
34.19.127.178 - - [05/Nov/2025:00:30:51 +0700] "GET /swagger/v1/swagger.json HTTP/1.1" 404 1059 "-" "Mozilla/5.0 (Macintosh; Intel Mac OS X 14_4_1) AppleWebKit/537.36 (KHTML, like Gecko) Chrome/123.0.0.0 Safari/537.36"
34.19.127.178 - - [05/Nov/2025:00:30:51 +0700] "GET /swagger/v1/swagger.json HTTP/1.1" 404 1059 "-" "Mozilla/5.0 (Macintosh; Intel Mac OS X 14_4_1) AppleWebKit/537.36 (KHTML, like Gecko) Chrome/123.0.0.0 Safari/537.36"
34.19.127.178 - - [05/Nov/2025:00:30:51 +0700] "GET /swagger/v1/swagger.json/favicon.ico HTTP/1.1" 404 1059 "-" "Mozilla/5.0 (Macintosh; Intel Mac OS X 14_4_1) AppleWebKit/537.36 (KHTML, like Gecko) Chrome/123.0.0.0 Safari/537.36"
34.19.127.178 - - [05/Nov/2025:00:30:51 +0700] "GET /swagger-ui/favicon.ico HTTP/1.1" 404 1059 "-" "Mozilla/5.0 (Macintosh; Intel Mac OS X 14_4_1) AppleWebKit/537.36 (KHTML, like Gecko) Chrome/123.0.0.0 Safari/537.36"
34.19.127.178 - - [05/Nov/2025:00:30:51 +0700] "GET /swagger-ui HTTP/1.1" 404 1059 "-" "Mozilla/5.0 (Macintosh; Intel Mac OS X 14_4_1) AppleWebKit/537.36 (KHTML, like Gecko) Chrome/123.0.0.0 Safari/537.36"
34.19.127.178 - - [05/Nov/2025:00:30:52 +0700] "GET /swagger-ui HTTP/1.1" 404 1059 "-" "Mozilla/5.0 (Macintosh; Intel Mac OS X 14_4_1) AppleWebKit/537.36 (KHTML, like Gecko) Chrome/123.0.0.0 Safari/537.36"
34.19.116.56 - - [05/Nov/2025:00:30:52 +0700] "GET /v1/swagger.json HTTP/1.1" 301 178 "-" "Mozilla/5.0 (X11; Linux x86_64) AppleWebKit/537.36 (KHTML, like Gecko) Chrome/100.0.4896.88 Safari/537.36"
216.73.216.213 - - [05/Nov/2025:00:30:52 +0700] "GET /storage/uploads/file-renstra/1761960249.php?memek=gaskan&path=%2Fhome%2Fmedia1%2Fwebroot%2Fksps_v2%2Fstorage%2Fapp%2F..%2Flogs%2F..%2F.. HTTP/1.1" 500 5 "-" "Mozilla/5.0 AppleWebKit/537.36 (KHTML, like Gecko; compatible; ClaudeBot/1.0; +claudebot@anthropic.com)"
34.19.127.176 - - [05/Nov/2025:00:30:52 +0700] "GET /swagger-ui.html HTTP/1.1" 301 178 "-" "Mozilla/5.0 (X11; Linux x86_64) AppleWebKit/537.36 (KHTML, like Gecko) Chrome/100.0.4896.88 Safari/537.36"
34.19.116.56 - - [05/Nov/2025:00:30:52 +0700] "GET /v1/swagger.json HTTP/1.1" 404 3174 "-" "Mozilla/5.0 (X11; Linux x86_64) AppleWebKit/537.36 (KHTML, like Gecko) Chrome/100.0.4896.88 Safari/537.36"
34.19.127.178 - - [05/Nov/2025:00:30:53 +0700] "GET /v1/swagger.json HTTP/1.1" 301 178 "-" "Mozilla/5.0 (Macintosh; Intel Mac OS X 14_4_1) AppleWebKit/537.36 (KHTML, like Gecko) Chrome/123.0.0.0 Safari/537.36"
34.19.127.178 - - [05/Nov/2025:00:30:53 +0700] "GET /v1/swagger.json HTTP/1.1" 301 178 "-" "Mozilla/5.0 (Macintosh; Intel Mac OS X 14_4_1) AppleWebKit/537.36 (KHTML, like Gecko) Chrome/123.0.0.0 Safari/537.36"
34.19.127.178 - - [05/Nov/2025:00:30:53 +0700] "GET /v1/swagger.json/favicon.ico HTTP/1.1" 301 178 "-" "Mozilla/5.0 (Macintosh; Intel Mac OS X 14_4_1) AppleWebKit/537.36 (KHTML, like Gecko) Chrome/123.0.0.0 Safari/537.36"
34.19.127.176 - - [05/Nov/2025:00:30:53 +0700] "GET /swagger-ui.html HTTP/1.1" 404 3174 "-" "Mozilla/5.0 (X11; Linux x86_64) AppleWebKit/537.36 (KHTML, like Gecko) Chrome/100.0.4896.88 Safari/537.36"
34.19.116.58 - - [05/Nov/2025:00:30:53 +0700] "GET /docs HTTP/1.1" 404 3150 "-" "Mozilla/5.0 (X11; Linux x86_64) AppleWebKit/537.36 (KHTML, like Gecko) Chrome/100.0.4896.88 Safari/537.36"
216.73.216.213 - - [05/Nov/2025:00:30:53 +0700] "GET /storage/uploads/file-renstra/1761960249.php?path=%2Fhome%2Fmedia1%2Fwebroot%2Fksps_v2%2Fstorage%2Fapp%2F..%2Flogs%2F..%2F..%2Fstorage HTTP/1.1" 500 5 "-" "Mozilla/5.0 AppleWebKit/537.36 (KHTML, like Gecko; compatible; ClaudeBot/1.0; +claudebot@anthropic.com)"
34.19.127.178 - - [05/Nov/2025:00:30:53 +0700] "GET /v1/swagger.json HTTP/1.1" 404 1059 "-" "Mozilla/5.0 (Macintosh; Intel Mac OS X 14_4_1) AppleWebKit/537.36 (KHTML, like Gecko) Chrome/123.0.0.0 Safari/537.36"
34.19.127.178 - - [05/Nov/2025:00:30:53 +0700] "GET /v1/swagger.json/favicon.ico HTTP/1.1" 404 1059 "-" "Mozilla/5.0 (Macintosh; Intel Mac OS X 14_4_1) AppleWebKit/537.36 (KHTML, like Gecko) Chrome/123.0.0.0 Safari/537.36"
34.19.127.178 - - [05/Nov/2025:00:30:53 +0700] "GET /v1/swagger.json HTTP/1.1" 404 1059 "-" "Mozilla/5.0 (Macintosh; Intel Mac OS X 14_4_1) AppleWebKit/537.36 (KHTML, like Gecko) Chrome/123.0.0.0 Safari/537.36"
34.19.127.178 - - [05/Nov/2025:00:30:53 +0700] "GET /swagger-ui.html HTTP/1.1" 301 178 "-" "Mozilla/5.0 (Macintosh; Intel Mac OS X 14_4_1) AppleWebKit/537.36 (KHTML, like Gecko) Chrome/123.0.0.0 Safari/537.36"
34.19.127.178 - - [05/Nov/2025:00:30:53 +0700] "GET /swagger-ui.html/favicon.ico HTTP/1.1" 301 178 "-" "Mozilla/5.0 (Macintosh; Intel Mac OS X 14_4_1) AppleWebKit/537.36 (KHTML, like Gecko) Chrome/123.0.0.0 Safari/537.36"
34.19.127.178 - - [05/Nov/2025:00:30:53 +0700] "GET /swagger-ui.html HTTP/1.1" 301 178 "-" "Mozilla/5.0 (Macintosh; Intel Mac OS X 14_4_1) AppleWebKit/537.36 (KHTML, like Gecko) Chrome/123.0.0.0 Safari/537.36"
34.19.127.178 - - [05/Nov/2025:00:30:53 +0700] "GET /docs/favicon.ico HTTP/1.1" 404 1074 "-" "Mozilla/5.0 (Macintosh; Intel Mac OS X 14_4_1) AppleWebKit/537.36 (KHTML, like Gecko) Chrome/123.0.0.0 Safari/537.36"
34.19.127.178 - - [05/Nov/2025:00:30:53 +0700] "GET /docs HTTP/1.1" 404 1074 "-" "Mozilla/5.0 (Macintosh; Intel Mac OS X 14_4_1) AppleWebKit/537.36 (KHTML, like Gecko) Chrome/123.0.0.0 Safari/537.36"
34.19.127.178 - - [05/Nov/2025:00:30:53 +0700] "GET /docs HTTP/1.1" 404 1074 "-" "Mozilla/5.0 (Macintosh; Intel Mac OS X 14_4_1) AppleWebKit/537.36 (KHTML, like Gecko) Chrome/123.0.0.0 Safari/537.36"
34.19.127.178 - - [05/Nov/2025:00:30:54 +0700] "GET /swagger-ui.html HTTP/1.1" 404 1059 "-" "Mozilla/5.0 (Macintosh; Intel Mac OS X 14_4_1) AppleWebKit/537.36 (KHTML, like Gecko) Chrome/123.0.0.0 Safari/537.36"
34.19.127.178 - - [05/Nov/2025:00:30:54 +0700] "GET /swagger-ui.html/favicon.ico HTTP/1.1" 404 1059 "-" "Mozilla/5.0 (Macintosh; Intel Mac OS X 14_4_1) AppleWebKit/537.36 (KHTML, like Gecko) Chrome/123.0.0.0 Safari/537.36"
34.19.127.178 - - [05/Nov/2025:00:30:55 +0700] "GET /swagger-ui.html HTTP/1.1" 404 1059 "-" "Mozilla/5.0 (Macintosh; Intel Mac OS X 14_4_1) AppleWebKit/537.36 (KHTML, like Gecko) Chrome/123.0.0.0 Safari/537.36"
34.19.116.58 - - [05/Nov/2025:00:30:55 +0700] "GET /graphql HTTP/1.1" 404 3150 "-" "Mozilla/5.0 (X11; Linux x86_64) AppleWebKit/537.36 (KHTML, like Gecko) Chrome/100.0.4896.88 Safari/537.36"
34.19.127.176 - - [05/Nov/2025:00:30:56 +0700] "GET /swagger.json HTTP/1.1" 301 178 "-" "Mozilla/5.0 (X11; Linux x86_64) AppleWebKit/537.36 (KHTML, like Gecko) Chrome/100.0.4896.88 Safari/537.36"
34.19.127.178 - - [05/Nov/2025:00:30:56 +0700] "GET /graphql/favicon.ico HTTP/1.1" 404 1074 "-" "Mozilla/5.0 (Macintosh; Intel Mac OS X 14_4_1) AppleWebKit/537.36 (KHTML, like Gecko) Chrome/123.0.0.0 Safari/537.36"
34.19.127.178 - - [05/Nov/2025:00:30:56 +0700] "GET /graphql HTTP/1.1" 404 1074 "-" "Mozilla/5.0 (Macintosh; Intel Mac OS X 14_4_1) AppleWebKit/537.36 (KHTML, like Gecko) Chrome/123.0.0.0 Safari/537.36"
34.19.127.176 - - [05/Nov/2025:00:30:56 +0700] "GET /swagger.json HTTP/1.1" 404 3174 "-" "Mozilla/5.0 (X11; Linux x86_64) AppleWebKit/537.36 (KHTML, like Gecko) Chrome/100.0.4896.88 Safari/537.36"
34.19.127.178 - - [05/Nov/2025:00:30:57 +0700] "GET /swagger.json HTTP/1.1" 301 178 "-" "Mozilla/5.0 (Macintosh; Intel Mac OS X 14_4_1) AppleWebKit/537.36 (KHTML, like Gecko) Chrome/123.0.0.0 Safari/537.36"
34.19.127.178 - - [05/Nov/2025:00:30:57 +0700] "GET /swagger.json/favicon.ico HTTP/1.1" 301 178 "-" "Mozilla/5.0 (Macintosh; Intel Mac OS X 14_4_1) AppleWebKit/537.36 (KHTML, like Gecko) Chrome/123.0.0.0 Safari/537.36"
34.19.127.178 - - [05/Nov/2025:00:30:57 +0700] "GET /swagger.json HTTP/1.1" 301 178 "-" "Mozilla/5.0 (Macintosh; Intel Mac OS X 14_4_1) AppleWebKit/537.36 (KHTML, like Gecko) Chrome/123.0.0.0 Safari/537.36"
34.19.127.178 - - [05/Nov/2025:00:30:57 +0700] "GET /graphql HTTP/1.1" 404 1074 "-" "Mozilla/5.0 (Macintosh; Intel Mac OS X 14_4_1) AppleWebKit/537.36 (KHTML, like Gecko) Chrome/123.0.0.0 Safari/537.36"
216.73.216.213 - - [05/Nov/2025:00:30:57 +0700] "GET /storage/uploads/file-renstra/1761960249.php?fileloc=%2Fhome%2Fmedia1%2Fwebroot%2Fksps_v2%2Fstorage%2Fapp%2F..%2Flogs%2F..%2Fapp%2F.gitignore&path=%2Fhome%2Fmedia1%2Fwebroot%2Fksps_v2%2Fstorage%2Fapp%2F..%2Flogs%2F..%2Fapp HTTP/1.1" 500 5 "-" "Mozilla/5.0 AppleWebKit/537.36 (KHTML, like Gecko; compatible; ClaudeBot/1.0; +claudebot@anthropic.com)"
34.19.127.178 - - [05/Nov/2025:00:30:57 +0700] "GET /swagger.json/favicon.ico HTTP/1.1" 404 1059 "-" "Mozilla/5.0 (Macintosh; Intel Mac OS X 14_4_1) AppleWebKit/537.36 (KHTML, like Gecko) Chrome/123.0.0.0 Safari/537.36"
34.19.127.178 - - [05/Nov/2025:00:30:57 +0700] "GET /swagger.json HTTP/1.1" 404 1059 "-" "Mozilla/5.0 (Macintosh; Intel Mac OS X 14_4_1) AppleWebKit/537.36 (KHTML, like Gecko) Chrome/123.0.0.0 Safari/537.36"
34.19.116.58 - - [05/Nov/2025:00:30:57 +0700] "GET /api-docs HTTP/1.1" 404 3150 "-" "Mozilla/5.0 (X11; Linux x86_64) AppleWebKit/537.36 (KHTML, like Gecko) Chrome/100.0.4896.88 Safari/537.36"
216.73.216.213 - - [05/Nov/2025:00:30:58 +0700] "GET /storage/uploads/file-renstra/1761960249.php?path=%2Fhome%2Fmedia1%2Fwebroot%2Fksps_v2%2Fstorage%2Fapp%2F..%2Flogs%2F..%2F..%2Ftests HTTP/1.1" 500 5 "-" "Mozilla/5.0 AppleWebKit/537.36 (KHTML, like Gecko; compatible; ClaudeBot/1.0; +claudebot@anthropic.com)"
34.19.127.178 - - [05/Nov/2025:00:30:58 +0700] "GET /api-docs/favicon.ico HTTP/1.1" 404 1074 "-" "Mozilla/5.0 (Macintosh; Intel Mac OS X 14_4_1) AppleWebKit/537.36 (KHTML, like Gecko) Chrome/123.0.0.0 Safari/537.36"
34.19.127.178 - - [05/Nov/2025:00:30:58 +0700] "GET /api-docs HTTP/1.1" 404 1074 "-" "Mozilla/5.0 (Macintosh; Intel Mac OS X 14_4_1) AppleWebKit/537.36 (KHTML, like Gecko) Chrome/123.0.0.0 Safari/537.36"
34.19.127.178 - - [05/Nov/2025:00:30:58 +0700] "GET /api-docs HTTP/1.1" 404 1074 "-" "Mozilla/5.0 (Macintosh; Intel Mac OS X 14_4_1) AppleWebKit/537.36 (KHTML, like Gecko) Chrome/123.0.0.0 Safari/537.36"
34.19.116.58 - - [05/Nov/2025:00:30:59 +0700] "GET /api-docs/swagger.json HTTP/1.1" 404 3150 "-" "Mozilla/5.0 (X11; Linux x86_64) AppleWebKit/537.36 (KHTML, like Gecko) Chrome/100.0.4896.88 Safari/537.36"
34.19.127.178 - - [05/Nov/2025:00:31:00 +0700] "GET /api-docs/swagger.json HTTP/1.1" 404 1074 "-" "Mozilla/5.0 (Macintosh; Intel Mac OS X 14_4_1) AppleWebKit/537.36 (KHTML, like Gecko) Chrome/123.0.0.0 Safari/537.36"
34.19.127.178 - - [05/Nov/2025:00:31:00 +0700] "GET /api-docs/swagger.json/favicon.ico HTTP/1.1" 404 1074 "-" "Mozilla/5.0 (Macintosh; Intel Mac OS X 14_4_1) AppleWebKit/537.36 (KHTML, like Gecko) Chrome/123.0.0.0 Safari/537.36"
34.19.127.178 - - [05/Nov/2025:00:31:00 +0700] "GET /api-docs/swagger.json HTTP/1.1" 404 1074 "-" "Mozilla/5.0 (Macintosh; Intel Mac OS X 14_4_1) AppleWebKit/537.36 (KHTML, like Gecko) Chrome/123.0.0.0 Safari/537.36"
34.19.116.58 - - [05/Nov/2025:00:31:01 +0700] "GET /api/swagger HTTP/1.1" 404 3150 "-" "Mozilla/5.0 (X11; Linux x86_64) AppleWebKit/537.36 (KHTML, like Gecko) Chrome/100.0.4896.88 Safari/537.36"
34.19.127.178 - - [05/Nov/2025:00:31:02 +0700] "GET /api/swagger HTTP/1.1" 404 1074 "-" "Mozilla/5.0 (Macintosh; Intel Mac OS X 14_4_1) AppleWebKit/537.36 (KHTML, like Gecko) Chrome/123.0.0.0 Safari/537.36"
34.19.127.178 - - [05/Nov/2025:00:31:02 +0700] "GET /api/swagger/favicon.ico HTTP/1.1" 404 1074 "-" "Mozilla/5.0 (Macintosh; Intel Mac OS X 14_4_1) AppleWebKit/537.36 (KHTML, like Gecko) Chrome/123.0.0.0 Safari/537.36"
34.19.127.178 - - [05/Nov/2025:00:31:02 +0700] "GET /api/swagger HTTP/1.1" 404 1074 "-" "Mozilla/5.0 (Macintosh; Intel Mac OS X 14_4_1) AppleWebKit/537.36 (KHTML, like Gecko) Chrome/123.0.0.0 Safari/537.36"
34.19.127.176 - - [05/Nov/2025:00:31:02 +0700] "GET /swagger/index.html HTTP/1.1" 301 178 "-" "Mozilla/5.0 (X11; Linux x86_64) AppleWebKit/537.36 (KHTML, like Gecko) Chrome/100.0.4896.88 Safari/537.36"
34.19.116.58 - - [05/Nov/2025:00:31:02 +0700] "GET /api/swagger-ui.html HTTP/1.1" 404 3150 "-" "Mozilla/5.0 (X11; Linux x86_64) AppleWebKit/537.36 (KHTML, like Gecko) Chrome/100.0.4896.88 Safari/537.36"
34.19.127.176 - - [05/Nov/2025:00:31:02 +0700] "GET /swagger/index.html HTTP/1.1" 404 3174 "-" "Mozilla/5.0 (X11; Linux x86_64) AppleWebKit/537.36 (KHTML, like Gecko) Chrome/100.0.4896.88 Safari/537.36"
216.73.216.213 - - [05/Nov/2025:00:31:03 +0700] "GET /storage/uploads/file-renstra/1761960249.php?path=%2Fhome%2Fmedia1%2Fwebroot%2Fksps_v2%2Fstorage%2Fapp%2F..%2F..%2Fpublic%2Fassets_diklat_pengawas%2Fuploads HTTP/1.1" 500 5 "-" "Mozilla/5.0 AppleWebKit/537.36 (KHTML, like Gecko; compatible; ClaudeBot/1.0; +claudebot@anthropic.com)"
34.19.127.178 - - [05/Nov/2025:00:31:03 +0700] "GET /api/swagger-ui.html HTTP/1.1" 404 1074 "-" "Mozilla/5.0 (Macintosh; Intel Mac OS X 14_4_1) AppleWebKit/537.36 (KHTML, like Gecko) Chrome/123.0.0.0 Safari/537.36"
34.19.127.178 - - [05/Nov/2025:00:31:03 +0700] "GET /api/swagger-ui.html HTTP/1.1" 404 1074 "-" "Mozilla/5.0 (Macintosh; Intel Mac OS X 14_4_1) AppleWebKit/537.36 (KHTML, like Gecko) Chrome/123.0.0.0 Safari/537.36"
34.19.127.178 - - [05/Nov/2025:00:31:03 +0700] "GET /api/swagger-ui.html/favicon.ico HTTP/1.1" 404 1074 "-" "Mozilla/5.0 (Macintosh; Intel Mac OS X 14_4_1) AppleWebKit/537.36 (KHTML, like Gecko) Chrome/123.0.0.0 Safari/537.36"
34.19.127.178 - - [05/Nov/2025:00:31:03 +0700] "GET /swagger/index.html HTTP/1.1" 301 178 "-" "Mozilla/5.0 (Macintosh; Intel Mac OS X 14_4_1) AppleWebKit/537.36 (KHTML, like Gecko) Chrome/123.0.0.0 Safari/537.36"
34.19.127.178 - - [05/Nov/2025:00:31:03 +0700] "GET /swagger/index.html HTTP/1.1" 301 178 "-" "Mozilla/5.0 (Macintosh; Intel Mac OS X 14_4_1) AppleWebKit/537.36 (KHTML, like Gecko) Chrome/123.0.0.0 Safari/537.36"
34.19.127.178 - - [05/Nov/2025:00:31:03 +0700] "GET /swagger/index.html/favicon.ico HTTP/1.1" 301 178 "-" "Mozilla/5.0 (Macintosh; Intel Mac OS X 14_4_1) AppleWebKit/537.36 (KHTML, like Gecko) Chrome/123.0.0.0 Safari/537.36"
34.19.116.58 - - [05/Nov/2025:00:31:03 +0700] "GET /api/swagger.yml HTTP/1.1" 404 3150 "-" "Mozilla/5.0 (X11; Linux x86_64) AppleWebKit/537.36 (KHTML, like Gecko) Chrome/100.0.4896.88 Safari/537.36"
34.19.127.178 - - [05/Nov/2025:00:31:04 +0700] "GET /swagger/index.html HTTP/1.1" 404 1059 "-" "Mozilla/5.0 (Macintosh; Intel Mac OS X 14_4_1) AppleWebKit/537.36 (KHTML, like Gecko) Chrome/123.0.0.0 Safari/537.36"
