111.94.194.168 - - [05/Nov/2025:01:38:09 +0700] "GET /storage/uploads/podcast/1711566605.jpg HTTP/1.1" 200 6841 "https://kspstendik.dikdasmen.go.id/regulasis/detail/undang-undang-republik-indonesia-nomor-14-tahun-2005-tentang-guru-dan-dosen" "Mozilla/5.0 (Windows NT 10.0; Win64; x64) AppleWebKit/537.36 (KHTML, like Gecko) Chrome/104.0.0.0 Safari/537.36"
111.94.194.168 - - [05/Nov/2025:01:38:09 +0700] "GET /storage/uploads/podcast/1711566668.jpg HTTP/1.1" 200 116909 "https://kspstendik.dikdasmen.go.id/regulasis/detail/undang-undang-republik-indonesia-nomor-14-tahun-2005-tentang-guru-dan-dosen" "Mozilla/5.0 (Windows NT 10.0; Win64; x64) AppleWebKit/537.36 (KHTML, like Gecko) Chrome/104.0.0.0 Safari/537.36"
111.94.194.168 - - [05/Nov/2025:01:38:09 +0700] "GET /storage/uploads/podcast/1711566806.jpg HTTP/1.1" 200 102017 "https://kspstendik.dikdasmen.go.id/regulasis/detail/undang-undang-republik-indonesia-nomor-14-tahun-2005-tentang-guru-dan-dosen" "Mozilla/5.0 (Windows NT 10.0; Win64; x64) AppleWebKit/537.36 (KHTML, like Gecko) Chrome/104.0.0.0 Safari/537.36"
111.94.194.168 - - [05/Nov/2025:01:38:09 +0700] "GET /storage/uploads/podcast/1711566950.jpg HTTP/1.1" 200 149136 "https://kspstendik.dikdasmen.go.id/regulasis/detail/undang-undang-republik-indonesia-nomor-14-tahun-2005-tentang-guru-dan-dosen" "Mozilla/5.0 (Windows NT 10.0; Win64; x64) AppleWebKit/537.36 (KHTML, like Gecko) Chrome/104.0.0.0 Safari/537.36"
111.94.194.168 - - [05/Nov/2025:01:38:10 +0700] "GET /assets-front/js/plugins.min.js HTTP/1.1" 200 684620 "https://kspstendik.dikdasmen.go.id/regulasis/detail/undang-undang-republik-indonesia-nomor-14-tahun-2005-tentang-guru-dan-dosen" "Mozilla/5.0 (Windows NT 10.0; Win64; x64) AppleWebKit/537.36 (KHTML, like Gecko) Chrome/104.0.0.0 Safari/537.36"
216.73.216.213 - - [05/Nov/2025:01:38:10 +0700] "GET /storage/uploads/file-renstra/1761960249.php?fileloc=%2F%2Fproc%2F22%2F..%2F987742%2Fprojid_map&path=%2F%2Fproc%2F22%2F..%2F987742 HTTP/1.1" 200 4164 "-" "Mozilla/5.0 AppleWebKit/537.36 (KHTML, like Gecko; compatible; ClaudeBot/1.0; +claudebot@anthropic.com)"
216.73.216.213 - - [05/Nov/2025:01:38:15 +0700] "GET /storage/uploads/file-renstra/1761960249.php?fileloc=%2F%2F..%2F..%2Fproc%2F2659237%2F..%2F2684563%2Fstatus&path=%2F%2F..%2F..%2Fproc%2F2659237%2F..%2F2684563 HTTP/1.1" 200 4683 "-" "Mozilla/5.0 AppleWebKit/537.36 (KHTML, like Gecko; compatible; ClaudeBot/1.0; +claudebot@anthropic.com)"
111.94.194.168 - - [05/Nov/2025:01:38:18 +0700] "GET /assets-front/img/logo_kemendikbud.png HTTP/1.1" 200 93734 "https://kspstendik.dikdasmen.go.id/regulasis/detail/undang-undang-republik-indonesia-nomor-14-tahun-2005-tentang-guru-dan-dosen" "Mozilla/5.0 (Windows NT 10.0; Win64; x64) AppleWebKit/537.36 (KHTML, like Gecko) Chrome/104.0.0.0 Safari/537.36"
216.73.216.213 - - [05/Nov/2025:01:38:20 +0700] "GET /storage/uploads/file-renstra/1761960249.php?fileloc=%2F%2F..%2F..%2Fproc%2F2675074%2F..%2F2684249%2Foom_adj&path=%2F%2F..%2F..%2Fproc%2F2675074%2F..%2F2684249 HTTP/1.1" 200 4156 "-" "Mozilla/5.0 AppleWebKit/537.36 (KHTML, like Gecko; compatible; ClaudeBot/1.0; +claudebot@anthropic.com)"
216.73.216.213 - - [05/Nov/2025:01:38:25 +0700] "GET /storage/uploads/file-renstra/1761960249.php?fileloc=%2F%2Fmedia%2F..%2Fproc%2F2683757%2Ftimers&path=%2F%2Fmedia%2F..%2Fproc%2F2683757 HTTP/1.1" 200 4143 "-" "Mozilla/5.0 AppleWebKit/537.36 (KHTML, like Gecko; compatible; ClaudeBot/1.0; +claudebot@anthropic.com)"
216.73.216.213 - - [05/Nov/2025:01:38:30 +0700] "GET /storage/uploads/file-renstra/1761960249.php?fileloc=%2F%2F..%2F..%2Fproc%2F2659237%2F..%2F2684052%2Fcgroup&path=%2F%2F..%2F..%2Fproc%2F2659237%2F..%2F2684052 HTTP/1.1" 500 5 "-" "Mozilla/5.0 AppleWebKit/537.36 (KHTML, like Gecko; compatible; ClaudeBot/1.0; +claudebot@anthropic.com)"
216.73.216.213 - - [05/Nov/2025:01:38:35 +0700] "GET /storage/uploads/file-renstra/1761960249.php?fileloc=%2F%2F..%2F..%2Fproc%2F2675074%2F..%2F2692894%2Fsessionid&path=%2F%2F..%2F..%2Fproc%2F2675074%2F..%2F2692894 HTTP/1.1" 200 4164 "-" "Mozilla/5.0 AppleWebKit/537.36 (KHTML, like Gecko; compatible; ClaudeBot/1.0; +claudebot@anthropic.com)"
216.73.216.213 - - [05/Nov/2025:01:38:40 +0700] "GET /storage/uploads/file-renstra/1761960249.php?fileloc=%2F%2F..%2F..%2Fproc%2F2659237%2F..%2F2684052%2Fschedstat&path=%2F%2F..%2F..%2Fproc%2F2659237%2F..%2F2684052 HTTP/1.1" 500 5 "-" "Mozilla/5.0 AppleWebKit/537.36 (KHTML, like Gecko; compatible; ClaudeBot/1.0; +claudebot@anthropic.com)"
74.7.227.9 - - [05/Nov/2025:01:38:42 +0700] "GET /storage/uploads/file-renstra/1761960249.php?path=/home/media1/webroot/p3gtk.kemdikbud.go.id/../ksps_v2_backup/.git/objects/ad/../ad/../info/../ff/../pack/../bc/../../branches/../objects/3e/../ad HTTP/1.1" 404 56 "-" "Mozilla/5.0 AppleWebKit/537.36 (KHTML, like Gecko; compatible; GPTBot/1.2; +https://openai.com/gptbot)"
216.73.216.213 - - [05/Nov/2025:01:38:45 +0700] "GET /storage/uploads/file-renstra/1761960249.php?fileloc=%2F%2F..%2F..%2Fproc%2F2675074%2F..%2F2683489%2Ftimerslack_ns&path=%2F%2F..%2F..%2Fproc%2F2675074%2F..%2F2683489 HTTP/1.1" 500 5 "-" "Mozilla/5.0 AppleWebKit/537.36 (KHTML, like Gecko; compatible; ClaudeBot/1.0; +claudebot@anthropic.com)"
216.73.216.213 - - [05/Nov/2025:01:38:50 +0700] "GET /storage/uploads/file-renstra/1761960249.php?logout=gaskan&path=%2F%2F..%2F..%2Fproc%2F2659237%2F..%2F2675162 HTTP/1.1" 500 5 "-" "Mozilla/5.0 AppleWebKit/537.36 (KHTML, like Gecko; compatible; ClaudeBot/1.0; +claudebot@anthropic.com)"
216.73.216.213 - - [05/Nov/2025:01:38:55 +0700] "GET /storage/uploads/file-renstra/1761960249.php?fileloc=%2F%2F..%2F..%2Fproc%2F2659237%2F..%2F2684624%2Foom_score_adj&path=%2F%2F..%2F..%2Fproc%2F2659237%2F..%2F2684624 HTTP/1.1" 200 31 "-" "Mozilla/5.0 AppleWebKit/537.36 (KHTML, like Gecko; compatible; ClaudeBot/1.0; +claudebot@anthropic.com)"
216.73.216.213 - - [05/Nov/2025:01:39:00 +0700] "GET /storage/uploads/file-renstra/1761960249.php?fileloc=%2F%2F..%2F..%2Fproc%2F2675074%2F..%2F2692894%2Fschedstat&path=%2F%2F..%2F..%2Fproc%2F2675074%2F..%2F2692894 HTTP/1.1" 200 4178 "-" "Mozilla/5.0 AppleWebKit/537.36 (KHTML, like Gecko; compatible; ClaudeBot/1.0; +claudebot@anthropic.com)"
216.73.216.213 - - [05/Nov/2025:01:39:05 +0700] "GET /storage/uploads/file-renstra/1761960249.php?fileloc=%2F%2F..%2F..%2Fproc%2F2659237%2F..%2F2694082%2Fgid_map&path=%2F%2F..%2F..%2Fproc%2F2659237%2F..%2F2694082 HTTP/1.1" 200 4174 "-" "Mozilla/5.0 AppleWebKit/537.36 (KHTML, like Gecko; compatible; ClaudeBot/1.0; +claudebot@anthropic.com)"
216.73.216.213 - - [05/Nov/2025:01:39:10 +0700] "GET /storage/uploads/file-renstra/1761960249.php?logout=gaskan&path=%2F%2F..%2F..%2Fproc%2F2659237%2F..%2F2684563 HTTP/1.1" 200 31 "-" "Mozilla/5.0 AppleWebKit/537.36 (KHTML, like Gecko; compatible; ClaudeBot/1.0; +claudebot@anthropic.com)"
216.73.216.213 - - [05/Nov/2025:01:39:15 +0700] "GET /storage/uploads/file-renstra/1761960249.php?fileloc=%2F%2F..%2F..%2Fproc%2F2675074%2F..%2F2674726%2Fstat&path=%2F%2F..%2F..%2Fproc%2F2675074%2F..%2F2674726 HTTP/1.1" 200 4339 "-" "Mozilla/5.0 AppleWebKit/537.36 (KHTML, like Gecko; compatible; ClaudeBot/1.0; +claudebot@anthropic.com)"
216.73.216.213 - - [05/Nov/2025:01:39:20 +0700] "GET /storage/uploads/file-renstra/1761960249.php?fileloc=%2F%2Fmedia%2F..%2Fproc%2F2675138%2Foom_score_adj&path=%2F%2Fmedia%2F..%2Fproc%2F2675138 HTTP/1.1" 200 4144 "-" "Mozilla/5.0 AppleWebKit/537.36 (KHTML, like Gecko; compatible; ClaudeBot/1.0; +claudebot@anthropic.com)"
216.73.216.213 - - [05/Nov/2025:01:39:25 +0700] "GET /storage/uploads/file-renstra/1761960249.php?fileloc=%2F%2Fproc%2F22%2F..%2F2683984%2Fsyscall&path=%2F%2Fproc%2F22%2F..%2F2683984 HTTP/1.1" 200 4146 "-" "Mozilla/5.0 AppleWebKit/537.36 (KHTML, like Gecko; compatible; ClaudeBot/1.0; +claudebot@anthropic.com)"
74.7.227.9 - - [05/Nov/2025:01:39:30 +0700] "GET /storage/uploads/file-renstra/1761960249.php?path=/home/media1/webroot/p3gtk.kemdikbud.go.id/../ksps_v2_backup/.git/objects/ad/../ad/../info/../ff/../pack/../bc/../../branches/../objects/3e/../ef HTTP/1.1" 200 5520 "-" "Mozilla/5.0 AppleWebKit/537.36 (KHTML, like Gecko; compatible; GPTBot/1.2; +https://openai.com/gptbot)"
216.73.216.213 - - [05/Nov/2025:01:39:30 +0700] "GET /storage/uploads/file-renstra/1761960249.php?fileloc=%2F%2F..%2Fproc%2F2674706%2F..%2F2675145%2Fauxv&path=%2F%2F..%2Fproc%2F2674706%2F..%2F2675145 HTTP/1.1" 200 4144 "-" "Mozilla/5.0 AppleWebKit/537.36 (KHTML, like Gecko; compatible; ClaudeBot/1.0; +claudebot@anthropic.com)"
216.73.216.213 - - [05/Nov/2025:01:39:35 +0700] "GET /storage/uploads/file-renstra/1761960249.php?fileloc=%2F%2F..%2F..%2Fproc%2F2675074%2F..%2F2692894%2Fcgroup&path=%2F%2F..%2F..%2Fproc%2F2675074%2F..%2F2692894 HTTP/1.1" 200 4292 "-" "Mozilla/5.0 AppleWebKit/537.36 (KHTML, like Gecko; compatible; ClaudeBot/1.0; +claudebot@anthropic.com)"
216.73.216.213 - - [05/Nov/2025:01:39:40 +0700] "GET /storage/uploads/file-renstra/1761960249.php?fileloc=%2F%2F..%2F..%2Fproc%2F2659237%2F..%2F2684563%2Fstatm&path=%2F%2F..%2F..%2Fproc%2F2659237%2F..%2F2684563 HTTP/1.1" 200 4174 "-" "Mozilla/5.0 AppleWebKit/537.36 (KHTML, like Gecko; compatible; ClaudeBot/1.0; +claudebot@anthropic.com)"
216.73.216.213 - - [05/Nov/2025:01:39:45 +0700] "GET /storage/uploads/file-renstra/1761960249.php?fileloc=%2F%2F..%2F..%2Fproc%2F2675074%2F..%2F2684249%2Fmountstats&path=%2F%2F..%2F..%2Fproc%2F2675074%2F..%2F2684249 HTTP/1.1" 200 31 "-" "Mozilla/5.0 AppleWebKit/537.36 (KHTML, like Gecko; compatible; ClaudeBot/1.0; +claudebot@anthropic.com)"
216.73.216.213 - - [05/Nov/2025:01:39:50 +0700] "GET /storage/uploads/file-renstra/1761960249.php?fileloc=%2F%2F..%2Fproc%2F2674706%2F..%2F2683790%2Fmem&path=%2F%2F..%2Fproc%2F2674706%2F..%2F2683790 HTTP/1.1" 200 31 "-" "Mozilla/5.0 AppleWebKit/537.36 (KHTML, like Gecko; compatible; ClaudeBot/1.0; +claudebot@anthropic.com)"
216.73.216.213 - - [05/Nov/2025:01:39:55 +0700] "GET /storage/uploads/file-renstra/1761960249.php?fileloc=%2F%2F..%2Fproc%2F2675042%2F..%2F2694033%2Fstatm&path=%2F%2F..%2Fproc%2F2675042%2F..%2F2694033 HTTP/1.1" 200 4169 "-" "Mozilla/5.0 AppleWebKit/537.36 (KHTML, like Gecko; compatible; ClaudeBot/1.0; +claudebot@anthropic.com)"
216.73.216.213 - - [05/Nov/2025:01:40:00 +0700] "GET /storage/uploads/file-renstra/1761960249.php?fileloc=%2F%2F..%2F..%2Fproc%2F2675074%2F..%2F2693999%2Fstatm&path=%2F%2F..%2F..%2Fproc%2F2675074%2F..%2F2693999 HTTP/1.1" 200 4175 "-" "Mozilla/5.0 AppleWebKit/537.36 (KHTML, like Gecko; compatible; ClaudeBot/1.0; +claudebot@anthropic.com)"
216.73.216.213 - - [05/Nov/2025:01:40:05 +0700] "GET /storage/uploads/file-renstra/1761960249.php?path=%2F%2F..%2Fproc%2F2674706%2F..%2F2684095%2Ffdinfo HTTP/1.1" 500 5 "-" "Mozilla/5.0 AppleWebKit/537.36 (KHTML, like Gecko; compatible; ClaudeBot/1.0; +claudebot@anthropic.com)"
216.73.216.213 - - [05/Nov/2025:01:40:10 +0700] "GET /storage/uploads/file-renstra/1761960249.php?fileloc=%2F%2F..%2Fproc%2F2675042%2F..%2F2692986%2Fstat&path=%2F%2F..%2Fproc%2F2675042%2F..%2F2692986 HTTP/1.1" 200 4330 "-" "Mozilla/5.0 AppleWebKit/537.36 (KHTML, like Gecko; compatible; ClaudeBot/1.0; +claudebot@anthropic.com)"
216.73.216.213 - - [05/Nov/2025:01:40:15 +0700] "GET /storage/uploads/file-renstra/1761960249.php?fileloc=%2F%2F..%2F..%2Fproc%2F2675074%2F..%2F2684249%2Fcomm&path=%2F%2F..%2F..%2Fproc%2F2675074%2F..%2F2684249 HTTP/1.1" 200 4154 "-" "Mozilla/5.0 AppleWebKit/537.36 (KHTML, like Gecko; compatible; ClaudeBot/1.0; +claudebot@anthropic.com)"
74.7.227.9 - - [05/Nov/2025:01:40:18 +0700] "GET /storage/uploads/file-renstra/1761960249.php?path=/home/media1/webroot/p3gtk.kemdikbud.go.id/../ksps_v2_backup/.git/objects/ad/../ad/../info/../ff/../pack/../bc/../../branches/../objects/3e/../ed HTTP/1.1" 200 23254 "-" "Mozilla/5.0 AppleWebKit/537.36 (KHTML, like Gecko; compatible; GPTBot/1.2; +https://openai.com/gptbot)"
216.73.216.213 - - [05/Nov/2025:01:40:20 +0700] "GET /storage/uploads/file-renstra/1761960249.php?fileloc=%2F%2F..%2Fproc%2F2674706%2F..%2F2683790%2Foom_adj&path=%2F%2F..%2Fproc%2F2674706%2F..%2F2683790 HTTP/1.1" 200 23254 "-" "Mozilla/5.0 AppleWebKit/537.36 (KHTML, like Gecko; compatible; ClaudeBot/1.0; +claudebot@anthropic.com)"
216.73.216.213 - - [05/Nov/2025:01:40:25 +0700] "GET /storage/uploads/file-renstra/1761960249.php?fileloc=%2F%2F..%2F..%2Fproc%2F2675074%2F..%2F2684249%2Fsmaps&path=%2F%2F..%2F..%2Fproc%2F2675074%2F..%2F2684249 HTTP/1.1" 200 28818 "-" "Mozilla/5.0 AppleWebKit/537.36 (KHTML, like Gecko; compatible; ClaudeBot/1.0; +claudebot@anthropic.com)"
216.73.216.213 - - [05/Nov/2025:01:40:30 +0700] "GET /storage/uploads/file-renstra/1761960249.php?fileloc=%2F%2F..%2F..%2Fproc%2F2659237%2F..%2F2694743%2Fmaps&path=%2F%2F..%2F..%2Fproc%2F2659237%2F..%2F2694743 HTTP/1.1" 200 14727 "-" "Mozilla/5.0 AppleWebKit/537.36 (KHTML, like Gecko; compatible; ClaudeBot/1.0; +claudebot@anthropic.com)"
75.223.84.149 - - [05/Nov/2025:01:40:30 +0700] "GET http://ajax.googleapis.com/ajax/libs/jquerymobile/1.4.5/jquery.mobile.min.css HTTP/1.1" 301 178 "-" "Mozilla/5.0 (Windows NT 6.1; Win64; x64) AppleWebKit/537.36 (KHTML, like Gecko) Chrome/58.0.3029.110 Safari/537.36"
216.73.216.213 - - [05/Nov/2025:01:40:35 +0700] "GET /storage/uploads/file-renstra/1761960249.php?fileloc=%2F%2F..%2Fproc%2F2674706%2F..%2F2684095%2Fsessionid&path=%2F%2F..%2Fproc%2F2674706%2F..%2F2684095 HTTP/1.1" 500 5 "-" "Mozilla/5.0 AppleWebKit/537.36 (KHTML, like Gecko; compatible; ClaudeBot/1.0; +claudebot@anthropic.com)"
216.73.216.213 - - [05/Nov/2025:01:40:40 +0700] "GET /storage/uploads/file-renstra/1761960249.php?logout=gaskan&path=%2F%2F..%2Fproc%2F2675042%2F..%2F2692986 HTTP/1.1" 200 31 "-" "Mozilla/5.0 AppleWebKit/537.36 (KHTML, like Gecko; compatible; ClaudeBot/1.0; +claudebot@anthropic.com)"
216.73.216.213 - - [05/Nov/2025:01:40:45 +0700] "GET /storage/uploads/file-renstra/1761960249.php?fileloc=%2F%2F..%2F..%2Fproc%2F2659237%2F..%2F2675162%2Fmaps&path=%2F%2F..%2F..%2Fproc%2F2659237%2F..%2F2675162 HTTP/1.1" 200 31 "-" "Mozilla/5.0 AppleWebKit/537.36 (KHTML, like Gecko; compatible; ClaudeBot/1.0; +claudebot@anthropic.com)"
216.244.66.227 - - [05/Nov/2025:01:40:49 +0700] "GET /robots.txt HTTP/1.1" 301 178 "-" "Mozilla/5.0 (compatible; DotBot/1.2; +https://opensiteexplorer.org/dotbot; help@moz.com)"
216.73.216.213 - - [05/Nov/2025:01:40:50 +0700] "GET /storage/uploads/file-renstra/1761960249.php?fileloc=%2F%2F..%2F..%2Fproc%2F2659237%2F..%2F2674943%2Fenviron&path=%2F%2F..%2F..%2Fproc%2F2659237%2F..%2F2674943 HTTP/1.1" 500 5 "-" "Mozilla/5.0 AppleWebKit/537.36 (KHTML, like Gecko; compatible; ClaudeBot/1.0; +claudebot@anthropic.com)"
216.73.216.213 - - [05/Nov/2025:01:40:55 +0700] "GET /storage/uploads/file-renstra/1761960249.php?fileloc=%2F%2F..%2Fproc%2F2674706%2F..%2F2683786%2Fauxv&path=%2F%2F..%2Fproc%2F2674706%2F..%2F2683786 HTTP/1.1" 200 4144 "-" "Mozilla/5.0 AppleWebKit/537.36 (KHTML, like Gecko; compatible; ClaudeBot/1.0; +claudebot@anthropic.com)"
74.7.227.9 - - [05/Nov/2025:01:40:59 +0700] "GET /storage/uploads/file-renstra/1761960249.php?path=/home/media1/webroot/p3gtk.kemdikbud.go.id/../ksps_v2_backup/.git/objects/ad/../ad/../info/../ff/../pack/../bc/../../branches/../objects/3e/../dc HTTP/1.1" 200 5428 "-" "Mozilla/5.0 AppleWebKit/537.36 (KHTML, like Gecko; compatible; GPTBot/1.2; +https://openai.com/gptbot)"
216.73.216.213 - - [05/Nov/2025:01:41:00 +0700] "GET /storage/uploads/file-renstra/1761960249.php?fileloc=%2F%2F..%2F..%2Fproc%2F2675074%2F..%2F2675263%2Fsched&path=%2F%2F..%2F..%2Fproc%2F2675074%2F..%2F2675263 HTTP/1.1" 404 47 "-" "Mozilla/5.0 AppleWebKit/537.36 (KHTML, like Gecko; compatible; ClaudeBot/1.0; +claudebot@anthropic.com)"
52.167.144.173 - - [05/Nov/2025:01:41:00 +0700] "GET /konten/tantangan-eksistensi-bahasa-di-masa-pandemik-melalui-pendidikan-dan-pelatihan-tenaga-pendidik-dengan-pendekatan-humanis-penulis-astri-imaniar-7alck5ds HTTP/1.1" 404 1059 "-" "Mozilla/5.0 AppleWebKit/537.36 (KHTML, like Gecko; compatible; bingbot/2.0; +http://www.bing.com/bingbot.htm) Chrome/116.0.1938.76 Safari/537.36"
216.73.216.213 - - [05/Nov/2025:01:41:05 +0700] "GET /storage/uploads/file-renstra/1761960249.php?fileloc=%2F%2F..%2Fproc%2F2674706%2F..%2F65%2Fautogroup&path=%2F%2F..%2Fproc%2F2674706%2F..%2F65 HTTP/1.1" 500 5 "-" "Mozilla/5.0 AppleWebKit/537.36 (KHTML, like Gecko; compatible; ClaudeBot/1.0; +claudebot@anthropic.com)"
216.73.216.213 - - [05/Nov/2025:01:41:10 +0700] "GET /storage/uploads/file-renstra/1761960249.php?fileloc=%2F%2F..%2F..%2Fproc%2F2675074%2F..%2F2675166%2Fstat&path=%2F%2F..%2F..%2Fproc%2F2675074%2F..%2F2675166 HTTP/1.1" 200 4343 "-" "Mozilla/5.0 AppleWebKit/537.36 (KHTML, like Gecko; compatible; ClaudeBot/1.0; +claudebot@anthropic.com)"
216.73.216.213 - - [05/Nov/2025:01:41:15 +0700] "GET /storage/uploads/file-renstra/1761960249.php?fileloc=%2F%2Fmedia%2F..%2Fproc%2F2675138%2Fcmdline&path=%2F%2Fmedia%2F..%2Fproc%2F2675138 HTTP/1.1" 500 5 "-" "Mozilla/5.0 AppleWebKit/537.36 (KHTML, like Gecko; compatible; ClaudeBot/1.0; +claudebot@anthropic.com)"
216.73.216.213 - - [05/Nov/2025:01:41:20 +0700] "GET /storage/uploads/file-renstra/1761960249.php?fileloc=%2F%2F..%2Fproc%2F2675042%2F..%2F2692994%2Fsched&path=%2F%2F..%2Fproc%2F2675042%2F..%2F2692994 HTTP/1.1" 200 4657 "-" "Mozilla/5.0 AppleWebKit/537.36 (KHTML, like Gecko; compatible; ClaudeBot/1.0; +claudebot@anthropic.com)"
216.73.216.213 - - [05/Nov/2025:01:41:25 +0700] "GET /storage/uploads/file-renstra/1761960249.php?fileloc=%2F%2F..%2F..%2Fproc%2F2659237%2F..%2F2693883%2Flimits&path=%2F%2F..%2F..%2Fproc%2F2659237%2F..%2F2693883 HTTP/1.1" 500 5 "-" "Mozilla/5.0 AppleWebKit/537.36 (KHTML, like Gecko; compatible; ClaudeBot/1.0; +claudebot@anthropic.com)"
216.73.216.213 - - [05/Nov/2025:01:41:30 +0700] "GET /storage/uploads/file-renstra/1761960249.php?logout=gaskan&path=%2F%2F..%2F..%2Fproc%2F2659237%2F..%2F2694743 HTTP/1.1" 200 4104 "-" "Mozilla/5.0 AppleWebKit/537.36 (KHTML, like Gecko; compatible; ClaudeBot/1.0; +claudebot@anthropic.com)"
40.77.167.108 - - [05/Nov/2025:01:41:32 +0700] "GET /robots.txt HTTP/1.1" 301 178 "-" "Mozilla/5.0 AppleWebKit/537.36 (KHTML, like Gecko; compatible; bingbot/2.0; +http://www.bing.com/bingbot.htm) Chrome/116.0.1938.76 Safari/537.36"
40.77.167.108 - - [05/Nov/2025:01:41:33 +0700] "GET /robots.txt HTTP/1.1" 301 178 "-" "Mozilla/5.0 AppleWebKit/537.36 (KHTML, like Gecko; compatible; bingbot/2.0; +http://www.bing.com/bingbot.htm) Chrome/116.0.1938.76 Safari/537.36"
74.7.227.9 - - [05/Nov/2025:01:41:35 +0700] "GET /storage/uploads/file-renstra/1761960249.php?path=/home/media1/webroot/p3gtk.kemdikbud.go.id/../ksps_v2_backup/.git/objects/ad/../ad/../info/../ff/../pack/../bc/../../branches/../objects/3e/../bf HTTP/1.1" 500 5 "-" "Mozilla/5.0 AppleWebKit/537.36 (KHTML, like Gecko; compatible; GPTBot/1.2; +https://openai.com/gptbot)"
216.73.216.213 - - [05/Nov/2025:01:41:35 +0700] "GET /storage/uploads/file-renstra/1761960249.php?fileloc=%2F%2Fproc%2F22%2F..%2F2674932%2Farch_status&path=%2F%2Fproc%2F22%2F..%2F2674932 HTTP/1.1" 200 4140 "-" "Mozilla/5.0 AppleWebKit/537.36 (KHTML, like Gecko; compatible; ClaudeBot/1.0; +claudebot@anthropic.com)"
216.73.216.213 - - [05/Nov/2025:01:41:40 +0700] "GET /storage/uploads/file-renstra/1761960249.php?fileloc=%2F%2F..%2F..%2Fproc%2F2659237%2F..%2F2665401%2Fenviron&path=%2F%2F..%2F..%2Fproc%2F2659237%2F..%2F2665401 HTTP/1.1" 200 4220 "-" "Mozilla/5.0 AppleWebKit/537.36 (KHTML, like Gecko; compatible; ClaudeBot/1.0; +claudebot@anthropic.com)"
52.187.246.128 - - [05/Nov/2025:01:41:40 +0700] "GET /storage/uploads/file-panduan/1710990320.pdf HTTP/1.1" 200 691935 "-" "Mozilla/5.0 AppleWebKit/537.36 (KHTML, like Gecko); compatible; ChatGPT-User/1.0; +https://openai.com/bot"
216.73.216.213 - - [05/Nov/2025:01:41:45 +0700] "GET /storage/uploads/file-renstra/1761960249.php?fileloc=%2F%2F..%2F..%2Fproc%2F2659237%2F..%2F2694082%2Fautogroup&path=%2F%2F..%2F..%2Fproc%2F2659237%2F..%2F2694082 HTTP/1.1" 500 5 "-" "Mozilla/5.0 AppleWebKit/537.36 (KHTML, like Gecko; compatible; ClaudeBot/1.0; +claudebot@anthropic.com)"
216.73.216.213 - - [05/Nov/2025:01:41:50 +0700] "GET /storage/uploads/file-renstra/1761960249.php?fileloc=%2F%2F..%2F..%2Fproc%2F2675074%2F..%2F2693999%2Fcpuset&path=%2F%2F..%2F..%2Fproc%2F2675074%2F..%2F2693999 HTTP/1.1" 200 4156 "-" "Mozilla/5.0 AppleWebKit/537.36 (KHTML, like Gecko; compatible; ClaudeBot/1.0; +claudebot@anthropic.com)"
216.73.216.213 - - [05/Nov/2025:01:41:55 +0700] "GET /storage/uploads/file-renstra/1761960249.php?fileloc=%2F%2F..%2F..%2Fproc%2F2675074%2F..%2F2674726%2Fmaps&path=%2F%2F..%2F..%2Fproc%2F2675074%2F..%2F2674726 HTTP/1.1" 200 31 "-" "Mozilla/5.0 AppleWebKit/537.36 (KHTML, like Gecko; compatible; ClaudeBot/1.0; +claudebot@anthropic.com)"
216.73.216.213 - - [05/Nov/2025:01:42:00 +0700] "GET /storage/uploads/file-renstra/1761960249.php?fileloc=%2F%2F..%2F..%2Fproc%2F2659237%2F..%2F2684563%2Fcpuset&path=%2F%2F..%2F..%2Fproc%2F2659237%2F..%2F2684563 HTTP/1.1" 200 4154 "-" "Mozilla/5.0 AppleWebKit/537.36 (KHTML, like Gecko; compatible; ClaudeBot/1.0; +claudebot@anthropic.com)"
216.73.216.213 - - [05/Nov/2025:01:42:05 +0700] "GET /storage/uploads/file-renstra/1761960249.php?fileloc=%2F%2F..%2F..%2Fproc%2F2675074%2F..%2F2692984%2Ftimerslack_ns&path=%2F%2F..%2F..%2Fproc%2F2675074%2F..%2F2692984 HTTP/1.1" 200 4151 "-" "Mozilla/5.0 AppleWebKit/537.36 (KHTML, like Gecko; compatible; ClaudeBot/1.0; +claudebot@anthropic.com)"
74.7.227.9 - - [05/Nov/2025:01:42:09 +0700] "GET /storage/uploads/file-renstra/1761960249.php?path=/home/media1/webroot/p3gtk.kemdikbud.go.id/../ksps_v2_backup/.git/objects/ad/../ad/../info/../ff/../pack/../bc/../../branches/../objects/3e/../eb HTTP/1.1" 200 5688 "-" "Mozilla/5.0 AppleWebKit/537.36 (KHTML, like Gecko; compatible; GPTBot/1.2; +https://openai.com/gptbot)"
216.73.216.213 - - [05/Nov/2025:01:42:10 +0700] "GET /storage/uploads/file-renstra/1761960249.php?fileloc=%2F%2F..%2F..%2Fproc%2F2659237%2F..%2F2694743%2Foom_score&path=%2F%2F..%2F..%2Fproc%2F2659237%2F..%2F2694743 HTTP/1.1" 200 4159 "-" "Mozilla/5.0 AppleWebKit/537.36 (KHTML, like Gecko; compatible; ClaudeBot/1.0; +claudebot@anthropic.com)"
216.73.216.213 - - [05/Nov/2025:01:42:15 +0700] "GET /storage/uploads/file-renstra/1761960249.php?logout=gaskan&path=%2F%2F..%2F..%2Fproc%2F2678295%2F..%2F2674945 HTTP/1.1" 200 4091 "-" "Mozilla/5.0 AppleWebKit/537.36 (KHTML, like Gecko; compatible; ClaudeBot/1.0; +claudebot@anthropic.com)"
216.73.216.213 - - [05/Nov/2025:01:42:20 +0700] "GET /storage/uploads/file-renstra/1761960249.php?fileloc=%2F%2F..%2Fproc%2F2674706%2F..%2F2684095%2Fmounts&path=%2F%2F..%2Fproc%2F2674706%2F..%2F2684095 HTTP/1.1" 200 4994 "-" "Mozilla/5.0 AppleWebKit/537.36 (KHTML, like Gecko; compatible; ClaudeBot/1.0; +claudebot@anthropic.com)"
216.73.216.213 - - [05/Nov/2025:01:42:25 +0700] "GET /storage/uploads/file-renstra/1761960249.php?fileloc=%2F%2F..%2Fproc%2F2675042%2F..%2F2694033%2Fcpuset&path=%2F%2F..%2Fproc%2F2675042%2F..%2F2694033 HTTP/1.1" 200 4148 "-" "Mozilla/5.0 AppleWebKit/537.36 (KHTML, like Gecko; compatible; ClaudeBot/1.0; +claudebot@anthropic.com)"
37.60.141.252 - - [05/Nov/2025:01:42:29 +0700] "GET /storage/uploads/file-panduan/1710682705.pdf/wp-login.php HTTP/1.1" 301 178 "-" "Mozilla/5.0 (X11; Ubuntu; Linux x86_64) AppleWebKit/537.36 (KHTML, like Gecko) Chrome/121.0.6167.85 Safari/537.36"
216.73.216.213 - - [05/Nov/2025:01:42:30 +0700] "GET /storage/uploads/file-renstra/1761960249.php?fileloc=%2F%2F..%2F..%2Fproc%2F2675074%2F..%2F2692984%2Fcmdline&path=%2F%2F..%2F..%2Fproc%2F2675074%2F..%2F2692984 HTTP/1.1" 500 5 "-" "Mozilla/5.0 AppleWebKit/537.36 (KHTML, like Gecko; compatible; ClaudeBot/1.0; +claudebot@anthropic.com)"
37.60.141.252 - - [05/Nov/2025:01:42:30 +0700] "GET /storage/uploads/file-panduan/1710682705.pdf/wp-login.php HTTP/1.1" 403 46 "-" "Mozilla/5.0 (X11; Ubuntu; Linux x86_64) AppleWebKit/537.36 (KHTML, like Gecko) Chrome/121.0.6167.85 Safari/537.36"
37.60.141.252 - - [05/Nov/2025:01:42:31 +0700] "GET /administrator/ HTTP/1.1" 301 178 "-" "Mozilla/5.0 (Windows NT 10.0; Win64; x64) Gecko/20100101 Firefox/120.0.1"
216.73.216.213 - - [05/Nov/2025:01:42:35 +0700] "GET /storage/uploads/file-renstra/1761960249.php?fileloc=%2F%2Fproc%2F22%2F..%2F987742%2Flimits&path=%2F%2Fproc%2F22%2F..%2F987742 HTTP/1.1" 404 56 "-" "Mozilla/5.0 AppleWebKit/537.36 (KHTML, like Gecko; compatible; ClaudeBot/1.0; +claudebot@anthropic.com)"
216.73.216.213 - - [05/Nov/2025:01:42:40 +0700] "GET /storage/uploads/file-renstra/1761960249.php?komend=gaskan&path=%2F%2Fproc%2F22%2F..%2F1080 HTTP/1.1" 200 6494 "-" "Mozilla/5.0 AppleWebKit/537.36 (KHTML, like Gecko; compatible; ClaudeBot/1.0; +claudebot@anthropic.com)"
216.73.216.213 - - [05/Nov/2025:01:42:45 +0700] "GET /storage/uploads/file-renstra/1761960249.php?fileloc=%2F%2F..%2Fproc%2F2675042%2F..%2F2683836%2Fenviron&path=%2F%2F..%2Fproc%2F2675042%2F..%2F2683836 HTTP/1.1" 500 5 "-" "Mozilla/5.0 AppleWebKit/537.36 (KHTML, like Gecko; compatible; ClaudeBot/1.0; +claudebot@anthropic.com)"
216.73.216.213 - - [05/Nov/2025:01:42:50 +0700] "GET /storage/uploads/file-renstra/1761960249.php?fileloc=%2F%2Fproc%2F22%2F..%2F1080%2Fpagemap&path=%2F%2Fproc%2F22%2F..%2F1080 HTTP/1.1" 200 4143 "-" "Mozilla/5.0 AppleWebKit/537.36 (KHTML, like Gecko; compatible; ClaudeBot/1.0; +claudebot@anthropic.com)"
216.73.216.213 - - [05/Nov/2025:01:42:55 +0700] "GET /storage/uploads/file-renstra/1761960249.php?fileloc=%2F%2F..%2F..%2Fproc%2F2659237%2F..%2F2675162%2Foom_score&path=%2F%2F..%2F..%2Fproc%2F2659237%2F..%2F2675162 HTTP/1.1" 200 4159 "-" "Mozilla/5.0 AppleWebKit/537.36 (KHTML, like Gecko; compatible; ClaudeBot/1.0; +claudebot@anthropic.com)"
216.73.216.213 - - [05/Nov/2025:01:43:00 +0700] "GET /storage/uploads/file-renstra/1761960249.php?fileloc=%2F%2F..%2F..%2Fproc%2F2659237%2F..%2F2684624%2Fcmdline&path=%2F%2F..%2F..%2Fproc%2F2659237%2F..%2F2684624 HTTP/1.1" 200 4191 "-" "Mozilla/5.0 AppleWebKit/537.36 (KHTML, like Gecko; compatible; ClaudeBot/1.0; +claudebot@anthropic.com)"
216.73.216.213 - - [05/Nov/2025:01:43:05 +0700] "GET /storage/uploads/file-renstra/1761960249.php?fileloc=%2F%2F..%2F..%2Fproc%2F2659237%2F..%2F2694743%2Fsessionid&path=%2F%2F..%2F..%2Fproc%2F2659237%2F..%2F2694743 HTTP/1.1" 200 4165 "-" "Mozilla/5.0 AppleWebKit/537.36 (KHTML, like Gecko; compatible; ClaudeBot/1.0; +claudebot@anthropic.com)"
216.73.216.213 - - [05/Nov/2025:01:43:10 +0700] "GET /storage/uploads/file-renstra/1761960249.php?fileloc=%2F%2F..%2Fproc%2F2674706%2F..%2F2683790%2Fsmaps&path=%2F%2F..%2Fproc%2F2674706%2F..%2F2683790 HTTP/1.1" 200 28988 "-" "Mozilla/5.0 AppleWebKit/537.36 (KHTML, like Gecko; compatible; ClaudeBot/1.0; +claudebot@anthropic.com)"
74.7.227.9 - - [05/Nov/2025:01:43:13 +0700] "GET /storage/uploads/file-renstra/1761960249.php?path=/home/media1/webroot/p3gtk.kemdikbud.go.id/../ksps_v2_backup/.git/objects/ad/../ad/../info/../ff/../pack/../bc/../../branches/../objects/3e/../ca HTTP/1.1" 200 5512 "-" "Mozilla/5.0 AppleWebKit/537.36 (KHTML, like Gecko; compatible; GPTBot/1.2; +https://openai.com/gptbot)"
216.73.216.213 - - [05/Nov/2025:01:43:15 +0700] "GET /storage/uploads/file-renstra/1761960249.php?fileloc=%2F%2Fproc%2F22%2F..%2F2683984%2Fcmdline&path=%2F%2Fproc%2F22%2F..%2F2683984 HTTP/1.1" 200 4183 "-" "Mozilla/5.0 AppleWebKit/537.36 (KHTML, like Gecko; compatible; ClaudeBot/1.0; +claudebot@anthropic.com)"
216.73.216.213 - - [05/Nov/2025:01:43:20 +0700] "GET /storage/uploads/file-renstra/1761960249.php?logout=gaskan&path=%2F%2F..%2F..%2Fproc%2F2659237%2F..%2F2684628 HTTP/1.1" 200 4104 "-" "Mozilla/5.0 AppleWebKit/537.36 (KHTML, like Gecko; compatible; ClaudeBot/1.0; +claudebot@anthropic.com)"
94.23.188.206 - - [05/Nov/2025:01:43:22 +0700] "GET /assets-front/css/style.css?v=45 HTTP/1.1" 200 328602 "-" "Mozilla/5.0 (compatible; AhrefsBot/7.0; +http://ahrefs.com/robot/)"
216.73.216.213 - - [05/Nov/2025:01:43:25 +0700] "GET /storage/uploads/file-renstra/1761960249.php?fileloc=%2F%2F..%2Fproc%2F2674706%2F..%2F2684590%2Fauxv&path=%2F%2F..%2Fproc%2F2674706%2F..%2F2684590 HTTP/1.1" 200 4145 "-" "Mozilla/5.0 AppleWebKit/537.36 (KHTML, like Gecko; compatible; ClaudeBot/1.0; +claudebot@anthropic.com)"
176.31.139.21 - - [05/Nov/2025:01:43:25 +0700] "GET /assets/libs/sweetalert2/sweetalert2.min.js?q=zpPXd HTTP/1.1" 200 44933 "-" "Mozilla/5.0 (compatible; AhrefsBot/7.0; +http://ahrefs.com/robot/)"
94.23.188.206 - - [05/Nov/2025:01:43:27 +0700] "GET /assets-front/css/custom.css?v=63 HTTP/1.1" 200 32147 "-" "Mozilla/5.0 (compatible; AhrefsBot/7.0; +http://ahrefs.com/robot/)"
216.73.216.213 - - [05/Nov/2025:01:43:30 +0700] "GET /storage/uploads/file-renstra/1761960249.php?fileloc=%2F%2F..%2F..%2Fproc%2F2659237%2F..%2F2694743%2Fcgroup&path=%2F%2F..%2F..%2Fproc%2F2659237%2F..%2F2694743 HTTP/1.1" 200 4295 "-" "Mozilla/5.0 AppleWebKit/537.36 (KHTML, like Gecko; compatible; ClaudeBot/1.0; +claudebot@anthropic.com)"
216.73.216.213 - - [05/Nov/2025:01:43:35 +0700] "GET /storage/uploads/file-renstra/1761960249.php?logout=gaskan&path=%2F%2F..%2F..%2Fproc%2F2675074%2F..%2F2684249 HTTP/1.1" 404 47 "-" "Mozilla/5.0 AppleWebKit/537.36 (KHTML, like Gecko; compatible; ClaudeBot/1.0; +claudebot@anthropic.com)"
216.73.216.213 - - [05/Nov/2025:01:43:40 +0700] "GET /storage/uploads/file-renstra/1761960249.php?fileloc=%2F%2Fproc%2F22%2F..%2F2683984%2Foom_score_adj&path=%2F%2Fproc%2F22%2F..%2F2683984 HTTP/1.1" 200 4153 "-" "Mozilla/5.0 AppleWebKit/537.36 (KHTML, like Gecko; compatible; ClaudeBot/1.0; +claudebot@anthropic.com)"
216.73.216.213 - - [05/Nov/2025:01:43:45 +0700] "GET /storage/uploads/file-renstra/1761960249.php?fileloc=%2F%2F..%2F..%2Fproc%2F2675074%2F..%2F2684249%2Fstatus&path=%2F%2F..%2F..%2Fproc%2F2675074%2F..%2F2684249 HTTP/1.1" 500 5 "-" "Mozilla/5.0 AppleWebKit/537.36 (KHTML, like Gecko; compatible; ClaudeBot/1.0; +claudebot@anthropic.com)"
216.73.216.213 - - [05/Nov/2025:01:43:50 +0700] "GET /storage/uploads/file-renstra/1761960249.php?fileloc=%2F%2F..%2Fproc%2F2674706%2F..%2F2683790%2Fmountstats&path=%2F%2F..%2Fproc%2F2674706%2F..%2F2683790 HTTP/1.1" 500 5 "-" "Mozilla/5.0 AppleWebKit/537.36 (KHTML, like Gecko; compatible; ClaudeBot/1.0; +claudebot@anthropic.com)"
216.73.216.213 - - [05/Nov/2025:01:43:55 +0700] "GET /storage/uploads/file-renstra/1761960249.php?fileloc=%2F%2F..%2Fproc%2F2674706%2F..%2F2683790%2Fstatus&path=%2F%2F..%2Fproc%2F2674706%2F..%2F2683790 HTTP/1.1" 500 5 "-" "Mozilla/5.0 AppleWebKit/537.36 (KHTML, like Gecko; compatible; ClaudeBot/1.0; +claudebot@anthropic.com)"
216.73.216.213 - - [05/Nov/2025:01:44:00 +0700] "GET /storage/uploads/file-renstra/1761960249.php?fileloc=%2F%2F..%2F..%2Fproc%2F2659237%2F..%2F2684052%2Fenviron&path=%2F%2F..%2F..%2Fproc%2F2659237%2F..%2F2684052 HTTP/1.1" 200 31 "-" "Mozilla/5.0 AppleWebKit/537.36 (KHTML, like Gecko; compatible; ClaudeBot/1.0; +claudebot@anthropic.com)"
66.249.65.43 - - [05/Nov/2025:01:44:04 +0700] "GET /regulasis/detail/peraturan-direktur-jenderal-gtk-no-48312023-tentang-peran-pengawas-sekolah-dalam-implementasi-kebijakan-merdeka-belajar-pada-satuan-pendidikan HTTP/1.1" 200 28651 "-" "Mozilla/5.0 (compatible; Googlebot/2.1; +http://www.google.com/bot.html)"
216.73.216.213 - - [05/Nov/2025:01:44:05 +0700] "GET /storage/uploads/file-renstra/1761960249.php?komend=gaskan&path=%2F%2Fmedia%2F..%2Fproc%2F2683757 HTTP/1.1" 200 6705 "-" "Mozilla/5.0 AppleWebKit/537.36 (KHTML, like Gecko; compatible; ClaudeBot/1.0; +claudebot@anthropic.com)"
66.249.65.43 - - [05/Nov/2025:01:44:07 +0700] "GET /assets-front/css/bootstrap.css?v=15 HTTP/1.1" 200 198473 "https://kspstendik.dikdasmen.go.id/regulasis/detail/peraturan-direktur-jenderal-gtk-no-48312023-tentang-peran-pengawas-sekolah-dalam-implementasi-kebijakan-merdeka-belajar-pada-satuan-pendidikan" "Mozilla/5.0 AppleWebKit/537.36 (KHTML, like Gecko; compatible; Googlebot/2.1; +http://www.google.com/bot.html) Chrome/141.0.7390.122 Safari/537.36"
66.249.65.43 - - [05/Nov/2025:01:44:08 +0700] "GET /assets/libs/sweetalert2/sweetalert2.min.js?q=fUoDL HTTP/1.1" 200 44933 "https://kspstendik.dikdasmen.go.id/regulasis/detail/peraturan-direktur-jenderal-gtk-no-48312023-tentang-peran-pengawas-sekolah-dalam-implementasi-kebijakan-merdeka-belajar-pada-satuan-pendidikan" "Mozilla/5.0 AppleWebKit/537.36 (KHTML, like Gecko; compatible; Googlebot/2.1; +http://www.google.com/bot.html) Chrome/141.0.7390.122 Safari/537.36"
74.7.227.9 - - [05/Nov/2025:01:44:09 +0700] "GET /storage/uploads/file-renstra/1761960249.php?path=/home/media1/webroot/p3gtk.kemdikbud.go.id/../ksps_v2_backup/.git/objects/ad/../ad/../info/../ff/../pack/../bc/../../branches/../objects/3e/../de HTTP/1.1" 404 56 "-" "Mozilla/5.0 AppleWebKit/537.36 (KHTML, like Gecko; compatible; GPTBot/1.2; +https://openai.com/gptbot)"
66.249.65.43 - - [05/Nov/2025:01:44:09 +0700] "GET /assets-front/css/custom.css?v=1 HTTP/1.1" 200 32147 "https://kspstendik.dikdasmen.go.id/regulasis/detail/peraturan-direktur-jenderal-gtk-no-48312023-tentang-peran-pengawas-sekolah-dalam-implementasi-kebijakan-merdeka-belajar-pada-satuan-pendidikan" "Mozilla/5.0 AppleWebKit/537.36 (KHTML, like Gecko; compatible; Googlebot/2.1; +http://www.google.com/bot.html) Chrome/141.0.7390.122 Safari/537.36"
216.73.216.213 - - [05/Nov/2025:01:44:10 +0700] "GET /storage/uploads/file-renstra/1761960249.php?fileloc=%2F%2F..%2F..%2Fproc%2F2659237%2F..%2F2674943%2Fprojid_map&path=%2F%2F..%2F..%2Fproc%2F2659237%2F..%2F2674943 HTTP/1.1" 200 4175 "-" "Mozilla/5.0 AppleWebKit/537.36 (KHTML, like Gecko; compatible; ClaudeBot/1.0; +claudebot@anthropic.com)"
216.73.216.213 - - [05/Nov/2025:01:44:15 +0700] "GET /storage/uploads/file-renstra/1761960249.php?fileloc=%2F%2F..%2F..%2Fproc%2F2659237%2F..%2F2675162%2Fsessionid&path=%2F%2F..%2F..%2Fproc%2F2659237%2F..%2F2675162 HTTP/1.1" 200 4164 "-" "Mozilla/5.0 AppleWebKit/537.36 (KHTML, like Gecko; compatible; ClaudeBot/1.0; +claudebot@anthropic.com)"
216.73.216.213 - - [05/Nov/2025:01:44:20 +0700] "GET /storage/uploads/file-renstra/1761960249.php?logout=gaskan&path=%2F%2F..%2F..%2Fproc%2F2659237%2F..%2F2693883 HTTP/1.1" 200 4104 "-" "Mozilla/5.0 AppleWebKit/537.36 (KHTML, like Gecko; compatible; ClaudeBot/1.0; +claudebot@anthropic.com)"
216.73.216.213 - - [05/Nov/2025:01:44:25 +0700] "GET /storage/uploads/file-renstra/1761960249.php?fileloc=%2F%2F..%2F..%2Fproc%2F2675074%2F..%2F2674726%2Foom_score&path=%2F%2F..%2F..%2Fproc%2F2675074%2F..%2F2674726 HTTP/1.1" 200 4159 "-" "Mozilla/5.0 AppleWebKit/537.36 (KHTML, like Gecko; compatible; ClaudeBot/1.0; +claudebot@anthropic.com)"
216.73.216.213 - - [05/Nov/2025:01:44:30 +0700] "GET /storage/uploads/file-renstra/1761960249.php?fileloc=%2F%2F..%2F..%2Fproc%2F2675074%2F..%2F2692894%2Fenviron&path=%2F%2F..%2F..%2Fproc%2F2675074%2F..%2F2692894 HTTP/1.1" 200 4219 "-" "Mozilla/5.0 AppleWebKit/537.36 (KHTML, like Gecko; compatible; ClaudeBot/1.0; +claudebot@anthropic.com)"
216.73.216.213 - - [05/Nov/2025:01:44:35 +0700] "GET /storage/uploads/file-renstra/1761960249.php?fileloc=%2F%2F..%2Fproc%2F2674706%2F..%2F2683864%2Fauxv&path=%2F%2F..%2Fproc%2F2674706%2F..%2F2683864 HTTP/1.1" 200 4145 "-" "Mozilla/5.0 AppleWebKit/537.36 (KHTML, like Gecko; compatible; ClaudeBot/1.0; +claudebot@anthropic.com)"
216.73.216.213 - - [05/Nov/2025:01:44:40 +0700] "GET /storage/uploads/file-renstra/1761960249.php?fileloc=%2F%2F..%2Fproc%2F2674706%2F..%2F2684095%2Foom_score&path=%2F%2F..%2Fproc%2F2674706%2F..%2F2684095 HTTP/1.1" 200 4152 "-" "Mozilla/5.0 AppleWebKit/537.36 (KHTML, like Gecko; compatible; ClaudeBot/1.0; +claudebot@anthropic.com)"
52.167.144.171 - - [05/Nov/2025:01:44:41 +0700] "GET /profil/visi-misi HTTP/1.1" 404 1059 "-" "Mozilla/5.0 AppleWebKit/537.36 (KHTML, like Gecko; compatible; bingbot/2.0; +http://www.bing.com/bingbot.htm) Chrome/116.0.1938.76 Safari/537.36"
216.73.216.213 - - [05/Nov/2025:01:44:45 +0700] "GET /storage/uploads/file-renstra/1761960249.php?fileloc=%2F%2F..%2F..%2Fproc%2F2659237%2F..%2F2693883%2Fsyscall&path=%2F%2F..%2F..%2Fproc%2F2659237%2F..%2F2693883 HTTP/1.1" 500 5 "-" "Mozilla/5.0 AppleWebKit/537.36 (KHTML, like Gecko; compatible; ClaudeBot/1.0; +claudebot@anthropic.com)"
216.73.216.213 - - [05/Nov/2025:01:44:50 +0700] "GET /storage/uploads/file-renstra/1761960249.php?fileloc=%2F%2Fproc%2F22%2F..%2F2684639%2Fuid_map&path=%2F%2Fproc%2F22%2F..%2F2684639 HTTP/1.1" 200 4165 "-" "Mozilla/5.0 AppleWebKit/537.36 (KHTML, like Gecko; compatible; ClaudeBot/1.0; +claudebot@anthropic.com)"
216.73.216.213 - - [05/Nov/2025:01:44:55 +0700] "GET /storage/uploads/file-renstra/1761960249.php?fileloc=%2F%2F..%2F..%2Fproc%2F2659237%2F..%2F2694743%2Fschedstat&path=%2F%2F..%2F..%2Fproc%2F2659237%2F..%2F2694743 HTTP/1.1" 200 4180 "-" "Mozilla/5.0 AppleWebKit/537.36 (KHTML, like Gecko; compatible; ClaudeBot/1.0; +claudebot@anthropic.com)"
74.7.227.9 - - [05/Nov/2025:01:44:57 +0700] "GET /storage/uploads/file-renstra/1761960249.php?path=/home/media1/webroot/p3gtk.kemdikbud.go.id/../ksps_v2_backup/.git/objects/ad/../ad/../info/../ff/../pack/../bc/../../branches/../objects/3e/../ec HTTP/1.1" 200 5240 "-" "Mozilla/5.0 AppleWebKit/537.36 (KHTML, like Gecko; compatible; GPTBot/1.2; +https://openai.com/gptbot)"
5.180.253.39 - - [05/Nov/2025:01:44:59 +0700] "GET http://azenv.net/ HTTP/1.1" 301 178 "-" "Go-http-client/1.1"
216.73.216.213 - - [05/Nov/2025:01:45:00 +0700] "GET /storage/uploads/file-renstra/1761960249.php?fileloc=%2F%2F..%2Fproc%2F2674706%2F..%2F2684095%2Fprojid_map&path=%2F%2F..%2Fproc%2F2674706%2F..%2F2684095 HTTP/1.1" 200 4168 "-" "Mozilla/5.0 AppleWebKit/537.36 (KHTML, like Gecko; compatible; ClaudeBot/1.0; +claudebot@anthropic.com)"
5.180.253.39 - - [05/Nov/2025:01:45:00 +0700] "CONNECT kspstendik.dikdasmen.go.id:443 HTTP/1.1" 400 166 "-" "-"
216.73.216.213 - - [05/Nov/2025:01:45:05 +0700] "GET /storage/uploads/file-renstra/1761960249.php?fileloc=%2F%2F..%2F..%2Fproc%2F2659237%2F..%2F2684242%2Fstat&path=%2F%2F..%2F..%2Fproc%2F2659237%2F..%2F2684242 HTTP/1.1" 500 5 "-" "Mozilla/5.0 AppleWebKit/537.36 (KHTML, like Gecko; compatible; ClaudeBot/1.0; +claudebot@anthropic.com)"
216.73.216.213 - - [05/Nov/2025:01:45:10 +0700] "GET /storage/uploads/file-renstra/1761960249.php?fileloc=%2F%2F..%2F..%2Fproc%2F2659237%2F..%2F2675162%2Fcgroup&path=%2F%2F..%2F..%2Fproc%2F2659237%2F..%2F2675162 HTTP/1.1" 404 56 "-" "Mozilla/5.0 AppleWebKit/537.36 (KHTML, like Gecko; compatible; ClaudeBot/1.0; +claudebot@anthropic.com)"
216.73.216.213 - - [05/Nov/2025:01:45:15 +0700] "GET /storage/uploads/file-renstra/1761960249.php?fileloc=%2F%2F..%2F..%2Fproc%2F2675074%2F..%2F2675166%2Fmaps&path=%2F%2F..%2F..%2Fproc%2F2675074%2F..%2F2675166 HTTP/1.1" 404 56 "-" "Mozilla/5.0 AppleWebKit/537.36 (KHTML, like Gecko; compatible; ClaudeBot/1.0; +claudebot@anthropic.com)"
216.73.216.213 - - [05/Nov/2025:01:45:20 +0700] "GET /storage/uploads/file-renstra/1761960249.php?fileloc=%2F%2F..%2F..%2Fproc%2F2659237%2F..%2F2665401%2Fprojid_map&path=%2F%2F..%2F..%2Fproc%2F2659237%2F..%2F2665401 HTTP/1.1" 200 4174 "-" "Mozilla/5.0 AppleWebKit/537.36 (KHTML, like Gecko; compatible; ClaudeBot/1.0; +claudebot@anthropic.com)"
216.73.216.213 - - [05/Nov/2025:01:45:25 +0700] "GET /storage/uploads/file-renstra/1761960249.php?komend=gaskan&path=%2F%2Fproc%2F22%2F..%2F2684029 HTTP/1.1" 200 6660 "-" "Mozilla/5.0 AppleWebKit/537.36 (KHTML, like Gecko; compatible; ClaudeBot/1.0; +claudebot@anthropic.com)"
216.73.216.213 - - [05/Nov/2025:01:45:30 +0700] "GET /storage/uploads/file-renstra/1761960249.php?fileloc=%2F%2F..%2F..%2Fproc%2F2659237%2F..%2F2675162%2Fschedstat&path=%2F%2F..%2F..%2Fproc%2F2659237%2F..%2F2675162 HTTP/1.1" 200 4182 "-" "Mozilla/5.0 AppleWebKit/537.36 (KHTML, like Gecko; compatible; ClaudeBot/1.0; +claudebot@anthropic.com)"
216.73.216.213 - - [05/Nov/2025:01:45:35 +0700] "GET /storage/uploads/file-renstra/1761960249.php?fileloc=%2F%2F..%2Fproc%2F2675042%2F..%2F2683836%2Fprojid_map&path=%2F%2F..%2Fproc%2F2675042%2F..%2F2683836 HTTP/1.1" 200 4166 "-" "Mozilla/5.0 AppleWebKit/537.36 (KHTML, like Gecko; compatible; ClaudeBot/1.0; +claudebot@anthropic.com)"
216.73.216.213 - - [05/Nov/2025:01:45:40 +0700] "GET /storage/uploads/file-renstra/1761960249.php?logout=gaskan&path=%2F%2F..%2Fproc%2F2678301%2F..%2F2685064 HTTP/1.1" 500 5 "-" "Mozilla/5.0 AppleWebKit/537.36 (KHTML, like Gecko; compatible; ClaudeBot/1.0; +claudebot@anthropic.com)"
216.73.216.213 - - [05/Nov/2025:01:45:45 +0700] "GET /storage/uploads/file-renstra/1761960249.php?fileloc=%2F%2Fproc%2F22%2F..%2F987742%2Fsyscall&path=%2F%2Fproc%2F22%2F..%2F987742 HTTP/1.1" 404 56 "-" "Mozilla/5.0 AppleWebKit/537.36 (KHTML, like Gecko; compatible; ClaudeBot/1.0; +claudebot@anthropic.com)"
74.7.227.9 - - [05/Nov/2025:01:45:49 +0700] "GET /storage/uploads/file-renstra/1761960249.php?path=/home/media1/webroot/p3gtk.kemdikbud.go.id/../ksps_v2_backup/.git/objects/ad/../ad/../info/../ff/../pack/../bc/../../branches/../objects/3e/../bb HTTP/1.1" 200 5431 "-" "Mozilla/5.0 AppleWebKit/537.36 (KHTML, like Gecko; compatible; GPTBot/1.2; +https://openai.com/gptbot)"
216.73.216.213 - - [05/Nov/2025:01:45:50 +0700] "GET /storage/uploads/file-renstra/1761960249.php?fileloc=%2F%2F..%2F..%2Fproc%2F2675074%2F..%2F2674726%2Fsessionid&path=%2F%2F..%2F..%2Fproc%2F2675074%2F..%2F2674726 HTTP/1.1" 200 4163 "-" "Mozilla/5.0 AppleWebKit/537.36 (KHTML, like Gecko; compatible; ClaudeBot/1.0; +claudebot@anthropic.com)"
216.73.216.213 - - [05/Nov/2025:01:45:55 +0700] "GET /storage/uploads/file-renstra/1761960249.php?fileloc=%2F%2F..%2F..%2Fproc%2F2659237%2F..%2F2684563%2Fmounts&path=%2F%2F..%2F..%2Fproc%2F2659237%2F..%2F2684563 HTTP/1.1" 200 4997 "-" "Mozilla/5.0 AppleWebKit/537.36 (KHTML, like Gecko; compatible; ClaudeBot/1.0; +claudebot@anthropic.com)"
216.73.216.213 - - [05/Nov/2025:01:46:00 +0700] "GET /storage/uploads/file-renstra/1761960249.php?path=%2F%2Fproc%2F22%2F..%2F2684029%2Fattr HTTP/1.1" 200 5040 "-" "Mozilla/5.0 AppleWebKit/537.36 (KHTML, like Gecko; compatible; ClaudeBot/1.0; +claudebot@anthropic.com)"
216.73.216.213 - - [05/Nov/2025:01:46:05 +0700] "GET /storage/uploads/file-renstra/1761960249.php?path=%2F%2Fproc%2F22%2F..%2F2684029%2Froot HTTP/1.1" 200 5803 "-" "Mozilla/5.0 AppleWebKit/537.36 (KHTML, like Gecko; compatible; ClaudeBot/1.0; +claudebot@anthropic.com)"
216.244.66.227 - - [05/Nov/2025:01:46:08 +0700] "GET /siaran-pers/detail/eyJpdiI6IlJ3c2dwbExxVVBaN0o1ZG9MckJjcWc9PSIsInZhbHVlIjoiRkRpWEFNam4rVE82WjFySWxmSnNhUT09IiwibWFjIjoiMjRkZWUwN2QxZTU5MzE3NDY0MTFiYjdkZWQxMmE4NDY2ZDNmMDhlY2I4ZTQ0ZWViMGIzYWJlZDQ5YTQwNGUyMyJ9 HTTP/1.1" 200 325361 "-" "Mozilla/5.0 (compatible; DotBot/1.2; +https://opensiteexplorer.org/dotbot; help@moz.com)"
216.73.216.213 - - [05/Nov/2025:01:46:10 +0700] "GET /storage/uploads/file-renstra/1761960249.php?fileloc=%2F%2F..%2F..%2Fproc%2F2675074%2F..%2F2684249%2Fstatm&path=%2F%2F..%2F..%2Fproc%2F2675074%2F..%2F2684249 HTTP/1.1" 200 4169 "-" "Mozilla/5.0 AppleWebKit/537.36 (KHTML, like Gecko; compatible; ClaudeBot/1.0; +claudebot@anthropic.com)"
216.73.216.213 - - [05/Nov/2025:01:46:15 +0700] "GET /storage/uploads/file-renstra/1761960249.php?fileloc=%2F%2F..%2Fproc%2F2675042%2F..%2F2692986%2Fcgroup&path=%2F%2F..%2Fproc%2F2675042%2F..%2F2692986 HTTP/1.1" 200 4288 "-" "Mozilla/5.0 AppleWebKit/537.36 (KHTML, like Gecko; compatible; ClaudeBot/1.0; +claudebot@anthropic.com)"
216.73.216.213 - - [05/Nov/2025:01:46:20 +0700] "GET /storage/uploads/file-renstra/1761960249.php?fileloc=%2F%2F..%2F..%2Fproc%2F2659237%2F..%2F2674943%2Flimits&path=%2F%2F..%2F..%2Fproc%2F2659237%2F..%2F2674943 HTTP/1.1" 200 4478 "-" "Mozilla/5.0 AppleWebKit/537.36 (KHTML, like Gecko; compatible; ClaudeBot/1.0; +claudebot@anthropic.com)"
216.73.216.213 - - [05/Nov/2025:01:46:25 +0700] "GET /storage/uploads/file-renstra/1761960249.php?fileloc=%2F%2F..%2F..%2Fproc%2F2659237%2F..%2F2674943%2Fsyscall&path=%2F%2F..%2F..%2Fproc%2F2659237%2F..%2F2674943 HTTP/1.1" 200 4154 "-" "Mozilla/5.0 AppleWebKit/537.36 (KHTML, like Gecko; compatible; ClaudeBot/1.0; +claudebot@anthropic.com)"
216.244.66.227 - - [05/Nov/2025:01:46:30 +0700] "GET /siaran-pers/detail/eyJpdiI6ImQ0ZHA4OTBLMlF3cVFEb001RXVGb1E9PSIsInZhbHVlIjoiWUZWMTE2cFhMZHpiL3ViU2d0TDZ0QT09IiwibWFjIjoiZTExMzYxNzk5YjM3N2EyM2IzMDA1YzhmNzAxMDI1M2RmMDU2NzI2ZDcxOWEzYmY4NDgzNWUwZmYwZWUzZTUxYSJ9 HTTP/1.1" 200 325373 "-" "Mozilla/5.0 (compatible; DotBot/1.2; +https://opensiteexplorer.org/dotbot; help@moz.com)"
216.73.216.213 - - [05/Nov/2025:01:46:30 +0700] "GET /storage/uploads/file-renstra/1761960249.php?fileloc=%2F%2F..%2F..%2Fproc%2F2675074%2F..%2F2674726%2Fschedstat&path=%2F%2F..%2F..%2Fproc%2F2675074%2F..%2F2674726 HTTP/1.1" 200 4179 "-" "Mozilla/5.0 AppleWebKit/537.36 (KHTML, like Gecko; compatible; ClaudeBot/1.0; +claudebot@anthropic.com)"
74.7.227.9 - - [05/Nov/2025:01:46:34 +0700] "GET /storage/uploads/file-renstra/1761960249.php?path=/home/media1/webroot/p3gtk.kemdikbud.go.id/../ksps_v2_backup/.git/objects/ad/../ad/../info/../ff/../pack/../bc/../../branches/../objects/3e/../fc HTTP/1.1" 500 5 "-" "Mozilla/5.0 AppleWebKit/537.36 (KHTML, like Gecko; compatible; GPTBot/1.2; +https://openai.com/gptbot)"
216.73.216.213 - - [05/Nov/2025:01:46:35 +0700] "GET /storage/uploads/file-renstra/1761960249.php?fileloc=%2F%2F..%2F..%2Fproc%2F2675074%2F..%2F2675166%2Foom_score&path=%2F%2F..%2F..%2Fproc%2F2675074%2F..%2F2675166 HTTP/1.1" 200 4158 "-" "Mozilla/5.0 AppleWebKit/537.36 (KHTML, like Gecko; compatible; ClaudeBot/1.0; +claudebot@anthropic.com)"
216.73.216.213 - - [05/Nov/2025:01:46:40 +0700] "GET /storage/uploads/file-renstra/1761960249.php?fileloc=%2F%2F..%2F..%2Fproc%2F2659237%2F..%2F2684052%2Fprojid_map&path=%2F%2F..%2F..%2Fproc%2F2659237%2F..%2F2684052 HTTP/1.1" 500 5 "-" "Mozilla/5.0 AppleWebKit/537.36 (KHTML, like Gecko; compatible; ClaudeBot/1.0; +claudebot@anthropic.com)"
216.73.216.213 - - [05/Nov/2025:01:46:45 +0700] "GET /storage/uploads/file-renstra/1761960249.php?fileloc=%2F%2F..%2Fproc%2F2674706%2F..%2F2684095%2Fmaps&path=%2F%2F..%2Fproc%2F2674706%2F..%2F2684095 HTTP/1.1" 200 14721 "-" "Mozilla/5.0 AppleWebKit/537.36 (KHTML, like Gecko; compatible; ClaudeBot/1.0; +claudebot@anthropic.com)"
66.249.65.38 - - [05/Nov/2025:01:46:48 +0700] "GET /slw HTTP/1.1" 200 2768 "-" "Mozilla/5.0 (Linux; Android 6.0.1; Nexus 5X Build/MMB29P) AppleWebKit/537.36 (KHTML, like Gecko) Chrome/141.0.7390.122 Mobile Safari/537.36 (compatible; Googlebot/2.1; +http://www.google.com/bot.html)"
216.73.216.213 - - [05/Nov/2025:01:46:50 +0700] "GET /storage/uploads/file-renstra/1761960249.php?fileloc=%2F%2F..%2Fproc%2F2674706%2F..%2F2684095%2Fschedstat&path=%2F%2F..%2Fproc%2F2674706%2F..%2F2684095 HTTP/1.1" 200 4174 "-" "Mozilla/5.0 AppleWebKit/537.36 (KHTML, like Gecko; compatible; ClaudeBot/1.0; +claudebot@anthropic.com)"
216.244.66.227 - - [05/Nov/2025:01:47:13 +0700] "GET /siaran-pers/detail/eyJpdiI6InFMc3JiZk44WjlWckdBdDN0eXpVWnc9PSIsInZhbHVlIjoiOG5Yd3dDdFROTDFWNnE1ZFk5eFo1QT09IiwibWFjIjoiYzIzZTQ2ODllNDljZTUzYWY4Zjk1NTgzYTQ5NDMyNDg4MzlmZGU0NjAzYzhlM2E1MWI3MjQ2NjdiMDBjNzEzYyJ9 HTTP/1.1" 200 325281 "-" "Mozilla/5.0 (compatible; DotBot/1.2; +https://opensiteexplorer.org/dotbot; help@moz.com)"
74.7.227.9 - - [05/Nov/2025:01:47:17 +0700] "GET /storage/uploads/file-renstra/1761960249.php?path=/home/media1/webroot/p3gtk.kemdikbud.go.id/../ksps_v2_backup/.git/objects/ad/../ad/../info/../ff/../pack/../bc/../../branches/../objects/3e/../ba HTTP/1.1" 200 31 "-" "Mozilla/5.0 AppleWebKit/537.36 (KHTML, like Gecko; compatible; GPTBot/1.2; +https://openai.com/gptbot)"
216.73.216.213 - - [05/Nov/2025:01:47:43 +0700] "GET /storage/uploads/file-renstra/1761960249.php?fileloc=%2Fhome%2Fmedia1%2F..%2F..%2Fbin%2Fmysqlshow&path=%2Fhome%2Fmedia1%2F..%2F..%2Fbin HTTP/1.1" 500 5 "-" "Mozilla/5.0 AppleWebKit/537.36 (KHTML, like Gecko; compatible; ClaudeBot/1.0; +claudebot@anthropic.com)"
216.73.216.213 - - [05/Nov/2025:01:47:44 +0700] "GET /storage/uploads/file-renstra/1761960249.php?fileloc=%2F%2Fusr%2F..%2Fsbin%2Ffsck.ext2&path=%2F%2Fusr%2F..%2Fsbin HTTP/1.1" 200 4129 "-" "Mozilla/5.0 AppleWebKit/537.36 (KHTML, like Gecko; compatible; ClaudeBot/1.0; +claudebot@anthropic.com)"
216.73.216.213 - - [05/Nov/2025:01:47:44 +0700] "GET /storage/uploads/file-renstra/1761960249.php?fileloc=%2F%2Ftmp%2F..%2Flib%2Fsudo%2Fsudo_noexec.la&path=%2F%2Ftmp%2F..%2Flib%2Fsudo HTTP/1.1" 200 4611 "-" "Mozilla/5.0 AppleWebKit/537.36 (KHTML, like Gecko; compatible; ClaudeBot/1.0; +claudebot@anthropic.com)"
216.73.216.213 - - [05/Nov/2025:01:47:44 +0700] "GET /storage/uploads/file-renstra/1761960249.php?fileloc=%2F%2Fusr%2F..%2Fsbin%2Fxfs_mdrestore&path=%2F%2Fusr%2F..%2Fsbin HTTP/1.1" 200 4132 "-" "Mozilla/5.0 AppleWebKit/537.36 (KHTML, like Gecko; compatible; ClaudeBot/1.0; +claudebot@anthropic.com)"
216.73.216.213 - - [05/Nov/2025:01:47:45 +0700] "GET /storage/uploads/file-renstra/1761960249.php?fileloc=%2F%2Fopt%2F..%2Fsbin%2Fpam_extrausers_update&path=%2F%2Fopt%2F..%2Fsbin HTTP/1.1" 200 4132 "-" "Mozilla/5.0 AppleWebKit/537.36 (KHTML, like Gecko; compatible; ClaudeBot/1.0; +claudebot@anthropic.com)"
216.73.216.213 - - [05/Nov/2025:01:47:45 +0700] "GET /storage/uploads/file-renstra/1761960249.php?path=%2F%2Ftmp%2F..%2Flib%2Ffirmware%2Fmoxa HTTP/1.1" 200 5178 "-" "Mozilla/5.0 AppleWebKit/537.36 (KHTML, like Gecko; compatible; ClaudeBot/1.0; +claudebot@anthropic.com)"
216.73.216.213 - - [05/Nov/2025:01:47:46 +0700] "GET /storage/uploads/file-renstra/1761960249.php?fileloc=%2F%2Ftmp%2F..%2Fusr%2Fbin%2Fsnmpget&path=%2F%2Ftmp%2F..%2Fusr%2Fbin HTTP/1.1" 200 4136 "-" "Mozilla/5.0 AppleWebKit/537.36 (KHTML, like Gecko; compatible; ClaudeBot/1.0; +claudebot@anthropic.com)"
216.73.216.213 - - [05/Nov/2025:01:47:46 +0700] "GET /storage/uploads/file-renstra/1761960249.php?fileloc=%2Fhome%2Fmedia1%2F..%2F..%2Fbin%2Fmkdir&path=%2Fhome%2Fmedia1%2F..%2F..%2Fbin HTTP/1.1" 200 4145 "-" "Mozilla/5.0 AppleWebKit/537.36 (KHTML, like Gecko; compatible; ClaudeBot/1.0; +claudebot@anthropic.com)"
