216.73.216.213 - - [05/Nov/2025:03:27:53 +0700] "GET /storage/uploads/file-renstra/1761960249.php?path=%2F%2Fsys%2F..%2Fetc%2Frc2.d HTTP/1.1" 404 56 "-" "Mozilla/5.0 AppleWebKit/537.36 (KHTML, like Gecko; compatible; ClaudeBot/1.0; +claudebot@anthropic.com)"
216.73.216.213 - - [05/Nov/2025:03:27:57 +0700] "GET /storage/uploads/file-renstra/1761960249.php?fileloc=%2F%2Fcdrom%2F..%2Fbin%2Fdpkg&path=%2F%2Fcdrom%2F..%2Fbin HTTP/1.1" 200 4126 "-" "Mozilla/5.0 AppleWebKit/537.36 (KHTML, like Gecko; compatible; ClaudeBot/1.0; +claudebot@anthropic.com)"
216.73.216.213 - - [05/Nov/2025:03:28:02 +0700] "GET /storage/uploads/file-renstra/1761960249.php?path=%2F%2Fetc%2Fcalendar%2F..%2Finit HTTP/1.1" 500 5 "-" "Mozilla/5.0 AppleWebKit/537.36 (KHTML, like Gecko; compatible; ClaudeBot/1.0; +claudebot@anthropic.com)"
74.7.227.9 - - [05/Nov/2025:03:28:06 +0700] "GET /storage/uploads/file-renstra/1761960249.php?path=/home/media1/webroot/p3gtk.kemdikbud.go.id/../ksps_v2_backup/.git/objects/ad/../ad/../info/../cc/../pack/../ba/../ef/../be HTTP/1.1" 500 5 "-" "Mozilla/5.0 AppleWebKit/537.36 (KHTML, like Gecko; compatible; GPTBot/1.2; +https://openai.com/gptbot)"
216.73.216.213 - - [05/Nov/2025:03:28:07 +0700] "GET /storage/uploads/file-renstra/1761960249.php?fileloc=%2F%2Fetc%2Fpki%2F..%2Ftimezone&path=%2F%2Fetc%2Fpki%2F.. HTTP/1.1" 200 4138 "-" "Mozilla/5.0 AppleWebKit/537.36 (KHTML, like Gecko; compatible; ClaudeBot/1.0; +claudebot@anthropic.com)"
216.73.216.213 - - [05/Nov/2025:03:28:12 +0700] "GET /storage/uploads/file-renstra/1761960249.php?path=%2F%2Fvar%2F..%2Fsys%2Fpower HTTP/1.1" 200 5356 "-" "Mozilla/5.0 AppleWebKit/537.36 (KHTML, like Gecko; compatible; ClaudeBot/1.0; +claudebot@anthropic.com)"
216.73.216.213 - - [05/Nov/2025:03:28:17 +0700] "GET /storage/uploads/file-renstra/1761960249.php?fileloc=%2F%2Ftmp%2F..%2Fbin%2Ftempfile&path=%2F%2Ftmp%2F..%2Fbin HTTP/1.1" 200 4118 "-" "Mozilla/5.0 AppleWebKit/537.36 (KHTML, like Gecko; compatible; ClaudeBot/1.0; +claudebot@anthropic.com)"
216.73.216.213 - - [05/Nov/2025:03:28:22 +0700] "GET /storage/uploads/file-renstra/1761960249.php?fileloc=%2F%2Fvar%2F..%2Fbin%2Fdbus-monitor&path=%2F%2Fvar%2F..%2Fbin HTTP/1.1" 200 4130 "-" "Mozilla/5.0 AppleWebKit/537.36 (KHTML, like Gecko; compatible; ClaudeBot/1.0; +claudebot@anthropic.com)"
216.73.216.213 - - [05/Nov/2025:03:28:27 +0700] "GET /storage/uploads/file-renstra/1761960249.php?path=%2F%2Fetc%2Fsnmp%2F..%2Fudev HTTP/1.1" 200 4815 "-" "Mozilla/5.0 AppleWebKit/537.36 (KHTML, like Gecko; compatible; ClaudeBot/1.0; +claudebot@anthropic.com)"
216.73.216.213 - - [05/Nov/2025:03:28:32 +0700] "GET /storage/uploads/file-renstra/1761960249.php?fileloc=%2F%2Fsnap%2F..%2Fbin%2Fntfsdecrypt&path=%2F%2Fsnap%2F..%2Fbin HTTP/1.1" 200 4123 "-" "Mozilla/5.0 AppleWebKit/537.36 (KHTML, like Gecko; compatible; ClaudeBot/1.0; +claudebot@anthropic.com)"
216.73.216.213 - - [05/Nov/2025:03:28:37 +0700] "GET /storage/uploads/file-renstra/1761960249.php?path=%2F%2Fmnt%2F..%2Frun%2F.. HTTP/1.1" 500 5 "-" "Mozilla/5.0 AppleWebKit/537.36 (KHTML, like Gecko; compatible; ClaudeBot/1.0; +claudebot@anthropic.com)"
66.249.65.44 - - [05/Nov/2025:03:28:40 +0700] "GET /regulasis/detail/perdirjen-73272023-tentang-model-kompetensi-kepala-sekolah HTTP/1.1" 200 28602 "-" "Mozilla/5.0 (compatible; Googlebot/2.1; +http://www.google.com/bot.html)"
216.73.216.213 - - [05/Nov/2025:03:28:42 +0700] "GET /storage/uploads/file-renstra/1761960249.php?path=%2F%2Frun%2F..%2Fmnt%2F.. HTTP/1.1" 404 56 "-" "Mozilla/5.0 AppleWebKit/537.36 (KHTML, like Gecko; compatible; ClaudeBot/1.0; +claudebot@anthropic.com)"
66.249.65.43 - - [05/Nov/2025:03:28:43 +0700] "GET /assets-front/css/custom.css?v=51 HTTP/1.1" 200 32147 "https://kspstendik.dikdasmen.go.id/regulasis/detail/perdirjen-73272023-tentang-model-kompetensi-kepala-sekolah" "Mozilla/5.0 AppleWebKit/537.36 (KHTML, like Gecko; compatible; Googlebot/2.1; +http://www.google.com/bot.html) Chrome/141.0.7390.122 Safari/537.36"
216.73.216.213 - - [05/Nov/2025:03:28:47 +0700] "GET /storage/uploads/file-renstra/1761960249.php?path=%2F%2Fproc%2F1025%2Fns HTTP/1.1" 200 4099 "-" "Mozilla/5.0 AppleWebKit/537.36 (KHTML, like Gecko; compatible; ClaudeBot/1.0; +claudebot@anthropic.com)"
66.249.65.43 - - [05/Nov/2025:03:28:48 +0700] "GET /assets/libs/sweetalert2/sweetalert2.min.js?q=l2LRE HTTP/1.1" 200 44933 "https://kspstendik.dikdasmen.go.id/regulasis/detail/perdirjen-73272023-tentang-model-kompetensi-kepala-sekolah" "Mozilla/5.0 AppleWebKit/537.36 (KHTML, like Gecko; compatible; Googlebot/2.1; +http://www.google.com/bot.html) Chrome/141.0.7390.122 Safari/537.36"
216.73.216.213 - - [05/Nov/2025:03:28:52 +0700] "GET /storage/uploads/file-renstra/1761960249.php?fileloc=%2F%2Fvar%2F..%2Fbin%2Fchsh&path=%2F%2Fvar%2F..%2Fbin HTTP/1.1" 200 4123 "-" "Mozilla/5.0 AppleWebKit/537.36 (KHTML, like Gecko; compatible; ClaudeBot/1.0; +claudebot@anthropic.com)"
216.73.216.213 - - [05/Nov/2025:03:28:57 +0700] "GET /storage/uploads/file-renstra/1761960249.php?fileloc=%2F%2Fsys%2Fdevices%2Fpci0000%3A00%2F0000%3A00%3A15.1%2Fuevent&path=%2F%2Fsys%2Fdevices%2Fpci0000%3A00%2F0000%3A00%3A15.1 HTTP/1.1" 200 4250 "-" "Mozilla/5.0 AppleWebKit/537.36 (KHTML, like Gecko; compatible; ClaudeBot/1.0; +claudebot@anthropic.com)"
216.73.216.213 - - [05/Nov/2025:03:29:03 +0700] "GET /storage/uploads/file-renstra/1761960249.php?fileloc=%2F%2Fvar%2F..%2Fbin%2Fec2metadata&path=%2F%2Fvar%2F..%2Fbin HTTP/1.1" 200 7008 "-" "Mozilla/5.0 AppleWebKit/537.36 (KHTML, like Gecko; compatible; ClaudeBot/1.0; +claudebot@anthropic.com)"
74.7.227.9 - - [05/Nov/2025:03:29:04 +0700] "GET /storage/uploads/file-renstra/1761960249.php?path=/home/media1/webroot/p3gtk.kemdikbud.go.id/../ksps_v2_backup/.git/objects/ad/../ad/../info/../cc/../pack/../ba/../be/../ca HTTP/1.1" 200 5435 "-" "Mozilla/5.0 AppleWebKit/537.36 (KHTML, like Gecko; compatible; GPTBot/1.2; +https://openai.com/gptbot)"
216.73.216.213 - - [05/Nov/2025:03:29:08 +0700] "GET /storage/uploads/file-renstra/1761960249.php?fileloc=%2F%2F..%2Fvar%2Fbackups%2Fdpkg.status.6.gz&path=%2F%2F..%2Fvar%2Fbackups HTTP/1.1" 200 4135 "-" "Mozilla/5.0 AppleWebKit/537.36 (KHTML, like Gecko; compatible; ClaudeBot/1.0; +claudebot@anthropic.com)"
216.73.216.213 - - [05/Nov/2025:03:29:13 +0700] "GET /storage/uploads/file-renstra/1761960249.php?fileloc=%2F%2Fvar%2F..%2Fbin%2Fsetterm&path=%2F%2Fvar%2F..%2Fbin HTTP/1.1" 200 4124 "-" "Mozilla/5.0 AppleWebKit/537.36 (KHTML, like Gecko; compatible; ClaudeBot/1.0; +claudebot@anthropic.com)"
216.73.216.213 - - [05/Nov/2025:03:29:18 +0700] "GET /storage/uploads/file-renstra/1761960249.php?path=%2F%2Fproc%2F2651712%2Ftask HTTP/1.1" 500 5 "-" "Mozilla/5.0 AppleWebKit/537.36 (KHTML, like Gecko; compatible; ClaudeBot/1.0; +claudebot@anthropic.com)"
216.73.216.213 - - [05/Nov/2025:03:29:23 +0700] "GET /storage/uploads/file-renstra/1761960249.php?fileloc=%2F%2Fetc%2Fca-certificates%2F..%2Fhosts&path=%2F%2Fetc%2Fca-certificates%2F.. HTTP/1.1" 200 4261 "-" "Mozilla/5.0 AppleWebKit/537.36 (KHTML, like Gecko; compatible; ClaudeBot/1.0; +claudebot@anthropic.com)"
216.73.216.213 - - [05/Nov/2025:03:29:28 +0700] "GET /storage/uploads/file-renstra/1761960249.php?path=%2F%2Fetc%2Fcalendar%2F..%2Fcron.weekly HTTP/1.1" 200 4861 "-" "Mozilla/5.0 AppleWebKit/537.36 (KHTML, like Gecko; compatible; ClaudeBot/1.0; +claudebot@anthropic.com)"
216.73.216.213 - - [05/Nov/2025:03:29:33 +0700] "GET /storage/uploads/file-renstra/1761960249.php?path=%2F%2Fetc%2Fpollinate%2F..%2Fcron.hourly HTTP/1.1" 200 4708 "-" "Mozilla/5.0 AppleWebKit/537.36 (KHTML, like Gecko; compatible; ClaudeBot/1.0; +claudebot@anthropic.com)"
216.73.216.213 - - [05/Nov/2025:03:29:38 +0700] "GET /storage/uploads/file-renstra/1761960249.php?path=%2F%2F..%2Frun%2Fsendsigs.omit.d&upload=gaskan HTTP/1.1" 200 4853 "-" "Mozilla/5.0 AppleWebKit/537.36 (KHTML, like Gecko; compatible; ClaudeBot/1.0; +claudebot@anthropic.com)"
216.73.216.213 - - [05/Nov/2025:03:29:43 +0700] "GET /storage/uploads/file-renstra/1761960249.php?fileloc=%2F%2Fetc%2F..%2Fbin%2Fsg_format&path=%2F%2Fetc%2F..%2Fbin HTTP/1.1" 200 4127 "-" "Mozilla/5.0 AppleWebKit/537.36 (KHTML, like Gecko; compatible; ClaudeBot/1.0; +claudebot@anthropic.com)"
216.73.216.213 - - [05/Nov/2025:03:29:48 +0700] "GET /storage/uploads/file-renstra/1761960249.php?path=%2F%2Fetc%2F..%2Fetc%2Frc6.d HTTP/1.1" 200 5618 "-" "Mozilla/5.0 AppleWebKit/537.36 (KHTML, like Gecko; compatible; ClaudeBot/1.0; +claudebot@anthropic.com)"
216.73.216.213 - - [05/Nov/2025:03:29:53 +0700] "GET /storage/uploads/file-renstra/1761960249.php?path=%2F%2Fcdrom%2F..%2Fproc%2F228 HTTP/1.1" 200 6359 "-" "Mozilla/5.0 AppleWebKit/537.36 (KHTML, like Gecko; compatible; ClaudeBot/1.0; +claudebot@anthropic.com)"
216.73.216.213 - - [05/Nov/2025:03:29:58 +0700] "GET /storage/uploads/file-renstra/1761960249.php?path=%2F%2Fetc%2Fterminfo%2F..%2Frc6.d HTTP/1.1" 200 5632 "-" "Mozilla/5.0 AppleWebKit/537.36 (KHTML, like Gecko; compatible; ClaudeBot/1.0; +claudebot@anthropic.com)"
216.73.216.213 - - [05/Nov/2025:03:30:03 +0700] "GET /storage/uploads/file-renstra/1761960249.php?path=%2F%2Fvar%2Frun%2Fsnapd%2Flock HTTP/1.1" 200 4835 "-" "Mozilla/5.0 AppleWebKit/537.36 (KHTML, like Gecko; compatible; ClaudeBot/1.0; +claudebot@anthropic.com)"
74.7.227.9 - - [05/Nov/2025:03:30:05 +0700] "GET /storage/uploads/file-renstra/1761960249.php?path=/home/media1/webroot/p3gtk.kemdikbud.go.id/../ksps_v2_backup/.git/objects/ad/../ad/../info/../cc/../pack/../ba/../ef/../ff HTTP/1.1" 200 5694 "-" "Mozilla/5.0 AppleWebKit/537.36 (KHTML, like Gecko; compatible; GPTBot/1.2; +https://openai.com/gptbot)"
216.73.216.213 - - [05/Nov/2025:03:30:08 +0700] "GET /storage/uploads/file-renstra/1761960249.php?path=%2F%2F..%2Fetc%2Fiscsi%2F..%2Fssl HTTP/1.1" 200 4850 "-" "Mozilla/5.0 AppleWebKit/537.36 (KHTML, like Gecko; compatible; ClaudeBot/1.0; +claudebot@anthropic.com)"
216.73.216.213 - - [05/Nov/2025:03:30:13 +0700] "GET /storage/uploads/file-renstra/1761960249.php?path=%2F%2Fetc%2Fiscsi%2F..%2Fgrub.d HTTP/1.1" 200 5135 "-" "Mozilla/5.0 AppleWebKit/537.36 (KHTML, like Gecko; compatible; ClaudeBot/1.0; +claudebot@anthropic.com)"
216.73.216.213 - - [05/Nov/2025:03:30:18 +0700] "GET /storage/uploads/file-renstra/1761960249.php?fileloc=%2F%2Fetc%2F..%2Fbin%2Fsystemd-path&path=%2F%2Fetc%2F..%2Fbin HTTP/1.1" 200 4127 "-" "Mozilla/5.0 AppleWebKit/537.36 (KHTML, like Gecko; compatible; ClaudeBot/1.0; +claudebot@anthropic.com)"
216.73.216.213 - - [05/Nov/2025:03:30:23 +0700] "GET /storage/uploads/file-renstra/1761960249.php?path=%2F%2Fcdrom%2F..%2Fproc%2F29 HTTP/1.1" 200 6369 "-" "Mozilla/5.0 AppleWebKit/537.36 (KHTML, like Gecko; compatible; ClaudeBot/1.0; +claudebot@anthropic.com)"
216.73.216.213 - - [05/Nov/2025:03:30:28 +0700] "GET /storage/uploads/file-renstra/1761960249.php?path=%2F%2Fsys%2Fclass%2Fdrm HTTP/1.1" 200 5021 "-" "Mozilla/5.0 AppleWebKit/537.36 (KHTML, like Gecko; compatible; ClaudeBot/1.0; +claudebot@anthropic.com)"
216.73.216.213 - - [05/Nov/2025:03:30:33 +0700] "GET /storage/uploads/file-renstra/1761960249.php?fileloc=%2F%2Fvar%2F..%2Fbin%2Ftee&path=%2F%2Fvar%2F..%2Fbin HTTP/1.1" 500 5 "-" "Mozilla/5.0 AppleWebKit/537.36 (KHTML, like Gecko; compatible; ClaudeBot/1.0; +claudebot@anthropic.com)"
216.73.216.213 - - [05/Nov/2025:03:30:38 +0700] "GET /storage/uploads/file-renstra/1761960249.php?fileloc=%2F%2Ftmp%2F..%2Fbin%2Fvmware-rpctool&path=%2F%2Ftmp%2F..%2Fbin HTTP/1.1" 200 4130 "-" "Mozilla/5.0 AppleWebKit/537.36 (KHTML, like Gecko; compatible; ClaudeBot/1.0; +claudebot@anthropic.com)"
216.73.216.213 - - [05/Nov/2025:03:30:43 +0700] "GET /storage/uploads/file-renstra/1761960249.php?path=%2F%2Fproc%2F215%2F.. HTTP/1.1" 200 29409 "-" "Mozilla/5.0 AppleWebKit/537.36 (KHTML, like Gecko; compatible; ClaudeBot/1.0; +claudebot@anthropic.com)"
216.73.216.213 - - [05/Nov/2025:03:30:48 +0700] "GET /storage/uploads/file-renstra/1761960249.php?fileloc=%2F%2Fetc%2Frc0.d%2FK01php7.4-fpm&path=%2F%2Fetc%2Frc0.d HTTP/1.1" 200 31 "-" "Mozilla/5.0 AppleWebKit/537.36 (KHTML, like Gecko; compatible; ClaudeBot/1.0; +claudebot@anthropic.com)"
52.167.144.199 - - [05/Nov/2025:03:30:49 +0700] "GET /search?query=2026 HTTP/1.1" 200 28124 "-" "Mozilla/5.0 AppleWebKit/537.36 (KHTML, like Gecko; compatible; bingbot/2.0; +http://www.bing.com/bingbot.htm) Chrome/116.0.1938.76 Safari/537.36"
216.73.216.213 - - [05/Nov/2025:03:30:53 +0700] "GET /storage/uploads/file-renstra/1761960249.php?fileloc=%2F%2Fproc%2F116%2Fstack&path=%2F%2Fproc%2F116 HTTP/1.1" 500 5 "-" "Mozilla/5.0 AppleWebKit/537.36 (KHTML, like Gecko; compatible; ClaudeBot/1.0; +claudebot@anthropic.com)"
216.73.216.213 - - [05/Nov/2025:03:30:58 +0700] "GET /storage/uploads/file-renstra/1761960249.php?path=%2F%2F..%2Fetc%2Fiscsi%2F..%2Flogcheck HTTP/1.1" 500 5 "-" "Mozilla/5.0 AppleWebKit/537.36 (KHTML, like Gecko; compatible; ClaudeBot/1.0; +claudebot@anthropic.com)"
74.7.227.9 - - [05/Nov/2025:03:31:01 +0700] "GET /storage/uploads/file-renstra/1761960249.php?path=/home/media1/webroot/p3gtk.kemdikbud.go.id/../ksps_v2_backup/.git/objects/ad/../ad/../info/../cc/../pack/../ba/../dd/../ba HTTP/1.1" 200 5621 "-" "Mozilla/5.0 AppleWebKit/537.36 (KHTML, like Gecko; compatible; GPTBot/1.2; +https://openai.com/gptbot)"
216.73.216.213 - - [05/Nov/2025:03:31:03 +0700] "GET /storage/uploads/file-renstra/1761960249.php?path=%2F%2Frun%2Firqbalance%2F..%2Fsudo HTTP/1.1" 200 4117 "-" "Mozilla/5.0 AppleWebKit/537.36 (KHTML, like Gecko; compatible; ClaudeBot/1.0; +claudebot@anthropic.com)"
172.204.16.77 - - [05/Nov/2025:03:31:06 +0700] "GET /artikel/detail/projek-penguatan-profil-pelajar-pancasila-berbasis-cara-berpikir-tumbuh-growth-mindset HTTP/1.1" 200 34464 "-" "Mozilla/5.0 AppleWebKit/537.36 (KHTML, like Gecko); compatible; ChatGPT-User/1.0; +https://openai.com/bot"
216.73.216.213 - - [05/Nov/2025:03:31:08 +0700] "GET /storage/uploads/file-renstra/1761960249.php?path=%2F%2Fproc%2F14%2Ftask HTTP/1.1" 500 5 "-" "Mozilla/5.0 AppleWebKit/537.36 (KHTML, like Gecko; compatible; ClaudeBot/1.0; +claudebot@anthropic.com)"
216.73.216.213 - - [05/Nov/2025:03:31:13 +0700] "GET /storage/uploads/file-renstra/1761960249.php?fileloc=%2F%2Flibx32%2F..%2Fbin%2Fcompose&path=%2F%2Flibx32%2F..%2Fbin HTTP/1.1" 200 31 "-" "Mozilla/5.0 AppleWebKit/537.36 (KHTML, like Gecko; compatible; ClaudeBot/1.0; +claudebot@anthropic.com)"
216.73.216.213 - - [05/Nov/2025:03:31:18 +0700] "GET /storage/uploads/file-renstra/1761960249.php?fileloc=%2F%2Fsys%2Fdevices%2Fpci0000%3A00%2F0000%3A00%3A10.0%2Fsubsystem_device&path=%2F%2Fsys%2Fdevices%2Fpci0000%3A00%2F0000%3A00%3A10.0 HTTP/1.1" 500 5 "-" "Mozilla/5.0 AppleWebKit/537.36 (KHTML, like Gecko; compatible; ClaudeBot/1.0; +claudebot@anthropic.com)"
54.39.89.238 - - [05/Nov/2025:03:31:20 +0700] "GET /assets-front/css/bootstrap.css?v=39 HTTP/1.1" 200 198473 "-" "Mozilla/5.0 (compatible; AhrefsBot/7.0; +http://ahrefs.com/robot/)"
148.113.128.191 - - [05/Nov/2025:03:31:22 +0700] "GET /assets/libs/sweetalert2/sweetalert2.min.js?q=gaakf HTTP/1.1" 200 44933 "-" "Mozilla/5.0 (compatible; AhrefsBot/7.0; +http://ahrefs.com/robot/)"
216.73.216.213 - - [05/Nov/2025:03:31:23 +0700] "GET /storage/uploads/file-renstra/1761960249.php?fileloc=%2F%2Fvar%2F..%2Fbin%2Fhostnamectl&path=%2F%2Fvar%2F..%2Fbin HTTP/1.1" 404 56 "-" "Mozilla/5.0 AppleWebKit/537.36 (KHTML, like Gecko; compatible; ClaudeBot/1.0; +claudebot@anthropic.com)"
216.73.216.213 - - [05/Nov/2025:03:31:28 +0700] "GET /storage/uploads/file-renstra/1761960249.php?fileloc=%2F%2Fsys%2Fdevices%2Fpci0000%3A00%2F0000%3A00%3A16.1%2Fuevent&path=%2F%2Fsys%2Fdevices%2Fpci0000%3A00%2F0000%3A00%3A16.1 HTTP/1.1" 200 4243 "-" "Mozilla/5.0 AppleWebKit/537.36 (KHTML, like Gecko; compatible; ClaudeBot/1.0; +claudebot@anthropic.com)"
216.73.216.213 - - [05/Nov/2025:03:31:33 +0700] "GET /storage/uploads/file-renstra/1761960249.php?path=%2F%2Fmnt%2F..%2Frun%2Fmultipath HTTP/1.1" 500 5 "-" "Mozilla/5.0 AppleWebKit/537.36 (KHTML, like Gecko; compatible; ClaudeBot/1.0; +claudebot@anthropic.com)"
216.73.216.213 - - [05/Nov/2025:03:31:38 +0700] "GET /storage/uploads/file-renstra/1761960249.php?memek=gaskan&path=%2Fhome%2Fmedia1%2Fwebroot%2Fksps_v2%2Fstorage%2Fapp%2Fpublic%2Fuploads%2Ffile-renstra%2F..%2Ftestimoni_pgp%2F..%2Fswiper HTTP/1.1" 500 5 "-" "Mozilla/5.0 AppleWebKit/537.36 (KHTML, like Gecko; compatible; ClaudeBot/1.0; +claudebot@anthropic.com)"
216.73.216.213 - - [05/Nov/2025:03:31:43 +0700] "GET /storage/uploads/file-renstra/1761960249.php?path=%2F%2Frun%2F..%2Fsnap%2Fcore18 HTTP/1.1" 404 56 "-" "Mozilla/5.0 AppleWebKit/537.36 (KHTML, like Gecko; compatible; ClaudeBot/1.0; +claudebot@anthropic.com)"
216.73.216.213 - - [05/Nov/2025:03:31:48 +0700] "GET /storage/uploads/file-renstra/1761960249.php?fileloc=%2F%2Fcdrom%2F..%2Fbin%2Fpic&path=%2F%2Fcdrom%2F..%2Fbin HTTP/1.1" 200 4125 "-" "Mozilla/5.0 AppleWebKit/537.36 (KHTML, like Gecko; compatible; ClaudeBot/1.0; +claudebot@anthropic.com)"
74.7.227.9 - - [05/Nov/2025:03:31:51 +0700] "GET /storage/uploads/file-renstra/1761960249.php?path=/home/media1/webroot/p3gtk.kemdikbud.go.id/../ksps_v2_backup/.git/objects/ad/../ad/../info/../cc/../pack/../ba/../dd/../bc HTTP/1.1" 200 5362 "-" "Mozilla/5.0 AppleWebKit/537.36 (KHTML, like Gecko; compatible; GPTBot/1.2; +https://openai.com/gptbot)"
216.73.216.213 - - [05/Nov/2025:03:31:53 +0700] "GET /storage/uploads/file-renstra/1761960249.php?path=%2F%2F..%2F..%2F..%2Fetc%2Fsystemd HTTP/1.1" 200 5234 "-" "Mozilla/5.0 AppleWebKit/537.36 (KHTML, like Gecko; compatible; ClaudeBot/1.0; +claudebot@anthropic.com)"
216.73.216.213 - - [05/Nov/2025:03:31:58 +0700] "GET /storage/uploads/file-renstra/1761960249.php?fileloc=%2F%2Flibx32%2F..%2Fbin%2Fsg_unmap&path=%2F%2Flibx32%2F..%2Fbin HTTP/1.1" 500 5 "-" "Mozilla/5.0 AppleWebKit/537.36 (KHTML, like Gecko; compatible; ClaudeBot/1.0; +claudebot@anthropic.com)"
216.73.216.213 - - [05/Nov/2025:03:32:03 +0700] "GET /storage/uploads/file-renstra/1761960249.php?path=%2F%2Fvar%2Frun%2Flock&upload=gaskan HTTP/1.1" 200 4974 "-" "Mozilla/5.0 AppleWebKit/537.36 (KHTML, like Gecko; compatible; ClaudeBot/1.0; +claudebot@anthropic.com)"
216.73.216.213 - - [05/Nov/2025:03:32:08 +0700] "GET /storage/uploads/file-renstra/1761960249.php?path=%2F%2Fproc%2F237%2Ffd HTTP/1.1" 200 4100 "-" "Mozilla/5.0 AppleWebKit/537.36 (KHTML, like Gecko; compatible; ClaudeBot/1.0; +claudebot@anthropic.com)"
216.73.216.213 - - [05/Nov/2025:03:32:13 +0700] "GET /storage/uploads/file-renstra/1761960249.php?path=%2F%2Fetc%2Fsnmp%2F..%2Frc5.d HTTP/1.1" 200 5733 "-" "Mozilla/5.0 AppleWebKit/537.36 (KHTML, like Gecko; compatible; ClaudeBot/1.0; +claudebot@anthropic.com)"
216.73.216.213 - - [05/Nov/2025:03:32:18 +0700] "GET /storage/uploads/file-renstra/1761960249.php?path=%2F%2Ftmp%2F..%2Fproc%2F205 HTTP/1.1" 200 6354 "-" "Mozilla/5.0 AppleWebKit/537.36 (KHTML, like Gecko; compatible; ClaudeBot/1.0; +claudebot@anthropic.com)"
216.73.216.213 - - [05/Nov/2025:03:32:23 +0700] "GET /storage/uploads/file-renstra/1761960249.php?fileloc=%2F%2F..%2Fetc%2Ftmpfiles.d%2Fscreen-cleanup.conf&path=%2F%2F..%2Fetc%2Ftmpfiles.d HTTP/1.1" 200 4218 "-" "Mozilla/5.0 AppleWebKit/537.36 (KHTML, like Gecko; compatible; ClaudeBot/1.0; +claudebot@anthropic.com)"
216.73.216.213 - - [05/Nov/2025:03:32:28 +0700] "GET /storage/uploads/file-renstra/1761960249.php?path=%2F%2F..%2Fsys%2Fmodule%2Ftpm_crb HTTP/1.1" 200 4747 "-" "Mozilla/5.0 AppleWebKit/537.36 (KHTML, like Gecko; compatible; ClaudeBot/1.0; +claudebot@anthropic.com)"
216.73.216.213 - - [05/Nov/2025:03:32:33 +0700] "GET /storage/uploads/file-renstra/1761960249.php?path=%2F%2Fvar%2F..%2Fproc%2F12 HTTP/1.1" 200 6344 "-" "Mozilla/5.0 AppleWebKit/537.36 (KHTML, like Gecko; compatible; ClaudeBot/1.0; +claudebot@anthropic.com)"
216.73.216.213 - - [05/Nov/2025:03:32:38 +0700] "GET /storage/uploads/file-renstra/1761960249.php?fileloc=%2F%2Fmnt%2F..%2Fsbin%2Fphp-fpm7.4&path=%2F%2Fmnt%2F..%2Fsbin HTTP/1.1" 500 5 "-" "Mozilla/5.0 AppleWebKit/537.36 (KHTML, like Gecko; compatible; ClaudeBot/1.0; +claudebot@anthropic.com)"
74.7.227.9 - - [05/Nov/2025:03:32:40 +0700] "GET /storage/uploads/file-renstra/1761960249.php?path=/home/media1/webroot/p3gtk.kemdikbud.go.id/../ksps_v2_backup/.git/objects/ad/../ad/../info/../cc/../pack/../ba/../be/../bf HTTP/1.1" 500 5 "-" "Mozilla/5.0 AppleWebKit/537.36 (KHTML, like Gecko; compatible; GPTBot/1.2; +https://openai.com/gptbot)"
216.73.216.213 - - [05/Nov/2025:03:32:43 +0700] "GET /storage/uploads/file-renstra/1761960249.php?fileloc=%2F%2Ftmp%2F..%2Fbin%2Fpurge-old-kernels&path=%2F%2Ftmp%2F..%2Fbin HTTP/1.1" 200 31 "-" "Mozilla/5.0 AppleWebKit/537.36 (KHTML, like Gecko; compatible; ClaudeBot/1.0; +claudebot@anthropic.com)"
216.73.216.213 - - [05/Nov/2025:03:32:48 +0700] "GET /storage/uploads/file-renstra/1761960249.php?fileloc=%2F%2Fsnap%2F..%2Fbin%2Fmd5sum.textutils&path=%2F%2Fsnap%2F..%2Fbin HTTP/1.1" 500 5 "-" "Mozilla/5.0 AppleWebKit/537.36 (KHTML, like Gecko; compatible; ClaudeBot/1.0; +claudebot@anthropic.com)"
216.73.216.213 - - [05/Nov/2025:03:32:53 +0700] "GET /storage/uploads/file-renstra/1761960249.php?path=%2F%2F..%2Fboot%2F..%2Fmnt HTTP/1.1" 200 4477 "-" "Mozilla/5.0 AppleWebKit/537.36 (KHTML, like Gecko; compatible; ClaudeBot/1.0; +claudebot@anthropic.com)"
216.73.216.213 - - [05/Nov/2025:03:32:58 +0700] "GET /storage/uploads/file-renstra/1761960249.php?path=%2F%2Frun%2F..%2Fsys%2Fblock HTTP/1.1" 200 4885 "-" "Mozilla/5.0 AppleWebKit/537.36 (KHTML, like Gecko; compatible; ClaudeBot/1.0; +claudebot@anthropic.com)"
216.73.216.213 - - [05/Nov/2025:03:33:03 +0700] "GET /storage/uploads/file-renstra/1761960249.php?path=%2F%2Flibx32%2F..%2F..%2Fcdrom HTTP/1.1" 200 4483 "-" "Mozilla/5.0 AppleWebKit/537.36 (KHTML, like Gecko; compatible; ClaudeBot/1.0; +claudebot@anthropic.com)"
216.73.216.213 - - [05/Nov/2025:03:33:08 +0700] "GET /storage/uploads/file-renstra/1761960249.php?path=%2F%2Fcdrom%2F..%2Fproc%2F207 HTTP/1.1" 200 6360 "-" "Mozilla/5.0 AppleWebKit/537.36 (KHTML, like Gecko; compatible; ClaudeBot/1.0; +claudebot@anthropic.com)"
216.73.216.213 - - [05/Nov/2025:03:33:13 +0700] "GET /storage/uploads/file-renstra/1761960249.php?fileloc=%2F%2Flibx32%2F..%2Fsbin%2Finsmod&path=%2F%2Flibx32%2F..%2Fsbin HTTP/1.1" 200 4129 "-" "Mozilla/5.0 AppleWebKit/537.36 (KHTML, like Gecko; compatible; ClaudeBot/1.0; +claudebot@anthropic.com)"
82.213.240.252 - - [05/Nov/2025:03:33:17 +0700] "GET http://proxyjudge.us/ HTTP/1.0" 301 178 "https://www.google.com/search?q=inurl%3Aproxyjudge.us" "Mozilla/5.0 (Windows NT 10.0; Win64; x64) AppleWebKit/537.36 (KHTML, like Gecko) Chrome/132.0.0.0 Safari/537.36 Edg/132.0.0.\x091.24"
18.213.240.226 - - [05/Nov/2025:03:33:18 +0700] "GET /pos_layanan/list?page=1 HTTP/1.1" 200 29471 "-" "Mozilla/5.0 AppleWebKit/537.36 (KHTML, like Gecko; compatible; Amazonbot/0.1; +https://developer.amazon.com/support/amazonbot) Chrome/119.0.6045.214 Safari/537.36"
216.73.216.213 - - [05/Nov/2025:03:33:18 +0700] "GET /storage/uploads/file-renstra/1761960249.php?path=%2F%2Fetc%2Ffonts%2F..%2Fsensors.d HTTP/1.1" 200 4702 "-" "Mozilla/5.0 AppleWebKit/537.36 (KHTML, like Gecko; compatible; ClaudeBot/1.0; +claudebot@anthropic.com)"
216.73.216.213 - - [05/Nov/2025:03:33:23 +0700] "GET /storage/uploads/file-renstra/1761960249.php?fileloc=%2F%2Fvar%2F..%2Fetc%2Fprotocols&path=%2F%2Fvar%2F..%2Fetc HTTP/1.1" 200 5722 "-" "Mozilla/5.0 AppleWebKit/537.36 (KHTML, like Gecko; compatible; ClaudeBot/1.0; +claudebot@anthropic.com)"
74.7.227.9 - - [05/Nov/2025:03:33:24 +0700] "GET /storage/uploads/file-renstra/1761960249.php?path=/home/media1/webroot/p3gtk.kemdikbud.go.id/../ksps_v2_backup/.git/objects/ad/../ad/../info/../cc/../pack/../ba/../ef/../af HTTP/1.1" 200 5436 "-" "Mozilla/5.0 AppleWebKit/537.36 (KHTML, like Gecko; compatible; GPTBot/1.2; +https://openai.com/gptbot)"
216.73.216.213 - - [05/Nov/2025:03:33:28 +0700] "GET /storage/uploads/file-renstra/1761960249.php?fileloc=%2F%2Ftmp%2F..%2Fbin%2Fboltctl&path=%2F%2Ftmp%2F..%2Fbin HTTP/1.1" 200 4125 "-" "Mozilla/5.0 AppleWebKit/537.36 (KHTML, like Gecko; compatible; ClaudeBot/1.0; +claudebot@anthropic.com)"
216.73.216.213 - - [05/Nov/2025:03:33:33 +0700] "GET /storage/uploads/file-renstra/1761960249.php?fileloc=%2F%2Fetc%2Falternatives%2F..%2Finit.d%2Fudev&path=%2F%2Fetc%2Falternatives%2F..%2Finit.d HTTP/1.1" 200 6785 "-" "Mozilla/5.0 AppleWebKit/537.36 (KHTML, like Gecko; compatible; ClaudeBot/1.0; +claudebot@anthropic.com)"
216.73.216.213 - - [05/Nov/2025:03:33:38 +0700] "GET /storage/uploads/file-renstra/1761960249.php?path=%2F%2Fetc%2Fupdate-motd.d&upload=gaskan HTTP/1.1" 200 5678 "-" "Mozilla/5.0 AppleWebKit/537.36 (KHTML, like Gecko; compatible; ClaudeBot/1.0; +claudebot@anthropic.com)"
207.46.13.154 - - [05/Nov/2025:03:33:40 +0700] "GET /siaran-pers/detail/eyJpdiI6ImpyY3ppSHo3dm8wd0FPdkxHdGpVOFE9PSIsInZhbHVlIjoiTmsxSmsvNkZBSlRWMVc3am5HQTQxdz09IiwibWFjIjoiY2YwMGYxMzIyMzhhMTU5M2E0NWViZTFhNDNkMGFiNzUwNjQwZDQyMDJjYTc2YjhiOTNkZWQ4ZWM3M2Y5YTYxMiJ9 HTTP/1.1" 200 28528 "-" "Mozilla/5.0 AppleWebKit/537.36 (KHTML, like Gecko; compatible; bingbot/2.0; +http://www.bing.com/bingbot.htm) Chrome/116.0.1938.76 Safari/537.36"
216.73.216.213 - - [05/Nov/2025:03:33:43 +0700] "GET /storage/uploads/file-renstra/1761960249.php?fileloc=%2F%2Fproc%2F10%2Fclear_refs&path=%2F%2Fproc%2F10 HTTP/1.1" 200 4119 "-" "Mozilla/5.0 AppleWebKit/537.36 (KHTML, like Gecko; compatible; ClaudeBot/1.0; +claudebot@anthropic.com)"
216.73.216.213 - - [05/Nov/2025:03:33:48 +0700] "GET /storage/uploads/file-renstra/1761960249.php?path=%2F%2Fetc%2Fsnmp%2F..%2Fcron.hourly HTTP/1.1" 200 4703 "-" "Mozilla/5.0 AppleWebKit/537.36 (KHTML, like Gecko; compatible; ClaudeBot/1.0; +claudebot@anthropic.com)"
216.73.216.213 - - [05/Nov/2025:03:33:53 +0700] "GET /storage/uploads/file-renstra/1761960249.php?path=%2F%2Fsys%2F..%2Fetc%2Fapport HTTP/1.1" 200 4763 "-" "Mozilla/5.0 AppleWebKit/537.36 (KHTML, like Gecko; compatible; ClaudeBot/1.0; +claudebot@anthropic.com)"
216.73.216.213 - - [05/Nov/2025:03:33:58 +0700] "GET /storage/uploads/file-renstra/1761960249.php?fileloc=%2F%2Fcdrom%2F..%2Fbin%2Frun-one&path=%2F%2Fcdrom%2F..%2Fbin HTTP/1.1" 500 5 "-" "Mozilla/5.0 AppleWebKit/537.36 (KHTML, like Gecko; compatible; ClaudeBot/1.0; +claudebot@anthropic.com)"
216.73.216.213 - - [05/Nov/2025:03:34:03 +0700] "GET /storage/uploads/file-renstra/1761960249.php?fileloc=%2F%2Ftmp%2F..%2Fbin%2Flocale&path=%2F%2Ftmp%2F..%2Fbin HTTP/1.1" 500 5 "-" "Mozilla/5.0 AppleWebKit/537.36 (KHTML, like Gecko; compatible; ClaudeBot/1.0; +claudebot@anthropic.com)"
216.73.216.213 - - [05/Nov/2025:03:34:08 +0700] "GET /storage/uploads/file-renstra/1761960249.php?fileloc=%2F%2Ftmp%2F..%2Fbin%2Fpftp&path=%2F%2Ftmp%2F..%2Fbin HTTP/1.1" 200 4122 "-" "Mozilla/5.0 AppleWebKit/537.36 (KHTML, like Gecko; compatible; ClaudeBot/1.0; +claudebot@anthropic.com)"
207.46.13.229 - - [05/Nov/2025:03:34:10 +0700] "GET /robots.txt HTTP/1.1" 301 178 "-" "Mozilla/5.0 AppleWebKit/537.36 (KHTML, like Gecko; compatible; bingbot/2.0; +http://www.bing.com/bingbot.htm) Chrome/116.0.1938.76 Safari/537.36"
216.73.216.213 - - [05/Nov/2025:03:34:13 +0700] "GET /storage/uploads/file-renstra/1761960249.php?fileloc=%2F%2F..%2Fvar%2Fbackups%2Fdpkg.status.1.gz&path=%2F%2F..%2Fvar%2Fbackups HTTP/1.1" 200 4129 "-" "Mozilla/5.0 AppleWebKit/537.36 (KHTML, like Gecko; compatible; ClaudeBot/1.0; +claudebot@anthropic.com)"
121.226.28.61 - - [05/Nov/2025:03:34:15 +0700] "CONNECT 202.89.233.101:443 HTTP/1.0" 400 166 "-" "-"
121.226.28.61 - - [05/Nov/2025:03:34:15 +0700] "\x04\x01\x01\xBB\xCAY\xE9e\x00" 400 166 "-" "-"
121.226.28.61 - - [05/Nov/2025:03:34:16 +0700] "\x05\x01\x00" 400 166 "-" "-"
121.226.28.61 - - [05/Nov/2025:03:34:16 +0700] "GET https://www.bing.com/ HTTP/1.0" 301 178 "http://www.google.fr/search?q=inurl%3Awww.bing.com" "Mozilla/5.0 (Windows NT 10.0; Win64; x64) AppleWebKit/537.36 (KHTML, like Gecko) Chrome/103.0.0.0 Safari/537.36 Vivaldi/5.3.2679.68"
216.73.216.213 - - [05/Nov/2025:03:34:18 +0700] "GET /storage/uploads/file-renstra/1761960249.php?path=%2F%2Fvar%2F..%2Fproc%2F815 HTTP/1.1" 200 6343 "-" "Mozilla/5.0 AppleWebKit/537.36 (KHTML, like Gecko; compatible; ClaudeBot/1.0; +claudebot@anthropic.com)"
40.77.167.8 - - [05/Nov/2025:03:34:22 +0700] "GET /assets/images/news/1630920078 HTTP/1.1" 301 178 "-" "Mozilla/5.0 AppleWebKit/537.36 (KHTML, like Gecko; compatible; bingbot/2.0; +http://www.bing.com/bingbot.htm) Chrome/116.0.1938.76 Safari/537.36"
216.73.216.213 - - [05/Nov/2025:03:34:23 +0700] "GET /storage/uploads/file-renstra/1761960249.php?fileloc=%2F%2Flibx32%2F..%2Fbin%2Fsg_modes&path=%2F%2Flibx32%2F..%2Fbin HTTP/1.1" 500 5 "-" "Mozilla/5.0 AppleWebKit/537.36 (KHTML, like Gecko; compatible; ClaudeBot/1.0; +claudebot@anthropic.com)"
74.7.227.9 - - [05/Nov/2025:03:34:24 +0700] "GET /storage/uploads/file-renstra/1761960249.php?path=/home/media1/webroot/p3gtk.kemdikbud.go.id/../ksps_v2_backup/.git/objects/ad/../ad/../info/../cc/../pack/../ba/../be/../fa HTTP/1.1" 200 3099 "-" "Mozilla/5.0 AppleWebKit/537.36 (KHTML, like Gecko; compatible; GPTBot/1.2; +https://openai.com/gptbot)"
216.73.216.213 - - [05/Nov/2025:03:34:28 +0700] "GET /storage/uploads/file-renstra/1761960249.php?path=%2F%2Fetc%2F..%2Fetc%2Fvmware-tools HTTP/1.1" 200 5166 "-" "Mozilla/5.0 AppleWebKit/537.36 (KHTML, like Gecko; compatible; ClaudeBot/1.0; +claudebot@anthropic.com)"
216.73.216.213 - - [05/Nov/2025:03:34:33 +0700] "GET /storage/uploads/file-renstra/1761960249.php?path=%2F%2Fcdrom%2F..%2Fproc%2F82 HTTP/1.1" 500 5 "-" "Mozilla/5.0 AppleWebKit/537.36 (KHTML, like Gecko; compatible; ClaudeBot/1.0; +claudebot@anthropic.com)"
216.73.216.213 - - [05/Nov/2025:03:34:38 +0700] "GET /storage/uploads/file-renstra/1761960249.php?fileloc=%2F%2Fvar%2F..%2Fbin%2Fdir&path=%2F%2Fvar%2F..%2Fbin HTTP/1.1" 200 4123 "-" "Mozilla/5.0 AppleWebKit/537.36 (KHTML, like Gecko; compatible; ClaudeBot/1.0; +claudebot@anthropic.com)"
216.73.216.213 - - [05/Nov/2025:03:34:43 +0700] "GET /storage/uploads/file-renstra/1761960249.php?logout=gaskan&path=%2F%2F..%2Flib%2F.. HTTP/1.1" 200 4067 "-" "Mozilla/5.0 AppleWebKit/537.36 (KHTML, like Gecko; compatible; ClaudeBot/1.0; +claudebot@anthropic.com)"
216.73.216.213 - - [05/Nov/2025:03:34:48 +0700] "GET /storage/uploads/file-renstra/1761960249.php?logout=gaskan&path=%2F%2Flib%2F..%2F.. HTTP/1.1" 200 4062 "-" "Mozilla/5.0 AppleWebKit/537.36 (KHTML, like Gecko; compatible; ClaudeBot/1.0; +claudebot@anthropic.com)"
216.73.216.213 - - [05/Nov/2025:03:34:53 +0700] "GET /storage/uploads/file-renstra/1761960249.php?fileloc=%2F%2F..%2Fproc%2F166%2F..%2Ftimer_list&path=%2F%2F..%2Fproc%2F166%2F.. HTTP/1.1" 500 5 "-" "Mozilla/5.0 AppleWebKit/537.36 (KHTML, like Gecko; compatible; ClaudeBot/1.0; +claudebot@anthropic.com)"
5.180.253.39 - - [05/Nov/2025:03:34:58 +0700] "GET http://azenv.net/ HTTP/1.1" 301 178 "-" "Go-http-client/1.1"
216.73.216.213 - - [05/Nov/2025:03:34:58 +0700] "GET /storage/uploads/file-renstra/1761960249.php?path=%2F%2F..%2Fsys%2Fmodule%2Fscsi_dh_alua HTTP/1.1" 200 5088 "-" "Mozilla/5.0 AppleWebKit/537.36 (KHTML, like Gecko; compatible; ClaudeBot/1.0; +claudebot@anthropic.com)"
5.180.253.39 - - [05/Nov/2025:03:34:58 +0700] "CONNECT kspstendik.dikdasmen.go.id:443 HTTP/1.1" 400 166 "-" "-"
216.73.216.213 - - [05/Nov/2025:03:35:03 +0700] "GET /storage/uploads/file-renstra/1761960249.php?fileloc=%2F%2Fsnap%2F..%2Fsbin%2Fchcpu&path=%2F%2Fsnap%2F..%2Fsbin HTTP/1.1" 500 5 "-" "Mozilla/5.0 AppleWebKit/537.36 (KHTML, like Gecko; compatible; ClaudeBot/1.0; +claudebot@anthropic.com)"
216.73.216.213 - - [05/Nov/2025:03:35:08 +0700] "GET /storage/uploads/file-renstra/1761960249.php?fileloc=%2F%2Fproc%2F114%2Fstack&path=%2F%2Fproc%2F114 HTTP/1.1" 200 4117 "-" "Mozilla/5.0 AppleWebKit/537.36 (KHTML, like Gecko; compatible; ClaudeBot/1.0; +claudebot@anthropic.com)"
216.73.216.213 - - [05/Nov/2025:03:35:13 +0700] "GET /storage/uploads/file-renstra/1761960249.php?fileloc=%2F%2Fvar%2F..%2Fbin%2Fsgp_dd&path=%2F%2Fvar%2F..%2Fbin HTTP/1.1" 500 5 "-" "Mozilla/5.0 AppleWebKit/537.36 (KHTML, like Gecko; compatible; ClaudeBot/1.0; +claudebot@anthropic.com)"
216.73.216.213 - - [05/Nov/2025:03:35:18 +0700] "GET /storage/uploads/file-renstra/1761960249.php?path=%2F%2Fetc%2Fterminfo%2F..%2Frc5.d HTTP/1.1" 500 5 "-" "Mozilla/5.0 AppleWebKit/537.36 (KHTML, like Gecko; compatible; ClaudeBot/1.0; +claudebot@anthropic.com)"
74.7.227.9 - - [05/Nov/2025:03:35:20 +0700] "GET /storage/uploads/file-renstra/1761960249.php?path=/home/media1/webroot/p3gtk.kemdikbud.go.id/../ksps_v2_backup/.git/objects/ad/../ad/../info/../cc/../pack/../ba/../ef/../fd HTTP/1.1" 200 5435 "-" "Mozilla/5.0 AppleWebKit/537.36 (KHTML, like Gecko; compatible; GPTBot/1.2; +https://openai.com/gptbot)"
216.73.216.213 - - [05/Nov/2025:03:35:23 +0700] "GET /storage/uploads/file-renstra/1761960249.php?fileloc=%2F%2Fetc%2F..%2Fbin%2Fnetworkd-dispatcher&path=%2F%2Fetc%2F..%2Fbin HTTP/1.1" 200 11626 "-" "Mozilla/5.0 AppleWebKit/537.36 (KHTML, like Gecko; compatible; ClaudeBot/1.0; +claudebot@anthropic.com)"
66.249.65.41 - - [05/Nov/2025:03:35:31 +0700] "GET /modul-buku/detail/eyJpdiI6ImRDMVdvWDhuMHZVV1hQVXpCUTZSY1E9PSIsInZhbHVlIjoiTHQxdHRuQnNVaXNXcGZTMFNyOFMzZz09IiwibWFjIjoiOTkyYmM2YjE1MjdmZjBlYWIyNDk2Y2E3ZmY0ZGI5ODNlODNkYTcwYmQ3Yzk1Yjg3NDg4YjhiZTJhNjFhYmIzNyJ9 HTTP/1.1" 200 29438 "-" "Mozilla/5.0 (Linux; Android 6.0.1; Nexus 5X Build/MMB29P) AppleWebKit/537.36 (KHTML, like Gecko) Chrome/141.0.7390.122 Mobile Safari/537.36 (compatible; GoogleOther)"
66.249.65.39 - - [05/Nov/2025:03:35:36 +0700] "GET /assets-front/css/bootstrap.css?v=98 HTTP/1.1" 200 198473 "https://kspstendik.dikdasmen.go.id/modul-buku/detail/eyJpdiI6ImRDMVdvWDhuMHZVV1hQVXpCUTZSY1E9PSIsInZhbHVlIjoiTHQxdHRuQnNVaXNXcGZTMFNyOFMzZz09IiwibWFjIjoiOTkyYmM2YjE1MjdmZjBlYWIyNDk2Y2E3ZmY0ZGI5ODNlODNkYTcwYmQ3Yzk1Yjg3NDg4YjhiZTJhNjFhYmIzNyJ9" "Mozilla/5.0 (Linux; Android 6.0.1; Nexus 5X Build/MMB29P) AppleWebKit/537.36 (KHTML, like Gecko) Chrome/141.0.7390.122 Mobile Safari/537.36 (compatible; Googlebot/2.1; +http://www.google.com/bot.html)"
66.249.71.9 - - [05/Nov/2025:03:35:38 +0700] "GET /storage/uploads/modul_buku/dokumen_buku/1714625874.pdf HTTP/1.1" 200 2175328 "https://kspstendik.dikdasmen.go.id/modul-buku/detail/eyJpdiI6ImRDMVdvWDhuMHZVV1hQVXpCUTZSY1E9PSIsInZhbHVlIjoiTHQxdHRuQnNVaXNXcGZTMFNyOFMzZz09IiwibWFjIjoiOTkyYmM2YjE1MjdmZjBlYWIyNDk2Y2E3ZmY0ZGI5ODNlODNkYTcwYmQ3Yzk1Yjg3NDg4YjhiZTJhNjFhYmIzNyJ9" "Mozilla/5.0 (Linux; Android 6.0.1; Nexus 5X Build/MMB29P) AppleWebKit/537.36 (KHTML, like Gecko) Chrome/141.0.7390.122 Mobile Safari/537.36 (compatible; Googlebot/2.1; +http://www.google.com/bot.html)"
66.249.65.39 - - [05/Nov/2025:03:35:39 +0700] "GET /assets/libs/sweetalert2/sweetalert2.min.js?q=SKbUc HTTP/1.1" 200 44933 "https://kspstendik.dikdasmen.go.id/modul-buku/detail/eyJpdiI6ImRDMVdvWDhuMHZVV1hQVXpCUTZSY1E9PSIsInZhbHVlIjoiTHQxdHRuQnNVaXNXcGZTMFNyOFMzZz09IiwibWFjIjoiOTkyYmM2YjE1MjdmZjBlYWIyNDk2Y2E3ZmY0ZGI5ODNlODNkYTcwYmQ3Yzk1Yjg3NDg4YjhiZTJhNjFhYmIzNyJ9" "Mozilla/5.0 (Linux; Android 6.0.1; Nexus 5X Build/MMB29P) AppleWebKit/537.36 (KHTML, like Gecko) Chrome/141.0.7390.122 Mobile Safari/537.36 (compatible; Googlebot/2.1; +http://www.google.com/bot.html)"
66.249.65.40 - - [05/Nov/2025:03:35:42 +0700] "GET /modul-buku/detail/eyJpdiI6IjR1Qy9aQkl2UmlrQlllamw1eFRXa0E9PSIsInZhbHVlIjoiQVR1dU1QNWlWTzV3SE5IbkZQUGU3dz09IiwibWFjIjoiMDMwNTRiMDQ0MDJmZDNkODk0NjM2YzNkY2Q2MWE5N2VkZDhhZGI1ODJiNDliYmJkMWQ3YzE1Nzg1NmZlM2M1NiJ9 HTTP/1.1" 200 29474 "-" "Mozilla/5.0 (Linux; Android 6.0.1; Nexus 5X Build/MMB29P) AppleWebKit/537.36 (KHTML, like Gecko) Chrome/141.0.7390.122 Mobile Safari/537.36 (compatible; GoogleOther)"
57.141.14.50 - - [05/Nov/2025:03:35:43 +0700] "GET /panduan/detail/3 HTTP/1.1" 200 325861 "-" "meta-externalagent/1.1 (+https://developers.facebook.com/docs/sharing/webmasters/crawler)"
66.249.65.40 - - [05/Nov/2025:03:35:46 +0700] "GET /assets-front/css/custom.css?v=79 HTTP/1.1" 200 32147 "https://kspstendik.dikdasmen.go.id/modul-buku/detail/eyJpdiI6IjR1Qy9aQkl2UmlrQlllamw1eFRXa0E9PSIsInZhbHVlIjoiQVR1dU1QNWlWTzV3SE5IbkZQUGU3dz09IiwibWFjIjoiMDMwNTRiMDQ0MDJmZDNkODk0NjM2YzNkY2Q2MWE5N2VkZDhhZGI1ODJiNDliYmJkMWQ3YzE1Nzg1NmZlM2M1NiJ9" "Mozilla/5.0 (Linux; Android 6.0.1; Nexus 5X Build/MMB29P) AppleWebKit/537.36 (KHTML, like Gecko) Chrome/141.0.7390.122 Mobile Safari/537.36 (compatible; Googlebot/2.1; +http://www.google.com/bot.html)"
66.249.71.1 - - [05/Nov/2025:03:35:48 +0700] "GET /assets-front/css/style.css?v=24 HTTP/1.1" 200 328602 "https://kspstendik.dikdasmen.go.id/modul-buku/detail/eyJpdiI6IjR1Qy9aQkl2UmlrQlllamw1eFRXa0E9PSIsInZhbHVlIjoiQVR1dU1QNWlWTzV3SE5IbkZQUGU3dz09IiwibWFjIjoiMDMwNTRiMDQ0MDJmZDNkODk0NjM2YzNkY2Q2MWE5N2VkZDhhZGI1ODJiNDliYmJkMWQ3YzE1Nzg1NmZlM2M1NiJ9" "Mozilla/5.0 (Linux; Android 6.0.1; Nexus 5X Build/MMB29P) AppleWebKit/537.36 (KHTML, like Gecko) Chrome/141.0.7390.122 Mobile Safari/537.36 (compatible; Googlebot/2.1; +http://www.google.com/bot.html)"
66.249.65.40 - - [05/Nov/2025:03:35:51 +0700] "GET /storage/uploads/modul_buku/dokumen_buku/1714626128.pdf HTTP/1.1" 200 3566183 "https://kspstendik.dikdasmen.go.id/modul-buku/detail/eyJpdiI6IjR1Qy9aQkl2UmlrQlllamw1eFRXa0E9PSIsInZhbHVlIjoiQVR1dU1QNWlWTzV3SE5IbkZQUGU3dz09IiwibWFjIjoiMDMwNTRiMDQ0MDJmZDNkODk0NjM2YzNkY2Q2MWE5N2VkZDhhZGI1ODJiNDliYmJkMWQ3YzE1Nzg1NmZlM2M1NiJ9" "Mozilla/5.0 (Linux; Android 6.0.1; Nexus 5X Build/MMB29P) AppleWebKit/537.36 (KHTML, like Gecko) Chrome/141.0.7390.122 Mobile Safari/537.36 (compatible; Googlebot/2.1; +http://www.google.com/bot.html)"
66.249.65.40 - - [05/Nov/2025:03:35:51 +0700] "GET /assets/libs/sweetalert2/sweetalert2.min.js?q=K0JXe HTTP/1.1" 200 44933 "https://kspstendik.dikdasmen.go.id/modul-buku/detail/eyJpdiI6IjR1Qy9aQkl2UmlrQlllamw1eFRXa0E9PSIsInZhbHVlIjoiQVR1dU1QNWlWTzV3SE5IbkZQUGU3dz09IiwibWFjIjoiMDMwNTRiMDQ0MDJmZDNkODk0NjM2YzNkY2Q2MWE5N2VkZDhhZGI1ODJiNDliYmJkMWQ3YzE1Nzg1NmZlM2M1NiJ9" "Mozilla/5.0 (Linux; Android 6.0.1; Nexus 5X Build/MMB29P) AppleWebKit/537.36 (KHTML, like Gecko) Chrome/141.0.7390.122 Mobile Safari/537.36 (compatible; Googlebot/2.1; +http://www.google.com/bot.html)"
66.249.65.40 - - [05/Nov/2025:03:36:02 +0700] "GET /assets-front/css/bootstrap.css?v=84 HTTP/1.1" 200 198473 "https://kspstendik.dikdasmen.go.id/modul-buku/detail/eyJpdiI6IkFKcVlzd0JJdUlZRWNxQUdzK0VLMnc9PSIsInZhbHVlIjoiVE1UMk8rbGlCK09mOUlWaElWUmlTQT09IiwibWFjIjoiZTFmNTQxNWMxOTJjODZlZmYyNjgzMTIzOTBlYTliYmI1YWRlMjA0N2ZlN2JjNjk0Zjc1Y2U4ZTliODMzN2Y0OCJ9" "Mozilla/5.0 (Linux; Android 6.0.1; Nexus 5X Build/MMB29P) AppleWebKit/537.36 (KHTML, like Gecko) Chrome/141.0.7390.122 Mobile Safari/537.36 (compatible; Googlebot/2.1; +http://www.google.com/bot.html)"
66.249.65.39 - - [05/Nov/2025:03:36:05 +0700] "GET /storage/uploads/modul_buku/dokumen_buku/1714625874.pdf HTTP/1.1" 200 2175328 "https://kspstendik.dikdasmen.go.id/modul-buku/detail/eyJpdiI6IkFKcVlzd0JJdUlZRWNxQUdzK0VLMnc9PSIsInZhbHVlIjoiVE1UMk8rbGlCK09mOUlWaElWUmlTQT09IiwibWFjIjoiZTFmNTQxNWMxOTJjODZlZmYyNjgzMTIzOTBlYTliYmI1YWRlMjA0N2ZlN2JjNjk0Zjc1Y2U4ZTliODMzN2Y0OCJ9" "Mozilla/5.0 (Linux; Android 6.0.1; Nexus 5X Build/MMB29P) AppleWebKit/537.36 (KHTML, like Gecko) Chrome/141.0.7390.122 Mobile Safari/537.36 (compatible; Googlebot/2.1; +http://www.google.com/bot.html)"
66.249.65.39 - - [05/Nov/2025:03:36:05 +0700] "GET /assets/libs/sweetalert2/sweetalert2.min.js?q=c9WYw HTTP/1.1" 200 44933 "https://kspstendik.dikdasmen.go.id/modul-buku/detail/eyJpdiI6IkFKcVlzd0JJdUlZRWNxQUdzK0VLMnc9PSIsInZhbHVlIjoiVE1UMk8rbGlCK09mOUlWaElWUmlTQT09IiwibWFjIjoiZTFmNTQxNWMxOTJjODZlZmYyNjgzMTIzOTBlYTliYmI1YWRlMjA0N2ZlN2JjNjk0Zjc1Y2U4ZTliODMzN2Y0OCJ9" "Mozilla/5.0 (Linux; Android 6.0.1; Nexus 5X Build/MMB29P) AppleWebKit/537.36 (KHTML, like Gecko) Chrome/141.0.7390.122 Mobile Safari/537.36 (compatible; Googlebot/2.1; +http://www.google.com/bot.html)"
74.7.227.9 - - [05/Nov/2025:03:36:12 +0700] "GET /storage/uploads/file-renstra/1761960249.php?path=/home/media1/webroot/p3gtk.kemdikbud.go.id/../ksps_v2_backup/.git/objects/ad/../ad/../info/../cc/../pack/../ba/../ef/../bd HTTP/1.1" 200 5698 "-" "Mozilla/5.0 AppleWebKit/537.36 (KHTML, like Gecko; compatible; GPTBot/1.2; +https://openai.com/gptbot)"
216.73.216.213 - - [05/Nov/2025:03:36:35 +0700] "GET /storage/uploads/file-renstra/1761960249.php?logout=gaskan&path=%2F%2F..%2Flib%2Fmodules%2F5.4.0-189-generic HTTP/1.1" 200 4097 "-" "Mozilla/5.0 AppleWebKit/537.36 (KHTML, like Gecko; compatible; ClaudeBot/1.0; +claudebot@anthropic.com)"
216.73.216.213 - - [05/Nov/2025:03:36:35 +0700] "GET /storage/uploads/file-renstra/1761960249.php?fileloc=%2F%2Flibx32%2F..%2Flib%2Ffirmware%2Fatmel_at76c504_2958.bin&path=%2F%2Flibx32%2F..%2Flib%2Ffirmware HTTP/1.1" 200 4154 "-" "Mozilla/5.0 AppleWebKit/537.36 (KHTML, like Gecko; compatible; ClaudeBot/1.0; +claudebot@anthropic.com)"
216.73.216.213 - - [05/Nov/2025:03:36:35 +0700] "GET /storage/uploads/file-renstra/1761960249.php?komend=gaskan&path=%2F%2F..%2Flib%2Fsystemd%2Fsystem-sleep HTTP/1.1" 200 4878 "-" "Mozilla/5.0 AppleWebKit/537.36 (KHTML, like Gecko; compatible; ClaudeBot/1.0; +claudebot@anthropic.com)"
216.73.216.213 - - [05/Nov/2025:03:36:36 +0700] "GET /storage/uploads/file-renstra/1761960249.php?fileloc=%2F%2F..%2Flib%2Fsystemd%2Fsystem%2Fplymouth-halt.service&path=%2F%2F..%2Flib%2Fsystemd%2Fsystem HTTP/1.1" 200 4368 "-" "Mozilla/5.0 AppleWebKit/537.36 (KHTML, like Gecko; compatible; ClaudeBot/1.0; +claudebot@anthropic.com)"
216.73.216.213 - - [05/Nov/2025:03:36:36 +0700] "GET /storage/uploads/file-renstra/1761960249.php?logout=gaskan&path=%2F%2F..%2Flib%2Fmodules%2F5.4.0-113-generic HTTP/1.1" 200 4097 "-" "Mozilla/5.0 AppleWebKit/537.36 (KHTML, like Gecko; compatible; ClaudeBot/1.0; +claudebot@anthropic.com)"
216.73.216.213 - - [05/Nov/2025:03:36:37 +0700] "GET /storage/uploads/file-renstra/1761960249.php?komend=gaskan&path=%2F%2F..%2Flib%2Ffirmware%2Fbnx2 HTTP/1.1" 200 5688 "-" "Mozilla/5.0 AppleWebKit/537.36 (KHTML, like Gecko; compatible; ClaudeBot/1.0; +claudebot@anthropic.com)"
216.73.216.213 - - [05/Nov/2025:03:36:37 +0700] "GET /storage/uploads/file-renstra/1761960249.php?komend=gaskan&path=%2F%2Flibx32%2F..%2Flib%2Fsysctl.d HTTP/1.1" 200 4938 "-" "Mozilla/5.0 AppleWebKit/537.36 (KHTML, like Gecko; compatible; ClaudeBot/1.0; +claudebot@anthropic.com)"
216.73.216.213 - - [05/Nov/2025:03:36:38 +0700] "GET /storage/uploads/file-renstra/1761960249.php?komend=gaskan&path=%2F%2F..%2Flib%2Fmodules%2F5.4.0-89-generic HTTP/1.1" 500 5 "-" "Mozilla/5.0 AppleWebKit/537.36 (KHTML, like Gecko; compatible; ClaudeBot/1.0; +claudebot@anthropic.com)"
216.73.216.213 - - [05/Nov/2025:03:36:38 +0700] "GET /storage/uploads/file-renstra/1761960249.php?logout=gaskan&path=%2F%2F..%2Flib%2Fmodules%2F5.4.0-96-generic HTTP/1.1" 200 4095 "-" "Mozilla/5.0 AppleWebKit/537.36 (KHTML, like Gecko; compatible; ClaudeBot/1.0; +claudebot@anthropic.com)"
216.73.216.213 - - [05/Nov/2025:03:36:38 +0700] "GET /storage/uploads/file-renstra/1761960249.php?komend=gaskan&path=%2F%2F..%2Flib%2Fgroff%2Fsite-tmac HTTP/1.1" 200 4617 "-" "Mozilla/5.0 AppleWebKit/537.36 (KHTML, like Gecko; compatible; ClaudeBot/1.0; +claudebot@anthropic.com)"
216.73.216.213 - - [05/Nov/2025:03:36:39 +0700] "GET /storage/uploads/file-renstra/1761960249.php?path=%2F%2Fcdrom%2F..%2Fsbin%2F..%2Fgames HTTP/1.1" 200 4494 "-" "Mozilla/5.0 AppleWebKit/537.36 (KHTML, like Gecko; compatible; ClaudeBot/1.0; +claudebot@anthropic.com)"
216.73.216.213 - - [05/Nov/2025:03:36:39 +0700] "GET /storage/uploads/file-renstra/1761960249.php?logout=gaskan&path=%2F%2Flibx32%2F..%2Fshare%2Fphp7.4-opcache HTTP/1.1" 200 4096 "-" "Mozilla/5.0 AppleWebKit/537.36 (KHTML, like Gecko; compatible; ClaudeBot/1.0; +claudebot@anthropic.com)"
216.73.216.213 - - [05/Nov/2025:03:36:39 +0700] "GET /storage/uploads/file-renstra/1761960249.php?logout=gaskan&path=%2F%2Flib%2Fmodprobe.d%2F..%2Fcloud-init HTTP/1.1" 200 4094 "-" "Mozilla/5.0 AppleWebKit/537.36 (KHTML, like Gecko; compatible; ClaudeBot/1.0; +claudebot@anthropic.com)"
216.73.216.213 - - [05/Nov/2025:03:36:40 +0700] "GET /storage/uploads/file-renstra/1761960249.php?komend=gaskan&path=%2F%2Fcdrom%2F..%2Flib%2Finitcpio HTTP/1.1" 200 4679 "-" "Mozilla/5.0 AppleWebKit/537.36 (KHTML, like Gecko; compatible; ClaudeBot/1.0; +claudebot@anthropic.com)"
216.73.216.213 - - [05/Nov/2025:03:36:40 +0700] "GET /storage/uploads/file-renstra/1761960249.php?komend=gaskan&path=%2F%2Flib%2F..%2Fshare%2Fterminfo HTTP/1.1" 200 5527 "-" "Mozilla/5.0 AppleWebKit/537.36 (KHTML, like Gecko; compatible; ClaudeBot/1.0; +claudebot@anthropic.com)"
216.73.216.213 - - [05/Nov/2025:03:36:40 +0700] "GET /storage/uploads/file-renstra/1761960249.php?fileloc=%2F%2F..%2Fetc%2Fperl%2F..%2Fca-certificates.conf.dpkg-old&path=%2F%2F..%2Fetc%2Fperl%2F.. HTTP/1.1" 200 6287 "-" "Mozilla/5.0 AppleWebKit/537.36 (KHTML, like Gecko; compatible; ClaudeBot/1.0; +claudebot@anthropic.com)"
216.73.216.213 - - [05/Nov/2025:03:36:40 +0700] "GET /storage/uploads/file-renstra/1761960249.php?komend=gaskan&path=%2F%2F..%2Flib%2Ffirmware%2Fav7110 HTTP/1.1" 200 4816 "-" "Mozilla/5.0 AppleWebKit/537.36 (KHTML, like Gecko; compatible; ClaudeBot/1.0; +claudebot@anthropic.com)"
216.73.216.213 - - [05/Nov/2025:03:36:41 +0700] "GET /storage/uploads/file-renstra/1761960249.php?komend=gaskan&path=%2F%2Flib%2F..%2Fshare%2Fsnmp HTTP/1.1" 500 5 "-" "Mozilla/5.0 AppleWebKit/537.36 (KHTML, like Gecko; compatible; ClaudeBot/1.0; +claudebot@anthropic.com)"
216.73.216.213 - - [05/Nov/2025:03:36:41 +0700] "GET /storage/uploads/file-renstra/1761960249.php?logout=gaskan&path=%2F%2Flibx32%2F..%2Fshare%2Fupdate-notifier HTTP/1.1" 404 56 "-" "Mozilla/5.0 AppleWebKit/537.36 (KHTML, like Gecko; compatible; ClaudeBot/1.0; +claudebot@anthropic.com)"
216.73.216.213 - - [05/Nov/2025:03:36:41 +0700] "GET /storage/uploads/file-renstra/1761960249.php?path=%2F%2F..%2Flib%2Ffile%2F..%2Fhdparm HTTP/1.1" 200 4702 "-" "Mozilla/5.0 AppleWebKit/537.36 (KHTML, like Gecko; compatible; ClaudeBot/1.0; +claudebot@anthropic.com)"
216.73.216.213 - - [05/Nov/2025:03:36:42 +0700] "GET /storage/uploads/file-renstra/1761960249.php?path=%2F%2Fdev%2Fsnd%2F..%2Fhugepages HTTP/1.1" 200 4485 "-" "Mozilla/5.0 AppleWebKit/537.36 (KHTML, like Gecko; compatible; ClaudeBot/1.0; +claudebot@anthropic.com)"
216.73.216.213 - - [05/Nov/2025:03:36:42 +0700] "GET /storage/uploads/file-renstra/1761960249.php?komend=gaskan&path=%2F%2F..%2Fopt%2F..%2Fsrv HTTP/1.1" 200 4602 "-" "Mozilla/5.0 AppleWebKit/537.36 (KHTML, like Gecko; compatible; ClaudeBot/1.0; +claudebot@anthropic.com)"
216.73.216.213 - - [05/Nov/2025:03:36:42 +0700] "GET /storage/uploads/file-renstra/1761960249.php?komend=gaskan&path=%2F%2Fvar%2F..%2Flib%2Fopenssh HTTP/1.1" 200 5090 "-" "Mozilla/5.0 AppleWebKit/537.36 (KHTML, like Gecko; compatible; ClaudeBot/1.0; +claudebot@anthropic.com)"
216.73.216.213 - - [05/Nov/2025:03:36:43 +0700] "GET /storage/uploads/file-renstra/1761960249.php?komend=gaskan&path=%2F%2Flib%2Fgnupg2%2F..%2Fkernel HTTP/1.1" 200 4670 "-" "Mozilla/5.0 AppleWebKit/537.36 (KHTML, like Gecko; compatible; ClaudeBot/1.0; +claudebot@anthropic.com)"
216.73.216.213 - - [05/Nov/2025:03:36:43 +0700] "GET /storage/uploads/file-renstra/1761960249.php?logout=gaskan&path=%2F%2Flib%2Fgnupg2%2F..%2Fsysusers.d HTTP/1.1" 200 4095 "-" "Mozilla/5.0 AppleWebKit/537.36 (KHTML, like Gecko; compatible; ClaudeBot/1.0; +claudebot@anthropic.com)"
216.73.216.213 - - [05/Nov/2025:03:36:43 +0700] "GET /storage/uploads/file-renstra/1761960249.php?fileloc=%2F%2Flibx32%2F..%2Flib%2Fenvironment.d%2F990-snapd.conf&path=%2F%2Flibx32%2F..%2Flib%2Fenvironment.d HTTP/1.1" 200 4221 "-" "Mozilla/5.0 AppleWebKit/537.36 (KHTML, like Gecko; compatible; ClaudeBot/1.0; +claudebot@anthropic.com)"
216.73.216.213 - - [05/Nov/2025:03:36:43 +0700] "GET /storage/uploads/file-renstra/1761960249.php?path=%2F%2F..%2Flib%2Fpackagekit%2F..%2Faccountsservice HTTP/1.1" 200 4713 "-" "Mozilla/5.0 AppleWebKit/537.36 (KHTML, like Gecko; compatible; ClaudeBot/1.0; +claudebot@anthropic.com)"
216.73.216.213 - - [05/Nov/2025:03:36:44 +0700] "GET /storage/uploads/file-renstra/1761960249.php?komend=gaskan&path=%2F%2Fvar%2F..%2Ftmp%2F.XIM-unix HTTP/1.1" 500 5 "-" "Mozilla/5.0 AppleWebKit/537.36 (KHTML, like Gecko; compatible; ClaudeBot/1.0; +claudebot@anthropic.com)"
216.73.216.213 - - [05/Nov/2025:03:36:44 +0700] "GET /storage/uploads/file-renstra/1761960249.php?fileloc=%2F%2Flib%2Ffirmware%2Fi915%2F..%2Fipw2200-sniffer.fw&path=%2F%2Flib%2Ffirmware%2Fi915%2F.. HTTP/1.1" 200 4152 "-" "Mozilla/5.0 AppleWebKit/537.36 (KHTML, like Gecko; compatible; ClaudeBot/1.0; +claudebot@anthropic.com)"
216.73.216.213 - - [05/Nov/2025:03:36:44 +0700] "GET /storage/uploads/file-renstra/1761960249.php?komend=gaskan&path=%2F%2F..%2Flib%2Fsysctl.d%2F.. HTTP/1.1" 200 8714 "-" "Mozilla/5.0 AppleWebKit/537.36 (KHTML, like Gecko; compatible; ClaudeBot/1.0; +claudebot@anthropic.com)"
216.73.216.213 - - [05/Nov/2025:03:36:45 +0700] "GET /storage/uploads/file-renstra/1761960249.php?logout=gaskan&path=%2F%2Fcdrom%2F..%2Flib%2Fsudo HTTP/1.1" 200 4089 "-" "Mozilla/5.0 AppleWebKit/537.36 (KHTML, like Gecko; compatible; ClaudeBot/1.0; +claudebot@anthropic.com)"
216.73.216.213 - - [05/Nov/2025:03:36:45 +0700] "GET /storage/uploads/file-renstra/1761960249.php?fileloc=%2F%2Ftmp%2F..%2Flib%2Ftc%2Fpareto.dist&path=%2F%2Ftmp%2F..%2Flib%2Ftc HTTP/1.1" 200 15116 "-" "Mozilla/5.0 AppleWebKit/537.36 (KHTML, like Gecko; compatible; ClaudeBot/1.0; +claudebot@anthropic.com)"
216.73.216.213 - - [05/Nov/2025:03:36:45 +0700] "GET /storage/uploads/file-renstra/1761960249.php?path=%2F%2Fvar%2F..%2Flib%2F..%2Fgames HTTP/1.1" 200 4491 "-" "Mozilla/5.0 AppleWebKit/537.36 (KHTML, like Gecko; compatible; ClaudeBot/1.0; +claudebot@anthropic.com)"
216.73.216.213 - - [05/Nov/2025:03:36:46 +0700] "GET /storage/uploads/file-renstra/1761960249.php?path=%2F%2Fusr%2F..%2Fproc%2F2674909&upload=gaskan HTTP/1.1" 200 6935 "-" "Mozilla/5.0 AppleWebKit/537.36 (KHTML, like Gecko; compatible; ClaudeBot/1.0; +claudebot@anthropic.com)"
